37.76.17.249 - - [26/Jun/2024:17:51:16 +0200] "GET /themes/storefront/public/css/app.css?v=3.1.0 HTTP/1.1" 200 72700 "https://royaltuning.hu/hu/termek/suzuki-valtogomb-es-valtoszoknya-swift-sx4-alto?gad_source=1&gclid=EAIaIQobChMItL3t2M_5hgMVbTgGAB0pgQB7EAQYDSABEgKB5_D_BwE" "Mozilla/5.0 (iPhone; CPU iPhone OS 17_3_1 like Mac OS X) AppleWebKit/605.1.15 (KHTML, like Gecko) Version/17.3.1 Mobile/15E148 Safari/604.1"
37.76.17.249 - - [26/Jun/2024:17:51:16 +0200] "GET /vendor/cookie-consent/css/cookie-consent.css HTTP/1.1" 200 990 "https://royaltuning.hu/hu/termek/suzuki-valtogomb-es-valtoszoknya-swift-sx4-alto?gad_source=1&gclid=EAIaIQobChMItL3t2M_5hgMVbTgGAB0pgQB7EAQYDSABEgKB5_D_BwE" "Mozilla/5.0 (iPhone; CPU iPhone OS 17_3_1 like Mac OS X) AppleWebKit/605.1.15 (KHTML, like Gecko) Version/17.3.1 Mobile/15E148 Safari/604.1"
37.76.17.249 - - [26/Jun/2024:17:51:16 +0200] "GET /themes/storefront/public/js/app.js?v=3.1.0 HTTP/1.1" 200 979893 "https://royaltuning.hu/hu/termek/suzuki-valtogomb-es-valtoszoknya-swift-sx4-alto?gad_source=1&gclid=EAIaIQobChMItL3t2M_5hgMVbTgGAB0pgQB7EAQYDSABEgKB5_D_BwE" "Mozilla/5.0 (iPhone; CPU iPhone OS 17_3_1 like Mac OS X) AppleWebKit/605.1.15 (KHTML, like Gecko) Version/17.3.1 Mobile/15E148 Safari/604.1"
37.76.17.249 - - [26/Jun/2024:17:51:16 +0200] "GET /themes/storefront/public/fonts/la-solid-900.woff2 HTTP/1.1" 200 96652 "https://royaltuning.hu/hu/termek/suzuki-valtogomb-es-valtoszoknya-swift-sx4-alto?gad_source=1&gclid=EAIaIQobChMItL3t2M_5hgMVbTgGAB0pgQB7EAQYDSABEgKB5_D_BwE" "Mozilla/5.0 (iPhone; CPU iPhone OS 17_3_1 like Mac OS X) AppleWebKit/605.1.15 (KHTML, like Gecko) Version/17.3.1 Mobile/15E148 Safari/604.1"
37.76.17.249 - - [26/Jun/2024:17:51:16 +0200] "GET /storage/media/suzuki_valtoszoknya-3.jpg HTTP/1.1" 200 37960 "https://royaltuning.hu/hu/termek/suzuki-valtogomb-es-valtoszoknya-swift-sx4-alto?gad_source=1&gclid=EAIaIQobChMItL3t2M_5hgMVbTgGAB0pgQB7EAQYDSABEgKB5_D_BwE" "Mozilla/5.0 (iPhone; CPU iPhone OS 17_3_1 like Mac OS X) AppleWebKit/605.1.15 (KHTML, like Gecko) Version/17.3.1 Mobile/15E148 Safari/604.1"
37.76.17.249 - - [26/Jun/2024:17:51:16 +0200] "GET /themes/storefront/public/fonts/la-brands-400.woff2 HTTP/1.1" 200 84805 "https://royaltuning.hu/hu/termek/suzuki-valtogomb-es-valtoszoknya-swift-sx4-alto?gad_source=1&gclid=EAIaIQobChMItL3t2M_5hgMVbTgGAB0pgQB7EAQYDSABEgKB5_D_BwE" "Mozilla/5.0 (iPhone; CPU iPhone OS 17_3_1 like Mac OS X) AppleWebKit/605.1.15 (KHTML, like Gecko) Version/17.3.1 Mobile/15E148 Safari/604.1"
37.76.17.249 - - [26/Jun/2024:17:51:16 +0200] "GET /storage/media/rpiKsmcVc59LwHHydMWZkR91adM4KGiqcvvmbod4.png HTTP/1.1" 200 17070 "https://royaltuning.hu/hu/termek/suzuki-valtogomb-es-valtoszoknya-swift-sx4-alto?gad_source=1&gclid=EAIaIQobChMItL3t2M_5hgMVbTgGAB0pgQB7EAQYDSABEgKB5_D_BwE" "Mozilla/5.0 (iPhone; CPU iPhone OS 17_3_1 like Mac OS X) AppleWebKit/605.1.15 (KHTML, like Gecko) Version/17.3.1 Mobile/15E148 Safari/604.1"
37.76.17.249 - - [26/Jun/2024:17:51:16 +0200] "GET /storage/media/YxKOlZQm5ARTg0gBpqHoorqU5InfnmK0lZVYHkmq.jpg HTTP/1.1" 200 17966 "https://royaltuning.hu/hu/termek/suzuki-valtogomb-es-valtoszoknya-swift-sx4-alto?gad_source=1&gclid=EAIaIQobChMItL3t2M_5hgMVbTgGAB0pgQB7EAQYDSABEgKB5_D_BwE" "Mozilla/5.0 (iPhone; CPU iPhone OS 17_3_1 like Mac OS X) AppleWebKit/605.1.15 (KHTML, like Gecko) Version/17.3.1 Mobile/15E148 Safari/604.1"
37.76.17.249 - - [26/Jun/2024:17:51:16 +0200] "GET /storage/media/suzuki_valtoszoknya-4.jpg HTTP/1.1" 200 70436 "https://royaltuning.hu/hu/termek/suzuki-valtogomb-es-valtoszoknya-swift-sx4-alto?gad_source=1&gclid=EAIaIQobChMItL3t2M_5hgMVbTgGAB0pgQB7EAQYDSABEgKB5_D_BwE" "Mozilla/5.0 (iPhone; CPU iPhone OS 17_3_1 like Mac OS X) AppleWebKit/605.1.15 (KHTML, like Gecko) Version/17.3.1 Mobile/15E148 Safari/604.1"
37.76.17.249 - - [26/Jun/2024:17:51:16 +0200] "GET /storage/media/suzuki_valtoszoknya_valtogomb.jpg HTTP/1.1" 200 92096 "https://royaltuning.hu/hu/termek/suzuki-valtogomb-es-valtoszoknya-swift-sx4-alto?gad_source=1&gclid=EAIaIQobChMItL3t2M_5hgMVbTgGAB0pgQB7EAQYDSABEgKB5_D_BwE" "Mozilla/5.0 (iPhone; CPU iPhone OS 17_3_1 like Mac OS X) AppleWebKit/605.1.15 (KHTML, like Gecko) Version/17.3.1 Mobile/15E148 Safari/604.1"
37.76.17.249 - - [26/Jun/2024:17:51:16 +0200] "GET /storage/media/suzuki_valtogomb_valtorud.jpg HTTP/1.1" 200 170829 "https://royaltuning.hu/hu/termek/suzuki-valtogomb-es-valtoszoknya-swift-sx4-alto?gad_source=1&gclid=EAIaIQobChMItL3t2M_5hgMVbTgGAB0pgQB7EAQYDSABEgKB5_D_BwE" "Mozilla/5.0 (iPhone; CPU iPhone OS 17_3_1 like Mac OS X) AppleWebKit/605.1.15 (KHTML, like Gecko) Version/17.3.1 Mobile/15E148 Safari/604.1"
37.76.17.249 - - [26/Jun/2024:17:51:16 +0200] "GET /themes/storefront/public/fonts/la-regular-400.woff2 HTTP/1.1" 200 12923 "https://royaltuning.hu/hu/termek/suzuki-valtogomb-es-valtoszoknya-swift-sx4-alto?gad_source=1&gclid=EAIaIQobChMItL3t2M_5hgMVbTgGAB0pgQB7EAQYDSABEgKB5_D_BwE" "Mozilla/5.0 (iPhone; CPU iPhone OS 17_3_1 like Mac OS X) AppleWebKit/605.1.15 (KHTML, like Gecko) Version/17.3.1 Mobile/15E148 Safari/604.1"
46.139.88.175 - - [26/Jun/2024:17:51:16 +0200] "GET /hu/undefined HTTP/1.1" 200 30953 "https://royaltuning.hu/hu?gad_source=1&gclid=Cj0KCQiAhomtBhDgARIsABcaYyk8hg3WyFrDbiS1O-1PWDEyNEr4yVXxC24ZNrGxD7h_q98td__3utYaAkjqEALw_wcB" "Mozilla/5.0 (Windows NT 10.0; Win64; x64) AppleWebKit/537.36 (KHTML, like Gecko) Chrome/126.0.0.0 Safari/537.36"
37.76.17.249 - - [26/Jun/2024:17:51:16 +0200] "GET /storage/media/suzuki_valtoszoknya-2.jpg HTTP/1.1" 200 137116 "https://royaltuning.hu/hu/termek/suzuki-valtogomb-es-valtoszoknya-swift-sx4-alto?gad_source=1&gclid=EAIaIQobChMItL3t2M_5hgMVbTgGAB0pgQB7EAQYDSABEgKB5_D_BwE" "Mozilla/5.0 (iPhone; CPU iPhone OS 17_3_1 like Mac OS X) AppleWebKit/605.1.15 (KHTML, like Gecko) Version/17.3.1 Mobile/15E148 Safari/604.1"
46.139.88.175 - - [26/Jun/2024:17:51:16 +0200] "GET /storage/media/c0t7luzASFx7EVSpbCjKOjfFo89DRMqzfBVMmmvt.png HTTP/1.1" 200 18256 "https://royaltuning.hu/hu?gad_source=1&gclid=Cj0KCQiAhomtBhDgARIsABcaYyk8hg3WyFrDbiS1O-1PWDEyNEr4yVXxC24ZNrGxD7h_q98td__3utYaAkjqEALw_wcB" "Mozilla/5.0 (Windows NT 10.0; Win64; x64) AppleWebKit/537.36 (KHTML, like Gecko) Chrome/126.0.0.0 Safari/537.36"
37.76.17.249 - - [26/Jun/2024:17:51:16 +0200] "GET /hu/products/136706/reviews?page=1 HTTP/1.1" 200 234 "https://royaltuning.hu/hu/termek/suzuki-valtogomb-es-valtoszoknya-swift-sx4-alto?gad_source=1&gclid=EAIaIQobChMItL3t2M_5hgMVbTgGAB0pgQB7EAQYDSABEgKB5_D_BwE" "Mozilla/5.0 (iPhone; CPU iPhone OS 17_3_1 like Mac OS X) AppleWebKit/605.1.15 (KHTML, like Gecko) Version/17.3.1 Mobile/15E148 Safari/604.1"
37.76.17.249 - - [26/Jun/2024:17:51:16 +0200] "GET /themes/storefront/public/images/arrow-black.png HTTP/1.1" 200 221 "https://royaltuning.hu/hu/termek/suzuki-valtogomb-es-valtoszoknya-swift-sx4-alto?gad_source=1&gclid=EAIaIQobChMItL3t2M_5hgMVbTgGAB0pgQB7EAQYDSABEgKB5_D_BwE" "Mozilla/5.0 (iPhone; CPU iPhone OS 17_3_1 like Mac OS X) AppleWebKit/605.1.15 (KHTML, like Gecko) Version/17.3.1 Mobile/15E148 Safari/604.1"
37.76.17.249 - - [26/Jun/2024:17:51:16 +0200] "GET /themes/storefront/public/js/flatpickr.js?v=3.1.0 HTTP/1.1" 200 65517 "https://royaltuning.hu/hu/termek/suzuki-valtogomb-es-valtoszoknya-swift-sx4-alto?gad_source=1&gclid=EAIaIQobChMItL3t2M_5hgMVbTgGAB0pgQB7EAQYDSABEgKB5_D_BwE" "Mozilla/5.0 (iPhone; CPU iPhone OS 17_3_1 like Mac OS X) AppleWebKit/605.1.15 (KHTML, like Gecko) Version/17.3.1 Mobile/15E148 Safari/604.1"
37.76.17.249 - - [26/Jun/2024:17:51:16 +0200] "GET /vendor/cookie-consent/js/cookie-consent.js HTTP/1.1" 200 11136 "https://royaltuning.hu/hu/termek/suzuki-valtogomb-es-valtoszoknya-swift-sx4-alto?gad_source=1&gclid=EAIaIQobChMItL3t2M_5hgMVbTgGAB0pgQB7EAQYDSABEgKB5_D_BwE" "Mozilla/5.0 (iPhone; CPU iPhone OS 17_3_1 like Mac OS X) AppleWebKit/605.1.15 (KHTML, like Gecko) Version/17.3.1 Mobile/15E148 Safari/604.1"
37.76.17.249 - - [26/Jun/2024:17:51:17 +0200] "GET /storage/media/c0t7luzASFx7EVSpbCjKOjfFo89DRMqzfBVMmmvt.png HTTP/1.1" 200 18256 "https://royaltuning.hu/hu/termek/suzuki-valtogomb-es-valtoszoknya-swift-sx4-alto?gad_source=1&gclid=EAIaIQobChMItL3t2M_5hgMVbTgGAB0pgQB7EAQYDSABEgKB5_D_BwE" "Mozilla/5.0 (iPhone; CPU iPhone OS 17_3_1 like Mac OS X) AppleWebKit/605.1.15 (KHTML, like Gecko) Version/17.3.1 Mobile/15E148 Safari/604.1"
37.76.17.249 - - [26/Jun/2024:17:51:16 +0200] "GET /storage/media/suzuki_valtoszoknya_fekete_varrassal.jpg HTTP/1.1" 200 92512 "https://royaltuning.hu/hu/termek/suzuki-valtogomb-es-valtoszoknya-swift-sx4-alto?gad_source=1&gclid=EAIaIQobChMItL3t2M_5hgMVbTgGAB0pgQB7EAQYDSABEgKB5_D_BwE" "Mozilla/5.0 (iPhone; CPU iPhone OS 17_3_1 like Mac OS X) AppleWebKit/605.1.15 (KHTML, like Gecko) Version/17.3.1 Mobile/15E148 Safari/604.1"
37.76.17.249 - - [26/Jun/2024:17:51:17 +0200] "GET /storage/media/LR8IfEu8TFdtixq0lkK2SomaSuyRv02mO7hPPjoL.jpg HTTP/1.1" 200 86609 "https://royaltuning.hu/hu/termek/suzuki-valtogomb-es-valtoszoknya-swift-sx4-alto?gad_source=1&gclid=EAIaIQobChMItL3t2M_5hgMVbTgGAB0pgQB7EAQYDSABEgKB5_D_BwE" "Mozilla/5.0 (iPhone; CPU iPhone OS 17_3_1 like Mac OS X) AppleWebKit/605.1.15 (KHTML, like Gecko) Version/17.3.1 Mobile/15E148 Safari/604.1"
37.76.17.249 - - [26/Jun/2024:17:51:17 +0200] "GET /themes/storefront/public/css/ajax-loader.gif HTTP/1.1" 200 4178 "https://royaltuning.hu/hu/termek/suzuki-valtogomb-es-valtoszoknya-swift-sx4-alto?gad_source=1&gclid=EAIaIQobChMItL3t2M_5hgMVbTgGAB0pgQB7EAQYDSABEgKB5_D_BwE" "Mozilla/5.0 (iPhone; CPU iPhone OS 17_3_1 like Mac OS X) AppleWebKit/605.1.15 (KHTML, like Gecko) Version/17.3.1 Mobile/15E148 Safari/604.1"
37.76.17.249 - - [26/Jun/2024:17:51:17 +0200] "GET /captcha/image?_=1615463696 HTTP/1.1" 200 3462 "https://royaltuning.hu/hu/termek/suzuki-valtogomb-es-valtoszoknya-swift-sx4-alto?gad_source=1&gclid=EAIaIQobChMItL3t2M_5hgMVbTgGAB0pgQB7EAQYDSABEgKB5_D_BwE" "Mozilla/5.0 (iPhone; CPU iPhone OS 17_3_1 like Mac OS X) AppleWebKit/605.1.15 (KHTML, like Gecko) Version/17.3.1 Mobile/15E148 Safari/604.1"
84.225.189.192 - - [26/Jun/2024:17:51:21 +0200] "GET /hu/suggestions?query=H HTTP/1.1" 200 970 "https://royaltuning.hu/hu/termekkategoria/xenon-szettek?gad_source=1&gclid=Cj0KCQjwj9-zBhDyARIsAERjds1_uJt3I13XvmI0g7q24cuzilGoTUdXtecJk4mUJt_eYMbVouqE2d0aAiwYEALw_wcB" "Mozilla/5.0 (Linux; Android 10; K) AppleWebKit/537.36 (KHTML, like Gecko) Chrome/126.0.0.0 Mobile Safari/537.36"
84.225.189.192 - - [26/Jun/2024:17:51:21 +0200] "GET /storage/media/12v_kapcsolo_nyomogombos-1.jpg HTTP/1.1" 200 213184 "https://royaltuning.hu/hu/termekkategoria/xenon-szettek?gad_source=1&gclid=Cj0KCQjwj9-zBhDyARIsAERjds1_uJt3I13XvmI0g7q24cuzilGoTUdXtecJk4mUJt_eYMbVouqE2d0aAiwYEALw_wcB" "Mozilla/5.0 (Linux; Android 10; K) AppleWebKit/537.36 (KHTML, like Gecko) Chrome/126.0.0.0 Mobile Safari/537.36"
84.225.189.192 - - [26/Jun/2024:17:51:21 +0200] "GET /storage/media/drlups1.jpg HTTP/1.1" 200 88548 "https://royaltuning.hu/hu/termekkategoria/xenon-szettek?gad_source=1&gclid=Cj0KCQjwj9-zBhDyARIsAERjds1_uJt3I13XvmI0g7q24cuzilGoTUdXtecJk4mUJt_eYMbVouqE2d0aAiwYEALw_wcB" "Mozilla/5.0 (Linux; Android 10; K) AppleWebKit/537.36 (KHTML, like Gecko) Chrome/126.0.0.0 Mobile Safari/537.36"
84.225.189.192 - - [26/Jun/2024:17:51:21 +0200] "GET /storage/media/12v_kapcsolo_autoba-1.jpg HTTP/1.1" 200 240441 "https://royaltuning.hu/hu/termekkategoria/xenon-szettek?gad_source=1&gclid=Cj0KCQjwj9-zBhDyARIsAERjds1_uJt3I13XvmI0g7q24cuzilGoTUdXtecJk4mUJt_eYMbVouqE2d0aAiwYEALw_wcB" "Mozilla/5.0 (Linux; Android 10; K) AppleWebKit/537.36 (KHTML, like Gecko) Chrome/126.0.0.0 Mobile Safari/537.36"
84.225.189.192 - - [26/Jun/2024:17:51:21 +0200] "GET /storage/media/csapfej-4.jpg HTTP/1.1" 200 72381 "https://royaltuning.hu/hu/termekkategoria/xenon-szettek?gad_source=1&gclid=Cj0KCQjwj9-zBhDyARIsAERjds1_uJt3I13XvmI0g7q24cuzilGoTUdXtecJk4mUJt_eYMbVouqE2d0aAiwYEALw_wcB" "Mozilla/5.0 (Linux; Android 10; K) AppleWebKit/537.36 (KHTML, like Gecko) Chrome/126.0.0.0 Mobile Safari/537.36"
84.225.189.192 - - [26/Jun/2024:17:51:21 +0200] "GET /storage/media/audi_kulcshaz-1.jpg HTTP/1.1" 200 79831 "https://royaltuning.hu/hu/termekkategoria/xenon-szettek?gad_source=1&gclid=Cj0KCQjwj9-zBhDyARIsAERjds1_uJt3I13XvmI0g7q24cuzilGoTUdXtecJk4mUJt_eYMbVouqE2d0aAiwYEALw_wcB" "Mozilla/5.0 (Linux; Android 10; K) AppleWebKit/537.36 (KHTML, like Gecko) Chrome/126.0.0.0 Mobile Safari/537.36"
84.225.189.192 - - [26/Jun/2024:17:51:21 +0200] "GET /storage/media/autokozmetikai_ecset.jpg HTTP/1.1" 200 5671 "https://royaltuning.hu/hu/termekkategoria/xenon-szettek?gad_source=1&gclid=Cj0KCQjwj9-zBhDyARIsAERjds1_uJt3I13XvmI0g7q24cuzilGoTUdXtecJk4mUJt_eYMbVouqE2d0aAiwYEALw_wcB" "Mozilla/5.0 (Linux; Android 10; K) AppleWebKit/537.36 (KHTML, like Gecko) Chrome/126.0.0.0 Mobile Safari/537.36"
84.225.189.192 - - [26/Jun/2024:17:51:21 +0200] "GET /storage/media/polirozoszer_szett-1.jpg HTTP/1.1" 200 299664 "https://royaltuning.hu/hu/termekkategoria/xenon-szettek?gad_source=1&gclid=Cj0KCQjwj9-zBhDyARIsAERjds1_uJt3I13XvmI0g7q24cuzilGoTUdXtecJk4mUJt_eYMbVouqE2d0aAiwYEALw_wcB" "Mozilla/5.0 (Linux; Android 10; K) AppleWebKit/537.36 (KHTML, like Gecko) Chrome/126.0.0.0 Mobile Safari/537.36"
84.225.189.192 - - [26/Jun/2024:17:51:21 +0200] "GET /storage/media/applikator_szivacs.jpg HTTP/1.1" 200 197472 "https://royaltuning.hu/hu/termekkategoria/xenon-szettek?gad_source=1&gclid=Cj0KCQjwj9-zBhDyARIsAERjds1_uJt3I13XvmI0g7q24cuzilGoTUdXtecJk4mUJt_eYMbVouqE2d0aAiwYEALw_wcB" "Mozilla/5.0 (Linux; Android 10; K) AppleWebKit/537.36 (KHTML, like Gecko) Chrome/126.0.0.0 Mobile Safari/537.36"
176.77.143.185 - - [26/Jun/2024:17:51:21 +0200] "GET /storage/media/applikator_szivacs_gumihoz.jpg HTTP/1.1" 200 271364 "https://royaltuning.hu/hu/termekkategoria/xenon-szettek?gad_source=1&gclid=Cj0KCQjwj9-zBhDyARIsAERjds1_uJt3I13XvmI0g7q24cuzilGoTUdXtecJk4mUJt_eYMbVouqE2d0aAiwYEALw_wcB" "Mozilla/5.0 (Linux; Android 10; K) AppleWebKit/537.36 (KHTML, like Gecko) Chrome/126.0.0.0 Mobile Safari/537.36"
84.225.189.192 - - [26/Jun/2024:17:51:21 +0200] "GET /storage/media/autopolirozo_szivacs.jpg HTTP/1.1" 200 50978 "https://royaltuning.hu/hu/termekkategoria/xenon-szettek?gad_source=1&gclid=Cj0KCQjwj9-zBhDyARIsAERjds1_uJt3I13XvmI0g7q24cuzilGoTUdXtecJk4mUJt_eYMbVouqE2d0aAiwYEALw_wcB" "Mozilla/5.0 (Linux; Android 10; K) AppleWebKit/537.36 (KHTML, like Gecko) Chrome/126.0.0.0 Mobile Safari/537.36"
66.249.70.160 - - [26/Jun/2024:17:51:22 +0200] "GET /termek/kulso-autoapolo-csomag HTTP/1.1" 302 218 "-" "Mozilla/5.0 (Linux; Android 6.0.1; Nexus 5X Build/MMB29P) AppleWebKit/537.36 (KHTML, like Gecko) Chrome/125.0.6422.175 Mobile Safari/537.36 (compatible; Googlebot/2.1; +http://www.google.com/bot.html)"
66.249.64.227 - - [26/Jun/2024:17:51:22 +0200] "GET /termek/szofita-led-42mm-2db HTTP/1.1" 302 226 "-" "Mozilla/5.0 (Linux; Android 6.0.1; Nexus 5X Build/MMB29P) AppleWebKit/537.36 (KHTML, like Gecko) Chrome/125.0.6422.175 Mobile Safari/537.36 (compatible; Googlebot/2.1; +http://www.google.com/bot.html)"
66.249.64.228 - - [26/Jun/2024:17:51:23 +0200] "GET /hu/termek/szofita-led-42mm-2db HTTP/1.1" 200 43489 "-" "Mozilla/5.0 (Linux; Android 6.0.1; Nexus 5X Build/MMB29P) AppleWebKit/537.36 (KHTML, like Gecko) Chrome/125.0.6422.175 Mobile Safari/537.36 (compatible; Googlebot/2.1; +http://www.google.com/bot.html)"
66.249.70.160 - - [26/Jun/2024:17:51:24 +0200] "GET /hu/termek/kulso-autoapolo-csomag HTTP/1.1" 200 46466 "-" "Mozilla/5.0 (Linux; Android 6.0.1; Nexus 5X Build/MMB29P) AppleWebKit/537.36 (KHTML, like Gecko) Chrome/125.0.6422.175 Mobile Safari/537.36 (compatible; Googlebot/2.1; +http://www.google.com/bot.html)"
84.225.189.192 - - [26/Jun/2024:17:51:26 +0200] "GET /hu/suggestions?query=H7 HTTP/1.1" 200 822 "https://royaltuning.hu/hu/termekkategoria/xenon-szettek?gad_source=1&gclid=Cj0KCQjwj9-zBhDyARIsAERjds1_uJt3I13XvmI0g7q24cuzilGoTUdXtecJk4mUJt_eYMbVouqE2d0aAiwYEALw_wcB" "Mozilla/5.0 (Linux; Android 10; K) AppleWebKit/537.36 (KHTML, like Gecko) Chrome/126.0.0.0 Mobile Safari/537.36"
84.225.189.192 - - [26/Jun/2024:17:51:26 +0200] "GET /storage/media/B46AoHL2ehGpTF23xccSuDfUULM1gFc6hl1jE1dH.jpg HTTP/1.1" 200 103415 "https://royaltuning.hu/hu/termekkategoria/xenon-szettek?gad_source=1&gclid=Cj0KCQjwj9-zBhDyARIsAERjds1_uJt3I13XvmI0g7q24cuzilGoTUdXtecJk4mUJt_eYMbVouqE2d0aAiwYEALw_wcB" "Mozilla/5.0 (Linux; Android 10; K) AppleWebKit/537.36 (KHTML, like Gecko) Chrome/126.0.0.0 Mobile Safari/537.36"
84.225.189.192 - - [26/Jun/2024:17:51:26 +0200] "GET /storage/media/h7_izzo-1.jpg HTTP/1.1" 200 43836 "https://royaltuning.hu/hu/termekkategoria/xenon-szettek?gad_source=1&gclid=Cj0KCQjwj9-zBhDyARIsAERjds1_uJt3I13XvmI0g7q24cuzilGoTUdXtecJk4mUJt_eYMbVouqE2d0aAiwYEALw_wcB" "Mozilla/5.0 (Linux; Android 10; K) AppleWebKit/537.36 (KHTML, like Gecko) Chrome/126.0.0.0 Mobile Safari/537.36"
84.225.189.192 - - [26/Jun/2024:17:51:26 +0200] "GET /storage/media/h7_led_izzo-1.jpg HTTP/1.1" 200 20511 "https://royaltuning.hu/hu/termekkategoria/xenon-szettek?gad_source=1&gclid=Cj0KCQjwj9-zBhDyARIsAERjds1_uJt3I13XvmI0g7q24cuzilGoTUdXtecJk4mUJt_eYMbVouqE2d0aAiwYEALw_wcB" "Mozilla/5.0 (Linux; Android 10; K) AppleWebKit/537.36 (KHTML, like Gecko) Chrome/126.0.0.0 Mobile Safari/537.36"
84.225.189.192 - - [26/Jun/2024:17:51:26 +0200] "GET /storage/media/h7_canbus_adapter-1.jpg HTTP/1.1" 200 75420 "https://royaltuning.hu/hu/termekkategoria/xenon-szettek?gad_source=1&gclid=Cj0KCQjwj9-zBhDyARIsAERjds1_uJt3I13XvmI0g7q24cuzilGoTUdXtecJk4mUJt_eYMbVouqE2d0aAiwYEALw_wcB" "Mozilla/5.0 (Linux; Android 10; K) AppleWebKit/537.36 (KHTML, like Gecko) Chrome/126.0.0.0 Mobile Safari/537.36"
84.225.189.192 - - [26/Jun/2024:17:51:26 +0200] "GET /storage/media/h7_izzo_feher_fenyu_super_white-1.jpg HTTP/1.1" 200 105060 "https://royaltuning.hu/hu/termekkategoria/xenon-szettek?gad_source=1&gclid=Cj0KCQjwj9-zBhDyARIsAERjds1_uJt3I13XvmI0g7q24cuzilGoTUdXtecJk4mUJt_eYMbVouqE2d0aAiwYEALw_wcB" "Mozilla/5.0 (Linux; Android 10; K) AppleWebKit/537.36 (KHTML, like Gecko) Chrome/126.0.0.0 Mobile Safari/537.36"
84.225.189.192 - - [26/Jun/2024:17:51:26 +0200] "GET /storage/media/h7_ledes_izzo-1.jpg HTTP/1.1" 200 88729 "https://royaltuning.hu/hu/termekkategoria/xenon-szettek?gad_source=1&gclid=Cj0KCQjwj9-zBhDyARIsAERjds1_uJt3I13XvmI0g7q24cuzilGoTUdXtecJk4mUJt_eYMbVouqE2d0aAiwYEALw_wcB" "Mozilla/5.0 (Linux; Android 10; K) AppleWebKit/537.36 (KHTML, like Gecko) Chrome/126.0.0.0 Mobile Safari/537.36"
176.77.143.185 - - [26/Jun/2024:17:51:26 +0200] "GET /storage/media/h7_izzo-6.jpg HTTP/1.1" 200 256446 "https://royaltuning.hu/hu/termekkategoria/xenon-szettek?gad_source=1&gclid=Cj0KCQjwj9-zBhDyARIsAERjds1_uJt3I13XvmI0g7q24cuzilGoTUdXtecJk4mUJt_eYMbVouqE2d0aAiwYEALw_wcB" "Mozilla/5.0 (Linux; Android 10; K) AppleWebKit/537.36 (KHTML, like Gecko) Chrome/126.0.0.0 Mobile Safari/537.36"
84.225.189.192 - - [26/Jun/2024:17:51:26 +0200] "GET /storage/media/h7_led_izzo_eros-1.jpg HTTP/1.1" 200 185421 "https://royaltuning.hu/hu/termekkategoria/xenon-szettek?gad_source=1&gclid=Cj0KCQjwj9-zBhDyARIsAERjds1_uJt3I13XvmI0g7q24cuzilGoTUdXtecJk4mUJt_eYMbVouqE2d0aAiwYEALw_wcB" "Mozilla/5.0 (Linux; Android 10; K) AppleWebKit/537.36 (KHTML, like Gecko) Chrome/126.0.0.0 Mobile Safari/537.36"
84.225.189.192 - - [26/Jun/2024:17:51:27 +0200] "GET /storage/media/h7_led_izzo_motorba_eros-1.jpg HTTP/1.1" 200 135615 "https://royaltuning.hu/hu/termekkategoria/xenon-szettek?gad_source=1&gclid=Cj0KCQjwj9-zBhDyARIsAERjds1_uJt3I13XvmI0g7q24cuzilGoTUdXtecJk4mUJt_eYMbVouqE2d0aAiwYEALw_wcB" "Mozilla/5.0 (Linux; Android 10; K) AppleWebKit/537.36 (KHTML, like Gecko) Chrome/126.0.0.0 Mobile Safari/537.36"
84.225.189.192 - - [26/Jun/2024:17:51:26 +0200] "GET /storage/media/h7_led_24v-1.jpg HTTP/1.1" 200 221102 "https://royaltuning.hu/hu/termekkategoria/xenon-szettek?gad_source=1&gclid=Cj0KCQjwj9-zBhDyARIsAERjds1_uJt3I13XvmI0g7q24cuzilGoTUdXtecJk4mUJt_eYMbVouqE2d0aAiwYEALw_wcB" "Mozilla/5.0 (Linux; Android 10; K) AppleWebKit/537.36 (KHTML, like Gecko) Chrome/126.0.0.0 Mobile Safari/537.36"
66.249.64.226 - - [26/Jun/2024:17:51:28 +0200] "GET /hu/products/91976/reviews?page=1 HTTP/1.1" 200 236 "https://main.royaltuning.hu/hu/termek/szofita-led-42mm-2db" "Mozilla/5.0 (Linux; Android 6.0.1; Nexus 5X Build/MMB29P) AppleWebKit/537.36 (KHTML, like Gecko) Chrome/125.0.6422.154 Mobile Safari/537.36 (compatible; Googlebot/2.1; +http://www.google.com/bot.html)"
69.171.231.115 - - [26/Jun/2024:17:51:28 +0200] "GET /hu HTTP/1.1" 200 222429 "-" "facebookexternalhit/1.1 (+http://www.facebook.com/externalhit_uatext.php)"
158.220.122.17 - - [26/Jun/2024:17:51:30 +0200] "GET /public/hu/cart?_wpnonce=5970af00cd&remove_item=2fb544a21e8cb8768b80cc231ca2f691 HTTP/1.1" 200 36711 "-" "Mozilla/5.0 (compatible; MJ12bot/v1.4.8; http://mj12bot.com/)"
213.225.14.58 - - [26/Jun/2024:17:51:31 +0200] "GET /public/hu/termek/h1-izzo-super-white-5500k-2db HTTP/1.1" 200 44920 "https://royaltuning.hu/public/hu/termekkategoria/h1-izzok-emeltfenyu-halogen-izzok" "Mozilla/5.0 (Linux; Android 14; SM-A136B Build/UP1A.231005.007; wv) AppleWebKit/537.36 (KHTML, like Gecko) Version/4.0 Chrome/126.0.6478.71 Mobile Safari/537.36 [FB_IAB/FB4A;FBAV/469.2.0.51.80;]"
46.139.88.175 - - [26/Jun/2024:17:51:31 +0200] "GET /hu/termekkategoriak HTTP/1.1" 200 36625 "https://royaltuning.hu/hu?gad_source=1&gclid=Cj0KCQiAhomtBhDgARIsABcaYyk8hg3WyFrDbiS1O-1PWDEyNEr4yVXxC24ZNrGxD7h_q98td__3utYaAkjqEALw_wcB" "Mozilla/5.0 (Windows NT 10.0; Win64; x64) AppleWebKit/537.36 (KHTML, like Gecko) Chrome/126.0.0.0 Safari/537.36"
213.225.14.58 - - [26/Jun/2024:17:51:33 +0200] "GET /storage/media/h1_izzo_feher_fenyu_super_white-2.jpg HTTP/1.1" 200 107600 "https://royaltuning.hu/public/hu/termek/h1-izzo-super-white-5500k-2db" "Mozilla/5.0 (Linux; Android 14; SM-A136B Build/UP1A.231005.007; wv) AppleWebKit/537.36 (KHTML, like Gecko) Version/4.0 Chrome/126.0.6478.71 Mobile Safari/537.36 [FB_IAB/FB4A;FBAV/469.2.0.51.80;]"
213.225.14.58 - - [26/Jun/2024:17:51:33 +0200] "GET /storage/media/h1_izzo_feher_fenyu_super_white-3.jpg HTTP/1.1" 200 107075 "https://royaltuning.hu/public/hu/termek/h1-izzo-super-white-5500k-2db" "Mozilla/5.0 (Linux; Android 14; SM-A136B Build/UP1A.231005.007; wv) AppleWebKit/537.36 (KHTML, like Gecko) Version/4.0 Chrome/126.0.6478.71 Mobile Safari/537.36 [FB_IAB/FB4A;FBAV/469.2.0.51.80;]"
188.143.20.4 - - [26/Jun/2024:17:51:33 +0200] "GET /storage/media/mini_cooper_valtoszoknya-2.jpg HTTP/1.1" 200 195659 "-" "Mozilla/5.0 (Windows NT 10.0; Win64; x64) AppleWebKit/537.36 (KHTML, like Gecko) Chrome/126.0.0.0 Safari/537.36 Edg/126.0.0.0"
213.225.14.58 - - [26/Jun/2024:17:51:33 +0200] "GET /public/hu/products/238587/reviews?page=1 HTTP/1.1" 200 238 "https://royaltuning.hu/public/hu/termek/h1-izzo-super-white-5500k-2db" "Mozilla/5.0 (Linux; Android 14; SM-A136B Build/UP1A.231005.007; wv) AppleWebKit/537.36 (KHTML, like Gecko) Version/4.0 Chrome/126.0.6478.71 Mobile Safari/537.36 [FB_IAB/FB4A;FBAV/469.2.0.51.80;]"
213.225.14.58 - - [26/Jun/2024:17:51:33 +0200] "GET /wp-content/uploads/2023/11/h1_izzo_feher_fenyu_super_white-1-768x768.jpg HTTP/1.1" 200 54106 "https://royaltuning.hu/public/hu/termek/h1-izzo-super-white-5500k-2db" "Mozilla/5.0 (Linux; Android 14; SM-A136B Build/UP1A.231005.007; wv) AppleWebKit/537.36 (KHTML, like Gecko) Version/4.0 Chrome/126.0.6478.71 Mobile Safari/537.36 [FB_IAB/FB4A;FBAV/469.2.0.51.80;]"
213.225.14.58 - - [26/Jun/2024:17:51:33 +0200] "GET /wp-content/uploads/2023/11/h1_izzo_feher_fenyu_super_white-3-768x768.jpg HTTP/1.1" 200 39275 "https://royaltuning.hu/public/hu/termek/h1-izzo-super-white-5500k-2db" "Mozilla/5.0 (Linux; Android 14; SM-A136B Build/UP1A.231005.007; wv) AppleWebKit/537.36 (KHTML, like Gecko) Version/4.0 Chrome/126.0.6478.71 Mobile Safari/537.36 [FB_IAB/FB4A;FBAV/469.2.0.51.80;]"
84.225.189.192 - - [26/Jun/2024:17:51:33 +0200] "GET /hu/suggestions?query=H7l HTTP/1.1" 200 59 "https://royaltuning.hu/hu/termekkategoria/xenon-szettek?gad_source=1&gclid=Cj0KCQjwj9-zBhDyARIsAERjds1_uJt3I13XvmI0g7q24cuzilGoTUdXtecJk4mUJt_eYMbVouqE2d0aAiwYEALw_wcB" "Mozilla/5.0 (Linux; Android 10; K) AppleWebKit/537.36 (KHTML, like Gecko) Chrome/126.0.0.0 Mobile Safari/537.36"
213.225.14.58 - - [26/Jun/2024:17:51:33 +0200] "GET /public/captcha/image?_=1766193672 HTTP/1.1" 200 5010 "https://royaltuning.hu/public/hu/termek/h1-izzo-super-white-5500k-2db" "Mozilla/5.0 (Linux; Android 14; SM-A136B Build/UP1A.231005.007; wv) AppleWebKit/537.36 (KHTML, like Gecko) Version/4.0 Chrome/126.0.6478.71 Mobile Safari/537.36 [FB_IAB/FB4A;FBAV/469.2.0.51.80;]"
84.225.189.192 - - [26/Jun/2024:17:51:35 +0200] "GET /hu/suggestions?query=H7le HTTP/1.1" 200 59 "https://royaltuning.hu/hu/termekkategoria/xenon-szettek?gad_source=1&gclid=Cj0KCQjwj9-zBhDyARIsAERjds1_uJt3I13XvmI0g7q24cuzilGoTUdXtecJk4mUJt_eYMbVouqE2d0aAiwYEALw_wcB" "Mozilla/5.0 (Linux; Android 10; K) AppleWebKit/537.36 (KHTML, like Gecko) Chrome/126.0.0.0 Mobile Safari/537.36"
84.225.189.192 - - [26/Jun/2024:17:51:36 +0200] "GET /hu/suggestions?query=H7led HTTP/1.1" 200 59 "https://royaltuning.hu/hu/termekkategoria/xenon-szettek?gad_source=1&gclid=Cj0KCQjwj9-zBhDyARIsAERjds1_uJt3I13XvmI0g7q24cuzilGoTUdXtecJk4mUJt_eYMbVouqE2d0aAiwYEALw_wcB" "Mozilla/5.0 (Linux; Android 10; K) AppleWebKit/537.36 (KHTML, like Gecko) Chrome/126.0.0.0 Mobile Safari/537.36"
84.225.189.192 - - [26/Jun/2024:17:51:38 +0200] "GET /hu/suggestions?query=H7%20led%20 HTTP/1.1" 200 738 "https://royaltuning.hu/hu/termekkategoria/xenon-szettek?gad_source=1&gclid=Cj0KCQjwj9-zBhDyARIsAERjds1_uJt3I13XvmI0g7q24cuzilGoTUdXtecJk4mUJt_eYMbVouqE2d0aAiwYEALw_wcB" "Mozilla/5.0 (Linux; Android 10; K) AppleWebKit/537.36 (KHTML, like Gecko) Chrome/126.0.0.0 Mobile Safari/537.36"
84.225.189.192 - - [26/Jun/2024:17:51:38 +0200] "GET /storage/media/h7_led_izzo_motorhoz-1.jpg HTTP/1.1" 200 123637 "https://royaltuning.hu/hu/termekkategoria/xenon-szettek?gad_source=1&gclid=Cj0KCQjwj9-zBhDyARIsAERjds1_uJt3I13XvmI0g7q24cuzilGoTUdXtecJk4mUJt_eYMbVouqE2d0aAiwYEALw_wcB" "Mozilla/5.0 (Linux; Android 10; K) AppleWebKit/537.36 (KHTML, like Gecko) Chrome/126.0.0.0 Mobile Safari/537.36"
84.225.189.192 - - [26/Jun/2024:17:51:38 +0200] "GET /storage/media/h7_led_izzo_motorba-1.jpg HTTP/1.1" 200 115846 "https://royaltuning.hu/hu/termekkategoria/xenon-szettek?gad_source=1&gclid=Cj0KCQjwj9-zBhDyARIsAERjds1_uJt3I13XvmI0g7q24cuzilGoTUdXtecJk4mUJt_eYMbVouqE2d0aAiwYEALw_wcB" "Mozilla/5.0 (Linux; Android 10; K) AppleWebKit/537.36 (KHTML, like Gecko) Chrome/126.0.0.0 Mobile Safari/537.36"
84.225.189.192 - - [26/Jun/2024:17:51:38 +0200] "GET /storage/media/h7_led_meretpontos_led_izzo-1.jpg HTTP/1.1" 200 188985 "https://royaltuning.hu/hu/termekkategoria/xenon-szettek?gad_source=1&gclid=Cj0KCQjwj9-zBhDyARIsAERjds1_uJt3I13XvmI0g7q24cuzilGoTUdXtecJk4mUJt_eYMbVouqE2d0aAiwYEALw_wcB" "Mozilla/5.0 (Linux; Android 10; K) AppleWebKit/537.36 (KHTML, like Gecko) Chrome/126.0.0.0 Mobile Safari/537.36"
176.77.143.185 - - [26/Jun/2024:17:51:38 +0200] "GET /storage/media/legjobb_h7_led_izzo-1.jpg HTTP/1.1" 200 336692 "https://royaltuning.hu/hu/termekkategoria/xenon-szettek?gad_source=1&gclid=Cj0KCQjwj9-zBhDyARIsAERjds1_uJt3I13XvmI0g7q24cuzilGoTUdXtecJk4mUJt_eYMbVouqE2d0aAiwYEALw_wcB" "Mozilla/5.0 (Linux; Android 10; K) AppleWebKit/537.36 (KHTML, like Gecko) Chrome/126.0.0.0 Mobile Safari/537.36"
17.241.219.228 - - [26/Jun/2024:17:51:39 +0200] "GET /termek/nissan-qashqai-valtoszoknya/ HTTP/1.1" 301 272 "-" "Mozilla/5.0 (Macintosh; Intel Mac OS X 10_15_7) AppleWebKit/605.1.15 (KHTML, like Gecko) Version/17.4 Safari/605.1.15 (Applebot/0.1; +http://www.apple.com/go/applebot)"
17.241.219.228 - - [26/Jun/2024:17:51:39 +0200] "GET /public/termek/nissan-qashqai-valtoszoknya HTTP/1.1" 302 230 "-" "Mozilla/5.0 (Macintosh; Intel Mac OS X 10_15_7) AppleWebKit/605.1.15 (KHTML, like Gecko) Version/17.4 Safari/605.1.15 (Applebot/0.1; +http://www.apple.com/go/applebot)"
66.249.70.160 - - [26/Jun/2024:17:51:40 +0200] "GET /hu/products/37790/reviews?page=1 HTTP/1.1" 200 233 "https://royaltuning.hu/hu/termek/kulso-autoapolo-csomag" "Mozilla/5.0 (Linux; Android 6.0.1; Nexus 5X Build/MMB29P) AppleWebKit/537.36 (KHTML, like Gecko) Chrome/125.0.6422.154 Mobile Safari/537.36 (compatible; Googlebot/2.1; +http://www.google.com/bot.html)"
17.241.219.228 - - [26/Jun/2024:17:51:39 +0200] "GET /public/hu/termek/nissan-qashqai-valtoszoknya HTTP/1.1" 200 43556 "-" "Mozilla/5.0 (Macintosh; Intel Mac OS X 10_15_7) AppleWebKit/605.1.15 (KHTML, like Gecko) Version/17.4 Safari/605.1.15 (Applebot/0.1; +http://www.apple.com/go/applebot)"
176.77.143.185 - - [26/Jun/2024:17:51:40 +0200] "GET /hu/suggestions?query=H7%20led%20c HTTP/1.1" 200 470 "https://royaltuning.hu/hu/termekkategoria/xenon-szettek?gad_source=1&gclid=Cj0KCQjwj9-zBhDyARIsAERjds1_uJt3I13XvmI0g7q24cuzilGoTUdXtecJk4mUJt_eYMbVouqE2d0aAiwYEALw_wcB" "Mozilla/5.0 (Linux; Android 10; K) AppleWebKit/537.36 (KHTML, like Gecko) Chrome/126.0.0.0 Mobile Safari/537.36"
176.77.143.185 - - [26/Jun/2024:17:51:41 +0200] "GET /storage/media/h7_canbus_ellenallas_ledhez_terheles_adapter-4.jpg HTTP/1.1" 200 195657 "https://royaltuning.hu/hu/termekkategoria/xenon-szettek?gad_source=1&gclid=Cj0KCQjwj9-zBhDyARIsAERjds1_uJt3I13XvmI0g7q24cuzilGoTUdXtecJk4mUJt_eYMbVouqE2d0aAiwYEALw_wcB" "Mozilla/5.0 (Linux; Android 10; K) AppleWebKit/537.36 (KHTML, like Gecko) Chrome/126.0.0.0 Mobile Safari/537.36"
176.77.143.185 - - [26/Jun/2024:17:51:41 +0200] "GET /hu/suggestions?query=H7%20led%20ca HTTP/1.1" 200 470 "https://royaltuning.hu/hu/termekkategoria/xenon-szettek?gad_source=1&gclid=Cj0KCQjwj9-zBhDyARIsAERjds1_uJt3I13XvmI0g7q24cuzilGoTUdXtecJk4mUJt_eYMbVouqE2d0aAiwYEALw_wcB" "Mozilla/5.0 (Linux; Android 10; K) AppleWebKit/537.36 (KHTML, like Gecko) Chrome/126.0.0.0 Mobile Safari/537.36"
176.77.143.185 - - [26/Jun/2024:17:51:42 +0200] "GET /hu/suggestions?query=H7%20led%20can HTTP/1.1" 200 470 "https://royaltuning.hu/hu/termekkategoria/xenon-szettek?gad_source=1&gclid=Cj0KCQjwj9-zBhDyARIsAERjds1_uJt3I13XvmI0g7q24cuzilGoTUdXtecJk4mUJt_eYMbVouqE2d0aAiwYEALw_wcB" "Mozilla/5.0 (Linux; Android 10; K) AppleWebKit/537.36 (KHTML, like Gecko) Chrome/126.0.0.0 Mobile Safari/537.36"
46.139.88.175 - - [26/Jun/2024:17:51:42 +0200] "GET /hu/termekkategoria/autodiagnosztikai-eszkozok/hibakod-olvasok HTTP/1.1" 200 40922 "https://royaltuning.hu/hu/termekkategoriak" "Mozilla/5.0 (Windows NT 10.0; Win64; x64) AppleWebKit/537.36 (KHTML, like Gecko) Chrome/126.0.0.0 Safari/537.36"
46.139.88.175 - - [26/Jun/2024:17:51:44 +0200] "GET /hu/shop?query=&brand=&category=hibakod-olvasok&tag=&fromPrice=0&toPrice=114990&sort=alphabetic&perPage=30&page=1 HTTP/1.1" 200 2683 "https://royaltuning.hu/hu/termekkategoria/autodiagnosztikai-eszkozok/hibakod-olvasok" "Mozilla/5.0 (Windows NT 10.0; Win64; x64) AppleWebKit/537.36 (KHTML, like Gecko) Chrome/126.0.0.0 Safari/537.36"
46.139.88.175 - - [26/Jun/2024:17:51:44 +0200] "GET /storage/media/bmw_hibakod_olvaso-1.jpg HTTP/1.1" 200 147067 "https://royaltuning.hu/hu/termekkategoria/autodiagnosztikai-eszkozok/hibakod-olvasok" "Mozilla/5.0 (Windows NT 10.0; Win64; x64) AppleWebKit/537.36 (KHTML, like Gecko) Chrome/126.0.0.0 Safari/537.36"
46.139.88.175 - - [26/Jun/2024:17:51:44 +0200] "GET /storage/media/bmw_hibakodolvaso_v3-1.jpg HTTP/1.1" 200 278505 "https://royaltuning.hu/hu/termekkategoria/autodiagnosztikai-eszkozok/hibakod-olvasok" "Mozilla/5.0 (Windows NT 10.0; Win64; x64) AppleWebKit/537.36 (KHTML, like Gecko) Chrome/126.0.0.0 Safari/537.36"
46.139.88.175 - - [26/Jun/2024:17:51:44 +0200] "GET /storage/media/citroen_hibakod_olvaso-1.jpg HTTP/1.1" 200 144263 "https://royaltuning.hu/hu/termekkategoria/autodiagnosztikai-eszkozok/hibakod-olvasok" "Mozilla/5.0 (Windows NT 10.0; Win64; x64) AppleWebKit/537.36 (KHTML, like Gecko) Chrome/126.0.0.0 Safari/537.36"
46.139.88.175 - - [26/Jun/2024:17:51:44 +0200] "GET /storage/media/SPDq5siYYzAvo7KmBZcOvfZ5I0gpEseilGC5tAKK.jpg HTTP/1.1" 200 328109 "https://royaltuning.hu/hu/termekkategoria/autodiagnosztikai-eszkozok/hibakod-olvasok" "Mozilla/5.0 (Windows NT 10.0; Win64; x64) AppleWebKit/537.36 (KHTML, like Gecko) Chrome/126.0.0.0 Safari/537.36"
46.139.88.175 - - [26/Jun/2024:17:51:44 +0200] "GET /storage/media/icarsoft_auto_hibakodolvaso-1.jpg HTTP/1.1" 200 264776 "https://royaltuning.hu/hu/termekkategoria/autodiagnosztikai-eszkozok/hibakod-olvasok" "Mozilla/5.0 (Windows NT 10.0; Win64; x64) AppleWebKit/537.36 (KHTML, like Gecko) Chrome/126.0.0.0 Safari/537.36"
46.139.88.175 - - [26/Jun/2024:17:51:44 +0200] "GET /storage/media/dacia_hibakod_olvaso-1.jpg HTTP/1.1" 200 142796 "https://royaltuning.hu/hu/termekkategoria/autodiagnosztikai-eszkozok/hibakod-olvasok" "Mozilla/5.0 (Windows NT 10.0; Win64; x64) AppleWebKit/537.36 (KHTML, like Gecko) Chrome/126.0.0.0 Safari/537.36"
46.139.88.175 - - [26/Jun/2024:17:51:44 +0200] "GET /storage/media/j6VAjc3RESrwvRGp4zRnw84WOtzIRX6btI8ZQq3T.jpg HTTP/1.1" 200 331527 "https://royaltuning.hu/hu/termekkategoria/autodiagnosztikai-eszkozok/hibakod-olvasok" "Mozilla/5.0 (Windows NT 10.0; Win64; x64) AppleWebKit/537.36 (KHTML, like Gecko) Chrome/126.0.0.0 Safari/537.36"
46.139.88.175 - - [26/Jun/2024:17:51:44 +0200] "GET /storage/media/hibakod_olvaso-1.jpg HTTP/1.1" 200 34723 "https://royaltuning.hu/hu/termekkategoria/autodiagnosztikai-eszkozok/hibakod-olvasok" "Mozilla/5.0 (Windows NT 10.0; Win64; x64) AppleWebKit/537.36 (KHTML, like Gecko) Chrome/126.0.0.0 Safari/537.36"
46.139.88.175 - - [26/Jun/2024:17:51:44 +0200] "GET /storage/media/magyar_nyelvu_hibakodolvaso_usa_modellek-1.jpg HTTP/1.1" 200 104718 "https://royaltuning.hu/hu/termekkategoria/autodiagnosztikai-eszkozok/hibakod-olvasok" "Mozilla/5.0 (Windows NT 10.0; Win64; x64) AppleWebKit/537.36 (KHTML, like Gecko) Chrome/126.0.0.0 Safari/537.36"
46.139.88.175 - - [26/Jun/2024:17:51:44 +0200] "GET /storage/media/hibakodolvaso_bluetooth-1.jpg HTTP/1.1" 200 183077 "https://royaltuning.hu/hu/termekkategoria/autodiagnosztikai-eszkozok/hibakod-olvasok" "Mozilla/5.0 (Windows NT 10.0; Win64; x64) AppleWebKit/537.36 (KHTML, like Gecko) Chrome/126.0.0.0 Safari/537.36"
46.139.88.175 - - [26/Jun/2024:17:51:44 +0200] "GET /storage/media/jaguar_hibakod_olvaso-1.jpg HTTP/1.1" 200 399822 "https://royaltuning.hu/hu/termekkategoria/autodiagnosztikai-eszkozok/hibakod-olvasok" "Mozilla/5.0 (Windows NT 10.0; Win64; x64) AppleWebKit/537.36 (KHTML, like Gecko) Chrome/126.0.0.0 Safari/537.36"
46.139.88.175 - - [26/Jun/2024:17:51:44 +0200] "GET /storage/media/japan_hibakodolvaso_v3-1.jpg HTTP/1.1" 200 218103 "https://royaltuning.hu/hu/termekkategoria/autodiagnosztikai-eszkozok/hibakod-olvasok" "Mozilla/5.0 (Windows NT 10.0; Win64; x64) AppleWebKit/537.36 (KHTML, like Gecko) Chrome/126.0.0.0 Safari/537.36"
46.139.88.175 - - [26/Jun/2024:17:51:44 +0200] "GET /storage/media/land_rover_hibakod_olvaso-1.jpg HTTP/1.1" 200 421533 "https://royaltuning.hu/hu/termekkategoria/autodiagnosztikai-eszkozok/hibakod-olvasok" "Mozilla/5.0 (Windows NT 10.0; Win64; x64) AppleWebKit/537.36 (KHTML, like Gecko) Chrome/126.0.0.0 Safari/537.36"
46.139.88.175 - - [26/Jun/2024:17:51:44 +0200] "GET /storage/media/mercedes_hibakod_olvaso_icarsoft-1.jpg HTTP/1.1" 200 441569 "https://royaltuning.hu/hu/termekkategoria/autodiagnosztikai-eszkozok/hibakod-olvasok" "Mozilla/5.0 (Windows NT 10.0; Win64; x64) AppleWebKit/537.36 (KHTML, like Gecko) Chrome/126.0.0.0 Safari/537.36"
46.139.88.175 - - [26/Jun/2024:17:51:44 +0200] "GET /storage/media/mini_hibakod_olvaso-1.jpg HTTP/1.1" 200 138785 "https://royaltuning.hu/hu/termekkategoria/autodiagnosztikai-eszkozok/hibakod-olvasok" "Mozilla/5.0 (Windows NT 10.0; Win64; x64) AppleWebKit/537.36 (KHTML, like Gecko) Chrome/126.0.0.0 Safari/537.36"
46.139.88.175 - - [26/Jun/2024:17:51:44 +0200] "GET /storage/media/opel_hibakod_olvaso-1.jpg HTTP/1.1" 200 147381 "https://royaltuning.hu/hu/termekkategoria/autodiagnosztikai-eszkozok/hibakod-olvasok" "Mozilla/5.0 (Windows NT 10.0; Win64; x64) AppleWebKit/537.36 (KHTML, like Gecko) Chrome/126.0.0.0 Safari/537.36"
46.139.88.175 - - [26/Jun/2024:17:51:44 +0200] "GET /storage/media/peugeot_hibakod_olvaso-1.jpg HTTP/1.1" 200 148432 "https://royaltuning.hu/hu/termekkategoria/autodiagnosztikai-eszkozok/hibakod-olvasok" "Mozilla/5.0 (Windows NT 10.0; Win64; x64) AppleWebKit/537.36 (KHTML, like Gecko) Chrome/126.0.0.0 Safari/537.36"
46.139.88.175 - - [26/Jun/2024:17:51:44 +0200] "GET /storage/media/4fKIOZdDdmgf9LJaQIMenVjT80UlMRFPNQYNzev7.jpg HTTP/1.1" 200 396568 "https://royaltuning.hu/hu/termekkategoria/autodiagnosztikai-eszkozok/hibakod-olvasok" "Mozilla/5.0 (Windows NT 10.0; Win64; x64) AppleWebKit/537.36 (KHTML, like Gecko) Chrome/126.0.0.0 Safari/537.36"
46.139.88.175 - - [26/Jun/2024:17:51:44 +0200] "GET /storage/media/U0KTzYLWlNpzhwZS3LbX2t6J3J6mqatgCGsVjvBD.jpg HTTP/1.1" 200 321916 "https://royaltuning.hu/hu/termekkategoria/autodiagnosztikai-eszkozok/hibakod-olvasok" "Mozilla/5.0 (Windows NT 10.0; Win64; x64) AppleWebKit/537.36 (KHTML, like Gecko) Chrome/126.0.0.0 Safari/537.36"
46.139.88.175 - - [26/Jun/2024:17:51:44 +0200] "GET /storage/media/renault_hibakod_olvaso-1.jpg HTTP/1.1" 200 144077 "https://royaltuning.hu/hu/termekkategoria/autodiagnosztikai-eszkozok/hibakod-olvasok" "Mozilla/5.0 (Windows NT 10.0; Win64; x64) AppleWebKit/537.36 (KHTML, like Gecko) Chrome/126.0.0.0 Safari/537.36"
46.139.88.175 - - [26/Jun/2024:17:51:44 +0200] "GET /storage/media/renault_hibakod_olvaso_magyar-1.jpg HTTP/1.1" 200 318598 "https://royaltuning.hu/hu/termekkategoria/autodiagnosztikai-eszkozok/hibakod-olvasok" "Mozilla/5.0 (Windows NT 10.0; Win64; x64) AppleWebKit/537.36 (KHTML, like Gecko) Chrome/126.0.0.0 Safari/537.36"
46.139.88.175 - - [26/Jun/2024:17:51:44 +0200] "GET /storage/media/smart_hibakod_olvaso_magyar.jpg HTTP/1.1" 200 449855 "https://royaltuning.hu/hu/termekkategoria/autodiagnosztikai-eszkozok/hibakod-olvasok" "Mozilla/5.0 (Windows NT 10.0; Win64; x64) AppleWebKit/537.36 (KHTML, like Gecko) Chrome/126.0.0.0 Safari/537.36"
46.139.88.175 - - [26/Jun/2024:17:51:44 +0200] "GET /storage/media/magyar_nyelvu_hibakodolvaso_usa_modellek-1-1.jpg HTTP/1.1" 200 207992 "https://royaltuning.hu/hu/termekkategoria/autodiagnosztikai-eszkozok/hibakod-olvasok" "Mozilla/5.0 (Windows NT 10.0; Win64; x64) AppleWebKit/537.36 (KHTML, like Gecko) Chrome/126.0.0.0 Safari/537.36"
46.139.88.175 - - [26/Jun/2024:17:51:44 +0200] "GET /storage/media/audi_vw_skoda_seat_hibakod_olvaso-1.jpg HTTP/1.1" 200 160272 "https://royaltuning.hu/hu/termekkategoria/autodiagnosztikai-eszkozok/hibakod-olvasok" "Mozilla/5.0 (Windows NT 10.0; Win64; x64) AppleWebKit/537.36 (KHTML, like Gecko) Chrome/126.0.0.0 Safari/537.36"
176.77.143.185 - - [26/Jun/2024:17:51:47 +0200] "GET /hu/suggestions?query=H7%20led%20canb HTTP/1.1" 200 470 "https://royaltuning.hu/hu/termekkategoria/xenon-szettek?gad_source=1&gclid=Cj0KCQjwj9-zBhDyARIsAERjds1_uJt3I13XvmI0g7q24cuzilGoTUdXtecJk4mUJt_eYMbVouqE2d0aAiwYEALw_wcB" "Mozilla/5.0 (Linux; Android 10; K) AppleWebKit/537.36 (KHTML, like Gecko) Chrome/126.0.0.0 Mobile Safari/537.36"
176.77.143.185 - - [26/Jun/2024:17:51:48 +0200] "GET /hu/suggestions?query=H7%20led%20canbu HTTP/1.1" 200 469 "https://royaltuning.hu/hu/termekkategoria/xenon-szettek?gad_source=1&gclid=Cj0KCQjwj9-zBhDyARIsAERjds1_uJt3I13XvmI0g7q24cuzilGoTUdXtecJk4mUJt_eYMbVouqE2d0aAiwYEALw_wcB" "Mozilla/5.0 (Linux; Android 10; K) AppleWebKit/537.36 (KHTML, like Gecko) Chrome/126.0.0.0 Mobile Safari/537.36"
66.249.70.160 - - [26/Jun/2024:17:51:49 +0200] "GET /public/termek/h7-led-izzo-grey-series-1db HTTP/1.1" 302 231 "-" "Mozilla/5.0 (Linux; Android 6.0.1; Nexus 5X Build/MMB29P) AppleWebKit/537.36 (KHTML, like Gecko) Chrome/125.0.6422.175 Mobile Safari/537.36 (compatible; Googlebot/2.1; +http://www.google.com/bot.html)"
176.77.143.185 - - [26/Jun/2024:17:51:49 +0200] "GET /hu/suggestions?query=H7%20led%20canbus HTTP/1.1" 200 468 "https://royaltuning.hu/hu/termekkategoria/xenon-szettek?gad_source=1&gclid=Cj0KCQjwj9-zBhDyARIsAERjds1_uJt3I13XvmI0g7q24cuzilGoTUdXtecJk4mUJt_eYMbVouqE2d0aAiwYEALw_wcB" "Mozilla/5.0 (Linux; Android 10; K) AppleWebKit/537.36 (KHTML, like Gecko) Chrome/126.0.0.0 Mobile Safari/537.36"
66.249.70.160 - - [26/Jun/2024:17:51:50 +0200] "GET /public/hu/termek/h7-led-izzo-grey-series-1db HTTP/1.1" 200 44381 "-" "Mozilla/5.0 (Linux; Android 6.0.1; Nexus 5X Build/MMB29P) AppleWebKit/537.36 (KHTML, like Gecko) Chrome/125.0.6422.175 Mobile Safari/537.36 (compatible; Googlebot/2.1; +http://www.google.com/bot.html)"
176.77.143.185 - - [26/Jun/2024:17:51:50 +0200] "GET /hu/shop?query=H7%20led%20canbus HTTP/1.1" 200 40593 "https://royaltuning.hu/hu/termekkategoria/xenon-szettek?gad_source=1&gclid=Cj0KCQjwj9-zBhDyARIsAERjds1_uJt3I13XvmI0g7q24cuzilGoTUdXtecJk4mUJt_eYMbVouqE2d0aAiwYEALw_wcB" "Mozilla/5.0 (Linux; Android 10; K) AppleWebKit/537.36 (KHTML, like Gecko) Chrome/126.0.0.0 Mobile Safari/537.36"
176.77.143.185 - - [26/Jun/2024:17:51:52 +0200] "GET /hu/shop?query=H7%20led%20canbus&brand=&category=&tag=&fromPrice=0&toPrice=114990&sort=relevance&perPage=30&page=1 HTTP/1.1" 200 721 "https://royaltuning.hu/hu/shop?query=H7%20led%20canbus" "Mozilla/5.0 (Linux; Android 10; K) AppleWebKit/537.36 (KHTML, like Gecko) Chrome/126.0.0.0 Mobile Safari/537.36"
94.44.253.218 - - [26/Jun/2024:17:51:58 +0200] "GET /public/hu/termekkategoria/foliak-felnicsikok-matricak/lampafoliak?utm_source=facebook.com&utm_campaign=forgalom_-_kep_2022_aprilis_01&utm_medium=cpm&utm_content=lampafolia4&fbclid=IwZXh0bgNhZW0BMAABHa2FRWfrHaF36zlvpxXjHlMrAXuqE0ctvsZt7A9Vu35f0PgdvBNT8UTicg_aem_Uhhiqjz6bPYThOF0u2pIZA&utm_id=23846529397470017&utm_term=23850155805410017 HTTP/1.1" 200 42681 "http://m.facebook.com/" "Mozilla/5.0 (Linux; Android 10; MAR-LX1A Build/HUAWEIMAR-L21A; wv) AppleWebKit/537.36 (KHTML, like Gecko) Version/4.0 Chrome/126.0.6478.47 Mobile Safari/537.36 [FB_IAB/FB4A;FBAV/468.1.0.56.78;]"
94.44.253.218 - - [26/Jun/2024:17:51:59 +0200] "GET /public/themes/storefront/public/css/app.css?v=3.1.0 HTTP/1.1" 200 72700 "https://royaltuning.hu/public/hu/termekkategoria/foliak-felnicsikok-matricak/lampafoliak?utm_source=facebook.com&utm_campaign=forgalom_-_kep_2022_aprilis_01&utm_medium=cpm&utm_content=lampafolia4&fbclid=IwZXh0bgNhZW0BMAABHa2FRWfrHaF36zlvpxXjHlMrAXuqE0ctvsZt7A9Vu35f0PgdvBNT8UTicg_aem_Uhhiqjz6bPYThOF0u2pIZA&utm_id=23846529397470017&utm_term=23850155805410017" "Mozilla/5.0 (Linux; Android 10; MAR-LX1A Build/HUAWEIMAR-L21A; wv) AppleWebKit/537.36 (KHTML, like Gecko) Version/4.0 Chrome/126.0.6478.47 Mobile Safari/537.36 [FB_IAB/FB4A;FBAV/468.1.0.56.78;]"
94.44.253.218 - - [26/Jun/2024:17:51:59 +0200] "GET /public/vendor/cookie-consent/css/cookie-consent.css HTTP/1.1" 200 990 "https://royaltuning.hu/public/hu/termekkategoria/foliak-felnicsikok-matricak/lampafoliak?utm_source=facebook.com&utm_campaign=forgalom_-_kep_2022_aprilis_01&utm_medium=cpm&utm_content=lampafolia4&fbclid=IwZXh0bgNhZW0BMAABHa2FRWfrHaF36zlvpxXjHlMrAXuqE0ctvsZt7A9Vu35f0PgdvBNT8UTicg_aem_Uhhiqjz6bPYThOF0u2pIZA&utm_id=23846529397470017&utm_term=23850155805410017" "Mozilla/5.0 (Linux; Android 10; MAR-LX1A Build/HUAWEIMAR-L21A; wv) AppleWebKit/537.36 (KHTML, like Gecko) Version/4.0 Chrome/126.0.6478.47 Mobile Safari/537.36 [FB_IAB/FB4A;FBAV/468.1.0.56.78;]"
94.44.253.218 - - [26/Jun/2024:17:51:59 +0200] "GET /storage/media/rpiKsmcVc59LwHHydMWZkR91adM4KGiqcvvmbod4.png HTTP/1.1" 200 17070 "https://royaltuning.hu/public/hu/termekkategoria/foliak-felnicsikok-matricak/lampafoliak?utm_source=facebook.com&utm_campaign=forgalom_-_kep_2022_aprilis_01&utm_medium=cpm&utm_content=lampafolia4&fbclid=IwZXh0bgNhZW0BMAABHa2FRWfrHaF36zlvpxXjHlMrAXuqE0ctvsZt7A9Vu35f0PgdvBNT8UTicg_aem_Uhhiqjz6bPYThOF0u2pIZA&utm_id=23846529397470017&utm_term=23850155805410017" "Mozilla/5.0 (Linux; Android 10; MAR-LX1A Build/HUAWEIMAR-L21A; wv) AppleWebKit/537.36 (KHTML, like Gecko) Version/4.0 Chrome/126.0.6478.47 Mobile Safari/537.36 [FB_IAB/FB4A;FBAV/468.1.0.56.78;]"
94.44.253.218 - - [26/Jun/2024:17:51:59 +0200] "GET /storage/media/LR8IfEu8TFdtixq0lkK2SomaSuyRv02mO7hPPjoL.jpg HTTP/1.1" 200 86609 "https://royaltuning.hu/public/hu/termekkategoria/foliak-felnicsikok-matricak/lampafoliak?utm_source=facebook.com&utm_campaign=forgalom_-_kep_2022_aprilis_01&utm_medium=cpm&utm_content=lampafolia4&fbclid=IwZXh0bgNhZW0BMAABHa2FRWfrHaF36zlvpxXjHlMrAXuqE0ctvsZt7A9Vu35f0PgdvBNT8UTicg_aem_Uhhiqjz6bPYThOF0u2pIZA&utm_id=23846529397470017&utm_term=23850155805410017" "Mozilla/5.0 (Linux; Android 10; MAR-LX1A Build/HUAWEIMAR-L21A; wv) AppleWebKit/537.36 (KHTML, like Gecko) Version/4.0 Chrome/126.0.6478.47 Mobile Safari/537.36 [FB_IAB/FB4A;FBAV/468.1.0.56.78;]"
94.44.253.218 - - [26/Jun/2024:17:51:59 +0200] "GET /public/vendor/cookie-consent/js/cookie-consent.js HTTP/1.1" 200 11136 "https://royaltuning.hu/public/hu/termekkategoria/foliak-felnicsikok-matricak/lampafoliak?utm_source=facebook.com&utm_campaign=forgalom_-_kep_2022_aprilis_01&utm_medium=cpm&utm_content=lampafolia4&fbclid=IwZXh0bgNhZW0BMAABHa2FRWfrHaF36zlvpxXjHlMrAXuqE0ctvsZt7A9Vu35f0PgdvBNT8UTicg_aem_Uhhiqjz6bPYThOF0u2pIZA&utm_id=23846529397470017&utm_term=23850155805410017" "Mozilla/5.0 (Linux; Android 10; MAR-LX1A Build/HUAWEIMAR-L21A; wv) AppleWebKit/537.36 (KHTML, like Gecko) Version/4.0 Chrome/126.0.6478.47 Mobile Safari/537.36 [FB_IAB/FB4A;FBAV/468.1.0.56.78;]"
94.44.253.218 - - [26/Jun/2024:17:52:00 +0200] "GET /public/themes/storefront/public/images/arrow-black.png HTTP/1.1" 200 221 "https://royaltuning.hu/public/themes/storefront/public/css/app.css?v=3.1.0" "Mozilla/5.0 (Linux; Android 10; MAR-LX1A Build/HUAWEIMAR-L21A; wv) AppleWebKit/537.36 (KHTML, like Gecko) Version/4.0 Chrome/126.0.6478.47 Mobile Safari/537.36 [FB_IAB/FB4A;FBAV/468.1.0.56.78;]"
94.44.253.218 - - [26/Jun/2024:17:52:00 +0200] "GET /public/themes/storefront/public/fonts/la-solid-900.woff2 HTTP/1.1" 200 96652 "https://royaltuning.hu/public/themes/storefront/public/css/app.css?v=3.1.0" "Mozilla/5.0 (Linux; Android 10; MAR-LX1A Build/HUAWEIMAR-L21A; wv) AppleWebKit/537.36 (KHTML, like Gecko) Version/4.0 Chrome/126.0.6478.47 Mobile Safari/537.36 [FB_IAB/FB4A;FBAV/468.1.0.56.78;]"
46.139.88.175 - - [26/Jun/2024:17:51:59 +0200] "GET /hu/termekkategoria/futofenyes-led-indexek/opel-futofenyes-led-indexek HTTP/1.1" 200 40865 "https://royaltuning.hu/hu/termekkategoriak" "Mozilla/5.0 (Windows NT 10.0; Win64; x64) AppleWebKit/537.36 (KHTML, like Gecko) Chrome/126.0.0.0 Safari/537.36"
94.44.253.218 - - [26/Jun/2024:17:52:00 +0200] "GET /public/themes/storefront/public/fonts/la-brands-400.woff2 HTTP/1.1" 200 84805 "https://royaltuning.hu/public/themes/storefront/public/css/app.css?v=3.1.0" "Mozilla/5.0 (Linux; Android 10; MAR-LX1A Build/HUAWEIMAR-L21A; wv) AppleWebKit/537.36 (KHTML, like Gecko) Version/4.0 Chrome/126.0.6478.47 Mobile Safari/537.36 [FB_IAB/FB4A;FBAV/468.1.0.56.78;]"
46.139.88.175 - - [26/Jun/2024:17:52:00 +0200] "GET /hu/shop?query=&brand=&category=opel-futofenyes-led-indexek&tag=&fromPrice=0&toPrice=114990&sort=alphabetic&perPage=30&page=1 HTTP/1.1" 200 638 "https://royaltuning.hu/hu/termekkategoria/futofenyes-led-indexek/opel-futofenyes-led-indexek" "Mozilla/5.0 (Windows NT 10.0; Win64; x64) AppleWebKit/537.36 (KHTML, like Gecko) Chrome/126.0.0.0 Safari/537.36"
94.44.253.218 - - [26/Jun/2024:17:51:59 +0200] "GET /public/themes/storefront/public/js/app.js?v=3.1.0 HTTP/1.1" 200 979893 "https://royaltuning.hu/public/hu/termekkategoria/foliak-felnicsikok-matricak/lampafoliak?utm_source=facebook.com&utm_campaign=forgalom_-_kep_2022_aprilis_01&utm_medium=cpm&utm_content=lampafolia4&fbclid=IwZXh0bgNhZW0BMAABHa2FRWfrHaF36zlvpxXjHlMrAXuqE0ctvsZt7A9Vu35f0PgdvBNT8UTicg_aem_Uhhiqjz6bPYThOF0u2pIZA&utm_id=23846529397470017&utm_term=23850155805410017" "Mozilla/5.0 (Linux; Android 10; MAR-LX1A Build/HUAWEIMAR-L21A; wv) AppleWebKit/537.36 (KHTML, like Gecko) Version/4.0 Chrome/126.0.6478.47 Mobile Safari/537.36 [FB_IAB/FB4A;FBAV/468.1.0.56.78;]"
94.44.253.218 - - [26/Jun/2024:17:52:01 +0200] "GET /storage/media/paGdgnfacATylUWhvUeUZGv1GIKiGXmdYwZR20nd.jpg HTTP/1.1" 200 34330 "https://royaltuning.hu/public/hu/termekkategoria/foliak-felnicsikok-matricak/lampafoliak?utm_source=facebook.com&utm_campaign=forgalom_-_kep_2022_aprilis_01&utm_medium=cpm&utm_content=lampafolia4&fbclid=IwZXh0bgNhZW0BMAABHa2FRWfrHaF36zlvpxXjHlMrAXuqE0ctvsZt7A9Vu35f0PgdvBNT8UTicg_aem_Uhhiqjz6bPYThOF0u2pIZA&utm_id=23846529397470017&utm_term=23850155805410017" "Mozilla/5.0 (Linux; Android 10; MAR-LX1A Build/HUAWEIMAR-L21A; wv) AppleWebKit/537.36 (KHTML, like Gecko) Version/4.0 Chrome/126.0.6478.47 Mobile Safari/537.36 [FB_IAB/FB4A;FBAV/468.1.0.56.78;]"
94.44.253.218 - - [26/Jun/2024:17:52:01 +0200] "GET /storage/media/QnwWLqTYXYZBt0pnYYPSgh13vMZ3Tq8bqmOE5u0D.webp HTTP/1.1" 200 43302 "https://royaltuning.hu/public/hu/termekkategoria/foliak-felnicsikok-matricak/lampafoliak?utm_source=facebook.com&utm_campaign=forgalom_-_kep_2022_aprilis_01&utm_medium=cpm&utm_content=lampafolia4&fbclid=IwZXh0bgNhZW0BMAABHa2FRWfrHaF36zlvpxXjHlMrAXuqE0ctvsZt7A9Vu35f0PgdvBNT8UTicg_aem_Uhhiqjz6bPYThOF0u2pIZA&utm_id=23846529397470017&utm_term=23850155805410017" "Mozilla/5.0 (Linux; Android 10; MAR-LX1A Build/HUAWEIMAR-L21A; wv) AppleWebKit/537.36 (KHTML, like Gecko) Version/4.0 Chrome/126.0.6478.47 Mobile Safari/537.36 [FB_IAB/FB4A;FBAV/468.1.0.56.78;]"
94.44.253.218 - - [26/Jun/2024:17:52:01 +0200] "GET /storage/media/U9NkjU7v6Z3urgm3cZoyB4B52Rf1RDn0nbyFiAJw.jpg HTTP/1.1" 200 80343 "https://royaltuning.hu/public/hu/termekkategoria/foliak-felnicsikok-matricak/lampafoliak?utm_source=facebook.com&utm_campaign=forgalom_-_kep_2022_aprilis_01&utm_medium=cpm&utm_content=lampafolia4&fbclid=IwZXh0bgNhZW0BMAABHa2FRWfrHaF36zlvpxXjHlMrAXuqE0ctvsZt7A9Vu35f0PgdvBNT8UTicg_aem_Uhhiqjz6bPYThOF0u2pIZA&utm_id=23846529397470017&utm_term=23850155805410017" "Mozilla/5.0 (Linux; Android 10; MAR-LX1A Build/HUAWEIMAR-L21A; wv) AppleWebKit/537.36 (KHTML, like Gecko) Version/4.0 Chrome/126.0.6478.47 Mobile Safari/537.36 [FB_IAB/FB4A;FBAV/468.1.0.56.78;]"
