185.174.16.141 - - [26/Jun/2024:17:55:44 +0200] "GET /storage/media/citroen_kulcshaz-1.jpg HTTP/1.1" 200 56900 "https://royaltuning.hu/hu/termek/citroen-kulcshaz-pattintos?gad_source=1&gclid=CjwKCAjw-O6zBhASEiwAOHeGxQKg-hwB1go4_DZEw96_fwZMT7DZIdpnydjNiz6qZDo4Uz7J6L7NtBoCyrsQAvD_BwE" "Mozilla/5.0 (Linux; Android 10; K) AppleWebKit/537.36 (KHTML, like Gecko) Chrome/123.0.0.0 Mobile Safari/537.36"
185.174.16.141 - - [26/Jun/2024:17:55:44 +0200] "GET /storage/media/citroen_jumper_bicskakulcs-1-1.jpg HTTP/1.1" 200 33499 "https://royaltuning.hu/hu/termek/citroen-kulcshaz-pattintos?gad_source=1&gclid=CjwKCAjw-O6zBhASEiwAOHeGxQKg-hwB1go4_DZEw96_fwZMT7DZIdpnydjNiz6qZDo4Uz7J6L7NtBoCyrsQAvD_BwE" "Mozilla/5.0 (Linux; Android 10; K) AppleWebKit/537.36 (KHTML, like Gecko) Chrome/123.0.0.0 Mobile Safari/537.36"
185.174.16.141 - - [26/Jun/2024:17:55:44 +0200] "GET /hu/suggestions?query=Citro%C3%ABn HTTP/1.1" 200 599 "https://royaltuning.hu/hu/termek/citroen-kulcshaz-pattintos?gad_source=1&gclid=CjwKCAjw-O6zBhASEiwAOHeGxQKg-hwB1go4_DZEw96_fwZMT7DZIdpnydjNiz6qZDo4Uz7J6L7NtBoCyrsQAvD_BwE" "Mozilla/5.0 (Linux; Android 10; K) AppleWebKit/537.36 (KHTML, like Gecko) Chrome/123.0.0.0 Mobile Safari/537.36"
185.174.16.141 - - [26/Jun/2024:17:55:44 +0200] "GET /storage/media/citroen_bicskakulcs_2gombos-1-1.jpg HTTP/1.1" 200 29071 "https://royaltuning.hu/hu/termek/citroen-kulcshaz-pattintos?gad_source=1&gclid=CjwKCAjw-O6zBhASEiwAOHeGxQKg-hwB1go4_DZEw96_fwZMT7DZIdpnydjNiz6qZDo4Uz7J6L7NtBoCyrsQAvD_BwE" "Mozilla/5.0 (Linux; Android 10; K) AppleWebKit/537.36 (KHTML, like Gecko) Chrome/123.0.0.0 Mobile Safari/537.36"
185.174.16.141 - - [26/Jun/2024:17:55:44 +0200] "GET /hu/suggestions?query=Citro%C3%ABn%20 HTTP/1.1" 200 599 "https://royaltuning.hu/hu/termek/citroen-kulcshaz-pattintos?gad_source=1&gclid=CjwKCAjw-O6zBhASEiwAOHeGxQKg-hwB1go4_DZEw96_fwZMT7DZIdpnydjNiz6qZDo4Uz7J6L7NtBoCyrsQAvD_BwE" "Mozilla/5.0 (Linux; Android 10; K) AppleWebKit/537.36 (KHTML, like Gecko) Chrome/123.0.0.0 Mobile Safari/537.36"
185.174.16.141 - - [26/Jun/2024:17:55:44 +0200] "GET /storage/media/citroen_bicskakulcs_3gombos-1-1.jpg HTTP/1.1" 200 29959 "https://royaltuning.hu/hu/termek/citroen-kulcshaz-pattintos?gad_source=1&gclid=CjwKCAjw-O6zBhASEiwAOHeGxQKg-hwB1go4_DZEw96_fwZMT7DZIdpnydjNiz6qZDo4Uz7J6L7NtBoCyrsQAvD_BwE" "Mozilla/5.0 (Linux; Android 10; K) AppleWebKit/537.36 (KHTML, like Gecko) Chrome/123.0.0.0 Mobile Safari/537.36"
66.249.70.160 - - [26/Jun/2024:17:55:43 +0200] "GET /public/captcha/image?_=185896688?_= HTTP/1.1" 200 4899 "-" "Mozilla/5.0 (Linux; Android 6.0.1; Nexus 5X Build/MMB29P) AppleWebKit/537.36 (KHTML, like Gecko) Chrome/125.0.6422.175 Mobile Safari/537.36 (compatible; Googlebot/2.1; +http://www.google.com/bot.html)"
66.249.70.160 - - [26/Jun/2024:17:55:45 +0200] "GET /wp-content/uploads/2021/11/bau15s_led_izzo-3-100x100.jpg HTTP/1.1" 200 2315 "-" "Googlebot-Image/1.0"
185.174.16.141 - - [26/Jun/2024:17:55:45 +0200] "GET /hu/suggestions?query=Citro%C3%ABn%20c HTTP/1.1" 200 566 "https://royaltuning.hu/hu/termek/citroen-kulcshaz-pattintos?gad_source=1&gclid=CjwKCAjw-O6zBhASEiwAOHeGxQKg-hwB1go4_DZEw96_fwZMT7DZIdpnydjNiz6qZDo4Uz7J6L7NtBoCyrsQAvD_BwE" "Mozilla/5.0 (Linux; Android 10; K) AppleWebKit/537.36 (KHTML, like Gecko) Chrome/123.0.0.0 Mobile Safari/537.36"
185.174.16.141 - - [26/Jun/2024:17:55:45 +0200] "GET /storage/media/citroen_c1_valtoszoknya.jpg HTTP/1.1" 200 22022 "https://royaltuning.hu/hu/termek/citroen-kulcshaz-pattintos?gad_source=1&gclid=CjwKCAjw-O6zBhASEiwAOHeGxQKg-hwB1go4_DZEw96_fwZMT7DZIdpnydjNiz6qZDo4Uz7J6L7NtBoCyrsQAvD_BwE" "Mozilla/5.0 (Linux; Android 10; K) AppleWebKit/537.36 (KHTML, like Gecko) Chrome/123.0.0.0 Mobile Safari/537.36"
185.174.16.141 - - [26/Jun/2024:17:55:45 +0200] "GET /storage/media/citroen_c3_valtoszoknya-1.jpg HTTP/1.1" 200 30484 "https://royaltuning.hu/hu/termek/citroen-kulcshaz-pattintos?gad_source=1&gclid=CjwKCAjw-O6zBhASEiwAOHeGxQKg-hwB1go4_DZEw96_fwZMT7DZIdpnydjNiz6qZDo4Uz7J6L7NtBoCyrsQAvD_BwE" "Mozilla/5.0 (Linux; Android 10; K) AppleWebKit/537.36 (KHTML, like Gecko) Chrome/123.0.0.0 Mobile Safari/537.36"
185.174.16.141 - - [26/Jun/2024:17:55:45 +0200] "GET /storage/media/citroen_c4_valtoszoknya-1.jpg HTTP/1.1" 200 79806 "https://royaltuning.hu/hu/termek/citroen-kulcshaz-pattintos?gad_source=1&gclid=CjwKCAjw-O6zBhASEiwAOHeGxQKg-hwB1go4_DZEw96_fwZMT7DZIdpnydjNiz6qZDo4Uz7J6L7NtBoCyrsQAvD_BwE" "Mozilla/5.0 (Linux; Android 10; K) AppleWebKit/537.36 (KHTML, like Gecko) Chrome/123.0.0.0 Mobile Safari/537.36"
185.174.16.141 - - [26/Jun/2024:17:55:45 +0200] "GET /storage/media/citroen_c5_valtoszoknya_valtogomb_szett.jpg HTTP/1.1" 200 133155 "https://royaltuning.hu/hu/termek/citroen-kulcshaz-pattintos?gad_source=1&gclid=CjwKCAjw-O6zBhASEiwAOHeGxQKg-hwB1go4_DZEw96_fwZMT7DZIdpnydjNiz6qZDo4Uz7J6L7NtBoCyrsQAvD_BwE" "Mozilla/5.0 (Linux; Android 10; K) AppleWebKit/537.36 (KHTML, like Gecko) Chrome/123.0.0.0 Mobile Safari/537.36"
185.174.16.141 - - [26/Jun/2024:17:55:45 +0200] "GET /storage/media/citroen_c4_valtoszoknya_valtogomb_szett.jpg HTTP/1.1" 200 126287 "https://royaltuning.hu/hu/termek/citroen-kulcshaz-pattintos?gad_source=1&gclid=CjwKCAjw-O6zBhASEiwAOHeGxQKg-hwB1go4_DZEw96_fwZMT7DZIdpnydjNiz6qZDo4Uz7J6L7NtBoCyrsQAvD_BwE" "Mozilla/5.0 (Linux; Android 10; K) AppleWebKit/537.36 (KHTML, like Gecko) Chrome/123.0.0.0 Mobile Safari/537.36"
185.174.16.141 - - [26/Jun/2024:17:55:45 +0200] "GET /storage/media/citroen_c5_valtoszoknya.jpg HTTP/1.1" 200 24347 "https://royaltuning.hu/hu/termek/citroen-kulcshaz-pattintos?gad_source=1&gclid=CjwKCAjw-O6zBhASEiwAOHeGxQKg-hwB1go4_DZEw96_fwZMT7DZIdpnydjNiz6qZDo4Uz7J6L7NtBoCyrsQAvD_BwE" "Mozilla/5.0 (Linux; Android 10; K) AppleWebKit/537.36 (KHTML, like Gecko) Chrome/123.0.0.0 Mobile Safari/537.36"
66.249.64.37 - - [26/Jun/2024:17:55:44 +0200] "GET /captcha/image?_=1897135486?_= HTTP/1.1" 200 4800 "-" "Mozilla/5.0 (Linux; Android 6.0.1; Nexus 5X Build/MMB29P) AppleWebKit/537.36 (KHTML, like Gecko) Chrome/125.0.6422.175 Mobile Safari/537.36 (compatible; Googlebot/2.1; +http://www.google.com/bot.html)"
185.174.16.141 - - [26/Jun/2024:17:55:45 +0200] "GET /storage/media/citroen_c5_valtoszoknya_.jpg HTTP/1.1" 200 69975 "https://royaltuning.hu/hu/termek/citroen-kulcshaz-pattintos?gad_source=1&gclid=CjwKCAjw-O6zBhASEiwAOHeGxQKg-hwB1go4_DZEw96_fwZMT7DZIdpnydjNiz6qZDo4Uz7J6L7NtBoCyrsQAvD_BwE" "Mozilla/5.0 (Linux; Android 10; K) AppleWebKit/537.36 (KHTML, like Gecko) Chrome/123.0.0.0 Mobile Safari/537.36"
185.174.16.141 - - [26/Jun/2024:17:55:45 +0200] "GET /storage/media/citroen_c8_valtoszoknya.jpg HTTP/1.1" 200 19243 "https://royaltuning.hu/hu/termek/citroen-kulcshaz-pattintos?gad_source=1&gclid=CjwKCAjw-O6zBhASEiwAOHeGxQKg-hwB1go4_DZEw96_fwZMT7DZIdpnydjNiz6qZDo4Uz7J6L7NtBoCyrsQAvD_BwE" "Mozilla/5.0 (Linux; Android 10; K) AppleWebKit/537.36 (KHTML, like Gecko) Chrome/123.0.0.0 Mobile Safari/537.36"
66.249.70.160 - - [26/Jun/2024:17:55:46 +0200] "GET /termek/bau15s-smd-ledes-izzo-sarga-projektoros-premium-2db/ HTTP/1.1" 301 296 "-" "Mozilla/5.0 (Linux; Android 6.0.1; Nexus 5X Build/MMB29P) AppleWebKit/537.36 (KHTML, like Gecko) Chrome/125.0.6422.175 Mobile Safari/537.36 (compatible; Googlebot/2.1; +http://www.google.com/bot.html)"
185.174.16.141 - - [26/Jun/2024:17:55:46 +0200] "GET /hu/suggestions?query=Citro%C3%ABn%20c3 HTTP/1.1" 200 315 "https://royaltuning.hu/hu/termek/citroen-kulcshaz-pattintos?gad_source=1&gclid=CjwKCAjw-O6zBhASEiwAOHeGxQKg-hwB1go4_DZEw96_fwZMT7DZIdpnydjNiz6qZDo4Uz7J6L7NtBoCyrsQAvD_BwE" "Mozilla/5.0 (Linux; Android 10; K) AppleWebKit/537.36 (KHTML, like Gecko) Chrome/123.0.0.0 Mobile Safari/537.36"
185.174.16.141 - - [26/Jun/2024:17:55:47 +0200] "GET /hu/suggestions?query=Citro%C3%ABn%20C3 HTTP/1.1" 200 315 "https://royaltuning.hu/hu/termek/citroen-kulcshaz-pattintos?gad_source=1&gclid=CjwKCAjw-O6zBhASEiwAOHeGxQKg-hwB1go4_DZEw96_fwZMT7DZIdpnydjNiz6qZDo4Uz7J6L7NtBoCyrsQAvD_BwE" "Mozilla/5.0 (Linux; Android 10; K) AppleWebKit/537.36 (KHTML, like Gecko) Chrome/123.0.0.0 Mobile Safari/537.36"
185.174.16.141 - - [26/Jun/2024:17:55:47 +0200] "GET /hu/suggestions?query=Citro%C3%ABn%20C3%20 HTTP/1.1" 200 315 "https://royaltuning.hu/hu/termek/citroen-kulcshaz-pattintos?gad_source=1&gclid=CjwKCAjw-O6zBhASEiwAOHeGxQKg-hwB1go4_DZEw96_fwZMT7DZIdpnydjNiz6qZDo4Uz7J6L7NtBoCyrsQAvD_BwE" "Mozilla/5.0 (Linux; Android 10; K) AppleWebKit/537.36 (KHTML, like Gecko) Chrome/123.0.0.0 Mobile Safari/537.36"
66.249.70.160 - - [26/Jun/2024:17:55:47 +0200] "GET /public/termek/bau15s-smd-ledes-izzo-sarga-projektoros-premium-2db HTTP/1.1" 302 248 "-" "Mozilla/5.0 (Linux; Android 6.0.1; Nexus 5X Build/MMB29P) AppleWebKit/537.36 (KHTML, like Gecko) Chrome/125.0.6422.175 Mobile Safari/537.36 (compatible; Googlebot/2.1; +http://www.google.com/bot.html)"
185.174.16.141 - - [26/Jun/2024:17:55:47 +0200] "GET /hu/suggestions?query=Citro%C3%ABn%20C3%20k HTTP/1.1" 200 59 "https://royaltuning.hu/hu/termek/citroen-kulcshaz-pattintos?gad_source=1&gclid=CjwKCAjw-O6zBhASEiwAOHeGxQKg-hwB1go4_DZEw96_fwZMT7DZIdpnydjNiz6qZDo4Uz7J6L7NtBoCyrsQAvD_BwE" "Mozilla/5.0 (Linux; Android 10; K) AppleWebKit/537.36 (KHTML, like Gecko) Chrome/123.0.0.0 Mobile Safari/537.36"
185.174.16.141 - - [26/Jun/2024:17:55:47 +0200] "GET /hu/suggestions?query=Citro%C3%ABn%20C3%20ku HTTP/1.1" 200 59 "https://royaltuning.hu/hu/termek/citroen-kulcshaz-pattintos?gad_source=1&gclid=CjwKCAjw-O6zBhASEiwAOHeGxQKg-hwB1go4_DZEw96_fwZMT7DZIdpnydjNiz6qZDo4Uz7J6L7NtBoCyrsQAvD_BwE" "Mozilla/5.0 (Linux; Android 10; K) AppleWebKit/537.36 (KHTML, like Gecko) Chrome/123.0.0.0 Mobile Safari/537.36"
66.249.70.160 - - [26/Jun/2024:17:55:48 +0200] "GET /public/hu/termek/bau15s-smd-ledes-izzo-sarga-projektoros-premium-2db HTTP/1.1" 200 46070 "-" "Mozilla/5.0 (Linux; Android 6.0.1; Nexus 5X Build/MMB29P) AppleWebKit/537.36 (KHTML, like Gecko) Chrome/125.0.6422.175 Mobile Safari/537.36 (compatible; Googlebot/2.1; +http://www.google.com/bot.html)"
185.174.16.141 - - [26/Jun/2024:17:55:49 +0200] "GET /hu/suggestions?query=Citro%C3%ABn%20C3%20kulcs%20 HTTP/1.1" 200 59 "https://royaltuning.hu/hu/termek/citroen-kulcshaz-pattintos?gad_source=1&gclid=CjwKCAjw-O6zBhASEiwAOHeGxQKg-hwB1go4_DZEw96_fwZMT7DZIdpnydjNiz6qZDo4Uz7J6L7NtBoCyrsQAvD_BwE" "Mozilla/5.0 (Linux; Android 10; K) AppleWebKit/537.36 (KHTML, like Gecko) Chrome/123.0.0.0 Mobile Safari/537.36"
185.174.16.141 - - [26/Jun/2024:17:55:49 +0200] "GET /hu/suggestions?query=Citro%C3%ABn%20C3%20kulcs HTTP/1.1" 200 59 "https://royaltuning.hu/hu/termek/citroen-kulcshaz-pattintos?gad_source=1&gclid=CjwKCAjw-O6zBhASEiwAOHeGxQKg-hwB1go4_DZEw96_fwZMT7DZIdpnydjNiz6qZDo4Uz7J6L7NtBoCyrsQAvD_BwE" "Mozilla/5.0 (Linux; Android 10; K) AppleWebKit/537.36 (KHTML, like Gecko) Chrome/123.0.0.0 Mobile Safari/537.36"
37.76.23.213 - - [26/Jun/2024:17:55:50 +0200] "GET /termek/toyota-auris-valtoszoknya?gad_source=1&gclid=CjwKCAjw-O6zBhASEiwAOHeGxWnEFjxR_uqJ0B4lKJFVF0F6yD1PDcG7Hd6N3coARUiDVHcoFV9wbhoCm4sQAvD_BwE HTTP/1.1" 302 329 "https://www.google.com/" "Mozilla/5.0 (Linux; Android 10; K) AppleWebKit/537.36 (KHTML, like Gecko) Chrome/126.0.0.0 Mobile Safari/537.36"
66.249.70.160 - - [26/Jun/2024:17:55:50 +0200] "GET /wp-content/uploads/2021/03/mikroszalas_kendo-500x500.jpg HTTP/1.1" 200 27541 "-" "Googlebot-Image/1.0"
37.76.23.213 - - [26/Jun/2024:17:55:50 +0200] "GET /hu/termek/toyota-auris-valtoszoknya?gad_source=1&gclid=CjwKCAjw-O6zBhASEiwAOHeGxWnEFjxR_uqJ0B4lKJFVF0F6yD1PDcG7Hd6N3coARUiDVHcoFV9wbhoCm4sQAvD_BwE HTTP/1.1" 200 44307 "https://www.google.com/" "Mozilla/5.0 (Linux; Android 10; K) AppleWebKit/537.36 (KHTML, like Gecko) Chrome/126.0.0.0 Mobile Safari/537.36"
66.249.70.161 - - [26/Jun/2024:17:55:51 +0200] "GET /en/products/177546/reviews?page=1 HTTP/1.1" 200 239 "https://newshop.royaltuning.hu/en/termek/bmw-valtogomb-6-sebesseges" "Mozilla/5.0 (Linux; Android 6.0.1; Nexus 5X Build/MMB29P) AppleWebKit/537.36 (KHTML, like Gecko) Chrome/125.0.6422.154 Mobile Safari/537.36 (compatible; Googlebot/2.1; +http://www.google.com/bot.html)"
37.76.23.213 - - [26/Jun/2024:17:55:52 +0200] "GET /hu/products/8123/reviews?page=1 HTTP/1.1" 200 232 "https://royaltuning.hu/hu/termek/toyota-auris-valtoszoknya?gad_source=1&gclid=CjwKCAjw-O6zBhASEiwAOHeGxWnEFjxR_uqJ0B4lKJFVF0F6yD1PDcG7Hd6N3coARUiDVHcoFV9wbhoCm4sQAvD_BwE" "Mozilla/5.0 (Linux; Android 10; K) AppleWebKit/537.36 (KHTML, like Gecko) Chrome/126.0.0.0 Mobile Safari/537.36"
37.76.23.213 - - [26/Jun/2024:17:55:51 +0200] "GET /captcha/image?_=634752507 HTTP/1.1" 200 5383 "https://royaltuning.hu/hu/termek/toyota-auris-valtoszoknya?gad_source=1&gclid=CjwKCAjw-O6zBhASEiwAOHeGxWnEFjxR_uqJ0B4lKJFVF0F6yD1PDcG7Hd6N3coARUiDVHcoFV9wbhoCm4sQAvD_BwE" "Mozilla/5.0 (Linux; Android 10; K) AppleWebKit/537.36 (KHTML, like Gecko) Chrome/126.0.0.0 Mobile Safari/537.36"
147.78.47.243 - - [26/Jun/2024:17:55:52 +0200] "POST /wp-login.php HTTP/1.1" 405 1903 "-" "Mozilla/5.0 (Windows NT 6.3; WOW64; rv:43.0) Gecko/20100101 Firefox/43.0"
66.249.70.160 - - [26/Jun/2024:17:55:53 +0200] "GET /public/hu/products/7184/reviews?page=1 HTTP/1.1" 200 235 "https://royaltuning.hu/public/hu/termek/bau15s-smd-ledes-izzo-sarga-projektoros-premium-2db" "Mozilla/5.0 (Linux; Android 6.0.1; Nexus 5X Build/MMB29P) AppleWebKit/537.36 (KHTML, like Gecko) Chrome/125.0.6422.154 Mobile Safari/537.36 (compatible; Googlebot/2.1; +http://www.google.com/bot.html)"
66.249.70.160 - - [26/Jun/2024:17:55:54 +0200] "GET /wp-content/uploads/2021/07/motor_menetfeny_led-6-500x500.jpg HTTP/1.1" 200 18152 "-" "Googlebot-Image/1.0"
66.249.70.160 - - [26/Jun/2024:17:55:56 +0200] "GET /wp-content/uploads/2023/04/kipufogoveg_fekete-1-500x500.jpg HTTP/1.1" 200 26231 "-" "Googlebot-Image/1.0"
185.174.16.141 - - [26/Jun/2024:17:55:57 +0200] "GET /hu/suggestions?query=Citro%C3%ABn%20C3%20kulcs HTTP/1.1" 200 59 "https://royaltuning.hu/hu/termek/citroen-kulcshaz-pattintos?gad_source=1&gclid=CjwKCAjw-O6zBhASEiwAOHeGxQKg-hwB1go4_DZEw96_fwZMT7DZIdpnydjNiz6qZDo4Uz7J6L7NtBoCyrsQAvD_BwE" "Mozilla/5.0 (Linux; Android 10; K) AppleWebKit/537.36 (KHTML, like Gecko) Chrome/123.0.0.0 Mobile Safari/537.36"
101.44.162.16 - - [26/Jun/2024:17:55:57 +0200] "GET /termek/b8-5d-led-muszerfal-izzo-kek-5db/?add-to-cart=4899 HTTP/1.1" 301 294 "-" "Mozilla/5.0 (Windows NT 10.0; Win64; x64) AppleWebKit/537.36 (KHTML, like Gecko) Chrome/107.0.0.0 Safari/537.36"
185.174.16.141 - - [26/Jun/2024:17:55:57 +0200] "GET /hu/shop?query=Citro%C3%ABn%20C3%20kulcs HTTP/1.1" 200 40621 "https://royaltuning.hu/hu/termek/citroen-kulcshaz-pattintos?gad_source=1&gclid=CjwKCAjw-O6zBhASEiwAOHeGxQKg-hwB1go4_DZEw96_fwZMT7DZIdpnydjNiz6qZDo4Uz7J6L7NtBoCyrsQAvD_BwE" "Mozilla/5.0 (Linux; Android 10; K) AppleWebKit/537.36 (KHTML, like Gecko) Chrome/123.0.0.0 Mobile Safari/537.36"
101.44.162.16 - - [26/Jun/2024:17:55:59 +0200] "GET /public/termek/b8-5d-led-muszerfal-izzo-kek-5db?add-to-cart=4899 HTTP/1.1" 302 249 "-" "Mozilla/5.0 (Windows NT 10.0; Win64; x64) AppleWebKit/537.36 (KHTML, like Gecko) Chrome/107.0.0.0 Safari/537.36"
185.174.16.141 - - [26/Jun/2024:17:55:59 +0200] "GET /hu/shop?query=Citro%C3%ABn%20C3%20kulcs&brand=&category=&tag=&fromPrice=0&toPrice=114990&sort=relevance&perPage=30&page=1 HTTP/1.1" 200 236 "https://royaltuning.hu/hu/shop?query=Citro%C3%ABn%20C3%20kulcs" "Mozilla/5.0 (Linux; Android 10; K) AppleWebKit/537.36 (KHTML, like Gecko) Chrome/123.0.0.0 Mobile Safari/537.36"
185.174.16.141 - - [26/Jun/2024:17:55:59 +0200] "GET /storage/media/QnwWLqTYXYZBt0pnYYPSgh13vMZ3Tq8bqmOE5u0D.webp HTTP/1.1" 200 43302 "https://royaltuning.hu/hu/shop?query=Citro%C3%ABn%20C3%20kulcs" "Mozilla/5.0 (Linux; Android 10; K) AppleWebKit/537.36 (KHTML, like Gecko) Chrome/123.0.0.0 Mobile Safari/537.36"
185.174.16.141 - - [26/Jun/2024:17:55:59 +0200] "GET /storage/media/paGdgnfacATylUWhvUeUZGv1GIKiGXmdYwZR20nd.jpg HTTP/1.1" 200 34330 "https://royaltuning.hu/hu/shop?query=Citro%C3%ABn%20C3%20kulcs" "Mozilla/5.0 (Linux; Android 10; K) AppleWebKit/537.36 (KHTML, like Gecko) Chrome/123.0.0.0 Mobile Safari/537.36"
185.174.16.141 - - [26/Jun/2024:17:55:59 +0200] "GET /storage/media/U9NkjU7v6Z3urgm3cZoyB4B52Rf1RDn0nbyFiAJw.jpg HTTP/1.1" 200 80343 "https://royaltuning.hu/hu/shop?query=Citro%C3%ABn%20C3%20kulcs" "Mozilla/5.0 (Linux; Android 10; K) AppleWebKit/537.36 (KHTML, like Gecko) Chrome/123.0.0.0 Mobile Safari/537.36"
66.249.70.161 - - [26/Jun/2024:17:56:00 +0200] "GET /wp-content/uploads/2020/10/auto_tisztito_ecset-5-100x100.jpg HTTP/1.1" 200 4716 "-" "Googlebot-Image/1.0"
185.174.16.141 - - [26/Jun/2024:17:55:59 +0200] "GET /storage/media/zTdJDwdSsCNSvJi9K4gBVppOmVdqtNoAZ8rbqvcd.jpg HTTP/1.1" 200 255268 "https://royaltuning.hu/hu/shop?query=Citro%C3%ABn%20C3%20kulcs" "Mozilla/5.0 (Linux; Android 10; K) AppleWebKit/537.36 (KHTML, like Gecko) Chrome/123.0.0.0 Mobile Safari/537.36"
185.174.16.141 - - [26/Jun/2024:17:55:59 +0200] "GET /storage/media/WuAbnJ3F19P7m8ckhRvBz1XVn9ovSqVCdlDdRtKv.jpg HTTP/1.1" 200 274140 "https://royaltuning.hu/hu/shop?query=Citro%C3%ABn%20C3%20kulcs" "Mozilla/5.0 (Linux; Android 10; K) AppleWebKit/537.36 (KHTML, like Gecko) Chrome/123.0.0.0 Mobile Safari/537.36"
66.249.70.160 - - [26/Jun/2024:17:56:01 +0200] "GET /wp-content/uploads/2023/08/hovedolemez_rogzito_patent__autora_fem-1-500x500.jpg HTTP/1.1" 304 - "-" "Googlebot-Image/1.0"
66.249.70.161 - - [26/Jun/2024:17:56:04 +0200] "GET /hu/account/orders HTTP/1.1" 302 200 "-" "Mozilla/5.0 (Linux; Android 6.0.1; Nexus 5X Build/MMB29P) AppleWebKit/537.36 (KHTML, like Gecko) Chrome/125.0.6422.175 Mobile Safari/537.36 (compatible; Googlebot/2.1; +http://www.google.com/bot.html)"
66.249.70.160 - - [26/Jun/2024:17:56:05 +0200] "GET /wp-content/uploads/2020/11/audi_automata_valtogomb_.jpg HTTP/1.1" 200 81481 "-" "Googlebot-Image/1.0"
66.249.70.161 - - [26/Jun/2024:17:56:06 +0200] "GET /hu/login HTTP/1.1" 200 31298 "-" "Mozilla/5.0 (Linux; Android 6.0.1; Nexus 5X Build/MMB29P) AppleWebKit/537.36 (KHTML, like Gecko) Chrome/125.0.6422.175 Mobile Safari/537.36 (compatible; Googlebot/2.1; +http://www.google.com/bot.html)"
101.44.162.16 - - [26/Jun/2024:17:56:06 +0200] "GET /public/hu/termek/b8-5d-led-muszerfal-izzo-kek-5db?add-to-cart=4899 HTTP/1.1" 200 31105 "-" "Mozilla/5.0 (Windows NT 10.0; Win64; x64) AppleWebKit/537.36 (KHTML, like Gecko) Chrome/107.0.0.0 Safari/537.36"
158.220.122.17 - - [26/Jun/2024:17:56:08 +0200] "GET /public/hu/cart?_wpnonce=59c0f9de10&remove_item=58155fc7f528a19b9fc3599b65047290 HTTP/1.1" 200 36706 "-" "Mozilla/5.0 (compatible; MJ12bot/v1.4.8; http://mj12bot.com/)"
17.22.245.219 - - [26/Jun/2024:17:56:10 +0200] "GET /public/themes/storefront/public/css/app.css?v=3.1.0 HTTP/1.1" 200 72700 "https://royaltuning.hu/public/hu/termek/iveco-daily-bicskakulcs" "Mozilla/5.0 (Macintosh; Intel Mac OS X 10_15_7) AppleWebKit/605.1.15 (KHTML, like Gecko) Version/17.4 Safari/605.1.15 (Applebot/0.1; +http://www.apple.com/go/applebot)"
17.22.237.157 - - [26/Jun/2024:17:56:11 +0200] "GET /public/vendor/cookie-consent/js/cookie-consent.js HTTP/1.1" 200 11136 "https://royaltuning.hu/public/hu/termek/iveco-daily-bicskakulcs" "Mozilla/5.0 (Macintosh; Intel Mac OS X 10_15_7) AppleWebKit/605.1.15 (KHTML, like Gecko) Version/17.4 Safari/605.1.15 (Applebot/0.1; +http://www.apple.com/go/applebot)"
17.22.253.9 - - [26/Jun/2024:17:56:11 +0200] "GET /public/themes/storefront/public/js/flatpickr.js?v=3.1.0 HTTP/1.1" 200 65517 "https://royaltuning.hu/public/hu/termek/iveco-daily-bicskakulcs" "Mozilla/5.0 (Macintosh; Intel Mac OS X 10_15_7) AppleWebKit/605.1.15 (KHTML, like Gecko) Version/17.4 Safari/605.1.15 (Applebot/0.1; +http://www.apple.com/go/applebot)"
17.22.245.100 - - [26/Jun/2024:17:56:12 +0200] "GET /public/themes/storefront/public/js/app.js?v=3.1.0 HTTP/1.1" 200 979893 "https://royaltuning.hu/public/hu/termek/iveco-daily-bicskakulcs" "Mozilla/5.0 (Macintosh; Intel Mac OS X 10_15_7) AppleWebKit/605.1.15 (KHTML, like Gecko) Version/17.4 Safari/605.1.15 (Applebot/0.1; +http://www.apple.com/go/applebot)"
66.249.70.160 - - [26/Jun/2024:17:56:12 +0200] "GET /wp-content/uploads/2021/11/polirozo_szivacs_szett_furoba-8-100x100.jpg HTTP/1.1" 304 - "-" "Googlebot-Image/1.0"
17.22.245.144 - - [26/Jun/2024:17:56:12 +0200] "GET /public/vendor/cookie-consent/css/cookie-consent.css HTTP/1.1" 200 990 "https://royaltuning.hu/public/hu/termek/iveco-daily-bicskakulcs" "Mozilla/5.0 (Macintosh; Intel Mac OS X 10_15_7) AppleWebKit/605.1.15 (KHTML, like Gecko) Version/17.4 Safari/605.1.15 (Applebot/0.1; +http://www.apple.com/go/applebot)"
17.22.237.157 - - [26/Jun/2024:17:56:14 +0200] "GET /public/hu/products/8312/reviews?page=1 HTTP/1.1" 200 236 "https://royaltuning.hu/public/hu/termek/iveco-daily-bicskakulcs" "Mozilla/5.0 (Macintosh; Intel Mac OS X 10_15_7) AppleWebKit/605.1.15 (KHTML, like Gecko) Version/17.4 Safari/605.1.15 (Applebot/0.1; +http://www.apple.com/go/applebot)"
66.249.70.160 - - [26/Jun/2024:17:56:15 +0200] "GET /wp-content/uploads/2020/11/bmw_tukor_index-3-1-100x100.jpg HTTP/1.1" 200 2102 "-" "Googlebot-Image/1.0"
185.174.16.141 - - [26/Jun/2024:17:56:14 +0200] "GET /hu/termekkategoria/citroen-kulcshaz HTTP/1.1" 200 42669 "https://royaltuning.hu/hu/shop?query=Citro%C3%ABn%20C3%20kulcs" "Mozilla/5.0 (Linux; Android 10; K) AppleWebKit/537.36 (KHTML, like Gecko) Chrome/123.0.0.0 Mobile Safari/537.36"
185.174.16.141 - - [26/Jun/2024:17:56:16 +0200] "GET /hu/shop?query=&brand=&category=citroen-kulcshaz&tag=&fromPrice=0&toPrice=114990&sort=alphabetic&perPage=30&page=1 HTTP/1.1" 200 2314 "https://royaltuning.hu/hu/termekkategoria/citroen-kulcshaz" "Mozilla/5.0 (Linux; Android 10; K) AppleWebKit/537.36 (KHTML, like Gecko) Chrome/123.0.0.0 Mobile Safari/537.36"
185.174.16.141 - - [26/Jun/2024:17:56:16 +0200] "GET /storage/media/citroen_bicskakulcs_3gombos-1-2.jpg HTTP/1.1" 200 42128 "https://royaltuning.hu/hu/termekkategoria/citroen-kulcshaz" "Mozilla/5.0 (Linux; Android 10; K) AppleWebKit/537.36 (KHTML, like Gecko) Chrome/123.0.0.0 Mobile Safari/537.36"
185.174.16.141 - - [26/Jun/2024:17:56:16 +0200] "GET /storage/media/citroen_cross_kulcs-2.jpg HTTP/1.1" 200 37371 "https://royaltuning.hu/hu/termekkategoria/citroen-kulcshaz" "Mozilla/5.0 (Linux; Android 10; K) AppleWebKit/537.36 (KHTML, like Gecko) Chrome/123.0.0.0 Mobile Safari/537.36"
185.174.16.141 - - [26/Jun/2024:17:56:16 +0200] "GET /storage/media/citroen_jumper_bicskakulcs-1.jpg HTTP/1.1" 200 11978 "https://royaltuning.hu/hu/termekkategoria/citroen-kulcshaz" "Mozilla/5.0 (Linux; Android 10; K) AppleWebKit/537.36 (KHTML, like Gecko) Chrome/123.0.0.0 Mobile Safari/537.36"
185.174.16.141 - - [26/Jun/2024:17:56:17 +0200] "GET /storage/media/citroen_kulcs_gombsor-.jpg HTTP/1.1" 200 31649 "https://royaltuning.hu/hu/termekkategoria/citroen-kulcshaz" "Mozilla/5.0 (Linux; Android 10; K) AppleWebKit/537.36 (KHTML, like Gecko) Chrome/123.0.0.0 Mobile Safari/537.36"
185.174.16.141 - - [26/Jun/2024:17:56:16 +0200] "GET /storage/media/citroen_ds_kulcshaz-1.jpg HTTP/1.1" 200 113251 "https://royaltuning.hu/hu/termekkategoria/citroen-kulcshaz" "Mozilla/5.0 (Linux; Android 10; K) AppleWebKit/537.36 (KHTML, like Gecko) Chrome/123.0.0.0 Mobile Safari/537.36"
66.249.70.160 - - [26/Jun/2024:17:56:16 +0200] "GET /hu/aszf HTTP/1.1" 200 32123 "-" "Mozilla/5.0 (Linux; Android 6.0.1; Nexus 5X Build/MMB29P) AppleWebKit/537.36 (KHTML, like Gecko) Chrome/125.0.6422.175 Mobile Safari/537.36 (compatible; Googlebot/2.1; +http://www.google.com/bot.html)"
185.174.16.141 - - [26/Jun/2024:17:56:17 +0200] "GET /storage/media/citroen_okos_kulcs-3.jpg HTTP/1.1" 200 274358 "https://royaltuning.hu/hu/termekkategoria/citroen-kulcshaz" "Mozilla/5.0 (Linux; Android 10; K) AppleWebKit/537.36 (KHTML, like Gecko) Chrome/123.0.0.0 Mobile Safari/537.36"
185.174.16.141 - - [26/Jun/2024:17:56:16 +0200] "GET /storage/media/citroen_bicskakulcs_4gombos-2-1.jpg HTTP/1.1" 200 241766 "https://royaltuning.hu/hu/termekkategoria/citroen-kulcshaz" "Mozilla/5.0 (Linux; Android 10; K) AppleWebKit/537.36 (KHTML, like Gecko) Chrome/123.0.0.0 Mobile Safari/537.36"
66.249.70.160 - - [26/Jun/2024:17:56:22 +0200] "GET /termek/suzuki-valtogomb-es-valtoszoknya-swift-sx4-alto HTTP/1.1" 302 238 "-" "Mozilla/5.0 (Linux; Android 6.0.1; Nexus 5X Build/MMB29P) AppleWebKit/537.36 (KHTML, like Gecko) Chrome/125.0.6422.175 Mobile Safari/537.36 (compatible; Googlebot/2.1; +http://www.google.com/bot.html)"
66.249.70.160 - - [26/Jun/2024:17:56:23 +0200] "GET /hu/termek/suzuki-valtogomb-es-valtoszoknya-swift-sx4-alto HTTP/1.1" 200 44872 "-" "Mozilla/5.0 (Linux; Android 6.0.1; Nexus 5X Build/MMB29P) AppleWebKit/537.36 (KHTML, like Gecko) Chrome/125.0.6422.175 Mobile Safari/537.36 (compatible; Googlebot/2.1; +http://www.google.com/bot.html)"
40.77.167.43 - - [26/Jun/2024:17:56:26 +0200] "GET /termek/japan-tipusok-hibakod-olvaso-magyar-nyelvu-v3-0/ HTTP/1.1" 301 292 "-" "Mozilla/5.0 AppleWebKit/537.36 (KHTML, like Gecko; compatible; bingbot/2.0; +http://www.bing.com/bingbot.htm) Chrome/116.0.1938.76 Safari/537.36"
185.174.16.141 - - [26/Jun/2024:17:56:32 +0200] "GET /hu/termek/citroen-kulcshaz-csavaros HTTP/1.1" 200 45058 "https://royaltuning.hu/hu/termekkategoria/citroen-kulcshaz" "Mozilla/5.0 (Linux; Android 10; K) AppleWebKit/537.36 (KHTML, like Gecko) Chrome/123.0.0.0 Mobile Safari/537.36"
185.174.16.141 - - [26/Jun/2024:17:56:33 +0200] "GET /storage/media/citroen_kulcshaz-3.jpg HTTP/1.1" 200 38829 "https://royaltuning.hu/hu/termek/citroen-kulcshaz-csavaros" "Mozilla/5.0 (Linux; Android 10; K) AppleWebKit/537.36 (KHTML, like Gecko) Chrome/123.0.0.0 Mobile Safari/537.36"
185.174.16.141 - - [26/Jun/2024:17:56:33 +0200] "GET /storage/media/citroen_kulcshaz-2.jpg HTTP/1.1" 200 65936 "https://royaltuning.hu/hu/termek/citroen-kulcshaz-csavaros" "Mozilla/5.0 (Linux; Android 10; K) AppleWebKit/537.36 (KHTML, like Gecko) Chrome/123.0.0.0 Mobile Safari/537.36"
185.174.16.141 - - [26/Jun/2024:17:56:33 +0200] "GET /hu/products/4375/reviews?page=1 HTTP/1.1" 200 365 "https://royaltuning.hu/hu/termek/citroen-kulcshaz-csavaros" "Mozilla/5.0 (Linux; Android 10; K) AppleWebKit/537.36 (KHTML, like Gecko) Chrome/123.0.0.0 Mobile Safari/537.36"
185.174.16.141 - - [26/Jun/2024:17:56:33 +0200] "GET /wp-content/uploads/2020/06/citroen_kulcshaz-3.jpg HTTP/1.1" 200 38829 "https://royaltuning.hu/hu/termek/citroen-kulcshaz-csavaros" "Mozilla/5.0 (Linux; Android 10; K) AppleWebKit/537.36 (KHTML, like Gecko) Chrome/123.0.0.0 Mobile Safari/537.36"
185.174.16.141 - - [26/Jun/2024:17:56:33 +0200] "GET /wp-content/uploads/2020/06/kulcsszar_va2-1.jpg HTTP/1.1" 200 86784 "https://royaltuning.hu/hu/termek/citroen-kulcshaz-csavaros" "Mozilla/5.0 (Linux; Android 10; K) AppleWebKit/537.36 (KHTML, like Gecko) Chrome/123.0.0.0 Mobile Safari/537.36"
185.174.16.141 - - [26/Jun/2024:17:56:33 +0200] "GET /storage/media/kulcsszar_va2-1.jpg HTTP/1.1" 200 86784 "https://royaltuning.hu/hu/termek/citroen-kulcshaz-csavaros" "Mozilla/5.0 (Linux; Android 10; K) AppleWebKit/537.36 (KHTML, like Gecko) Chrome/123.0.0.0 Mobile Safari/537.36"
185.174.16.141 - - [26/Jun/2024:17:56:33 +0200] "GET /captcha/image?_=657696706 HTTP/1.1" 200 4749 "https://royaltuning.hu/hu/termek/citroen-kulcshaz-csavaros" "Mozilla/5.0 (Linux; Android 10; K) AppleWebKit/537.36 (KHTML, like Gecko) Chrome/123.0.0.0 Mobile Safari/537.36"
37.76.37.144 - - [26/Jun/2024:17:56:35 +0200] "GET /hu/termek/xenon-trafo-89034934 HTTP/1.1" 200 42679 "https://royaltuning.hu/hu/termekkategoria/lampafoliak-2" "Mozilla/5.0 (iPhone; CPU iPhone OS 17_5_1 like Mac OS X) AppleWebKit/605.1.15 (KHTML, like Gecko) Version/17.5 Mobile/15E148 Safari/604.1"
37.76.37.144 - - [26/Jun/2024:17:56:36 +0200] "GET /hu/termek/xenon-trafo-89034934 HTTP/1.1" 200 42681 "https://royaltuning.hu/hu/termekkategoria/lampafoliak-2" "Mozilla/5.0 (iPhone; CPU iPhone OS 17_5_1 like Mac OS X) AppleWebKit/605.1.15 (KHTML, like Gecko) Version/17.5 Mobile/15E148 Safari/604.1"
37.76.37.144 - - [26/Jun/2024:17:56:37 +0200] "GET /hu/products/238634/reviews?page=1 HTTP/1.1" 200 235 "https://royaltuning.hu/hu/termek/xenon-trafo-89034934" "Mozilla/5.0 (iPhone; CPU iPhone OS 17_5_1 like Mac OS X) AppleWebKit/605.1.15 (KHTML, like Gecko) Version/17.5 Mobile/15E148 Safari/604.1"
95.108.213.111 - - [26/Jun/2024:17:56:38 +0200] "GET /robots.txt HTTP/1.1" 200 26 "-" "Mozilla/5.0 (compatible; YandexBot/3.0; +http://yandex.com/bots)"
54.36.148.144 - - [26/Jun/2024:17:56:37 +0200] "GET /public/hu/termekkategoria/feknyereg-festek HTTP/1.1" 200 42083 "-" "Mozilla/5.0 (compatible; AhrefsBot/7.0; +http://ahrefs.com/robot/)"
37.76.37.144 - - [26/Jun/2024:17:56:37 +0200] "GET /captcha/image?_=609712780 HTTP/1.1" 200 5286 "https://royaltuning.hu/hu/termek/xenon-trafo-89034934" "Mozilla/5.0 (iPhone; CPU iPhone OS 17_5_1 like Mac OS X) AppleWebKit/605.1.15 (KHTML, like Gecko) Version/17.5 Mobile/15E148 Safari/604.1"
46.139.88.175 - - [26/Jun/2024:17:56:40 +0200] "GET /hu/termek/cr-pro-hibakod-olvaso-magyar-nyelvu HTTP/1.1" 200 43823 "https://royaltuning.hu/hu/termekkategoria/autodiagnosztikai-eszkozok/hibakod-olvasok" "Mozilla/5.0 (Windows NT 10.0; Win64; x64) AppleWebKit/537.36 (KHTML, like Gecko) Chrome/126.0.0.0 Safari/537.36"
46.139.88.175 - - [26/Jun/2024:17:56:41 +0200] "GET /storage/media/icarsoft_auto_hibakodolvaso-2.jpg HTTP/1.1" 200 122114 "https://royaltuning.hu/hu/termek/cr-pro-hibakod-olvaso-magyar-nyelvu" "Mozilla/5.0 (Windows NT 10.0; Win64; x64) AppleWebKit/537.36 (KHTML, like Gecko) Chrome/126.0.0.0 Safari/537.36"
46.139.88.175 - - [26/Jun/2024:17:56:41 +0200] "GET /storage/media/icarsoft_auto_hibakodolvaso-3.jpg HTTP/1.1" 200 302378 "https://royaltuning.hu/hu/termek/cr-pro-hibakod-olvaso-magyar-nyelvu" "Mozilla/5.0 (Windows NT 10.0; Win64; x64) AppleWebKit/537.36 (KHTML, like Gecko) Chrome/126.0.0.0 Safari/537.36"
46.139.88.175 - - [26/Jun/2024:17:56:41 +0200] "GET /wp-content/uploads/2021/06/mercedes_hibakod_olvaso-6.jpg HTTP/1.1" 200 63068 "https://royaltuning.hu/hu/termek/cr-pro-hibakod-olvaso-magyar-nyelvu" "Mozilla/5.0 (Windows NT 10.0; Win64; x64) AppleWebKit/537.36 (KHTML, like Gecko) Chrome/126.0.0.0 Safari/537.36"
46.139.88.175 - - [26/Jun/2024:17:56:41 +0200] "GET /storage/media/icarsoft_auto_hibakodolvaso-4.jpg HTTP/1.1" 200 348411 "https://royaltuning.hu/hu/termek/cr-pro-hibakod-olvaso-magyar-nyelvu" "Mozilla/5.0 (Windows NT 10.0; Win64; x64) AppleWebKit/537.36 (KHTML, like Gecko) Chrome/126.0.0.0 Safari/537.36"
46.139.88.175 - - [26/Jun/2024:17:56:41 +0200] "GET /storage/media/icarsoft_auto_hibakodolvaso-5.jpg HTTP/1.1" 200 249176 "https://royaltuning.hu/hu/termek/cr-pro-hibakod-olvaso-magyar-nyelvu" "Mozilla/5.0 (Windows NT 10.0; Win64; x64) AppleWebKit/537.36 (KHTML, like Gecko) Chrome/126.0.0.0 Safari/537.36"
46.139.88.175 - - [26/Jun/2024:17:56:41 +0200] "GET /hu/products/197509/reviews?page=1 HTTP/1.1" 200 233 "https://royaltuning.hu/hu/termek/cr-pro-hibakod-olvaso-magyar-nyelvu" "Mozilla/5.0 (Windows NT 10.0; Win64; x64) AppleWebKit/537.36 (KHTML, like Gecko) Chrome/126.0.0.0 Safari/537.36"
46.139.88.175 - - [26/Jun/2024:17:56:41 +0200] "GET /captcha/image?_=1719271919 HTTP/1.1" 200 5788 "https://royaltuning.hu/hu/termek/cr-pro-hibakod-olvaso-magyar-nyelvu" "Mozilla/5.0 (Windows NT 10.0; Win64; x64) AppleWebKit/537.36 (KHTML, like Gecko) Chrome/126.0.0.0 Safari/537.36"
66.249.70.160 - - [26/Jun/2024:17:56:48 +0200] "GET /termek/suzuki-valtogomb-es-valtoszoknya-swift-sx4-alto HTTP/1.1" 302 238 "-" "Mozilla/5.0 (compatible; Googlebot/2.1; +http://www.google.com/bot.html)"
66.249.64.227 - - [26/Jun/2024:17:56:48 +0200] "GET /captcha/image?_=1492240442 HTTP/1.1" 200 4520 "-" "Googlebot-Image/1.0"
66.249.70.160 - - [26/Jun/2024:17:56:49 +0200] "GET /hu/termek/suzuki-valtogomb-es-valtoszoknya-swift-sx4-alto HTTP/1.1" 200 44874 "-" "Mozilla/5.0 (compatible; Googlebot/2.1; +http://www.google.com/bot.html)"
66.249.70.160 - - [26/Jun/2024:17:56:53 +0200] "GET /termek/hydrowax-autosampon-csomag HTTP/1.1" 302 220 "-" "Mozilla/5.0 (compatible; Googlebot/2.1; +http://www.google.com/bot.html)"
66.249.70.160 - - [26/Jun/2024:17:56:54 +0200] "GET /hu/termek/hydrowax-autosampon-csomag HTTP/1.1" 200 45241 "-" "Mozilla/5.0 (compatible; Googlebot/2.1; +http://www.google.com/bot.html)"
74.125.151.160 - - [26/Jun/2024:17:56:55 +0200] "GET /public/hu/termek/karpit-tisztito-spray-2 HTTP/1.1" 200 44075 "-" "Mozilla/5.0 (Linux; Android 6.0.1; Nexus 5X Build/MMB29P) AppleWebKit/537.36 (KHTML, like Gecko) Chrome/125.0.6422.175 Mobile Safari/537.36 (compatible; AdsBot-Google-Mobile; +http://www.google.com/mobile/adsbot.html)"
179.60.147.173 - - [26/Jun/2024:17:56:56 +0200] "POST /wp-login.php HTTP/1.1" 405 1903 "-" "Mozilla/5.0 (Windows NT 6.3; WOW64; rv:43.0) Gecko/20100101 Firefox/43.0"
130.211.48.6 - - [26/Jun/2024:17:57:03 +0200] "PATCH /webshippy/getorderstatus HTTP/1.1" 419 1937 "-" "Symfony HttpClient/Curl"
130.211.48.6 - - [26/Jun/2024:17:57:04 +0200] "PATCH /webshippy/getorderstatus HTTP/1.1" 419 1937 "-" "Symfony HttpClient/Curl"
130.211.48.6 - - [26/Jun/2024:17:57:06 +0200] "PATCH /webshippy/getorderstatus HTTP/1.1" 419 1937 "-" "Symfony HttpClient/Curl"
130.211.48.6 - - [26/Jun/2024:17:57:10 +0200] "PATCH /webshippy/getorderstatus HTTP/1.1" 419 1937 "-" "Symfony HttpClient/Curl"
52.167.144.24 - - [26/Jun/2024:17:57:13 +0200] "GET /Ford-Focus-2008-14-valtogomb-es-valtoszoknya-5-seb-d1428.htm HTTP/1.1" 302 246 "-" "Mozilla/5.0 AppleWebKit/537.36 (KHTML, like Gecko; compatible; bingbot/2.0; +http://www.bing.com/bingbot.htm) Chrome/116.0.1938.76 Safari/537.36"
158.220.122.17 - - [26/Jun/2024:17:57:15 +0200] "GET /public/hu/cart?_wpnonce=59eda9d308&remove_item=3bc71faebe42e1639eb6fded38d714cd HTTP/1.1" 200 36708 "-" "Mozilla/5.0 (compatible; MJ12bot/v1.4.8; http://mj12bot.com/)"
52.167.144.24 - - [26/Jun/2024:17:57:15 +0200] "GET /hu/Ford-Focus-2008-14-valtogomb-es-valtoszoknya-5-seb-d1428.htm HTTP/1.1" 200 30988 "-" "Mozilla/5.0 AppleWebKit/537.36 (KHTML, like Gecko; compatible; bingbot/2.0; +http://www.bing.com/bingbot.htm) Chrome/116.0.1938.76 Safari/537.36"
176.77.152.93 - - [26/Jun/2024:17:57:18 +0200] "GET /termek/seat-valtogomb-es-valtoszoknya-5-sebesseges/ HTTP/1.1" 301 288 "-" "Mozilla/5.0 (iPhone; CPU iPhone OS 17_5_1 like Mac OS X) AppleWebKit/605.1.15 (KHTML, like Gecko) Version/17.5 Mobile/15E148 Safari/604.1"
176.77.152.93 - - [26/Jun/2024:17:57:18 +0200] "GET /public/termek/seat-valtogomb-es-valtoszoknya-5-sebesseges HTTP/1.1" 302 239 "-" "Mozilla/5.0 (iPhone; CPU iPhone OS 17_5_1 like Mac OS X) AppleWebKit/605.1.15 (KHTML, like Gecko) Version/17.5 Mobile/15E148 Safari/604.1"
176.77.152.93 - - [26/Jun/2024:17:57:18 +0200] "GET /public/hu/termek/seat-valtogomb-es-valtoszoknya-5-sebesseges HTTP/1.1" 200 45240 "-" "Mozilla/5.0 (iPhone; CPU iPhone OS 17_5_1 like Mac OS X) AppleWebKit/605.1.15 (KHTML, like Gecko) Version/17.5 Mobile/15E148 Safari/604.1"
66.249.70.160 - - [26/Jun/2024:17:57:19 +0200] "GET /public/hu/termekkategoria/kulcshazak/suzuki-kulcshaz HTTP/1.1" 200 42753 "-" "Mozilla/5.0 (Linux; Android 6.0.1; Nexus 5X Build/MMB29P) AppleWebKit/537.36 (KHTML, like Gecko) Chrome/125.0.6422.175 Mobile Safari/537.36 (compatible; Googlebot/2.1; +http://www.google.com/bot.html)"
74.125.151.160 - - [26/Jun/2024:17:57:21 +0200] "GET /public/hu/products/158786/reviews?page=1 HTTP/1.1" 200 238 "https://royaltuning.hu/public/hu/termek/karpit-tisztito-spray-2" "AdsBot-Google (+http://www.google.com/adsbot.html)"
23.22.35.162 - - [26/Jun/2024:17:57:21 +0200] "GET /wp-content/uploads/2020/06/vyr_1472peugeot_206_valtoszoknya-2.jpg HTTP/1.1" 200 30945 "-" "Mozilla/5.0 (Macintosh; Intel Mac OS X 10_10_1) AppleWebKit/600.2.5 (KHTML, like Gecko) Version/8.0.2 Safari/600.2.5 (Amazonbot/0.1; +https://developer.amazon.com/support/amazonbot)"
66.249.70.160 - - [26/Jun/2024:17:57:32 +0200] "GET /wp-content/uploads/2021/11/polirozo_szivacs_szett_furoba-5-500x500.jpg HTTP/1.1" 304 - "-" "Googlebot-Image/1.0"
46.139.88.175 - - [26/Jun/2024:17:57:33 +0200] "GET /hu/termek/eu-pro-hibakod-olvaso-magyar-nyelvu HTTP/1.1" 200 44100 "https://royaltuning.hu/hu/termekkategoria/autodiagnosztikai-eszkozok/hibakod-olvasok" "Mozilla/5.0 (Windows NT 10.0; Win64; x64) AppleWebKit/537.36 (KHTML, like Gecko) Chrome/126.0.0.0 Safari/537.36"
46.139.88.175 - - [26/Jun/2024:17:57:34 +0200] "GET /hu/products/46375/reviews?page=1 HTTP/1.1" 200 233 "https://royaltuning.hu/hu/termek/eu-pro-hibakod-olvaso-magyar-nyelvu" "Mozilla/5.0 (Windows NT 10.0; Win64; x64) AppleWebKit/537.36 (KHTML, like Gecko) Chrome/126.0.0.0 Safari/537.36"
46.139.88.175 - - [26/Jun/2024:17:57:34 +0200] "GET /captcha/image?_=1683582052 HTTP/1.1" 200 5141 "https://royaltuning.hu/hu/termek/eu-pro-hibakod-olvaso-magyar-nyelvu" "Mozilla/5.0 (Windows NT 10.0; Win64; x64) AppleWebKit/537.36 (KHTML, like Gecko) Chrome/126.0.0.0 Safari/537.36"
66.249.64.228 - - [26/Jun/2024:17:57:39 +0200] "GET /en/termek/opel-astra-j-valtoszoknya-es-valtogomb HTTP/1.1" 200 44816 "-" "Mozilla/5.0 (Linux; Android 6.0.1; Nexus 5X Build/MMB29P) AppleWebKit/537.36 (KHTML, like Gecko) Chrome/125.0.6422.175 Mobile Safari/537.36 (compatible; Googlebot/2.1; +http://www.google.com/bot.html)"
66.249.64.227 - - [26/Jun/2024:17:57:41 +0200] "GET /en/products/30569/reviews?page=1 HTTP/1.1" 200 237 "https://main.royaltuning.hu/en/termek/opel-astra-j-valtoszoknya-es-valtogomb" "Mozilla/5.0 (Linux; Android 6.0.1; Nexus 5X Build/MMB29P) AppleWebKit/537.36 (KHTML, like Gecko) Chrome/125.0.6422.154 Mobile Safari/537.36 (compatible; Googlebot/2.1; +http://www.google.com/bot.html)"
66.249.70.160 - - [26/Jun/2024:17:57:45 +0200] "GET /wp-content/uploads/2021/11/polirozo_szivacs_szett_furoba-5-100x100.jpg HTTP/1.1" 304 - "-" "Googlebot-Image/1.0"
94.44.100.200 - - [26/Jun/2024:17:57:46 +0200] "GET /wp-content/uploads/2020/11/renault_valtogomb_adapter.jpg HTTP/1.1" 200 25534 "https://valtogomb.hu/" "Mozilla/5.0 (Linux; Android 13; 2201116SG Build/TKQ1.221114.001; wv) AppleWebKit/537.36 (KHTML, like Gecko) Version/4.0 Chrome/126.0.6478.103 Mobile Safari/537.36 [FB_IAB/FB4A;FBAV/469.2.0.51.80;]"
104.28.114.29 - - [26/Jun/2024:17:57:55 +0200] "GET /wp-content/uploads/2022/02/cropped-royaltuning_logo_512-1.png HTTP/1.1" 200 9918 "-" "Mozilla/5.0"
46.139.88.175 - - [26/Jun/2024:17:57:54 +0200] "GET /hu/termek/opel-vectra-b-futofenyes-ledes-oldal-index-parban HTTP/1.1" 200 38841 "https://royaltuning.hu/hu/termekkategoria/futofenyes-led-indexek/opel-futofenyes-led-indexek" "Mozilla/5.0 (Windows NT 10.0; Win64; x64) AppleWebKit/537.36 (KHTML, like Gecko) Chrome/126.0.0.0 Safari/537.36"
46.139.88.175 - - [26/Jun/2024:17:57:55 +0200] "GET /storage/media/Opel_Vectra_B_index-2.jpg HTTP/1.1" 200 39262 "https://royaltuning.hu/hu/termek/opel-vectra-b-futofenyes-ledes-oldal-index-parban" "Mozilla/5.0 (Windows NT 10.0; Win64; x64) AppleWebKit/537.36 (KHTML, like Gecko) Chrome/126.0.0.0 Safari/537.36"
46.139.88.175 - - [26/Jun/2024:17:57:55 +0200] "GET /storage/media/Opel_Vectra_B_index-3.jpg HTTP/1.1" 200 32156 "https://royaltuning.hu/hu/termek/opel-vectra-b-futofenyes-ledes-oldal-index-parban" "Mozilla/5.0 (Windows NT 10.0; Win64; x64) AppleWebKit/537.36 (KHTML, like Gecko) Chrome/126.0.0.0 Safari/537.36"
46.139.88.175 - - [26/Jun/2024:17:57:55 +0200] "GET /storage/media/Opel_Vectra_B_index-1.jpg HTTP/1.1" 200 12120 "https://royaltuning.hu/hu/termek/opel-vectra-b-futofenyes-ledes-oldal-index-parban" "Mozilla/5.0 (Windows NT 10.0; Win64; x64) AppleWebKit/537.36 (KHTML, like Gecko) Chrome/126.0.0.0 Safari/537.36"
46.139.88.175 - - [26/Jun/2024:17:57:55 +0200] "GET /hu/products/13731/reviews?page=1 HTTP/1.1" 200 233 "https://royaltuning.hu/hu/termek/opel-vectra-b-futofenyes-ledes-oldal-index-parban" "Mozilla/5.0 (Windows NT 10.0; Win64; x64) AppleWebKit/537.36 (KHTML, like Gecko) Chrome/126.0.0.0 Safari/537.36"
46.139.88.175 - - [26/Jun/2024:17:57:55 +0200] "GET /captcha/image?_=29076988 HTTP/1.1" 200 4491 "https://royaltuning.hu/hu/termek/opel-vectra-b-futofenyes-ledes-oldal-index-parban" "Mozilla/5.0 (Windows NT 10.0; Win64; x64) AppleWebKit/537.36 (KHTML, like Gecko) Chrome/126.0.0.0 Safari/537.36"
66.249.70.161 - - [26/Jun/2024:17:58:02 +0200] "GET /wp-content/uploads/2020/09/t5_led_izzo_kek-6-500x500.jpg HTTP/1.1" 304 - "-" "Googlebot-Image/1.0"
66.249.70.160 - - [26/Jun/2024:17:58:03 +0200] "GET /public/hu/termekkategoria/karpit-patent-kiszedo-es-radio-kiszedok HTTP/1.1" 200 42873 "-" "Mozilla/5.0 (Linux; Android 6.0.1; Nexus 5X Build/MMB29P) AppleWebKit/537.36 (KHTML, like Gecko) Chrome/125.0.6422.175 Mobile Safari/537.36 (compatible; Googlebot/2.1; +http://www.google.com/bot.html)"
66.249.70.160 - - [26/Jun/2024:17:58:13 +0200] "GET /public/hu/shop?query=&brand=&category=karpit-patent-kiszedo-es-radio-kiszedok&tag=&fromPrice=0&toPrice=114990&sort=alphabetic&perPage=30&page=1 HTTP/1.1" 200 1298 "https://royaltuning.hu/public/hu/termekkategoria/karpit-patent-kiszedo-es-radio-kiszedok" "Mozilla/5.0 (Linux; Android 6.0.1; Nexus 5X Build/MMB29P) AppleWebKit/537.36 (KHTML, like Gecko) Chrome/125.0.6422.154 Mobile Safari/537.36 (compatible; Googlebot/2.1; +http://www.google.com/bot.html)"
66.249.70.160 - - [26/Jun/2024:17:58:12 +0200] "GET /captcha/image?_=1858373123?_= HTTP/1.1" 200 6155 "-" "Mozilla/5.0 (Linux; Android 6.0.1; Nexus 5X Build/MMB29P) AppleWebKit/537.36 (KHTML, like Gecko) Chrome/125.0.6422.175 Mobile Safari/537.36 (compatible; Googlebot/2.1; +http://www.google.com/bot.html)"
66.249.70.160 - - [26/Jun/2024:17:58:18 +0200] "GET /wp-content/uploads/2023/08/h7_led_kadmiumsarga_3000k_fenyu-1-500x500.jpg HTTP/1.1" 304 - "-" "Googlebot-Image/1.0"
37.191.9.189 - - [26/Jun/2024:17:58:20 +0200] "GET /termek/t5-led-kek-5db?srsltid=AfmBOopmhtFBaKLY2QQ7ALO08Xnpzv6bxEAsRnQp2TyGqj7m7w8M0DKI3IA HTTP/1.1" 302 280 "https://www.google.com/" "Mozilla/5.0 (Windows NT 10.0; Win64; x64; rv:127.0) Gecko/20100101 Firefox/127.0"
37.191.9.189 - - [26/Jun/2024:17:58:20 +0200] "GET /hu/termek/t5-led-kek-5db?srsltid=AfmBOopmhtFBaKLY2QQ7ALO08Xnpzv6bxEAsRnQp2TyGqj7m7w8M0DKI3IA HTTP/1.1" 200 43600 "https://www.google.com/" "Mozilla/5.0 (Windows NT 10.0; Win64; x64; rv:127.0) Gecko/20100101 Firefox/127.0"
37.191.9.189 - - [26/Jun/2024:17:58:21 +0200] "GET /themes/storefront/public/css/app.css?v=3.1.0 HTTP/1.1" 304 - "https://royaltuning.hu/hu/termek/t5-led-kek-5db?srsltid=AfmBOopmhtFBaKLY2QQ7ALO08Xnpzv6bxEAsRnQp2TyGqj7m7w8M0DKI3IA" "Mozilla/5.0 (Windows NT 10.0; Win64; x64; rv:127.0) Gecko/20100101 Firefox/127.0"
37.191.9.189 - - [26/Jun/2024:17:58:21 +0200] "GET /vendor/cookie-consent/css/cookie-consent.css HTTP/1.1" 304 - "https://royaltuning.hu/hu/termek/t5-led-kek-5db?srsltid=AfmBOopmhtFBaKLY2QQ7ALO08Xnpzv6bxEAsRnQp2TyGqj7m7w8M0DKI3IA" "Mozilla/5.0 (Windows NT 10.0; Win64; x64; rv:127.0) Gecko/20100101 Firefox/127.0"
37.191.9.189 - - [26/Jun/2024:17:58:21 +0200] "GET /vendor/cookie-consent/js/cookie-consent.js HTTP/1.1" 200 11136 "https://royaltuning.hu/hu/termek/t5-led-kek-5db?srsltid=AfmBOopmhtFBaKLY2QQ7ALO08Xnpzv6bxEAsRnQp2TyGqj7m7w8M0DKI3IA" "Mozilla/5.0 (Windows NT 10.0; Win64; x64; rv:127.0) Gecko/20100101 Firefox/127.0"
37.191.9.189 - - [26/Jun/2024:17:58:21 +0200] "GET /themes/storefront/public/js/app.js?v=3.1.0 HTTP/1.1" 304 - "https://royaltuning.hu/hu/termek/t5-led-kek-5db?srsltid=AfmBOopmhtFBaKLY2QQ7ALO08Xnpzv6bxEAsRnQp2TyGqj7m7w8M0DKI3IA" "Mozilla/5.0 (Windows NT 10.0; Win64; x64; rv:127.0) Gecko/20100101 Firefox/127.0"
37.191.9.189 - - [26/Jun/2024:17:58:21 +0200] "GET /themes/storefront/public/js/flatpickr.js?v=3.1.0 HTTP/1.1" 200 65517 "https://royaltuning.hu/hu/termek/t5-led-kek-5db?srsltid=AfmBOopmhtFBaKLY2QQ7ALO08Xnpzv6bxEAsRnQp2TyGqj7m7w8M0DKI3IA" "Mozilla/5.0 (Windows NT 10.0; Win64; x64; rv:127.0) Gecko/20100101 Firefox/127.0"
37.191.9.189 - - [26/Jun/2024:17:58:21 +0200] "GET /storage/media/kek_muszerfal_izzok.jpg HTTP/1.1" 200 42095 "https://royaltuning.hu/hu/termek/t5-led-kek-5db?srsltid=AfmBOopmhtFBaKLY2QQ7ALO08Xnpzv6bxEAsRnQp2TyGqj7m7w8M0DKI3IA" "Mozilla/5.0 (Windows NT 10.0; Win64; x64; rv:127.0) Gecko/20100101 Firefox/127.0"
37.191.9.189 - - [26/Jun/2024:17:58:21 +0200] "GET /storage/media/t5_led_izzo-2.jpg HTTP/1.1" 200 186378 "https://royaltuning.hu/hu/termek/t5-led-kek-5db?srsltid=AfmBOopmhtFBaKLY2QQ7ALO08Xnpzv6bxEAsRnQp2TyGqj7m7w8M0DKI3IA" "Mozilla/5.0 (Windows NT 10.0; Win64; x64; rv:127.0) Gecko/20100101 Firefox/127.0"
37.191.9.189 - - [26/Jun/2024:17:58:21 +0200] "GET /wp-content/uploads/2021/11/t5_led_izzo-2-500x500.jpg HTTP/1.1" 200 36613 "https://royaltuning.hu/hu/termek/t5-led-kek-5db?srsltid=AfmBOopmhtFBaKLY2QQ7ALO08Xnpzv6bxEAsRnQp2TyGqj7m7w8M0DKI3IA" "Mozilla/5.0 (Windows NT 10.0; Win64; x64; rv:127.0) Gecko/20100101 Firefox/127.0"
37.191.9.189 - - [26/Jun/2024:17:58:21 +0200] "GET /wp-content/uploads/2021/11/kek_muszerfal_izzok-500x500.jpg HTTP/1.1" 200 27730 "https://royaltuning.hu/hu/termek/t5-led-kek-5db?srsltid=AfmBOopmhtFBaKLY2QQ7ALO08Xnpzv6bxEAsRnQp2TyGqj7m7w8M0DKI3IA" "Mozilla/5.0 (Windows NT 10.0; Win64; x64; rv:127.0) Gecko/20100101 Firefox/127.0"
37.191.9.189 - - [26/Jun/2024:17:58:21 +0200] "GET /wp-content/uploads/2021/11/kek_muszerfal_izzok-500x500.jpg HTTP/1.1" 200 27730 "https://royaltuning.hu/hu/termek/t5-led-kek-5db?srsltid=AfmBOopmhtFBaKLY2QQ7ALO08Xnpzv6bxEAsRnQp2TyGqj7m7w8M0DKI3IA" "Mozilla/5.0 (Windows NT 10.0; Win64; x64; rv:127.0) Gecko/20100101 Firefox/127.0"
37.191.9.189 - - [26/Jun/2024:17:58:21 +0200] "GET /wp-content/uploads/2021/11/t5_led_izzo-2-768x768.jpg HTTP/1.1" 200 74926 "https://royaltuning.hu/hu/termek/t5-led-kek-5db?srsltid=AfmBOopmhtFBaKLY2QQ7ALO08Xnpzv6bxEAsRnQp2TyGqj7m7w8M0DKI3IA" "Mozilla/5.0 (Windows NT 10.0; Win64; x64; rv:127.0) Gecko/20100101 Firefox/127.0"
37.191.9.189 - - [26/Jun/2024:17:58:21 +0200] "GET /hu/products/71557/reviews?page=1 HTTP/1.1" 200 234 "https://royaltuning.hu/hu/termek/t5-led-kek-5db?srsltid=AfmBOopmhtFBaKLY2QQ7ALO08Xnpzv6bxEAsRnQp2TyGqj7m7w8M0DKI3IA" "Mozilla/5.0 (Windows NT 10.0; Win64; x64; rv:127.0) Gecko/20100101 Firefox/127.0"
37.191.9.189 - - [26/Jun/2024:17:58:21 +0200] "GET /captcha/image?_=66978679 HTTP/1.1" 200 6466 "https://royaltuning.hu/hu/termek/t5-led-kek-5db?srsltid=AfmBOopmhtFBaKLY2QQ7ALO08Xnpzv6bxEAsRnQp2TyGqj7m7w8M0DKI3IA" "Mozilla/5.0 (Windows NT 10.0; Win64; x64; rv:127.0) Gecko/20100101 Firefox/127.0"
66.249.70.160 - - [26/Jun/2024:17:58:22 +0200] "GET /wp-content/uploads/2020/12/univerzalis_valtogomb-3-100x100.jpg HTTP/1.1" 200 1661 "-" "Googlebot-Image/1.0"
94.44.118.95 - - [26/Jun/2024:17:58:29 +0200] "GET /themes/storefront/public/css/app.css?v=3.1.0 HTTP/1.1" 304 - "https://royaltuning.hu/hu/termek/opel-corsa-c-valtogomb-valtoszoknya-es-kezifekszoknya?gad_source=1" "Mozilla/5.0 (Linux; Android 10; K) AppleWebKit/537.36 (KHTML, like Gecko) Chrome/126.0.0.0 Mobile Safari/537.36"
94.44.118.95 - - [26/Jun/2024:17:58:29 +0200] "GET /vendor/cookie-consent/css/cookie-consent.css HTTP/1.1" 304 - "https://royaltuning.hu/hu/termek/opel-corsa-c-valtogomb-valtoszoknya-es-kezifekszoknya?gad_source=1" "Mozilla/5.0 (Linux; Android 10; K) AppleWebKit/537.36 (KHTML, like Gecko) Chrome/126.0.0.0 Mobile Safari/537.36"
94.44.118.95 - - [26/Jun/2024:17:58:29 +0200] "GET /themes/storefront/public/js/flatpickr.js?v=3.1.0 HTTP/1.1" 304 - "https://royaltuning.hu/hu/termek/opel-corsa-c-valtogomb-valtoszoknya-es-kezifekszoknya?gad_source=1" "Mozilla/5.0 (Linux; Android 10; K) AppleWebKit/537.36 (KHTML, like Gecko) Chrome/126.0.0.0 Mobile Safari/537.36"
94.44.118.95 - - [26/Jun/2024:17:58:29 +0200] "GET /themes/storefront/public/js/app.js?v=3.1.0 HTTP/1.1" 304 - "https://royaltuning.hu/hu/termek/opel-corsa-c-valtogomb-valtoszoknya-es-kezifekszoknya?gad_source=1" "Mozilla/5.0 (Linux; Android 10; K) AppleWebKit/537.36 (KHTML, like Gecko) Chrome/126.0.0.0 Mobile Safari/537.36"
17.241.75.76 - - [26/Jun/2024:17:58:43 +0200] "GET /hu/termekkategoria/mikrokapcsolok HTTP/1.1" 200 40838 "-" "Mozilla/5.0 (Macintosh; Intel Mac OS X 10_15_7) AppleWebKit/605.1.15 (KHTML, like Gecko) Version/17.4 Safari/605.1.15 (Applebot/0.1; +http://www.apple.com/go/applebot)"
37.191.9.189 - - [26/Jun/2024:17:58:44 +0200] "GET /hu HTTP/1.1" 200 32933 "https://royaltuning.hu/hu/termek/t5-led-kek-5db?srsltid=AfmBOopmhtFBaKLY2QQ7ALO08Xnpzv6bxEAsRnQp2TyGqj7m7w8M0DKI3IA" "Mozilla/5.0 (Windows NT 10.0; Win64; x64; rv:127.0) Gecko/20100101 Firefox/127.0"
37.191.9.189 - - [26/Jun/2024:17:58:45 +0200] "GET /storage/media/diddLcwX7j3ZzLA5su9xt3jZBs5mPSFPhZax3TI2.png HTTP/1.1" 200 201337 "https://royaltuning.hu/hu" "Mozilla/5.0 (Windows NT 10.0; Win64; x64; rv:127.0) Gecko/20100101 Firefox/127.0"
37.191.9.189 - - [26/Jun/2024:17:58:45 +0200] "GET /storage/media/feketito_krem_autoapolas-4.jpg HTTP/1.1" 200 59354 "https://royaltuning.hu/hu" "Mozilla/5.0 (Windows NT 10.0; Win64; x64; rv:127.0) Gecko/20100101 Firefox/127.0"
37.191.9.189 - - [26/Jun/2024:17:58:45 +0200] "GET /storage/media/B6Oclc3ejXCp8Y7EzBha78TeOmUK8jKPQQfMNQOT.jpg HTTP/1.1" 200 85760 "https://royaltuning.hu/hu" "Mozilla/5.0 (Windows NT 10.0; Win64; x64; rv:127.0) Gecko/20100101 Firefox/127.0"
37.191.9.189 - - [26/Jun/2024:17:58:45 +0200] "GET /storage/media/02qewcDn11X96OlRe0JZ4zExTNS44KQ9M11CWdhO.png HTTP/1.1" 200 115304 "https://royaltuning.hu/hu" "Mozilla/5.0 (Windows NT 10.0; Win64; x64; rv:127.0) Gecko/20100101 Firefox/127.0"
37.191.9.189 - - [26/Jun/2024:17:58:45 +0200] "GET /storage/media/kqaBWwYSm5MKbfAj4m9WaRUN5jRuSOaDcKSmDByJ.png HTTP/1.1" 200 96367 "https://royaltuning.hu/hu" "Mozilla/5.0 (Windows NT 10.0; Win64; x64; rv:127.0) Gecko/20100101 Firefox/127.0"
37.191.9.189 - - [26/Jun/2024:17:58:45 +0200] "GET /storage/media/m0Z1UihTihN7fxZAO9Hy0mRqZEXGvaCpnpWDRc5X.png HTTP/1.1" 200 147631 "https://royaltuning.hu/hu" "Mozilla/5.0 (Windows NT 10.0; Win64; x64; rv:127.0) Gecko/20100101 Firefox/127.0"
37.191.9.189 - - [26/Jun/2024:17:58:45 +0200] "GET /storage/media/z6b3YArpND2pqh91u7mTeQ48hwVLCxI7nAi0RssX.png HTTP/1.1" 200 166165 "https://royaltuning.hu/hu" "Mozilla/5.0 (Windows NT 10.0; Win64; x64; rv:127.0) Gecko/20100101 Firefox/127.0"
37.191.9.189 - - [26/Jun/2024:17:58:45 +0200] "GET /storage/media/Nq47okDNXkthggOpGBcyiCsFcR5MAbRnpCiGHKa1.png HTTP/1.1" 200 155315 "https://royaltuning.hu/hu" "Mozilla/5.0 (Windows NT 10.0; Win64; x64; rv:127.0) Gecko/20100101 Firefox/127.0"
