213.225.14.58 - - [26/Jun/2024:17:54:57 +0200] "GET /public/hu/termek/h1-izzo-130-emelt-fenyerovel-1db HTTP/1.1" 200 44804 "https://royaltuning.hu/public/hu/termekkategoria/h1-izzok-emeltfenyu-halogen-izzok" "Mozilla/5.0 (Linux; Android 14; SM-A136B Build/UP1A.231005.007; wv) AppleWebKit/537.36 (KHTML, like Gecko) Version/4.0 Chrome/126.0.6478.71 Mobile Safari/537.36 [FB_IAB/FB4A;FBAV/469.2.0.51.80;]"
37.76.37.144 - - [26/Jun/2024:17:54:57 +0200] "GET /hu/suggestions?query=E88bm HTTP/1.1" 200 59 "https://royaltuning.hu/hu/shop?query=E88" "Mozilla/5.0 (iPhone; CPU iPhone OS 17_5_1 like Mac OS X) AppleWebKit/605.1.15 (KHTML, like Gecko) Version/17.5 Mobile/15E148 Safari/604.1"
37.76.37.144 - - [26/Jun/2024:17:54:58 +0200] "GET /hu/suggestions?query=E HTTP/1.1" 200 886 "https://royaltuning.hu/hu/shop?query=E88" "Mozilla/5.0 (iPhone; CPU iPhone OS 17_5_1 like Mac OS X) AppleWebKit/605.1.15 (KHTML, like Gecko) Version/17.5 Mobile/15E148 Safari/604.1"
213.225.14.58 - - [26/Jun/2024:17:54:58 +0200] "GET /public/hu/products/165038/reviews?page=1 HTTP/1.1" 200 238 "https://royaltuning.hu/public/hu/termek/h1-izzo-130-emelt-fenyerovel-1db" "Mozilla/5.0 (Linux; Android 14; SM-A136B Build/UP1A.231005.007; wv) AppleWebKit/537.36 (KHTML, like Gecko) Version/4.0 Chrome/126.0.6478.71 Mobile Safari/537.36 [FB_IAB/FB4A;FBAV/469.2.0.51.80;]"
37.76.37.144 - - [26/Jun/2024:17:54:58 +0200] "GET /hu/suggestions?query=B HTTP/1.1" 200 805 "https://royaltuning.hu/hu/shop?query=E88" "Mozilla/5.0 (iPhone; CPU iPhone OS 17_5_1 like Mac OS X) AppleWebKit/605.1.15 (KHTML, like Gecko) Version/17.5 Mobile/15E148 Safari/604.1"
37.76.37.144 - - [26/Jun/2024:17:54:59 +0200] "GET /hu/suggestions?query=Bm HTTP/1.1" 200 595 "https://royaltuning.hu/hu/shop?query=E88" "Mozilla/5.0 (iPhone; CPU iPhone OS 17_5_1 like Mac OS X) AppleWebKit/605.1.15 (KHTML, like Gecko) Version/17.5 Mobile/15E148 Safari/604.1"
37.76.37.144 - - [26/Jun/2024:17:54:59 +0200] "GET /hu/suggestions?query=Bme HTTP/1.1" 200 59 "https://royaltuning.hu/hu/shop?query=E88" "Mozilla/5.0 (iPhone; CPU iPhone OS 17_5_1 like Mac OS X) AppleWebKit/605.1.15 (KHTML, like Gecko) Version/17.5 Mobile/15E148 Safari/604.1"
213.225.14.58 - - [26/Jun/2024:17:54:58 +0200] "GET /public/captcha/image?_=82608780 HTTP/1.1" 200 5613 "https://royaltuning.hu/public/hu/termek/h1-izzo-130-emelt-fenyerovel-1db" "Mozilla/5.0 (Linux; Android 14; SM-A136B Build/UP1A.231005.007; wv) AppleWebKit/537.36 (KHTML, like Gecko) Version/4.0 Chrome/126.0.6478.71 Mobile Safari/537.36 [FB_IAB/FB4A;FBAV/469.2.0.51.80;]"
37.76.37.144 - - [26/Jun/2024:17:54:59 +0200] "GET /hu/suggestions?query=Bm HTTP/1.1" 200 595 "https://royaltuning.hu/hu/shop?query=E88" "Mozilla/5.0 (iPhone; CPU iPhone OS 17_5_1 like Mac OS X) AppleWebKit/605.1.15 (KHTML, like Gecko) Version/17.5 Mobile/15E148 Safari/604.1"
110.238.108.36 - - [26/Jun/2024:17:55:00 +0200] "GET /termek/skoda-automata-valtogomb/?add-to-cart=7308 HTTP/1.1" 301 286 "-" "Mozilla/5.0 (Windows NT 10.0; Win64; x64) AppleWebKit/537.36 (KHTML, like Gecko) Chrome/101.0.4951.67 Safari/537.36"
37.76.37.144 - - [26/Jun/2024:17:55:00 +0200] "GET /hu/suggestions?query=Bmw HTTP/1.1" 200 594 "https://royaltuning.hu/hu/shop?query=E88" "Mozilla/5.0 (iPhone; CPU iPhone OS 17_5_1 like Mac OS X) AppleWebKit/605.1.15 (KHTML, like Gecko) Version/17.5 Mobile/15E148 Safari/604.1"
37.76.37.144 - - [26/Jun/2024:17:55:00 +0200] "GET /hu/suggestions?query=BMW HTTP/1.1" 200 594 "https://royaltuning.hu/hu/shop?query=E88" "Mozilla/5.0 (iPhone; CPU iPhone OS 17_5_1 like Mac OS X) AppleWebKit/605.1.15 (KHTML, like Gecko) Version/17.5 Mobile/15E148 Safari/604.1"
66.249.64.227 - - [26/Jun/2024:17:55:00 +0200] "GET /captcha/image?_=2077149703 HTTP/1.1" 200 6390 "-" "Googlebot-Image/1.0"
110.238.108.36 - - [26/Jun/2024:17:55:02 +0200] "GET /public/termek/skoda-automata-valtogomb?add-to-cart=7308 HTTP/1.1" 302 242 "-" "Mozilla/5.0 (Windows NT 10.0; Win64; x64) AppleWebKit/537.36 (KHTML, like Gecko) Chrome/101.0.4951.67 Safari/537.36"
37.76.37.144 - - [26/Jun/2024:17:55:00 +0200] "GET /hu/shop?query=BMW HTTP/1.1" 200 41248 "https://royaltuning.hu/hu/shop?query=E88" "Mozilla/5.0 (iPhone; CPU iPhone OS 17_5_1 like Mac OS X) AppleWebKit/605.1.15 (KHTML, like Gecko) Version/17.5 Mobile/15E148 Safari/604.1"
84.225.189.192 - - [26/Jun/2024:17:55:01 +0200] "GET /hu/checkout HTTP/1.1" 200 41035 "https://royaltuning.hu/hu/termek/canbus-hiba-torlo-h7-csatlakozoval" "Mozilla/5.0 (Linux; Android 10; K) AppleWebKit/537.36 (KHTML, like Gecko) Chrome/126.0.0.0 Mobile Safari/537.36"
45.87.115.244 - - [26/Jun/2024:17:55:02 +0200] "GET /wp-content/uploads/2020/06/opel_valtogomb_csere-1.jpg HTTP/1.1" 200 110883 "https://www.google.com/" "Mozilla/5.0 (Linux; Android 10; K) AppleWebKit/537.36 (KHTML, like Gecko) Chrome/126.0.0.0 Mobile Safari/537.36"
37.76.37.144 - - [26/Jun/2024:17:55:02 +0200] "GET /hu/shop?query=BMW&brand=&category=&tag=&fromPrice=0&toPrice=114990&sort=relevance&perPage=30&page=1 HTTP/1.1" 200 3318 "https://royaltuning.hu/hu/shop?query=BMW" "Mozilla/5.0 (iPhone; CPU iPhone OS 17_5_1 like Mac OS X) AppleWebKit/605.1.15 (KHTML, like Gecko) Version/17.5 Mobile/15E148 Safari/604.1"
37.76.37.144 - - [26/Jun/2024:17:55:02 +0200] "GET /storage/media/bmw_e60_valtoszoknya.jpg HTTP/1.1" 200 133306 "https://royaltuning.hu/hu/shop?query=BMW" "Mozilla/5.0 (iPhone; CPU iPhone OS 17_5_1 like Mac OS X) AppleWebKit/605.1.15 (KHTML, like Gecko) Version/17.5 Mobile/15E148 Safari/604.1"
37.76.37.144 - - [26/Jun/2024:17:55:02 +0200] "GET /storage/media/bmw_hibakod_olvaso-1.jpg HTTP/1.1" 200 147067 "https://royaltuning.hu/hu/shop?query=BMW" "Mozilla/5.0 (iPhone; CPU iPhone OS 17_5_1 like Mac OS X) AppleWebKit/605.1.15 (KHTML, like Gecko) Version/17.5 Mobile/15E148 Safari/604.1"
37.76.37.144 - - [26/Jun/2024:17:55:03 +0200] "GET /storage/media/bmw_kulcs_gombsor-1.jpg HTTP/1.1" 200 54480 "https://royaltuning.hu/hu/shop?query=BMW" "Mozilla/5.0 (iPhone; CPU iPhone OS 17_5_1 like Mac OS X) AppleWebKit/605.1.15 (KHTML, like Gecko) Version/17.5 Mobile/15E148 Safari/604.1"
37.76.37.144 - - [26/Jun/2024:17:55:03 +0200] "GET /storage/media/bmw_tukor_index-1-1.jpg HTTP/1.1" 200 66832 "https://royaltuning.hu/hu/shop?query=BMW" "Mozilla/5.0 (iPhone; CPU iPhone OS 17_5_1 like Mac OS X) AppleWebKit/605.1.15 (KHTML, like Gecko) Version/17.5 Mobile/15E148 Safari/604.1"
37.76.37.144 - - [26/Jun/2024:17:55:02 +0200] "GET /storage/media/bmw_e90_valtoszoknya_valtogomb_szett.jpg HTTP/1.1" 200 257617 "https://royaltuning.hu/hu/shop?query=BMW" "Mozilla/5.0 (iPhone; CPU iPhone OS 17_5_1 like Mac OS X) AppleWebKit/605.1.15 (KHTML, like Gecko) Version/17.5 Mobile/15E148 Safari/604.1"
37.76.37.144 - - [26/Jun/2024:17:55:03 +0200] "GET /storage/media/bmw_nyerskulcs_elektronikaval-1.jpg HTTP/1.1" 200 60774 "https://royaltuning.hu/hu/shop?query=BMW" "Mozilla/5.0 (iPhone; CPU iPhone OS 17_5_1 like Mac OS X) AppleWebKit/605.1.15 (KHTML, like Gecko) Version/17.5 Mobile/15E148 Safari/604.1"
37.76.37.144 - - [26/Jun/2024:17:55:03 +0200] "GET /storage/media/bmw_kulcshaz-1-1.jpg HTTP/1.1" 200 105933 "https://royaltuning.hu/hu/shop?query=BMW" "Mozilla/5.0 (iPhone; CPU iPhone OS 17_5_1 like Mac OS X) AppleWebKit/605.1.15 (KHTML, like Gecko) Version/17.5 Mobile/15E148 Safari/604.1"
37.76.37.144 - - [26/Jun/2024:17:55:02 +0200] "GET /storage/media/bmw_e46_futofenyes_index_-1.jpg HTTP/1.1" 200 286471 "https://royaltuning.hu/hu/shop?query=BMW" "Mozilla/5.0 (iPhone; CPU iPhone OS 17_5_1 like Mac OS X) AppleWebKit/605.1.15 (KHTML, like Gecko) Version/17.5 Mobile/15E148 Safari/604.1"
37.76.37.144 - - [26/Jun/2024:17:55:03 +0200] "GET /storage/media/bmw_kulcshaz_hu58-5.jpg HTTP/1.1" 200 44269 "https://royaltuning.hu/hu/shop?query=BMW" "Mozilla/5.0 (iPhone; CPU iPhone OS 17_5_1 like Mac OS X) AppleWebKit/605.1.15 (KHTML, like Gecko) Version/17.5 Mobile/15E148 Safari/604.1"
37.76.37.144 - - [26/Jun/2024:17:55:03 +0200] "GET /storage/media/bmw_e46_futofenyes_index_.jpg HTTP/1.1" 200 42900 "https://royaltuning.hu/hu/shop?query=BMW" "Mozilla/5.0 (iPhone; CPU iPhone OS 17_5_1 like Mac OS X) AppleWebKit/605.1.15 (KHTML, like Gecko) Version/17.5 Mobile/15E148 Safari/604.1"
37.76.37.144 - - [26/Jun/2024:17:55:03 +0200] "GET /storage/media/bmw_tukor-index_-1.jpg HTTP/1.1" 200 63897 "https://royaltuning.hu/hu/shop?query=BMW" "Mozilla/5.0 (iPhone; CPU iPhone OS 17_5_1 like Mac OS X) AppleWebKit/605.1.15 (KHTML, like Gecko) Version/17.5 Mobile/15E148 Safari/604.1"
37.76.37.144 - - [26/Jun/2024:17:55:03 +0200] "GET /storage/media/bmw_kulcshaz_4gombos-1.jpg HTTP/1.1" 200 103595 "https://royaltuning.hu/hu/shop?query=BMW" "Mozilla/5.0 (iPhone; CPU iPhone OS 17_5_1 like Mac OS X) AppleWebKit/605.1.15 (KHTML, like Gecko) Version/17.5 Mobile/15E148 Safari/604.1"
37.76.37.144 - - [26/Jun/2024:17:55:03 +0200] "GET /storage/media/bmw_e90_valtoszoknya-1.jpg HTTP/1.1" 200 15135 "https://royaltuning.hu/hu/shop?query=BMW" "Mozilla/5.0 (iPhone; CPU iPhone OS 17_5_1 like Mac OS X) AppleWebKit/605.1.15 (KHTML, like Gecko) Version/17.5 Mobile/15E148 Safari/604.1"
37.76.37.144 - - [26/Jun/2024:17:55:03 +0200] "GET /storage/media/bmw_kulcshaz_3gombos-1-1.jpg HTTP/1.1" 200 55186 "https://royaltuning.hu/hu/shop?query=BMW" "Mozilla/5.0 (iPhone; CPU iPhone OS 17_5_1 like Mac OS X) AppleWebKit/605.1.15 (KHTML, like Gecko) Version/17.5 Mobile/15E148 Safari/604.1"
84.225.189.192 - - [26/Jun/2024:17:55:03 +0200] "POST /hu/cart/shipping-method?shipping_method=flat_rate HTTP/1.1" 200 841 "https://royaltuning.hu/hu/checkout" "Mozilla/5.0 (Linux; Android 10; K) AppleWebKit/537.36 (KHTML, like Gecko) Chrome/126.0.0.0 Mobile Safari/537.36"
84.225.189.192 - - [26/Jun/2024:17:55:03 +0200] "POST /hu/cart/cod HTTP/1.1" 200 841 "https://royaltuning.hu/hu/checkout" "Mozilla/5.0 (Linux; Android 10; K) AppleWebKit/537.36 (KHTML, like Gecko) Chrome/126.0.0.0 Mobile Safari/537.36"
110.238.108.36 - - [26/Jun/2024:17:55:03 +0200] "GET /public/hu/termek/skoda-automata-valtogomb?add-to-cart=7308 HTTP/1.1" 200 43389 "-" "Mozilla/5.0 (Windows NT 10.0; Win64; x64) AppleWebKit/537.36 (KHTML, like Gecko) Chrome/101.0.4951.67 Safari/537.36"
84.225.189.192 - - [26/Jun/2024:17:55:04 +0200] "POST /hu/cart/taxes HTTP/1.1" 200 902 "https://royaltuning.hu/hu/checkout" "Mozilla/5.0 (Linux; Android 10; K) AppleWebKit/537.36 (KHTML, like Gecko) Chrome/126.0.0.0 Mobile Safari/537.36"
72.14.201.79 - - [26/Jun/2024:17:55:06 +0200] "GET /termek/volkswagen-tiguan-valtogomb-es-valtoszoknya-5-sebesseges-2/ HTTP/1.1" 301 303 "https://www.google.com/" "Mozilla/5.0 (Linux; Android 10; K) AppleWebKit/537.36 (KHTML, like Gecko) Chrome/126.0.0.0 Mobile Safari/537.36"
72.14.201.79 - - [26/Jun/2024:17:55:06 +0200] "GET /public/termek/volkswagen-tiguan-valtogomb-es-valtoszoknya-5-sebesseges-2 HTTP/1.1" 302 250 "https://www.google.com/" "Mozilla/5.0 (Linux; Android 10; K) AppleWebKit/537.36 (KHTML, like Gecko) Chrome/126.0.0.0 Mobile Safari/537.36"
72.14.201.79 - - [26/Jun/2024:17:55:06 +0200] "GET /public/hu/termek/volkswagen-tiguan-valtogomb-es-valtoszoknya-5-sebesseges-2 HTTP/1.1" 200 45616 "https://www.google.com/" "Mozilla/5.0 (Linux; Android 10; K) AppleWebKit/537.36 (KHTML, like Gecko) Chrome/126.0.0.0 Mobile Safari/537.36"
66.249.70.161 - - [26/Jun/2024:17:55:08 +0200] "GET /public/hu/termekkategoria/xenon-szettek/xenon-szettek-xenon-szettek/hb4-xenon-szettek HTTP/1.1" 200 42184 "-" "Mozilla/5.0 (Linux; Android 6.0.1; Nexus 5X Build/MMB29P) AppleWebKit/537.36 (KHTML, like Gecko) Chrome/125.0.6422.175 Mobile Safari/537.36 (compatible; Googlebot/2.1; +http://www.google.com/bot.html)"
37.76.23.213 - - [26/Jun/2024:17:55:12 +0200] "GET /termek/toyota-auris-valtoszoknya?gad_source=1&gclid=CjwKCAjw-O6zBhASEiwAOHeGxZ3nzsxWrCW1EnrPGQ68vTvqj4lvYqq4ZUC1is7_fk2KkNg-3LBN7RoCkrsQAvD_BwE HTTP/1.1" 302 330 "https://www.google.com/" "Mozilla/5.0 (Linux; Android 10; K) AppleWebKit/537.36 (KHTML, like Gecko) Chrome/126.0.0.0 Mobile Safari/537.36"
37.76.23.213 - - [26/Jun/2024:17:55:12 +0200] "GET /hu/termek/toyota-auris-valtoszoknya?gad_source=1&gclid=CjwKCAjw-O6zBhASEiwAOHeGxZ3nzsxWrCW1EnrPGQ68vTvqj4lvYqq4ZUC1is7_fk2KkNg-3LBN7RoCkrsQAvD_BwE HTTP/1.1" 200 44302 "https://www.google.com/" "Mozilla/5.0 (Linux; Android 10; K) AppleWebKit/537.36 (KHTML, like Gecko) Chrome/126.0.0.0 Mobile Safari/537.36"
37.76.23.213 - - [26/Jun/2024:17:55:14 +0200] "GET /hu/products/8123/reviews?page=1 HTTP/1.1" 200 232 "https://royaltuning.hu/hu/termek/toyota-auris-valtoszoknya?gad_source=1&gclid=CjwKCAjw-O6zBhASEiwAOHeGxZ3nzsxWrCW1EnrPGQ68vTvqj4lvYqq4ZUC1is7_fk2KkNg-3LBN7RoCkrsQAvD_BwE" "Mozilla/5.0 (Linux; Android 10; K) AppleWebKit/537.36 (KHTML, like Gecko) Chrome/126.0.0.0 Mobile Safari/537.36"
185.174.16.141 - - [26/Jun/2024:17:55:14 +0200] "GET /termek/citroen-kulcshaz-csavaros-javito-keszlet-2?gad_source=1&gclid=CjwKCAjw-O6zBhASEiwAOHeGxRx8IBT2RMiAA0D6TsJP-dZv39qPsVzacizPJdt7a13KRB1pbBDRDxoCTdMQAvD_BwE HTTP/1.1" 302 343 "https://www.google.com/" "Mozilla/5.0 (Linux; Android 10; K) AppleWebKit/537.36 (KHTML, like Gecko) Chrome/123.0.0.0 Mobile Safari/537.36"
37.76.23.213 - - [26/Jun/2024:17:55:13 +0200] "GET /captcha/image?_=807411190 HTTP/1.1" 200 5183 "https://royaltuning.hu/hu/termek/toyota-auris-valtoszoknya?gad_source=1&gclid=CjwKCAjw-O6zBhASEiwAOHeGxZ3nzsxWrCW1EnrPGQ68vTvqj4lvYqq4ZUC1is7_fk2KkNg-3LBN7RoCkrsQAvD_BwE" "Mozilla/5.0 (Linux; Android 10; K) AppleWebKit/537.36 (KHTML, like Gecko) Chrome/126.0.0.0 Mobile Safari/537.36"
185.174.16.141 - - [26/Jun/2024:17:55:14 +0200] "GET /hu/termek/citroen-kulcshaz-csavaros-javito-keszlet-2?gad_source=1&gclid=CjwKCAjw-O6zBhASEiwAOHeGxRx8IBT2RMiAA0D6TsJP-dZv39qPsVzacizPJdt7a13KRB1pbBDRDxoCTdMQAvD_BwE HTTP/1.1" 200 44157 "https://www.google.com/" "Mozilla/5.0 (Linux; Android 10; K) AppleWebKit/537.36 (KHTML, like Gecko) Chrome/123.0.0.0 Mobile Safari/537.36"
185.174.16.141 - - [26/Jun/2024:17:55:16 +0200] "GET /storage/media/peugeot_kulcs_javito_keszlet.jpg HTTP/1.1" 200 47225 "https://royaltuning.hu/hu/termek/citroen-kulcshaz-csavaros-javito-keszlet-2?gad_source=1&gclid=CjwKCAjw-O6zBhASEiwAOHeGxRx8IBT2RMiAA0D6TsJP-dZv39qPsVzacizPJdt7a13KRB1pbBDRDxoCTdMQAvD_BwE" "Mozilla/5.0 (Linux; Android 10; K) AppleWebKit/537.36 (KHTML, like Gecko) Chrome/123.0.0.0 Mobile Safari/537.36"
185.174.16.141 - - [26/Jun/2024:17:55:16 +0200] "GET /storage/media/citroen_kulcshaz_-2.jpg HTTP/1.1" 200 164593 "https://royaltuning.hu/hu/termek/citroen-kulcshaz-csavaros-javito-keszlet-2?gad_source=1&gclid=CjwKCAjw-O6zBhASEiwAOHeGxRx8IBT2RMiAA0D6TsJP-dZv39qPsVzacizPJdt7a13KRB1pbBDRDxoCTdMQAvD_BwE" "Mozilla/5.0 (Linux; Android 10; K) AppleWebKit/537.36 (KHTML, like Gecko) Chrome/123.0.0.0 Mobile Safari/537.36"
185.174.16.141 - - [26/Jun/2024:17:55:16 +0200] "GET /storage/media/peugeot_kulcshaz.jpg HTTP/1.1" 200 38893 "https://royaltuning.hu/hu/termek/citroen-kulcshaz-csavaros-javito-keszlet-2?gad_source=1&gclid=CjwKCAjw-O6zBhASEiwAOHeGxRx8IBT2RMiAA0D6TsJP-dZv39qPsVzacizPJdt7a13KRB1pbBDRDxoCTdMQAvD_BwE" "Mozilla/5.0 (Linux; Android 10; K) AppleWebKit/537.36 (KHTML, like Gecko) Chrome/123.0.0.0 Mobile Safari/537.36"
185.174.16.141 - - [26/Jun/2024:17:55:16 +0200] "GET /hu/products/203095/reviews?page=1 HTTP/1.1" 200 234 "https://royaltuning.hu/hu/termek/citroen-kulcshaz-csavaros-javito-keszlet-2?gad_source=1&gclid=CjwKCAjw-O6zBhASEiwAOHeGxRx8IBT2RMiAA0D6TsJP-dZv39qPsVzacizPJdt7a13KRB1pbBDRDxoCTdMQAvD_BwE" "Mozilla/5.0 (Linux; Android 10; K) AppleWebKit/537.36 (KHTML, like Gecko) Chrome/123.0.0.0 Mobile Safari/537.36"
185.174.16.141 - - [26/Jun/2024:17:55:16 +0200] "GET /captcha/image?_=853697562 HTTP/1.1" 200 5833 "https://royaltuning.hu/hu/termek/citroen-kulcshaz-csavaros-javito-keszlet-2?gad_source=1&gclid=CjwKCAjw-O6zBhASEiwAOHeGxRx8IBT2RMiAA0D6TsJP-dZv39qPsVzacizPJdt7a13KRB1pbBDRDxoCTdMQAvD_BwE" "Mozilla/5.0 (Linux; Android 10; K) AppleWebKit/537.36 (KHTML, like Gecko) Chrome/123.0.0.0 Mobile Safari/537.36"
37.76.37.144 - - [26/Jun/2024:17:55:20 +0200] "GET /hu/shop?query=BMW&brand=&category=&tag=&fromPrice=0&toPrice=114990&sort=relevance&perPage=30&page=2 HTTP/1.1" 200 2617 "https://royaltuning.hu/hu/shop?query=BMW" "Mozilla/5.0 (iPhone; CPU iPhone OS 17_5_1 like Mac OS X) AppleWebKit/605.1.15 (KHTML, like Gecko) Version/17.5 Mobile/15E148 Safari/604.1"
37.76.37.144 - - [26/Jun/2024:17:55:20 +0200] "GET /storage/media/bmw_kulcshaz_3gombos-4-1.jpg HTTP/1.1" 200 96465 "https://royaltuning.hu/hu/shop?query=BMW" "Mozilla/5.0 (iPhone; CPU iPhone OS 17_5_1 like Mac OS X) AppleWebKit/605.1.15 (KHTML, like Gecko) Version/17.5 Mobile/15E148 Safari/604.1"
37.76.37.144 - - [26/Jun/2024:17:55:20 +0200] "GET /storage/media/bmw_nyerskulcs_elektronikaval-2.jpg HTTP/1.1" 200 58823 "https://royaltuning.hu/hu/shop?query=BMW" "Mozilla/5.0 (iPhone; CPU iPhone OS 17_5_1 like Mac OS X) AppleWebKit/605.1.15 (KHTML, like Gecko) Version/17.5 Mobile/15E148 Safari/604.1"
37.76.37.144 - - [26/Jun/2024:17:55:20 +0200] "GET /storage/media/BMW_kulcshaz_3gombos-1.jpg HTTP/1.1" 200 36621 "https://royaltuning.hu/hu/shop?query=BMW" "Mozilla/5.0 (iPhone; CPU iPhone OS 17_5_1 like Mac OS X) AppleWebKit/605.1.15 (KHTML, like Gecko) Version/17.5 Mobile/15E148 Safari/604.1"
37.76.37.144 - - [26/Jun/2024:17:55:20 +0200] "GET /storage/media/bm1.jpg HTTP/1.1" 200 49412 "https://royaltuning.hu/hu/shop?query=BMW" "Mozilla/5.0 (iPhone; CPU iPhone OS 17_5_1 like Mac OS X) AppleWebKit/605.1.15 (KHTML, like Gecko) Version/17.5 Mobile/15E148 Safari/604.1"
37.76.37.144 - - [26/Jun/2024:17:55:20 +0200] "GET /storage/media/bmw_m_valtogomb-1.jpg HTTP/1.1" 200 11897 "https://royaltuning.hu/hu/shop?query=BMW" "Mozilla/5.0 (iPhone; CPU iPhone OS 17_5_1 like Mac OS X) AppleWebKit/605.1.15 (KHTML, like Gecko) Version/17.5 Mobile/15E148 Safari/604.1"
37.76.37.144 - - [26/Jun/2024:17:55:20 +0200] "GET /storage/media/Bmw_mtech_matrica-1.jpg HTTP/1.1" 200 86671 "https://royaltuning.hu/hu/shop?query=BMW" "Mozilla/5.0 (iPhone; CPU iPhone OS 17_5_1 like Mac OS X) AppleWebKit/605.1.15 (KHTML, like Gecko) Version/17.5 Mobile/15E148 Safari/604.1"
37.76.37.144 - - [26/Jun/2024:17:55:20 +0200] "GET /storage/media/bmw_m_valtogomb_6sebesseges-1.jpg HTTP/1.1" 200 12079 "https://royaltuning.hu/hu/shop?query=BMW" "Mozilla/5.0 (iPhone; CPU iPhone OS 17_5_1 like Mac OS X) AppleWebKit/605.1.15 (KHTML, like Gecko) Version/17.5 Mobile/15E148 Safari/604.1"
37.76.37.144 - - [26/Jun/2024:17:55:20 +0200] "GET /storage/media/bmw_valtogomb_6sebesseges_Mpower1.jpg HTTP/1.1" 200 46325 "https://royaltuning.hu/hu/shop?query=BMW" "Mozilla/5.0 (iPhone; CPU iPhone OS 17_5_1 like Mac OS X) AppleWebKit/605.1.15 (KHTML, like Gecko) Version/17.5 Mobile/15E148 Safari/604.1"
37.76.37.144 - - [26/Jun/2024:17:55:20 +0200] "GET /storage/media/bmw_1_valtogomb-1.jpg HTTP/1.1" 200 75580 "https://royaltuning.hu/hu/shop?query=BMW" "Mozilla/5.0 (iPhone; CPU iPhone OS 17_5_1 like Mac OS X) AppleWebKit/605.1.15 (KHTML, like Gecko) Version/17.5 Mobile/15E148 Safari/604.1"
37.76.37.144 - - [26/Jun/2024:17:55:20 +0200] "GET /storage/media/bmw_valtogomb_5sebesseges-1.jpg HTTP/1.1" 200 61948 "https://royaltuning.hu/hu/shop?query=BMW" "Mozilla/5.0 (iPhone; CPU iPhone OS 17_5_1 like Mac OS X) AppleWebKit/605.1.15 (KHTML, like Gecko) Version/17.5 Mobile/15E148 Safari/604.1"
37.76.37.144 - - [26/Jun/2024:17:55:20 +0200] "GET /storage/media/bmw_valtogomb_5sebesseges_ezust-1.jpg HTTP/1.1" 200 30790 "https://royaltuning.hu/hu/shop?query=BMW" "Mozilla/5.0 (iPhone; CPU iPhone OS 17_5_1 like Mac OS X) AppleWebKit/605.1.15 (KHTML, like Gecko) Version/17.5 Mobile/15E148 Safari/604.1"
37.76.37.144 - - [26/Jun/2024:17:55:20 +0200] "GET /storage/media/bmw_valtogomb_5sebesseges-1-1.jpg HTTP/1.1" 200 86877 "https://royaltuning.hu/hu/shop?query=BMW" "Mozilla/5.0 (iPhone; CPU iPhone OS 17_5_1 like Mac OS X) AppleWebKit/605.1.15 (KHTML, like Gecko) Version/17.5 Mobile/15E148 Safari/604.1"
37.76.37.144 - - [26/Jun/2024:17:55:20 +0200] "GET /storage/media/ZpHm3TjWB2WE6jcHnUuamhG72Erh6wLBi1VDDgTP.jpg HTTP/1.1" 200 57560 "https://royaltuning.hu/hu/shop?query=BMW" "Mozilla/5.0 (iPhone; CPU iPhone OS 17_5_1 like Mac OS X) AppleWebKit/605.1.15 (KHTML, like Gecko) Version/17.5 Mobile/15E148 Safari/604.1"
37.76.37.144 - - [26/Jun/2024:17:55:20 +0200] "GET /storage/media/BMW_valtogomb_5sebesseges_rovid_.jpg HTTP/1.1" 200 54386 "https://royaltuning.hu/hu/shop?query=BMW" "Mozilla/5.0 (iPhone; CPU iPhone OS 17_5_1 like Mac OS X) AppleWebKit/605.1.15 (KHTML, like Gecko) Version/17.5 Mobile/15E148 Safari/604.1"
37.76.37.144 - - [26/Jun/2024:17:55:20 +0200] "GET /storage/media/bmw_vilagitos_valtogomb-2.jpg HTTP/1.1" 200 94764 "https://royaltuning.hu/hu/shop?query=BMW" "Mozilla/5.0 (iPhone; CPU iPhone OS 17_5_1 like Mac OS X) AppleWebKit/605.1.15 (KHTML, like Gecko) Version/17.5 Mobile/15E148 Safari/604.1"
37.76.37.144 - - [26/Jun/2024:17:55:20 +0200] "GET /storage/media/bmw_e87_valtogomb-1.jpg HTTP/1.1" 200 75608 "https://royaltuning.hu/hu/shop?query=BMW" "Mozilla/5.0 (iPhone; CPU iPhone OS 17_5_1 like Mac OS X) AppleWebKit/605.1.15 (KHTML, like Gecko) Version/17.5 Mobile/15E148 Safari/604.1"
37.76.37.144 - - [26/Jun/2024:17:55:20 +0200] "GET /storage/media/bmw_valtogomb_6sebesseges.jpg HTTP/1.1" 200 62485 "https://royaltuning.hu/hu/shop?query=BMW" "Mozilla/5.0 (iPhone; CPU iPhone OS 17_5_1 like Mac OS X) AppleWebKit/605.1.15 (KHTML, like Gecko) Version/17.5 Mobile/15E148 Safari/604.1"
37.76.37.144 - - [26/Jun/2024:17:55:20 +0200] "GET /storage/media/bmw_valtogomb_6sebesseges_ezust-1.jpg HTTP/1.1" 200 59744 "https://royaltuning.hu/hu/shop?query=BMW" "Mozilla/5.0 (iPhone; CPU iPhone OS 17_5_1 like Mac OS X) AppleWebKit/605.1.15 (KHTML, like Gecko) Version/17.5 Mobile/15E148 Safari/604.1"
37.76.37.144 - - [26/Jun/2024:17:55:20 +0200] "GET /storage/media/bmw_valtogomb_6sebesseges-1.jpg HTTP/1.1" 200 84881 "https://royaltuning.hu/hu/shop?query=BMW" "Mozilla/5.0 (iPhone; CPU iPhone OS 17_5_1 like Mac OS X) AppleWebKit/605.1.15 (KHTML, like Gecko) Version/17.5 Mobile/15E148 Safari/604.1"
37.76.37.144 - - [26/Jun/2024:17:55:20 +0200] "GET /storage/media/bmw_vilagitos_valtogomb-1.jpg HTTP/1.1" 200 277209 "https://royaltuning.hu/hu/shop?query=BMW" "Mozilla/5.0 (iPhone; CPU iPhone OS 17_5_1 like Mac OS X) AppleWebKit/605.1.15 (KHTML, like Gecko) Version/17.5 Mobile/15E148 Safari/604.1"
37.76.37.144 - - [26/Jun/2024:17:55:20 +0200] "GET /storage/media/slIG6CLBwmDfVDofc5cvkHhlNQrwjB7uH4U16Czg.jpg HTTP/1.1" 200 55757 "https://royaltuning.hu/hu/shop?query=BMW" "Mozilla/5.0 (iPhone; CPU iPhone OS 17_5_1 like Mac OS X) AppleWebKit/605.1.15 (KHTML, like Gecko) Version/17.5 Mobile/15E148 Safari/604.1"
37.76.37.144 - - [26/Jun/2024:17:55:20 +0200] "GET /storage/media/bmw_valtogomb_vilagitos-2.jpg HTTP/1.1" 200 223201 "https://royaltuning.hu/hu/shop?query=BMW" "Mozilla/5.0 (iPhone; CPU iPhone OS 17_5_1 like Mac OS X) AppleWebKit/605.1.15 (KHTML, like Gecko) Version/17.5 Mobile/15E148 Safari/604.1"
37.76.37.144 - - [26/Jun/2024:17:55:20 +0200] "GET /storage/media/bmw_valtogomb_vilagitos-1.jpg HTTP/1.1" 200 228891 "https://royaltuning.hu/hu/shop?query=BMW" "Mozilla/5.0 (iPhone; CPU iPhone OS 17_5_1 like Mac OS X) AppleWebKit/605.1.15 (KHTML, like Gecko) Version/17.5 Mobile/15E148 Safari/604.1"
37.76.37.144 - - [26/Jun/2024:17:55:21 +0200] "GET /storage/media/BMW_valtogomb_6sebesseges_rovid-1.jpg HTTP/1.1" 200 53864 "https://royaltuning.hu/hu/shop?query=BMW" "Mozilla/5.0 (iPhone; CPU iPhone OS 17_5_1 like Mac OS X) AppleWebKit/605.1.15 (KHTML, like Gecko) Version/17.5 Mobile/15E148 Safari/604.1"
37.76.37.144 - - [26/Jun/2024:17:55:20 +0200] "GET /storage/media/bmw_valtogomb_vilagitos-3.jpg HTTP/1.1" 200 231465 "https://royaltuning.hu/hu/shop?query=BMW" "Mozilla/5.0 (iPhone; CPU iPhone OS 17_5_1 like Mac OS X) AppleWebKit/605.1.15 (KHTML, like Gecko) Version/17.5 Mobile/15E148 Safari/604.1"
37.76.37.144 - - [26/Jun/2024:17:55:21 +0200] "GET /storage/media/bmw_vilagitos_valtogomb-3.jpg HTTP/1.1" 200 75347 "https://royaltuning.hu/hu/shop?query=BMW" "Mozilla/5.0 (iPhone; CPU iPhone OS 17_5_1 like Mac OS X) AppleWebKit/605.1.15 (KHTML, like Gecko) Version/17.5 Mobile/15E148 Safari/604.1"
37.76.37.144 - - [26/Jun/2024:17:55:21 +0200] "GET /storage/media/20230428_114807.jpg HTTP/1.1" 200 87753 "https://royaltuning.hu/hu/shop?query=BMW" "Mozilla/5.0 (iPhone; CPU iPhone OS 17_5_1 like Mac OS X) AppleWebKit/605.1.15 (KHTML, like Gecko) Version/17.5 Mobile/15E148 Safari/604.1"
37.76.37.144 - - [26/Jun/2024:17:55:21 +0200] "GET /storage/media/automata_bmw_valtogomb-1.jpg HTTP/1.1" 200 52989 "https://royaltuning.hu/hu/shop?query=BMW" "Mozilla/5.0 (iPhone; CPU iPhone OS 17_5_1 like Mac OS X) AppleWebKit/605.1.15 (KHTML, like Gecko) Version/17.5 Mobile/15E148 Safari/604.1"
37.76.37.144 - - [26/Jun/2024:17:55:21 +0200] "GET /storage/media/bmw_valtogomb_5sebesseges_Mpower1.jpg HTTP/1.1" 200 49686 "https://royaltuning.hu/hu/shop?query=BMW" "Mozilla/5.0 (iPhone; CPU iPhone OS 17_5_1 like Mac OS X) AppleWebKit/605.1.15 (KHTML, like Gecko) Version/17.5 Mobile/15E148 Safari/604.1"
66.249.70.160 - - [26/Jun/2024:17:55:23 +0200] "GET /public/captcha/image?_=518980229 HTTP/1.1" 200 5415 "-" "Googlebot-Image/1.0"
87.242.42.18 - - [26/Jun/2024:17:55:26 +0200] "GET /public/termek/kia-valtogomb-6-sebesseges HTTP/1.1" 302 227 "https://www.google.com/" "Mozilla/5.0 (Linux; Android 10; K) AppleWebKit/537.36 (KHTML, like Gecko) Chrome/126.0.0.0 Mobile Safari/537.36"
87.242.42.18 - - [26/Jun/2024:17:55:26 +0200] "GET /public/hu/termek/kia-valtogomb-6-sebesseges HTTP/1.1" 200 44439 "https://www.google.com/" "Mozilla/5.0 (Linux; Android 10; K) AppleWebKit/537.36 (KHTML, like Gecko) Chrome/126.0.0.0 Mobile Safari/537.36"
37.76.37.144 - - [26/Jun/2024:17:55:27 +0200] "GET /hu/shop?query=BMW&brand=&category=&tag=&fromPrice=0&toPrice=114990&sort=relevance&perPage=30&page=3 HTTP/1.1" 200 959 "https://royaltuning.hu/hu/shop?query=BMW" "Mozilla/5.0 (iPhone; CPU iPhone OS 17_5_1 like Mac OS X) AppleWebKit/605.1.15 (KHTML, like Gecko) Version/17.5 Mobile/15E148 Safari/604.1"
37.76.37.144 - - [26/Jun/2024:17:55:27 +0200] "GET /storage/media/BMW_obd_atalakito_kabel-1.jpg HTTP/1.1" 200 83922 "https://royaltuning.hu/hu/shop?query=BMW" "Mozilla/5.0 (iPhone; CPU iPhone OS 17_5_1 like Mac OS X) AppleWebKit/605.1.15 (KHTML, like Gecko) Version/17.5 Mobile/15E148 Safari/604.1"
87.242.42.18 - - [26/Jun/2024:17:55:28 +0200] "GET /public/themes/storefront/public/css/app.css?v=3.1.0 HTTP/1.1" 200 72700 "https://royaltuning.hu/public/hu/termek/kia-valtogomb-6-sebesseges" "Mozilla/5.0 (Linux; Android 10; K) AppleWebKit/537.36 (KHTML, like Gecko) Chrome/126.0.0.0 Mobile Safari/537.36"
37.76.37.144 - - [26/Jun/2024:17:55:28 +0200] "GET /storage/media/bmw_hibakodolvaso_v3-1.jpg HTTP/1.1" 200 278505 "https://royaltuning.hu/hu/shop?query=BMW" "Mozilla/5.0 (iPhone; CPU iPhone OS 17_5_1 like Mac OS X) AppleWebKit/605.1.15 (KHTML, like Gecko) Version/17.5 Mobile/15E148 Safari/604.1"
87.242.42.18 - - [26/Jun/2024:17:55:28 +0200] "GET /public/vendor/cookie-consent/css/cookie-consent.css HTTP/1.1" 200 990 "https://royaltuning.hu/public/hu/termek/kia-valtogomb-6-sebesseges" "Mozilla/5.0 (Linux; Android 10; K) AppleWebKit/537.36 (KHTML, like Gecko) Chrome/126.0.0.0 Mobile Safari/537.36"
87.242.42.18 - - [26/Jun/2024:17:55:28 +0200] "GET /storage/media/rpiKsmcVc59LwHHydMWZkR91adM4KGiqcvvmbod4.png HTTP/1.1" 200 17070 "https://royaltuning.hu/public/hu/termek/kia-valtogomb-6-sebesseges" "Mozilla/5.0 (Linux; Android 10; K) AppleWebKit/537.36 (KHTML, like Gecko) Chrome/126.0.0.0 Mobile Safari/537.36"
87.242.42.18 - - [26/Jun/2024:17:55:29 +0200] "GET /storage/media/kia_valtogomb-3.png HTTP/1.1" 200 154439 "https://royaltuning.hu/public/hu/termek/kia-valtogomb-6-sebesseges" "Mozilla/5.0 (Linux; Android 10; K) AppleWebKit/537.36 (KHTML, like Gecko) Chrome/126.0.0.0 Mobile Safari/537.36"
87.242.42.18 - - [26/Jun/2024:17:55:29 +0200] "GET /storage/media/kia_valtogomb-2.png HTTP/1.1" 200 120486 "https://royaltuning.hu/public/hu/termek/kia-valtogomb-6-sebesseges" "Mozilla/5.0 (Linux; Android 10; K) AppleWebKit/537.36 (KHTML, like Gecko) Chrome/126.0.0.0 Mobile Safari/537.36"
87.242.42.18 - - [26/Jun/2024:17:55:29 +0200] "GET /storage/media/kia_valtogomb-1.png HTTP/1.1" 200 168010 "https://royaltuning.hu/public/hu/termek/kia-valtogomb-6-sebesseges" "Mozilla/5.0 (Linux; Android 10; K) AppleWebKit/537.36 (KHTML, like Gecko) Chrome/126.0.0.0 Mobile Safari/537.36"
87.242.42.18 - - [26/Jun/2024:17:55:29 +0200] "GET /public/themes/storefront/public/images/arrow-black.png HTTP/1.1" 200 221 "https://royaltuning.hu/public/themes/storefront/public/css/app.css?v=3.1.0" "Mozilla/5.0 (Linux; Android 10; K) AppleWebKit/537.36 (KHTML, like Gecko) Chrome/126.0.0.0 Mobile Safari/537.36"
87.242.42.18 - - [26/Jun/2024:17:55:29 +0200] "GET /public/themes/storefront/public/js/flatpickr.js?v=3.1.0 HTTP/1.1" 200 65517 "https://royaltuning.hu/public/hu/termek/kia-valtogomb-6-sebesseges" "Mozilla/5.0 (Linux; Android 10; K) AppleWebKit/537.36 (KHTML, like Gecko) Chrome/126.0.0.0 Mobile Safari/537.36"
66.249.70.160 - - [26/Jun/2024:17:55:29 +0200] "GET /termek/1n23456-kulcstarto HTTP/1.1" 302 218 "-" "Mozilla/5.0 (compatible; Googlebot/2.1; +http://www.google.com/bot.html)"
87.242.42.18 - - [26/Jun/2024:17:55:29 +0200] "GET /public/vendor/cookie-consent/js/cookie-consent.js HTTP/1.1" 200 11136 "https://royaltuning.hu/public/hu/termek/kia-valtogomb-6-sebesseges" "Mozilla/5.0 (Linux; Android 10; K) AppleWebKit/537.36 (KHTML, like Gecko) Chrome/126.0.0.0 Mobile Safari/537.36"
87.242.42.18 - - [26/Jun/2024:17:55:29 +0200] "GET /storage/media/c0t7luzASFx7EVSpbCjKOjfFo89DRMqzfBVMmmvt.png HTTP/1.1" 200 18256 "https://royaltuning.hu/public/hu/termek/kia-valtogomb-6-sebesseges" "Mozilla/5.0 (Linux; Android 10; K) AppleWebKit/537.36 (KHTML, like Gecko) Chrome/126.0.0.0 Mobile Safari/537.36"
87.242.42.18 - - [26/Jun/2024:17:55:29 +0200] "GET /public/themes/storefront/public/js/app.js?v=3.1.0 HTTP/1.1" 200 979893 "https://royaltuning.hu/public/hu/termek/kia-valtogomb-6-sebesseges" "Mozilla/5.0 (Linux; Android 10; K) AppleWebKit/537.36 (KHTML, like Gecko) Chrome/126.0.0.0 Mobile Safari/537.36"
87.242.42.18 - - [26/Jun/2024:17:55:30 +0200] "GET /storage/media/LR8IfEu8TFdtixq0lkK2SomaSuyRv02mO7hPPjoL.jpg HTTP/1.1" 200 86609 "https://royaltuning.hu/public/hu/termek/kia-valtogomb-6-sebesseges" "Mozilla/5.0 (Linux; Android 10; K) AppleWebKit/537.36 (KHTML, like Gecko) Chrome/126.0.0.0 Mobile Safari/537.36"
87.242.42.18 - - [26/Jun/2024:17:55:30 +0200] "GET /public/themes/storefront/public/fonts/la-regular-400.woff2 HTTP/1.1" 200 12923 "https://royaltuning.hu/public/themes/storefront/public/css/app.css?v=3.1.0" "Mozilla/5.0 (Linux; Android 10; K) AppleWebKit/537.36 (KHTML, like Gecko) Chrome/126.0.0.0 Mobile Safari/537.36"
87.242.42.18 - - [26/Jun/2024:17:55:30 +0200] "GET /public/themes/storefront/public/fonts/la-brands-400.woff2 HTTP/1.1" 200 84805 "https://royaltuning.hu/public/themes/storefront/public/css/app.css?v=3.1.0" "Mozilla/5.0 (Linux; Android 10; K) AppleWebKit/537.36 (KHTML, like Gecko) Chrome/126.0.0.0 Mobile Safari/537.36"
87.242.42.18 - - [26/Jun/2024:17:55:30 +0200] "GET /public/themes/storefront/public/fonts/la-solid-900.woff2 HTTP/1.1" 200 96652 "https://royaltuning.hu/public/themes/storefront/public/css/app.css?v=3.1.0" "Mozilla/5.0 (Linux; Android 10; K) AppleWebKit/537.36 (KHTML, like Gecko) Chrome/126.0.0.0 Mobile Safari/537.36"
87.242.42.18 - - [26/Jun/2024:17:55:30 +0200] "GET /wp-content/uploads/2022/06/kia_valtogomb-2-500x500.jpg HTTP/1.1" 200 22805 "https://royaltuning.hu/public/hu/termek/kia-valtogomb-6-sebesseges" "Mozilla/5.0 (Linux; Android 10; K) AppleWebKit/537.36 (KHTML, like Gecko) Chrome/126.0.0.0 Mobile Safari/537.36"
87.242.42.18 - - [26/Jun/2024:17:55:30 +0200] "GET /wp-content/uploads/2022/06/kia_valtogomb-2.png HTTP/1.1" 200 120486 "https://royaltuning.hu/public/hu/termek/kia-valtogomb-6-sebesseges" "Mozilla/5.0 (Linux; Android 10; K) AppleWebKit/537.36 (KHTML, like Gecko) Chrome/126.0.0.0 Mobile Safari/537.36"
87.242.42.18 - - [26/Jun/2024:17:55:30 +0200] "GET /public/hu/products/111206/reviews?page=1 HTTP/1.1" 200 237 "https://royaltuning.hu/public/hu/termek/kia-valtogomb-6-sebesseges" "Mozilla/5.0 (Linux; Android 10; K) AppleWebKit/537.36 (KHTML, like Gecko) Chrome/126.0.0.0 Mobile Safari/537.36"
87.242.42.18 - - [26/Jun/2024:17:55:30 +0200] "GET /public/themes/storefront/public/css/ajax-loader.gif HTTP/1.1" 200 4178 "https://royaltuning.hu/public/themes/storefront/public/css/app.css?v=3.1.0" "Mozilla/5.0 (Linux; Android 10; K) AppleWebKit/537.36 (KHTML, like Gecko) Chrome/126.0.0.0 Mobile Safari/537.36"
87.242.42.18 - - [26/Jun/2024:17:55:29 +0200] "GET /public/captcha/image?_=439698146 HTTP/1.1" 200 5347 "https://royaltuning.hu/public/hu/termek/kia-valtogomb-6-sebesseges" "Mozilla/5.0 (Linux; Android 10; K) AppleWebKit/537.36 (KHTML, like Gecko) Chrome/126.0.0.0 Mobile Safari/537.36"
66.249.70.160 - - [26/Jun/2024:17:55:30 +0200] "GET /hu/termek/1n23456-kulcstarto HTTP/1.1" 200 38627 "-" "Mozilla/5.0 (compatible; Googlebot/2.1; +http://www.google.com/bot.html)"
185.174.16.141 - - [26/Jun/2024:17:55:35 +0200] "GET /termek/citroen-kulcshaz-pattintos?gad_source=1&gclid=CjwKCAjw-O6zBhASEiwAOHeGxQKg-hwB1go4_DZEw96_fwZMT7DZIdpnydjNiz6qZDo4Uz7J6L7NtBoCyrsQAvD_BwE HTTP/1.1" 302 331 "https://www.google.com/" "Mozilla/5.0 (Linux; Android 10; K) AppleWebKit/537.36 (KHTML, like Gecko) Chrome/123.0.0.0 Mobile Safari/537.36"
66.249.64.226 - - [26/Jun/2024:17:55:34 +0200] "GET /public/hu/termek/peugeot-bicskakulcs-3gombos-hu83-szarral-csomagternyitos HTTP/1.1" 200 45285 "-" "Mozilla/5.0 (Linux; Android 6.0.1; Nexus 5X Build/MMB29P) AppleWebKit/537.36 (KHTML, like Gecko) Chrome/125.0.6422.175 Mobile Safari/537.36 (compatible; Googlebot/2.1; +http://www.google.com/bot.html)"
213.225.14.58 - - [26/Jun/2024:17:55:34 +0200] "GET /public/hu/termek/h1-izzo-super-white-5500k-1db HTTP/1.1" 200 44793 "https://royaltuning.hu/public/hu/termekkategoria/h1-izzok-emeltfenyu-halogen-izzok" "Mozilla/5.0 (Linux; Android 14; SM-A136B Build/UP1A.231005.007; wv) AppleWebKit/537.36 (KHTML, like Gecko) Version/4.0 Chrome/126.0.6478.71 Mobile Safari/537.36 [FB_IAB/FB4A;FBAV/469.2.0.51.80;]"
101.44.160.32 - - [26/Jun/2024:17:55:36 +0200] "GET /termek/chevrolet-bicskakulcs-2gombos-2/?add_to_wishlist=5082 HTTP/1.1" 301 297 "-" "Mozilla/5.0 (Windows NT 10.0; Win64; x64) AppleWebKit/537.36 (KHTML, like Gecko) Chrome/101.0.4951.67 Safari/537.36"
185.174.16.141 - - [26/Jun/2024:17:55:35 +0200] "GET /hu/termek/citroen-kulcshaz-pattintos?gad_source=1&gclid=CjwKCAjw-O6zBhASEiwAOHeGxQKg-hwB1go4_DZEw96_fwZMT7DZIdpnydjNiz6qZDo4Uz7J6L7NtBoCyrsQAvD_BwE HTTP/1.1" 200 44238 "https://www.google.com/" "Mozilla/5.0 (Linux; Android 10; K) AppleWebKit/537.36 (KHTML, like Gecko) Chrome/123.0.0.0 Mobile Safari/537.36"
213.225.14.58 - - [26/Jun/2024:17:55:36 +0200] "GET /public/hu/products/228525/reviews?page=1 HTTP/1.1" 200 238 "https://royaltuning.hu/public/hu/termek/h1-izzo-super-white-5500k-1db" "Mozilla/5.0 (Linux; Android 14; SM-A136B Build/UP1A.231005.007; wv) AppleWebKit/537.36 (KHTML, like Gecko) Version/4.0 Chrome/126.0.6478.71 Mobile Safari/537.36 [FB_IAB/FB4A;FBAV/469.2.0.51.80;]"
66.249.64.226 - - [26/Jun/2024:17:55:35 +0200] "GET /captcha/image?_=986878763?_= HTTP/1.1" 200 4086 "-" "Mozilla/5.0 (Linux; Android 6.0.1; Nexus 5X Build/MMB29P) AppleWebKit/537.36 (KHTML, like Gecko) Chrome/125.0.6422.175 Mobile Safari/537.36 (compatible; Googlebot/2.1; +http://www.google.com/bot.html)"
185.174.16.141 - - [26/Jun/2024:17:55:36 +0200] "GET /hu/products/5090/reviews?page=1 HTTP/1.1" 200 231 "https://royaltuning.hu/hu/termek/citroen-kulcshaz-pattintos?gad_source=1&gclid=CjwKCAjw-O6zBhASEiwAOHeGxQKg-hwB1go4_DZEw96_fwZMT7DZIdpnydjNiz6qZDo4Uz7J6L7NtBoCyrsQAvD_BwE" "Mozilla/5.0 (Linux; Android 10; K) AppleWebKit/537.36 (KHTML, like Gecko) Chrome/123.0.0.0 Mobile Safari/537.36"
213.225.14.58 - - [26/Jun/2024:17:55:36 +0200] "GET /public/captcha/image?_=559333597 HTTP/1.1" 200 4884 "https://royaltuning.hu/public/hu/termek/h1-izzo-super-white-5500k-1db" "Mozilla/5.0 (Linux; Android 14; SM-A136B Build/UP1A.231005.007; wv) AppleWebKit/537.36 (KHTML, like Gecko) Version/4.0 Chrome/126.0.6478.71 Mobile Safari/537.36 [FB_IAB/FB4A;FBAV/469.2.0.51.80;]"
185.174.16.141 - - [26/Jun/2024:17:55:36 +0200] "GET /captcha/image?_=426956720 HTTP/1.1" 200 5965 "https://royaltuning.hu/hu/termek/citroen-kulcshaz-pattintos?gad_source=1&gclid=CjwKCAjw-O6zBhASEiwAOHeGxQKg-hwB1go4_DZEw96_fwZMT7DZIdpnydjNiz6qZDo4Uz7J6L7NtBoCyrsQAvD_BwE" "Mozilla/5.0 (Linux; Android 10; K) AppleWebKit/537.36 (KHTML, like Gecko) Chrome/123.0.0.0 Mobile Safari/537.36"
66.249.64.8 - - [26/Jun/2024:17:55:37 +0200] "GET /captcha/image?_=696793758?_= HTTP/1.1" 200 5784 "-" "Mozilla/5.0 (Linux; Android 6.0.1; Nexus 5X Build/MMB29P) AppleWebKit/537.36 (KHTML, like Gecko) Chrome/125.0.6422.175 Mobile Safari/537.36 (compatible; Googlebot/2.1; +http://www.google.com/bot.html)"
101.44.160.32 - - [26/Jun/2024:17:55:39 +0200] "GET /public/termek/chevrolet-bicskakulcs-2gombos-2?add_to_wishlist=5082 HTTP/1.1" 302 250 "-" "Mozilla/5.0 (Windows NT 10.0; Win64; x64) AppleWebKit/537.36 (KHTML, like Gecko) Chrome/101.0.4951.67 Safari/537.36"
66.249.70.160 - - [26/Jun/2024:17:55:38 +0200] "GET /captcha/image?_=95166456?_= HTTP/1.1" 200 5179 "-" "Mozilla/5.0 (Linux; Android 6.0.1; Nexus 5X Build/MMB29P) AppleWebKit/537.36 (KHTML, like Gecko) Chrome/125.0.6422.175 Mobile Safari/537.36 (compatible; Googlebot/2.1; +http://www.google.com/bot.html)"
185.174.16.141 - - [26/Jun/2024:17:55:40 +0200] "GET /hu/suggestions?query=C HTTP/1.1" 200 562 "https://royaltuning.hu/hu/termek/citroen-kulcshaz-pattintos?gad_source=1&gclid=CjwKCAjw-O6zBhASEiwAOHeGxQKg-hwB1go4_DZEw96_fwZMT7DZIdpnydjNiz6qZDo4Uz7J6L7NtBoCyrsQAvD_BwE" "Mozilla/5.0 (Linux; Android 10; K) AppleWebKit/537.36 (KHTML, like Gecko) Chrome/123.0.0.0 Mobile Safari/537.36"
185.174.16.141 - - [26/Jun/2024:17:55:40 +0200] "GET /storage/media/12v_kapcsolo_autoba-1.jpg HTTP/1.1" 200 240441 "https://royaltuning.hu/hu/termek/citroen-kulcshaz-pattintos?gad_source=1&gclid=CjwKCAjw-O6zBhASEiwAOHeGxQKg-hwB1go4_DZEw96_fwZMT7DZIdpnydjNiz6qZDo4Uz7J6L7NtBoCyrsQAvD_BwE" "Mozilla/5.0 (Linux; Android 10; K) AppleWebKit/537.36 (KHTML, like Gecko) Chrome/123.0.0.0 Mobile Safari/537.36"
37.76.37.144 - - [26/Jun/2024:17:55:40 +0200] "GET /hu/termekkategoria/lampafoliak-2 HTTP/1.1" 200 41279 "https://royaltuning.hu/hu/shop?query=BMW" "Mozilla/5.0 (iPhone; CPU iPhone OS 17_5_1 like Mac OS X) AppleWebKit/605.1.15 (KHTML, like Gecko) Version/17.5 Mobile/15E148 Safari/604.1"
185.174.16.141 - - [26/Jun/2024:17:55:40 +0200] "GET /storage/media/12v_kapcsolo_nyomogombos-1.jpg HTTP/1.1" 200 213184 "https://royaltuning.hu/hu/termek/citroen-kulcshaz-pattintos?gad_source=1&gclid=CjwKCAjw-O6zBhASEiwAOHeGxQKg-hwB1go4_DZEw96_fwZMT7DZIdpnydjNiz6qZDo4Uz7J6L7NtBoCyrsQAvD_BwE" "Mozilla/5.0 (Linux; Android 10; K) AppleWebKit/537.36 (KHTML, like Gecko) Chrome/123.0.0.0 Mobile Safari/537.36"
37.76.37.144 - - [26/Jun/2024:17:55:42 +0200] "GET /hu/shop?query=&brand=&category=lampafoliak-2&tag=&fromPrice=0&toPrice=114990&sort=alphabetic&perPage=30&page=1 HTTP/1.1" 200 2528 "https://royaltuning.hu/hu/termekkategoria/lampafoliak-2" "Mozilla/5.0 (iPhone; CPU iPhone OS 17_5_1 like Mac OS X) AppleWebKit/605.1.15 (KHTML, like Gecko) Version/17.5 Mobile/15E148 Safari/604.1"
37.76.37.144 - - [26/Jun/2024:17:55:42 +0200] "GET /storage/media/atlatszo_lampafolia-4.jpg HTTP/1.1" 200 51563 "https://royaltuning.hu/hu/termekkategoria/lampafoliak-2" "Mozilla/5.0 (iPhone; CPU iPhone OS 17_5_1 like Mac OS X) AppleWebKit/605.1.15 (KHTML, like Gecko) Version/17.5 Mobile/15E148 Safari/604.1"
37.76.37.144 - - [26/Jun/2024:17:55:42 +0200] "GET /storage/media/fenyszoro_felujito_csomag.jpg HTTP/1.1" 200 21662 "https://royaltuning.hu/hu/termekkategoria/lampafoliak-2" "Mozilla/5.0 (iPhone; CPU iPhone OS 17_5_1 like Mac OS X) AppleWebKit/605.1.15 (KHTML, like Gecko) Version/17.5 Mobile/15E148 Safari/604.1"
37.76.37.144 - - [26/Jun/2024:17:55:42 +0200] "GET /storage/media/matt_lampafoliak.jpg HTTP/1.1" 200 39562 "https://royaltuning.hu/hu/termekkategoria/lampafoliak-2" "Mozilla/5.0 (iPhone; CPU iPhone OS 17_5_1 like Mac OS X) AppleWebKit/605.1.15 (KHTML, like Gecko) Version/17.5 Mobile/15E148 Safari/604.1"
37.76.37.144 - - [26/Jun/2024:17:55:42 +0200] "GET /storage/media/bRDWPCN4V8UfNsfxRmbNtNof7xmSbju2fclLOpfF.jpg HTTP/1.1" 200 44728 "https://royaltuning.hu/hu/termekkategoria/lampafoliak-2" "Mozilla/5.0 (iPhone; CPU iPhone OS 17_5_1 like Mac OS X) AppleWebKit/605.1.15 (KHTML, like Gecko) Version/17.5 Mobile/15E148 Safari/604.1"
37.76.37.144 - - [26/Jun/2024:17:55:42 +0200] "GET /storage/media/fust_lampafolia-1-1.jpg HTTP/1.1" 200 42896 "https://royaltuning.hu/hu/termekkategoria/lampafoliak-2" "Mozilla/5.0 (iPhone; CPU iPhone OS 17_5_1 like Mac OS X) AppleWebKit/605.1.15 (KHTML, like Gecko) Version/17.5 Mobile/15E148 Safari/604.1"
37.76.37.144 - - [26/Jun/2024:17:55:42 +0200] "GET /storage/media/90nNpAkrqtbtNHxCuoTxIZrUhUNJSGPQFrkZ6oAt.jpg HTTP/1.1" 200 52067 "https://royaltuning.hu/hu/termekkategoria/lampafoliak-2" "Mozilla/5.0 (iPhone; CPU iPhone OS 17_5_1 like Mac OS X) AppleWebKit/605.1.15 (KHTML, like Gecko) Version/17.5 Mobile/15E148 Safari/604.1"
37.76.37.144 - - [26/Jun/2024:17:55:42 +0200] "GET /storage/media/autolampa_polirozo_keszlet-1.jpg HTTP/1.1" 200 75153 "https://royaltuning.hu/hu/termekkategoria/lampafoliak-2" "Mozilla/5.0 (iPhone; CPU iPhone OS 17_5_1 like Mac OS X) AppleWebKit/605.1.15 (KHTML, like Gecko) Version/17.5 Mobile/15E148 Safari/604.1"
37.76.37.144 - - [26/Jun/2024:17:55:42 +0200] "GET /storage/media/lampa_folia_narancssarga-1.jpg HTTP/1.1" 200 142079 "https://royaltuning.hu/hu/termekkategoria/lampafoliak-2" "Mozilla/5.0 (iPhone; CPU iPhone OS 17_5_1 like Mac OS X) AppleWebKit/605.1.15 (KHTML, like Gecko) Version/17.5 Mobile/15E148 Safari/604.1"
37.76.37.144 - - [26/Jun/2024:17:55:42 +0200] "GET /storage/media/kameleon_lampafolia-1.jpg HTTP/1.1" 200 145141 "https://royaltuning.hu/hu/termekkategoria/lampafoliak-2" "Mozilla/5.0 (iPhone; CPU iPhone OS 17_5_1 like Mac OS X) AppleWebKit/605.1.15 (KHTML, like Gecko) Version/17.5 Mobile/15E148 Safari/604.1"
17.241.75.236 - - [26/Jun/2024:17:55:41 +0200] "GET /hu/termekkategoria/autosamponok HTTP/1.1" 200 41951 "-" "Mozilla/5.0 (Macintosh; Intel Mac OS X 10_15_7) AppleWebKit/605.1.15 (KHTML, like Gecko) Version/17.4 Safari/605.1.15 (Applebot/0.1; +http://www.apple.com/go/applebot)"
37.76.37.144 - - [26/Jun/2024:17:55:42 +0200] "GET /storage/media/kek_lampafolia-1.jpg HTTP/1.1" 200 85030 "https://royaltuning.hu/hu/termekkategoria/lampafoliak-2" "Mozilla/5.0 (iPhone; CPU iPhone OS 17_5_1 like Mac OS X) AppleWebKit/605.1.15 (KHTML, like Gecko) Version/17.5 Mobile/15E148 Safari/604.1"
37.76.37.144 - - [26/Jun/2024:17:55:42 +0200] "GET /storage/media/UEBr0YttCy58BZpUwozROx7fZIwhCLLJCtnAvo25.jpg HTTP/1.1" 200 44435 "https://royaltuning.hu/hu/termekkategoria/lampafoliak-2" "Mozilla/5.0 (iPhone; CPU iPhone OS 17_5_1 like Mac OS X) AppleWebKit/605.1.15 (KHTML, like Gecko) Version/17.5 Mobile/15E148 Safari/604.1"
185.174.16.141 - - [26/Jun/2024:17:55:40 +0200] "GET /storage/media/12v_kapcsolo_autoba-4.jpg HTTP/1.1" 200 251568 "https://royaltuning.hu/hu/termek/citroen-kulcshaz-pattintos?gad_source=1&gclid=CjwKCAjw-O6zBhASEiwAOHeGxQKg-hwB1go4_DZEw96_fwZMT7DZIdpnydjNiz6qZDo4Uz7J6L7NtBoCyrsQAvD_BwE" "Mozilla/5.0 (Linux; Android 10; K) AppleWebKit/537.36 (KHTML, like Gecko) Chrome/123.0.0.0 Mobile Safari/537.36"
185.174.16.141 - - [26/Jun/2024:17:55:40 +0200] "GET /storage/media/12v_kapcsolo_nyomogombos-4.jpg HTTP/1.1" 200 221104 "https://royaltuning.hu/hu/termek/citroen-kulcshaz-pattintos?gad_source=1&gclid=CjwKCAjw-O6zBhASEiwAOHeGxQKg-hwB1go4_DZEw96_fwZMT7DZIdpnydjNiz6qZDo4Uz7J6L7NtBoCyrsQAvD_BwE" "Mozilla/5.0 (Linux; Android 10; K) AppleWebKit/537.36 (KHTML, like Gecko) Chrome/123.0.0.0 Mobile Safari/537.36"
101.44.160.32 - - [26/Jun/2024:17:55:41 +0200] "GET /public/hu/termek/chevrolet-bicskakulcs-2gombos-2?add_to_wishlist=5082 HTTP/1.1" 200 43175 "-" "Mozilla/5.0 (Windows NT 10.0; Win64; x64) AppleWebKit/537.36 (KHTML, like Gecko) Chrome/101.0.4951.67 Safari/537.36"
185.174.16.141 - - [26/Jun/2024:17:55:40 +0200] "GET /storage/media/12v_kapcsolo_nyomogombos-2.jpg HTTP/1.1" 200 218402 "https://royaltuning.hu/hu/termek/citroen-kulcshaz-pattintos?gad_source=1&gclid=CjwKCAjw-O6zBhASEiwAOHeGxQKg-hwB1go4_DZEw96_fwZMT7DZIdpnydjNiz6qZDo4Uz7J6L7NtBoCyrsQAvD_BwE" "Mozilla/5.0 (Linux; Android 10; K) AppleWebKit/537.36 (KHTML, like Gecko) Chrome/123.0.0.0 Mobile Safari/537.36"
66.249.70.163 - - [26/Jun/2024:17:55:41 +0200] "GET /en/termek/bmw-valtogomb-6-sebesseges HTTP/1.1" 200 44427 "-" "Mozilla/5.0 (Linux; Android 6.0.1; Nexus 5X Build/MMB29P) AppleWebKit/537.36 (KHTML, like Gecko) Chrome/125.0.6422.175 Mobile Safari/537.36 (compatible; Googlebot/2.1; +http://www.google.com/bot.html)"
185.174.16.141 - - [26/Jun/2024:17:55:42 +0200] "GET /storage/media/12v_kapcsolo_autoba-5.jpg HTTP/1.1" 200 248250 "https://royaltuning.hu/hu/termek/citroen-kulcshaz-pattintos?gad_source=1&gclid=CjwKCAjw-O6zBhASEiwAOHeGxQKg-hwB1go4_DZEw96_fwZMT7DZIdpnydjNiz6qZDo4Uz7J6L7NtBoCyrsQAvD_BwE" "Mozilla/5.0 (Linux; Android 10; K) AppleWebKit/537.36 (KHTML, like Gecko) Chrome/123.0.0.0 Mobile Safari/537.36"
66.249.70.160 - - [26/Jun/2024:17:55:43 +0200] "GET /wp-content/uploads/2020/06/muterheles_ledes-3-500x500.jpg HTTP/1.1" 304 - "-" "Googlebot-Image/1.0"
185.174.16.141 - - [26/Jun/2024:17:55:40 +0200] "GET /storage/media/12v_kapcsolo_autoba-2.jpg HTTP/1.1" 200 246903 "https://royaltuning.hu/hu/termek/citroen-kulcshaz-pattintos?gad_source=1&gclid=CjwKCAjw-O6zBhASEiwAOHeGxQKg-hwB1go4_DZEw96_fwZMT7DZIdpnydjNiz6qZDo4Uz7J6L7NtBoCyrsQAvD_BwE" "Mozilla/5.0 (Linux; Android 10; K) AppleWebKit/537.36 (KHTML, like Gecko) Chrome/123.0.0.0 Mobile Safari/537.36"
185.174.16.141 - - [26/Jun/2024:17:55:42 +0200] "GET /storage/media/12v_kapcsolo_nyomogombos-5.jpg HTTP/1.1" 200 168702 "https://royaltuning.hu/hu/termek/citroen-kulcshaz-pattintos?gad_source=1&gclid=CjwKCAjw-O6zBhASEiwAOHeGxQKg-hwB1go4_DZEw96_fwZMT7DZIdpnydjNiz6qZDo4Uz7J6L7NtBoCyrsQAvD_BwE" "Mozilla/5.0 (Linux; Android 10; K) AppleWebKit/537.36 (KHTML, like Gecko) Chrome/123.0.0.0 Mobile Safari/537.36"
185.174.16.141 - - [26/Jun/2024:17:55:43 +0200] "GET /hu/suggestions?query=Ci HTTP/1.1" 200 837 "https://royaltuning.hu/hu/termek/citroen-kulcshaz-pattintos?gad_source=1&gclid=CjwKCAjw-O6zBhASEiwAOHeGxQKg-hwB1go4_DZEw96_fwZMT7DZIdpnydjNiz6qZDo4Uz7J6L7NtBoCyrsQAvD_BwE" "Mozilla/5.0 (Linux; Android 10; K) AppleWebKit/537.36 (KHTML, like Gecko) Chrome/123.0.0.0 Mobile Safari/537.36"
185.174.16.141 - - [26/Jun/2024:17:55:43 +0200] "GET /storage/media/12v_kapcsolo_nyomogombos-3.jpg HTTP/1.1" 200 168598 "https://royaltuning.hu/hu/termek/citroen-kulcshaz-pattintos?gad_source=1&gclid=CjwKCAjw-O6zBhASEiwAOHeGxQKg-hwB1go4_DZEw96_fwZMT7DZIdpnydjNiz6qZDo4Uz7J6L7NtBoCyrsQAvD_BwE" "Mozilla/5.0 (Linux; Android 10; K) AppleWebKit/537.36 (KHTML, like Gecko) Chrome/123.0.0.0 Mobile Safari/537.36"
185.174.16.141 - - [26/Jun/2024:17:55:43 +0200] "GET /storage/media/drlups1.jpg HTTP/1.1" 200 88548 "https://royaltuning.hu/hu/termek/citroen-kulcshaz-pattintos?gad_source=1&gclid=CjwKCAjw-O6zBhASEiwAOHeGxQKg-hwB1go4_DZEw96_fwZMT7DZIdpnydjNiz6qZDo4Uz7J6L7NtBoCyrsQAvD_BwE" "Mozilla/5.0 (Linux; Android 10; K) AppleWebKit/537.36 (KHTML, like Gecko) Chrome/123.0.0.0 Mobile Safari/537.36"
185.174.16.141 - - [26/Jun/2024:17:55:43 +0200] "GET /storage/media/12v_kapcsolo_autoba-3.jpg HTTP/1.1" 200 244648 "https://royaltuning.hu/hu/termek/citroen-kulcshaz-pattintos?gad_source=1&gclid=CjwKCAjw-O6zBhASEiwAOHeGxQKg-hwB1go4_DZEw96_fwZMT7DZIdpnydjNiz6qZDo4Uz7J6L7NtBoCyrsQAvD_BwE" "Mozilla/5.0 (Linux; Android 10; K) AppleWebKit/537.36 (KHTML, like Gecko) Chrome/123.0.0.0 Mobile Safari/537.36"
185.174.16.141 - - [26/Jun/2024:17:55:43 +0200] "GET /storage/media/1137ups1.jpg HTTP/1.1" 200 93190 "https://royaltuning.hu/hu/termek/citroen-kulcshaz-pattintos?gad_source=1&gclid=CjwKCAjw-O6zBhASEiwAOHeGxQKg-hwB1go4_DZEw96_fwZMT7DZIdpnydjNiz6qZDo4Uz7J6L7NtBoCyrsQAvD_BwE" "Mozilla/5.0 (Linux; Android 10; K) AppleWebKit/537.36 (KHTML, like Gecko) Chrome/123.0.0.0 Mobile Safari/537.36"
185.174.16.141 - - [26/Jun/2024:17:55:44 +0200] "GET /storage/media/citroen_berlingo_valtogomb_valtoszoknya-3.jpg HTTP/1.1" 200 21174 "https://royaltuning.hu/hu/termek/citroen-kulcshaz-pattintos?gad_source=1&gclid=CjwKCAjw-O6zBhASEiwAOHeGxQKg-hwB1go4_DZEw96_fwZMT7DZIdpnydjNiz6qZDo4Uz7J6L7NtBoCyrsQAvD_BwE" "Mozilla/5.0 (Linux; Android 10; K) AppleWebKit/537.36 (KHTML, like Gecko) Chrome/123.0.0.0 Mobile Safari/537.36"
185.174.16.141 - - [26/Jun/2024:17:55:44 +0200] "GET /storage/media/citroen_bicskakulcs-2.jpg HTTP/1.1" 200 20180 "https://royaltuning.hu/hu/termek/citroen-kulcshaz-pattintos?gad_source=1&gclid=CjwKCAjw-O6zBhASEiwAOHeGxQKg-hwB1go4_DZEw96_fwZMT7DZIdpnydjNiz6qZDo4Uz7J6L7NtBoCyrsQAvD_BwE" "Mozilla/5.0 (Linux; Android 10; K) AppleWebKit/537.36 (KHTML, like Gecko) Chrome/123.0.0.0 Mobile Safari/537.36"
185.174.16.141 - - [26/Jun/2024:17:55:43 +0200] "GET /storage/media/led_izzo_menetfeny_iranyjelzo-1.jpg HTTP/1.1" 200 164001 "https://royaltuning.hu/hu/termek/citroen-kulcshaz-pattintos?gad_source=1&gclid=CjwKCAjw-O6zBhASEiwAOHeGxQKg-hwB1go4_DZEw96_fwZMT7DZIdpnydjNiz6qZDo4Uz7J6L7NtBoCyrsQAvD_BwE" "Mozilla/5.0 (Linux; Android 10; K) AppleWebKit/537.36 (KHTML, like Gecko) Chrome/123.0.0.0 Mobile Safari/537.36"
185.174.16.141 - - [26/Jun/2024:17:55:43 +0200] "GET /storage/media/motor_feklampa_csomag.jpg HTTP/1.1" 200 213230 "https://royaltuning.hu/hu/termek/citroen-kulcshaz-pattintos?gad_source=1&gclid=CjwKCAjw-O6zBhASEiwAOHeGxQKg-hwB1go4_DZEw96_fwZMT7DZIdpnydjNiz6qZDo4Uz7J6L7NtBoCyrsQAvD_BwE" "Mozilla/5.0 (Linux; Android 10; K) AppleWebKit/537.36 (KHTML, like Gecko) Chrome/123.0.0.0 Mobile Safari/537.36"
