213.181.215.165 - - [26/Jun/2024:18:07:18 +0200] "GET /storage/media/audi.jpg HTTP/1.1" 200 6393 "https://royaltuning.hu/public/hu/termekkategoria/kulcshazak?gad_source=1&gclid=CjwKCAjw-O6zBhASEiwAOHeGxbMchOpQtAIGh0MVJTRnamLVRvkPJAHlPqR7ZSvL7hWkx2KX0qp8yxoCaMIQAvD_BwE" "Mozilla/5.0 (Linux; Android 10; K) AppleWebKit/537.36 (KHTML, like Gecko) Chrome/126.0.0.0 Safari/537.36"
213.181.215.165 - - [26/Jun/2024:18:07:18 +0200] "GET /storage/media/bmw.jpg HTTP/1.1" 200 10342 "https://royaltuning.hu/public/hu/termekkategoria/kulcshazak?gad_source=1&gclid=CjwKCAjw-O6zBhASEiwAOHeGxbMchOpQtAIGh0MVJTRnamLVRvkPJAHlPqR7ZSvL7hWkx2KX0qp8yxoCaMIQAvD_BwE" "Mozilla/5.0 (Linux; Android 10; K) AppleWebKit/537.36 (KHTML, like Gecko) Chrome/126.0.0.0 Safari/537.36"
213.181.215.165 - - [26/Jun/2024:18:07:18 +0200] "GET /storage/media/chevrolet.jpg HTTP/1.1" 200 5916 "https://royaltuning.hu/public/hu/termekkategoria/kulcshazak?gad_source=1&gclid=CjwKCAjw-O6zBhASEiwAOHeGxbMchOpQtAIGh0MVJTRnamLVRvkPJAHlPqR7ZSvL7hWkx2KX0qp8yxoCaMIQAvD_BwE" "Mozilla/5.0 (Linux; Android 10; K) AppleWebKit/537.36 (KHTML, like Gecko) Chrome/126.0.0.0 Safari/537.36"
213.181.215.165 - - [26/Jun/2024:18:07:18 +0200] "GET /storage/media/chrysler.gif HTTP/1.1" 200 4485 "https://royaltuning.hu/public/hu/termekkategoria/kulcshazak?gad_source=1&gclid=CjwKCAjw-O6zBhASEiwAOHeGxbMchOpQtAIGh0MVJTRnamLVRvkPJAHlPqR7ZSvL7hWkx2KX0qp8yxoCaMIQAvD_BwE" "Mozilla/5.0 (Linux; Android 10; K) AppleWebKit/537.36 (KHTML, like Gecko) Chrome/126.0.0.0 Safari/537.36"
213.181.215.165 - - [26/Jun/2024:18:07:18 +0200] "GET /public/vendor/cookie-consent/js/cookie-consent.js HTTP/1.1" 200 11136 "https://royaltuning.hu/public/hu/termekkategoria/kulcshazak?gad_source=1&gclid=CjwKCAjw-O6zBhASEiwAOHeGxbMchOpQtAIGh0MVJTRnamLVRvkPJAHlPqR7ZSvL7hWkx2KX0qp8yxoCaMIQAvD_BwE" "Mozilla/5.0 (Linux; Android 10; K) AppleWebKit/537.36 (KHTML, like Gecko) Chrome/126.0.0.0 Safari/537.36"
213.181.215.165 - - [26/Jun/2024:18:07:18 +0200] "GET /storage/media/citroen.jpg HTTP/1.1" 200 9215 "https://royaltuning.hu/public/hu/termekkategoria/kulcshazak?gad_source=1&gclid=CjwKCAjw-O6zBhASEiwAOHeGxbMchOpQtAIGh0MVJTRnamLVRvkPJAHlPqR7ZSvL7hWkx2KX0qp8yxoCaMIQAvD_BwE" "Mozilla/5.0 (Linux; Android 10; K) AppleWebKit/537.36 (KHTML, like Gecko) Chrome/126.0.0.0 Safari/537.36"
213.181.215.165 - - [26/Jun/2024:18:07:18 +0200] "GET /storage/media/dacia.gif HTTP/1.1" 200 16597 "https://royaltuning.hu/public/hu/termekkategoria/kulcshazak?gad_source=1&gclid=CjwKCAjw-O6zBhASEiwAOHeGxbMchOpQtAIGh0MVJTRnamLVRvkPJAHlPqR7ZSvL7hWkx2KX0qp8yxoCaMIQAvD_BwE" "Mozilla/5.0 (Linux; Android 10; K) AppleWebKit/537.36 (KHTML, like Gecko) Chrome/126.0.0.0 Safari/537.36"
213.181.215.165 - - [26/Jun/2024:18:07:18 +0200] "GET /storage/media/fiat.jpg HTTP/1.1" 200 18763 "https://royaltuning.hu/public/hu/termekkategoria/kulcshazak?gad_source=1&gclid=CjwKCAjw-O6zBhASEiwAOHeGxbMchOpQtAIGh0MVJTRnamLVRvkPJAHlPqR7ZSvL7hWkx2KX0qp8yxoCaMIQAvD_BwE" "Mozilla/5.0 (Linux; Android 10; K) AppleWebKit/537.36 (KHTML, like Gecko) Chrome/126.0.0.0 Safari/537.36"
213.181.215.165 - - [26/Jun/2024:18:07:18 +0200] "GET /storage/media/cr2032_elem-1.jpg HTTP/1.1" 200 32178 "https://royaltuning.hu/public/hu/termekkategoria/kulcshazak?gad_source=1&gclid=CjwKCAjw-O6zBhASEiwAOHeGxbMchOpQtAIGh0MVJTRnamLVRvkPJAHlPqR7ZSvL7hWkx2KX0qp8yxoCaMIQAvD_BwE" "Mozilla/5.0 (Linux; Android 10; K) AppleWebKit/537.36 (KHTML, like Gecko) Chrome/126.0.0.0 Safari/537.36"
213.181.215.165 - - [26/Jun/2024:18:07:18 +0200] "GET /storage/media/ford.jpg HTTP/1.1" 200 8657 "https://royaltuning.hu/public/hu/termekkategoria/kulcshazak?gad_source=1&gclid=CjwKCAjw-O6zBhASEiwAOHeGxbMchOpQtAIGh0MVJTRnamLVRvkPJAHlPqR7ZSvL7hWkx2KX0qp8yxoCaMIQAvD_BwE" "Mozilla/5.0 (Linux; Android 10; K) AppleWebKit/537.36 (KHTML, like Gecko) Chrome/126.0.0.0 Safari/537.36"
213.181.215.165 - - [26/Jun/2024:18:07:18 +0200] "GET /storage/media/honda.jpg HTTP/1.1" 200 9210 "https://royaltuning.hu/public/hu/termekkategoria/kulcshazak?gad_source=1&gclid=CjwKCAjw-O6zBhASEiwAOHeGxbMchOpQtAIGh0MVJTRnamLVRvkPJAHlPqR7ZSvL7hWkx2KX0qp8yxoCaMIQAvD_BwE" "Mozilla/5.0 (Linux; Android 10; K) AppleWebKit/537.36 (KHTML, like Gecko) Chrome/126.0.0.0 Safari/537.36"
213.181.215.165 - - [26/Jun/2024:18:07:18 +0200] "GET /public/themes/storefront/public/fonts/la-solid-900.woff2 HTTP/1.1" 200 96652 "https://royaltuning.hu/public/themes/storefront/public/css/app.css?v=3.1.0" "Mozilla/5.0 (Linux; Android 10; K) AppleWebKit/537.36 (KHTML, like Gecko) Chrome/126.0.0.0 Safari/537.36"
213.181.215.165 - - [26/Jun/2024:18:07:18 +0200] "GET /storage/media/hyundai.jpg HTTP/1.1" 200 9185 "https://royaltuning.hu/public/hu/termekkategoria/kulcshazak?gad_source=1&gclid=CjwKCAjw-O6zBhASEiwAOHeGxbMchOpQtAIGh0MVJTRnamLVRvkPJAHlPqR7ZSvL7hWkx2KX0qp8yxoCaMIQAvD_BwE" "Mozilla/5.0 (Linux; Android 10; K) AppleWebKit/537.36 (KHTML, like Gecko) Chrome/126.0.0.0 Safari/537.36"
213.181.215.165 - - [26/Jun/2024:18:07:18 +0200] "GET /public/themes/storefront/public/js/app.js?v=3.1.0 HTTP/1.1" 200 979893 "https://royaltuning.hu/public/hu/termekkategoria/kulcshazak?gad_source=1&gclid=CjwKCAjw-O6zBhASEiwAOHeGxbMchOpQtAIGh0MVJTRnamLVRvkPJAHlPqR7ZSvL7hWkx2KX0qp8yxoCaMIQAvD_BwE" "Mozilla/5.0 (Linux; Android 10; K) AppleWebKit/537.36 (KHTML, like Gecko) Chrome/126.0.0.0 Safari/537.36"
213.181.215.165 - - [26/Jun/2024:18:07:18 +0200] "GET /public/themes/storefront/public/images/arrow-black.png HTTP/1.1" 200 221 "https://royaltuning.hu/public/themes/storefront/public/css/app.css?v=3.1.0" "Mozilla/5.0 (Linux; Android 10; K) AppleWebKit/537.36 (KHTML, like Gecko) Chrome/126.0.0.0 Safari/537.36"
213.181.215.165 - - [26/Jun/2024:18:07:18 +0200] "GET /storage/media/iveco.jpg HTTP/1.1" 200 4645 "https://royaltuning.hu/public/hu/termekkategoria/kulcshazak?gad_source=1&gclid=CjwKCAjw-O6zBhASEiwAOHeGxbMchOpQtAIGh0MVJTRnamLVRvkPJAHlPqR7ZSvL7hWkx2KX0qp8yxoCaMIQAvD_BwE" "Mozilla/5.0 (Linux; Android 10; K) AppleWebKit/537.36 (KHTML, like Gecko) Chrome/126.0.0.0 Safari/537.36"
213.181.215.165 - - [26/Jun/2024:18:07:18 +0200] "GET /storage/media/kia.jpg HTTP/1.1" 200 11630 "https://royaltuning.hu/public/hu/termekkategoria/kulcshazak?gad_source=1&gclid=CjwKCAjw-O6zBhASEiwAOHeGxbMchOpQtAIGh0MVJTRnamLVRvkPJAHlPqR7ZSvL7hWkx2KX0qp8yxoCaMIQAvD_BwE" "Mozilla/5.0 (Linux; Android 10; K) AppleWebKit/537.36 (KHTML, like Gecko) Chrome/126.0.0.0 Safari/537.36"
213.181.215.165 - - [26/Jun/2024:18:07:18 +0200] "GET /storage/media/lada.jpg HTTP/1.1" 200 25117 "https://royaltuning.hu/public/hu/termekkategoria/kulcshazak?gad_source=1&gclid=CjwKCAjw-O6zBhASEiwAOHeGxbMchOpQtAIGh0MVJTRnamLVRvkPJAHlPqR7ZSvL7hWkx2KX0qp8yxoCaMIQAvD_BwE" "Mozilla/5.0 (Linux; Android 10; K) AppleWebKit/537.36 (KHTML, like Gecko) Chrome/126.0.0.0 Safari/537.36"
213.181.215.165 - - [26/Jun/2024:18:07:18 +0200] "GET /public/themes/storefront/public/fonts/la-brands-400.woff2 HTTP/1.1" 200 84805 "https://royaltuning.hu/public/themes/storefront/public/css/app.css?v=3.1.0" "Mozilla/5.0 (Linux; Android 10; K) AppleWebKit/537.36 (KHTML, like Gecko) Chrome/126.0.0.0 Safari/537.36"
213.181.215.165 - - [26/Jun/2024:18:07:18 +0200] "GET /storage/media/lancia.jpg HTTP/1.1" 200 10653 "https://royaltuning.hu/public/hu/termekkategoria/kulcshazak?gad_source=1&gclid=CjwKCAjw-O6zBhASEiwAOHeGxbMchOpQtAIGh0MVJTRnamLVRvkPJAHlPqR7ZSvL7hWkx2KX0qp8yxoCaMIQAvD_BwE" "Mozilla/5.0 (Linux; Android 10; K) AppleWebKit/537.36 (KHTML, like Gecko) Chrome/126.0.0.0 Safari/537.36"
213.181.215.165 - - [26/Jun/2024:18:07:18 +0200] "GET /storage/media/mazda.jpg HTTP/1.1" 200 10887 "https://royaltuning.hu/public/hu/termekkategoria/kulcshazak?gad_source=1&gclid=CjwKCAjw-O6zBhASEiwAOHeGxbMchOpQtAIGh0MVJTRnamLVRvkPJAHlPqR7ZSvL7hWkx2KX0qp8yxoCaMIQAvD_BwE" "Mozilla/5.0 (Linux; Android 10; K) AppleWebKit/537.36 (KHTML, like Gecko) Chrome/126.0.0.0 Safari/537.36"
213.181.215.165 - - [26/Jun/2024:18:07:18 +0200] "GET /storage/media/mercedes.jpg HTTP/1.1" 200 5410 "https://royaltuning.hu/public/hu/termekkategoria/kulcshazak?gad_source=1&gclid=CjwKCAjw-O6zBhASEiwAOHeGxbMchOpQtAIGh0MVJTRnamLVRvkPJAHlPqR7ZSvL7hWkx2KX0qp8yxoCaMIQAvD_BwE" "Mozilla/5.0 (Linux; Android 10; K) AppleWebKit/537.36 (KHTML, like Gecko) Chrome/126.0.0.0 Safari/537.36"
213.181.215.165 - - [26/Jun/2024:18:07:18 +0200] "GET /storage/media/2%C3%A9rint.jpg HTTP/1.1" 200 43011 "https://royaltuning.hu/public/hu/termekkategoria/kulcshazak?gad_source=1&gclid=CjwKCAjw-O6zBhASEiwAOHeGxbMchOpQtAIGh0MVJTRnamLVRvkPJAHlPqR7ZSvL7hWkx2KX0qp8yxoCaMIQAvD_BwE" "Mozilla/5.0 (Linux; Android 10; K) AppleWebKit/537.36 (KHTML, like Gecko) Chrome/126.0.0.0 Safari/537.36"
213.181.215.165 - - [26/Jun/2024:18:07:18 +0200] "GET /storage/media/mini.jpg HTTP/1.1" 200 5115 "https://royaltuning.hu/public/hu/termekkategoria/kulcshazak?gad_source=1&gclid=CjwKCAjw-O6zBhASEiwAOHeGxbMchOpQtAIGh0MVJTRnamLVRvkPJAHlPqR7ZSvL7hWkx2KX0qp8yxoCaMIQAvD_BwE" "Mozilla/5.0 (Linux; Android 10; K) AppleWebKit/537.36 (KHTML, like Gecko) Chrome/126.0.0.0 Safari/537.36"
213.181.215.165 - - [26/Jun/2024:18:07:18 +0200] "GET /storage/media/mitsubishi.jpg HTTP/1.1" 200 4179 "https://royaltuning.hu/public/hu/termekkategoria/kulcshazak?gad_source=1&gclid=CjwKCAjw-O6zBhASEiwAOHeGxbMchOpQtAIGh0MVJTRnamLVRvkPJAHlPqR7ZSvL7hWkx2KX0qp8yxoCaMIQAvD_BwE" "Mozilla/5.0 (Linux; Android 10; K) AppleWebKit/537.36 (KHTML, like Gecko) Chrome/126.0.0.0 Safari/537.36"
213.181.215.165 - - [26/Jun/2024:18:07:18 +0200] "GET /storage/media/nissan.jpg HTTP/1.1" 200 11648 "https://royaltuning.hu/public/hu/termekkategoria/kulcshazak?gad_source=1&gclid=CjwKCAjw-O6zBhASEiwAOHeGxbMchOpQtAIGh0MVJTRnamLVRvkPJAHlPqR7ZSvL7hWkx2KX0qp8yxoCaMIQAvD_BwE" "Mozilla/5.0 (Linux; Android 10; K) AppleWebKit/537.36 (KHTML, like Gecko) Chrome/126.0.0.0 Safari/537.36"
213.181.215.165 - - [26/Jun/2024:18:07:18 +0200] "GET /storage/media/peugeot.jpg HTTP/1.1" 200 9633 "https://royaltuning.hu/public/hu/termekkategoria/kulcshazak?gad_source=1&gclid=CjwKCAjw-O6zBhASEiwAOHeGxbMchOpQtAIGh0MVJTRnamLVRvkPJAHlPqR7ZSvL7hWkx2KX0qp8yxoCaMIQAvD_BwE" "Mozilla/5.0 (Linux; Android 10; K) AppleWebKit/537.36 (KHTML, like Gecko) Chrome/126.0.0.0 Safari/537.36"
213.181.215.165 - - [26/Jun/2024:18:07:18 +0200] "GET /storage/media/opel.jpg HTTP/1.1" 200 9928 "https://royaltuning.hu/public/hu/termekkategoria/kulcshazak?gad_source=1&gclid=CjwKCAjw-O6zBhASEiwAOHeGxbMchOpQtAIGh0MVJTRnamLVRvkPJAHlPqR7ZSvL7hWkx2KX0qp8yxoCaMIQAvD_BwE" "Mozilla/5.0 (Linux; Android 10; K) AppleWebKit/537.36 (KHTML, like Gecko) Chrome/126.0.0.0 Safari/537.36"
213.181.215.165 - - [26/Jun/2024:18:07:18 +0200] "GET /storage/media/renault.jpg HTTP/1.1" 200 6831 "https://royaltuning.hu/public/hu/termekkategoria/kulcshazak?gad_source=1&gclid=CjwKCAjw-O6zBhASEiwAOHeGxbMchOpQtAIGh0MVJTRnamLVRvkPJAHlPqR7ZSvL7hWkx2KX0qp8yxoCaMIQAvD_BwE" "Mozilla/5.0 (Linux; Android 10; K) AppleWebKit/537.36 (KHTML, like Gecko) Chrome/126.0.0.0 Safari/537.36"
213.181.215.165 - - [26/Jun/2024:18:07:18 +0200] "GET /storage/media/rover.png HTTP/1.1" 200 193833 "https://royaltuning.hu/public/hu/termekkategoria/kulcshazak?gad_source=1&gclid=CjwKCAjw-O6zBhASEiwAOHeGxbMchOpQtAIGh0MVJTRnamLVRvkPJAHlPqR7ZSvL7hWkx2KX0qp8yxoCaMIQAvD_BwE" "Mozilla/5.0 (Linux; Android 10; K) AppleWebKit/537.36 (KHTML, like Gecko) Chrome/126.0.0.0 Safari/537.36"
213.181.215.165 - - [26/Jun/2024:18:07:18 +0200] "GET /storage/media/saab.jpg HTTP/1.1" 200 19810 "https://royaltuning.hu/public/hu/termekkategoria/kulcshazak?gad_source=1&gclid=CjwKCAjw-O6zBhASEiwAOHeGxbMchOpQtAIGh0MVJTRnamLVRvkPJAHlPqR7ZSvL7hWkx2KX0qp8yxoCaMIQAvD_BwE" "Mozilla/5.0 (Linux; Android 10; K) AppleWebKit/537.36 (KHTML, like Gecko) Chrome/126.0.0.0 Safari/537.36"
213.181.215.165 - - [26/Jun/2024:18:07:18 +0200] "GET /storage/media/seat.jpg HTTP/1.1" 200 9675 "https://royaltuning.hu/public/hu/termekkategoria/kulcshazak?gad_source=1&gclid=CjwKCAjw-O6zBhASEiwAOHeGxbMchOpQtAIGh0MVJTRnamLVRvkPJAHlPqR7ZSvL7hWkx2KX0qp8yxoCaMIQAvD_BwE" "Mozilla/5.0 (Linux; Android 10; K) AppleWebKit/537.36 (KHTML, like Gecko) Chrome/126.0.0.0 Safari/537.36"
213.181.215.165 - - [26/Jun/2024:18:07:18 +0200] "GET /storage/media/Skoda.jpg HTTP/1.1" 200 5742 "https://royaltuning.hu/public/hu/termekkategoria/kulcshazak?gad_source=1&gclid=CjwKCAjw-O6zBhASEiwAOHeGxbMchOpQtAIGh0MVJTRnamLVRvkPJAHlPqR7ZSvL7hWkx2KX0qp8yxoCaMIQAvD_BwE" "Mozilla/5.0 (Linux; Android 10; K) AppleWebKit/537.36 (KHTML, like Gecko) Chrome/126.0.0.0 Safari/537.36"
213.181.215.165 - - [26/Jun/2024:18:07:18 +0200] "GET /storage/media/smart.jpg HTTP/1.1" 200 13267 "https://royaltuning.hu/public/hu/termekkategoria/kulcshazak?gad_source=1&gclid=CjwKCAjw-O6zBhASEiwAOHeGxbMchOpQtAIGh0MVJTRnamLVRvkPJAHlPqR7ZSvL7hWkx2KX0qp8yxoCaMIQAvD_BwE" "Mozilla/5.0 (Linux; Android 10; K) AppleWebKit/537.36 (KHTML, like Gecko) Chrome/126.0.0.0 Safari/537.36"
213.181.215.165 - - [26/Jun/2024:18:07:18 +0200] "GET /storage/media/ssangyong.png HTTP/1.1" 200 6025 "https://royaltuning.hu/public/hu/termekkategoria/kulcshazak?gad_source=1&gclid=CjwKCAjw-O6zBhASEiwAOHeGxbMchOpQtAIGh0MVJTRnamLVRvkPJAHlPqR7ZSvL7hWkx2KX0qp8yxoCaMIQAvD_BwE" "Mozilla/5.0 (Linux; Android 10; K) AppleWebKit/537.36 (KHTML, like Gecko) Chrome/126.0.0.0 Safari/537.36"
213.181.215.165 - - [26/Jun/2024:18:07:18 +0200] "GET /storage/media/suzuki.jpg HTTP/1.1" 200 5285 "https://royaltuning.hu/public/hu/termekkategoria/kulcshazak?gad_source=1&gclid=CjwKCAjw-O6zBhASEiwAOHeGxbMchOpQtAIGh0MVJTRnamLVRvkPJAHlPqR7ZSvL7hWkx2KX0qp8yxoCaMIQAvD_BwE" "Mozilla/5.0 (Linux; Android 10; K) AppleWebKit/537.36 (KHTML, like Gecko) Chrome/126.0.0.0 Safari/537.36"
213.181.215.165 - - [26/Jun/2024:18:07:18 +0200] "GET /storage/media/subaru.jpg HTTP/1.1" 200 15124 "https://royaltuning.hu/public/hu/termekkategoria/kulcshazak?gad_source=1&gclid=CjwKCAjw-O6zBhASEiwAOHeGxbMchOpQtAIGh0MVJTRnamLVRvkPJAHlPqR7ZSvL7hWkx2KX0qp8yxoCaMIQAvD_BwE" "Mozilla/5.0 (Linux; Android 10; K) AppleWebKit/537.36 (KHTML, like Gecko) Chrome/126.0.0.0 Safari/537.36"
213.181.215.165 - - [26/Jun/2024:18:07:18 +0200] "GET /public/themes/storefront/public/images/image-placeholder.png HTTP/1.1" 200 1172 "https://royaltuning.hu/public/hu/termekkategoria/kulcshazak?gad_source=1&gclid=CjwKCAjw-O6zBhASEiwAOHeGxbMchOpQtAIGh0MVJTRnamLVRvkPJAHlPqR7ZSvL7hWkx2KX0qp8yxoCaMIQAvD_BwE" "Mozilla/5.0 (Linux; Android 10; K) AppleWebKit/537.36 (KHTML, like Gecko) Chrome/126.0.0.0 Safari/537.36"
213.181.215.165 - - [26/Jun/2024:18:07:18 +0200] "GET /storage/media/toyota.jpg HTTP/1.1" 200 13315 "https://royaltuning.hu/public/hu/termekkategoria/kulcshazak?gad_source=1&gclid=CjwKCAjw-O6zBhASEiwAOHeGxbMchOpQtAIGh0MVJTRnamLVRvkPJAHlPqR7ZSvL7hWkx2KX0qp8yxoCaMIQAvD_BwE" "Mozilla/5.0 (Linux; Android 10; K) AppleWebKit/537.36 (KHTML, like Gecko) Chrome/126.0.0.0 Safari/537.36"
213.181.215.165 - - [26/Jun/2024:18:07:18 +0200] "GET /storage/media/volkswagen.jpg HTTP/1.1" 200 27760 "https://royaltuning.hu/public/hu/termekkategoria/kulcshazak?gad_source=1&gclid=CjwKCAjw-O6zBhASEiwAOHeGxbMchOpQtAIGh0MVJTRnamLVRvkPJAHlPqR7ZSvL7hWkx2KX0qp8yxoCaMIQAvD_BwE" "Mozilla/5.0 (Linux; Android 10; K) AppleWebKit/537.36 (KHTML, like Gecko) Chrome/126.0.0.0 Safari/537.36"
213.181.215.165 - - [26/Jun/2024:18:07:18 +0200] "GET /storage/media/volvo-1.jpg HTTP/1.1" 200 21743 "https://royaltuning.hu/public/hu/termekkategoria/kulcshazak?gad_source=1&gclid=CjwKCAjw-O6zBhASEiwAOHeGxbMchOpQtAIGh0MVJTRnamLVRvkPJAHlPqR7ZSvL7hWkx2KX0qp8yxoCaMIQAvD_BwE" "Mozilla/5.0 (Linux; Android 10; K) AppleWebKit/537.36 (KHTML, like Gecko) Chrome/126.0.0.0 Safari/537.36"
213.181.215.165 - - [26/Jun/2024:18:07:18 +0200] "GET /storage/media/LR8IfEu8TFdtixq0lkK2SomaSuyRv02mO7hPPjoL.jpg HTTP/1.1" 200 86609 "https://royaltuning.hu/public/hu/termekkategoria/kulcshazak?gad_source=1&gclid=CjwKCAjw-O6zBhASEiwAOHeGxbMchOpQtAIGh0MVJTRnamLVRvkPJAHlPqR7ZSvL7hWkx2KX0qp8yxoCaMIQAvD_BwE" "Mozilla/5.0 (Linux; Android 10; K) AppleWebKit/537.36 (KHTML, like Gecko) Chrome/126.0.0.0 Safari/537.36"
213.181.215.165 - - [26/Jun/2024:18:07:19 +0200] "GET /storage/media/paGdgnfacATylUWhvUeUZGv1GIKiGXmdYwZR20nd.jpg HTTP/1.1" 200 34330 "https://royaltuning.hu/public/hu/termekkategoria/kulcshazak?gad_source=1&gclid=CjwKCAjw-O6zBhASEiwAOHeGxbMchOpQtAIGh0MVJTRnamLVRvkPJAHlPqR7ZSvL7hWkx2KX0qp8yxoCaMIQAvD_BwE" "Mozilla/5.0 (Linux; Android 10; K) AppleWebKit/537.36 (KHTML, like Gecko) Chrome/126.0.0.0 Safari/537.36"
213.181.215.165 - - [26/Jun/2024:18:07:19 +0200] "GET /storage/media/U9NkjU7v6Z3urgm3cZoyB4B52Rf1RDn0nbyFiAJw.jpg HTTP/1.1" 200 80343 "https://royaltuning.hu/public/hu/termekkategoria/kulcshazak?gad_source=1&gclid=CjwKCAjw-O6zBhASEiwAOHeGxbMchOpQtAIGh0MVJTRnamLVRvkPJAHlPqR7ZSvL7hWkx2KX0qp8yxoCaMIQAvD_BwE" "Mozilla/5.0 (Linux; Android 10; K) AppleWebKit/537.36 (KHTML, like Gecko) Chrome/126.0.0.0 Safari/537.36"
213.181.215.165 - - [26/Jun/2024:18:07:19 +0200] "GET /storage/media/QnwWLqTYXYZBt0pnYYPSgh13vMZ3Tq8bqmOE5u0D.webp HTTP/1.1" 200 43302 "https://royaltuning.hu/public/hu/termekkategoria/kulcshazak?gad_source=1&gclid=CjwKCAjw-O6zBhASEiwAOHeGxbMchOpQtAIGh0MVJTRnamLVRvkPJAHlPqR7ZSvL7hWkx2KX0qp8yxoCaMIQAvD_BwE" "Mozilla/5.0 (Linux; Android 10; K) AppleWebKit/537.36 (KHTML, like Gecko) Chrome/126.0.0.0 Safari/537.36"
213.181.215.165 - - [26/Jun/2024:18:07:19 +0200] "GET /storage/media/zTdJDwdSsCNSvJi9K4gBVppOmVdqtNoAZ8rbqvcd.jpg HTTP/1.1" 200 255268 "https://royaltuning.hu/public/hu/termekkategoria/kulcshazak?gad_source=1&gclid=CjwKCAjw-O6zBhASEiwAOHeGxbMchOpQtAIGh0MVJTRnamLVRvkPJAHlPqR7ZSvL7hWkx2KX0qp8yxoCaMIQAvD_BwE" "Mozilla/5.0 (Linux; Android 10; K) AppleWebKit/537.36 (KHTML, like Gecko) Chrome/126.0.0.0 Safari/537.36"
213.181.215.165 - - [26/Jun/2024:18:07:19 +0200] "GET /storage/media/WuAbnJ3F19P7m8ckhRvBz1XVn9ovSqVCdlDdRtKv.jpg HTTP/1.1" 200 274140 "https://royaltuning.hu/public/hu/termekkategoria/kulcshazak?gad_source=1&gclid=CjwKCAjw-O6zBhASEiwAOHeGxbMchOpQtAIGh0MVJTRnamLVRvkPJAHlPqR7ZSvL7hWkx2KX0qp8yxoCaMIQAvD_BwE" "Mozilla/5.0 (Linux; Android 10; K) AppleWebKit/537.36 (KHTML, like Gecko) Chrome/126.0.0.0 Safari/537.36"
213.181.215.165 - - [26/Jun/2024:18:07:19 +0200] "GET /public/hu/shop?query=&brand=&category=kulcshazak&tag=&fromPrice=0&toPrice=114990&sort=alphabetic&perPage=30&page=1 HTTP/1.1" 200 2588 "https://royaltuning.hu/public/hu/termekkategoria/kulcshazak?gad_source=1&gclid=CjwKCAjw-O6zBhASEiwAOHeGxbMchOpQtAIGh0MVJTRnamLVRvkPJAHlPqR7ZSvL7hWkx2KX0qp8yxoCaMIQAvD_BwE" "Mozilla/5.0 (Linux; Android 10; K) AppleWebKit/537.36 (KHTML, like Gecko) Chrome/126.0.0.0 Safari/537.36"
213.181.215.165 - - [26/Jun/2024:18:07:19 +0200] "GET /storage/media/alfa_romeo_bicskakulcs_2gombos-1.jpg HTTP/1.1" 200 36741 "https://royaltuning.hu/public/hu/termekkategoria/kulcshazak?gad_source=1&gclid=CjwKCAjw-O6zBhASEiwAOHeGxbMchOpQtAIGh0MVJTRnamLVRvkPJAHlPqR7ZSvL7hWkx2KX0qp8yxoCaMIQAvD_BwE" "Mozilla/5.0 (Linux; Android 10; K) AppleWebKit/537.36 (KHTML, like Gecko) Chrome/126.0.0.0 Safari/537.36"
213.181.215.165 - - [26/Jun/2024:18:07:19 +0200] "GET /storage/media/alfa_romeo_bicskakulcs_3gombos-1-1.jpg HTTP/1.1" 200 66079 "https://royaltuning.hu/public/hu/termekkategoria/kulcshazak?gad_source=1&gclid=CjwKCAjw-O6zBhASEiwAOHeGxbMchOpQtAIGh0MVJTRnamLVRvkPJAHlPqR7ZSvL7hWkx2KX0qp8yxoCaMIQAvD_BwE" "Mozilla/5.0 (Linux; Android 10; K) AppleWebKit/537.36 (KHTML, like Gecko) Chrome/126.0.0.0 Safari/537.36"
213.181.215.165 - - [26/Jun/2024:18:07:19 +0200] "GET /storage/media/alfa_romeo_bicskakulcs_3gombos-1.jpg HTTP/1.1" 200 25890 "https://royaltuning.hu/public/hu/termekkategoria/kulcshazak?gad_source=1&gclid=CjwKCAjw-O6zBhASEiwAOHeGxbMchOpQtAIGh0MVJTRnamLVRvkPJAHlPqR7ZSvL7hWkx2KX0qp8yxoCaMIQAvD_BwE" "Mozilla/5.0 (Linux; Android 10; K) AppleWebKit/537.36 (KHTML, like Gecko) Chrome/126.0.0.0 Safari/537.36"
213.181.215.165 - - [26/Jun/2024:18:07:19 +0200] "GET /storage/media/alfa_romeo_kulcsszar.jpg HTTP/1.1" 200 42429 "https://royaltuning.hu/public/hu/termekkategoria/kulcshazak?gad_source=1&gclid=CjwKCAjw-O6zBhASEiwAOHeGxbMchOpQtAIGh0MVJTRnamLVRvkPJAHlPqR7ZSvL7hWkx2KX0qp8yxoCaMIQAvD_BwE" "Mozilla/5.0 (Linux; Android 10; K) AppleWebKit/537.36 (KHTML, like Gecko) Chrome/126.0.0.0 Safari/537.36"
213.181.215.165 - - [26/Jun/2024:18:07:19 +0200] "GET /storage/media/alfa_romeo_kulcs_javitas-1.jpg HTTP/1.1" 200 38111 "https://royaltuning.hu/public/hu/termekkategoria/kulcshazak?gad_source=1&gclid=CjwKCAjw-O6zBhASEiwAOHeGxbMchOpQtAIGh0MVJTRnamLVRvkPJAHlPqR7ZSvL7hWkx2KX0qp8yxoCaMIQAvD_BwE" "Mozilla/5.0 (Linux; Android 10; K) AppleWebKit/537.36 (KHTML, like Gecko) Chrome/126.0.0.0 Safari/537.36"
213.181.215.165 - - [26/Jun/2024:18:07:19 +0200] "GET /storage/media/audi_bicskakulcs_3gombos-1.jpg HTTP/1.1" 200 71413 "https://royaltuning.hu/public/hu/termekkategoria/kulcshazak?gad_source=1&gclid=CjwKCAjw-O6zBhASEiwAOHeGxbMchOpQtAIGh0MVJTRnamLVRvkPJAHlPqR7ZSvL7hWkx2KX0qp8yxoCaMIQAvD_BwE" "Mozilla/5.0 (Linux; Android 10; K) AppleWebKit/537.36 (KHTML, like Gecko) Chrome/126.0.0.0 Safari/537.36"
213.181.215.165 - - [26/Jun/2024:18:07:19 +0200] "GET /storage/media/alfa_romeo_gombsor-1.jpg HTTP/1.1" 200 50471 "https://royaltuning.hu/public/hu/termekkategoria/kulcshazak?gad_source=1&gclid=CjwKCAjw-O6zBhASEiwAOHeGxbMchOpQtAIGh0MVJTRnamLVRvkPJAHlPqR7ZSvL7hWkx2KX0qp8yxoCaMIQAvD_BwE" "Mozilla/5.0 (Linux; Android 10; K) AppleWebKit/537.36 (KHTML, like Gecko) Chrome/126.0.0.0 Safari/537.36"
213.181.215.165 - - [26/Jun/2024:18:07:19 +0200] "GET /storage/media/audi_bicskakulcs_3gombos-5.jpg HTTP/1.1" 200 57286 "https://royaltuning.hu/public/hu/termekkategoria/kulcshazak?gad_source=1&gclid=CjwKCAjw-O6zBhASEiwAOHeGxbMchOpQtAIGh0MVJTRnamLVRvkPJAHlPqR7ZSvL7hWkx2KX0qp8yxoCaMIQAvD_BwE" "Mozilla/5.0 (Linux; Android 10; K) AppleWebKit/537.36 (KHTML, like Gecko) Chrome/126.0.0.0 Safari/537.36"
213.181.215.165 - - [26/Jun/2024:18:07:19 +0200] "GET /storage/media/audi_bicskakulcs_2gombos-1.jpg HTTP/1.1" 200 52495 "https://royaltuning.hu/public/hu/termekkategoria/kulcshazak?gad_source=1&gclid=CjwKCAjw-O6zBhASEiwAOHeGxbMchOpQtAIGh0MVJTRnamLVRvkPJAHlPqR7ZSvL7hWkx2KX0qp8yxoCaMIQAvD_BwE" "Mozilla/5.0 (Linux; Android 10; K) AppleWebKit/537.36 (KHTML, like Gecko) Chrome/126.0.0.0 Safari/537.36"
213.181.215.165 - - [26/Jun/2024:18:07:19 +0200] "GET /storage/media/audi_gombsor.jpg HTTP/1.1" 200 38231 "https://royaltuning.hu/public/hu/termekkategoria/kulcshazak?gad_source=1&gclid=CjwKCAjw-O6zBhASEiwAOHeGxbMchOpQtAIGh0MVJTRnamLVRvkPJAHlPqR7ZSvL7hWkx2KX0qp8yxoCaMIQAvD_BwE" "Mozilla/5.0 (Linux; Android 10; K) AppleWebKit/537.36 (KHTML, like Gecko) Chrome/126.0.0.0 Safari/537.36"
213.181.215.165 - - [26/Jun/2024:18:07:20 +0200] "GET /storage/media/audi_gombsor_3gombos.jpg HTTP/1.1" 200 42823 "https://royaltuning.hu/public/hu/termekkategoria/kulcshazak?gad_source=1&gclid=CjwKCAjw-O6zBhASEiwAOHeGxbMchOpQtAIGh0MVJTRnamLVRvkPJAHlPqR7ZSvL7hWkx2KX0qp8yxoCaMIQAvD_BwE" "Mozilla/5.0 (Linux; Android 10; K) AppleWebKit/537.36 (KHTML, like Gecko) Chrome/126.0.0.0 Safari/537.36"
213.181.215.165 - - [26/Jun/2024:18:07:20 +0200] "GET /storage/media/audi_gombsor_2gombos.jpg HTTP/1.1" 200 40872 "https://royaltuning.hu/public/hu/termekkategoria/kulcshazak?gad_source=1&gclid=CjwKCAjw-O6zBhASEiwAOHeGxbMchOpQtAIGh0MVJTRnamLVRvkPJAHlPqR7ZSvL7hWkx2KX0qp8yxoCaMIQAvD_BwE" "Mozilla/5.0 (Linux; Android 10; K) AppleWebKit/537.36 (KHTML, like Gecko) Chrome/126.0.0.0 Safari/537.36"
213.181.215.165 - - [26/Jun/2024:18:07:20 +0200] "GET /storage/media/audi_kulcshaz-1.jpg HTTP/1.1" 200 79831 "https://royaltuning.hu/public/hu/termekkategoria/kulcshazak?gad_source=1&gclid=CjwKCAjw-O6zBhASEiwAOHeGxbMchOpQtAIGh0MVJTRnamLVRvkPJAHlPqR7ZSvL7hWkx2KX0qp8yxoCaMIQAvD_BwE" "Mozilla/5.0 (Linux; Android 10; K) AppleWebKit/537.36 (KHTML, like Gecko) Chrome/126.0.0.0 Safari/537.36"
213.181.215.165 - - [26/Jun/2024:18:07:20 +0200] "GET /storage/media/audi_szilikontok-1.jpg HTTP/1.1" 200 182037 "https://royaltuning.hu/public/hu/termekkategoria/kulcshazak?gad_source=1&gclid=CjwKCAjw-O6zBhASEiwAOHeGxbMchOpQtAIGh0MVJTRnamLVRvkPJAHlPqR7ZSvL7hWkx2KX0qp8yxoCaMIQAvD_BwE" "Mozilla/5.0 (Linux; Android 10; K) AppleWebKit/537.36 (KHTML, like Gecko) Chrome/126.0.0.0 Safari/537.36"
213.181.215.165 - - [26/Jun/2024:18:07:20 +0200] "GET /storage/media/bmw_kulcshaz_3gombos-1-1.jpg HTTP/1.1" 200 55186 "https://royaltuning.hu/public/hu/termekkategoria/kulcshazak?gad_source=1&gclid=CjwKCAjw-O6zBhASEiwAOHeGxbMchOpQtAIGh0MVJTRnamLVRvkPJAHlPqR7ZSvL7hWkx2KX0qp8yxoCaMIQAvD_BwE" "Mozilla/5.0 (Linux; Android 10; K) AppleWebKit/537.36 (KHTML, like Gecko) Chrome/126.0.0.0 Safari/537.36"
213.181.215.165 - - [26/Jun/2024:18:07:20 +0200] "GET /storage/media/bmw_nyerskulcs_elektronikaval-1.jpg HTTP/1.1" 200 60774 "https://royaltuning.hu/public/hu/termekkategoria/kulcshazak?gad_source=1&gclid=CjwKCAjw-O6zBhASEiwAOHeGxbMchOpQtAIGh0MVJTRnamLVRvkPJAHlPqR7ZSvL7hWkx2KX0qp8yxoCaMIQAvD_BwE" "Mozilla/5.0 (Linux; Android 10; K) AppleWebKit/537.36 (KHTML, like Gecko) Chrome/126.0.0.0 Safari/537.36"
213.181.215.165 - - [26/Jun/2024:18:07:20 +0200] "GET /storage/media/bmw_kulcshaz-1-1.jpg HTTP/1.1" 200 105933 "https://royaltuning.hu/public/hu/termekkategoria/kulcshazak?gad_source=1&gclid=CjwKCAjw-O6zBhASEiwAOHeGxbMchOpQtAIGh0MVJTRnamLVRvkPJAHlPqR7ZSvL7hWkx2KX0qp8yxoCaMIQAvD_BwE" "Mozilla/5.0 (Linux; Android 10; K) AppleWebKit/537.36 (KHTML, like Gecko) Chrome/126.0.0.0 Safari/537.36"
188.157.27.78 - - [26/Jun/2024:18:07:20 +0200] "GET /storage/media/mazda_futofenyes_index.jpg HTTP/1.1" 200 428347 "https://www.google.hu/" "Mozilla/5.0 (Windows NT 10.0; Win64; x64) AppleWebKit/537.36 (KHTML, like Gecko) Chrome/126.0.0.0 Safari/537.36"
213.181.215.165 - - [26/Jun/2024:18:07:20 +0200] "GET /storage/media/bmw_kulcshaz_4gombos-1.jpg HTTP/1.1" 200 103595 "https://royaltuning.hu/public/hu/termekkategoria/kulcshazak?gad_source=1&gclid=CjwKCAjw-O6zBhASEiwAOHeGxbMchOpQtAIGh0MVJTRnamLVRvkPJAHlPqR7ZSvL7hWkx2KX0qp8yxoCaMIQAvD_BwE" "Mozilla/5.0 (Linux; Android 10; K) AppleWebKit/537.36 (KHTML, like Gecko) Chrome/126.0.0.0 Safari/537.36"
213.181.215.165 - - [26/Jun/2024:18:07:20 +0200] "GET /storage/media/bmw_kulcs_gombsor-1.jpg HTTP/1.1" 200 54480 "https://royaltuning.hu/public/hu/termekkategoria/kulcshazak?gad_source=1&gclid=CjwKCAjw-O6zBhASEiwAOHeGxbMchOpQtAIGh0MVJTRnamLVRvkPJAHlPqR7ZSvL7hWkx2KX0qp8yxoCaMIQAvD_BwE" "Mozilla/5.0 (Linux; Android 10; K) AppleWebKit/537.36 (KHTML, like Gecko) Chrome/126.0.0.0 Safari/537.36"
213.181.215.165 - - [26/Jun/2024:18:07:20 +0200] "GET /storage/media/bmw_kulcshaz_hu58-5.jpg HTTP/1.1" 200 44269 "https://royaltuning.hu/public/hu/termekkategoria/kulcshazak?gad_source=1&gclid=CjwKCAjw-O6zBhASEiwAOHeGxbMchOpQtAIGh0MVJTRnamLVRvkPJAHlPqR7ZSvL7hWkx2KX0qp8yxoCaMIQAvD_BwE" "Mozilla/5.0 (Linux; Android 10; K) AppleWebKit/537.36 (KHTML, like Gecko) Chrome/126.0.0.0 Safari/537.36"
213.181.215.165 - - [26/Jun/2024:18:07:20 +0200] "GET /storage/media/bmw_kulcshaz_3gombos-4-1.jpg HTTP/1.1" 200 96465 "https://royaltuning.hu/public/hu/termekkategoria/kulcshazak?gad_source=1&gclid=CjwKCAjw-O6zBhASEiwAOHeGxbMchOpQtAIGh0MVJTRnamLVRvkPJAHlPqR7ZSvL7hWkx2KX0qp8yxoCaMIQAvD_BwE" "Mozilla/5.0 (Linux; Android 10; K) AppleWebKit/537.36 (KHTML, like Gecko) Chrome/126.0.0.0 Safari/537.36"
213.181.215.165 - - [26/Jun/2024:18:07:20 +0200] "GET /storage/media/BMW_kulcshaz_3gombos-1.jpg HTTP/1.1" 200 36621 "https://royaltuning.hu/public/hu/termekkategoria/kulcshazak?gad_source=1&gclid=CjwKCAjw-O6zBhASEiwAOHeGxbMchOpQtAIGh0MVJTRnamLVRvkPJAHlPqR7ZSvL7hWkx2KX0qp8yxoCaMIQAvD_BwE" "Mozilla/5.0 (Linux; Android 10; K) AppleWebKit/537.36 (KHTML, like Gecko) Chrome/126.0.0.0 Safari/537.36"
213.181.215.165 - - [26/Jun/2024:18:07:20 +0200] "GET /storage/media/bmw_nyerskulcs_elektronikaval-2.jpg HTTP/1.1" 200 58823 "https://royaltuning.hu/public/hu/termekkategoria/kulcshazak?gad_source=1&gclid=CjwKCAjw-O6zBhASEiwAOHeGxbMchOpQtAIGh0MVJTRnamLVRvkPJAHlPqR7ZSvL7hWkx2KX0qp8yxoCaMIQAvD_BwE" "Mozilla/5.0 (Linux; Android 10; K) AppleWebKit/537.36 (KHTML, like Gecko) Chrome/126.0.0.0 Safari/537.36"
213.181.215.165 - - [26/Jun/2024:18:07:20 +0200] "GET /storage/media/bm1.jpg HTTP/1.1" 200 49412 "https://royaltuning.hu/public/hu/termekkategoria/kulcshazak?gad_source=1&gclid=CjwKCAjw-O6zBhASEiwAOHeGxbMchOpQtAIGh0MVJTRnamLVRvkPJAHlPqR7ZSvL7hWkx2KX0qp8yxoCaMIQAvD_BwE" "Mozilla/5.0 (Linux; Android 10; K) AppleWebKit/537.36 (KHTML, like Gecko) Chrome/126.0.0.0 Safari/537.36"
213.181.215.165 - - [26/Jun/2024:18:07:20 +0200] "GET /storage/media/chevrolet_bicskakulcs_2gombos-1-1.jpg HTTP/1.1" 200 32486 "https://royaltuning.hu/public/hu/termekkategoria/kulcshazak?gad_source=1&gclid=CjwKCAjw-O6zBhASEiwAOHeGxbMchOpQtAIGh0MVJTRnamLVRvkPJAHlPqR7ZSvL7hWkx2KX0qp8yxoCaMIQAvD_BwE" "Mozilla/5.0 (Linux; Android 10; K) AppleWebKit/537.36 (KHTML, like Gecko) Chrome/126.0.0.0 Safari/537.36"
213.181.215.165 - - [26/Jun/2024:18:07:20 +0200] "GET /storage/media/chevrolet_bicskakulcs_2gombos-1.jpg HTTP/1.1" 200 56683 "https://royaltuning.hu/public/hu/termekkategoria/kulcshazak?gad_source=1&gclid=CjwKCAjw-O6zBhASEiwAOHeGxbMchOpQtAIGh0MVJTRnamLVRvkPJAHlPqR7ZSvL7hWkx2KX0qp8yxoCaMIQAvD_BwE" "Mozilla/5.0 (Linux; Android 10; K) AppleWebKit/537.36 (KHTML, like Gecko) Chrome/126.0.0.0 Safari/537.36"
213.181.215.165 - - [26/Jun/2024:18:07:20 +0200] "GET /storage/media/chevrolet_bicskakulcs_3gombos-1-1.jpg HTTP/1.1" 200 40326 "https://royaltuning.hu/public/hu/termekkategoria/kulcshazak?gad_source=1&gclid=CjwKCAjw-O6zBhASEiwAOHeGxbMchOpQtAIGh0MVJTRnamLVRvkPJAHlPqR7ZSvL7hWkx2KX0qp8yxoCaMIQAvD_BwE" "Mozilla/5.0 (Linux; Android 10; K) AppleWebKit/537.36 (KHTML, like Gecko) Chrome/126.0.0.0 Safari/537.36"
213.181.215.165 - - [26/Jun/2024:18:07:20 +0200] "GET /storage/media/chevrolet_bicskakulcs_3gombos-1.jpg HTTP/1.1" 200 56716 "https://royaltuning.hu/public/hu/termekkategoria/kulcshazak?gad_source=1&gclid=CjwKCAjw-O6zBhASEiwAOHeGxbMchOpQtAIGh0MVJTRnamLVRvkPJAHlPqR7ZSvL7hWkx2KX0qp8yxoCaMIQAvD_BwE" "Mozilla/5.0 (Linux; Android 10; K) AppleWebKit/537.36 (KHTML, like Gecko) Chrome/126.0.0.0 Safari/537.36"
72.14.201.79 - - [26/Jun/2024:18:07:20 +0200] "GET / HTTP/1.1" 302 201 "https://www.google.com/" "Mozilla/5.0 (Linux; Android 10; K) AppleWebKit/537.36 (KHTML, like Gecko) Chrome/126.0.0.0 Mobile Safari/537.36"
213.181.215.165 - - [26/Jun/2024:18:07:20 +0200] "GET /storage/media/c0t7luzASFx7EVSpbCjKOjfFo89DRMqzfBVMmmvt.png HTTP/1.1" 200 18256 "https://royaltuning.hu/public/hu/termekkategoria/kulcshazak?gad_source=1&gclid=CjwKCAjw-O6zBhASEiwAOHeGxbMchOpQtAIGh0MVJTRnamLVRvkPJAHlPqR7ZSvL7hWkx2KX0qp8yxoCaMIQAvD_BwE" "Mozilla/5.0 (Linux; Android 10; K) AppleWebKit/537.36 (KHTML, like Gecko) Chrome/126.0.0.0 Safari/537.36"
66.249.70.160 - - [26/Jun/2024:18:07:21 +0200] "GET /wp-content/uploads/2021/11/kormanyvedo_huzat_fekete_piros-3.jpg HTTP/1.1" 304 - "-" "Googlebot-Image/1.0"
66.249.81.7 - - [26/Jun/2024:18:07:20 +0200] "GET /.well-known/traffic-advice HTTP/1.1" 200 30962 "-" "Chrome Privacy Preserving Prefetch Proxy"
94.21.58.22 - - [26/Jun/2024:18:07:21 +0200] "GET /hu/checkout/complete HTTP/1.1" 302 197 "-" "Mozilla/5.0 (iPhone; CPU iPhone OS 17_5 like Mac OS X) AppleWebKit/605.1.15 (KHTML, like Gecko) CriOS/126.0.6478.54 Mobile/15E148 Safari/604.1"
72.14.201.79 - - [26/Jun/2024:18:07:20 +0200] "GET /hu HTTP/1.1" 200 32979 "https://www.google.com/" "Mozilla/5.0 (Linux; Android 10; K) AppleWebKit/537.36 (KHTML, like Gecko) Chrome/126.0.0.0 Mobile Safari/537.36"
84.225.147.217 - - [26/Jun/2024:18:07:21 +0200] "GET /hu?gad_source=1&gclid=CjwKCAjw-O6zBhASEiwAOHeGxVqE-mRE8a7e90DaapyZE1dKVjXVEBKFdYyzLJ_pJUVtW98ZtMxMDRoCCv0QAvD_BwE HTTP/1.1" 200 33048 "https://www.google.com/" "Mozilla/5.0 (Linux; Android 10; K) AppleWebKit/537.36 (KHTML, like Gecko) Chrome/126.0.0.0 Mobile Safari/537.36"
84.225.147.217 - - [26/Jun/2024:18:07:22 +0200] "GET /themes/storefront/public/css/app.css?v=3.1.0 HTTP/1.1" 200 72700 "https://royaltuning.hu/hu?gad_source=1&gclid=CjwKCAjw-O6zBhASEiwAOHeGxVqE-mRE8a7e90DaapyZE1dKVjXVEBKFdYyzLJ_pJUVtW98ZtMxMDRoCCv0QAvD_BwE" "Mozilla/5.0 (Linux; Android 10; K) AppleWebKit/537.36 (KHTML, like Gecko) Chrome/126.0.0.0 Mobile Safari/537.36"
84.225.147.217 - - [26/Jun/2024:18:07:22 +0200] "GET /storage/media/rpiKsmcVc59LwHHydMWZkR91adM4KGiqcvvmbod4.png HTTP/1.1" 200 17070 "https://royaltuning.hu/hu?gad_source=1&gclid=CjwKCAjw-O6zBhASEiwAOHeGxVqE-mRE8a7e90DaapyZE1dKVjXVEBKFdYyzLJ_pJUVtW98ZtMxMDRoCCv0QAvD_BwE" "Mozilla/5.0 (Linux; Android 10; K) AppleWebKit/537.36 (KHTML, like Gecko) Chrome/126.0.0.0 Mobile Safari/537.36"
84.225.147.217 - - [26/Jun/2024:18:07:22 +0200] "GET /vendor/cookie-consent/css/cookie-consent.css HTTP/1.1" 200 990 "https://royaltuning.hu/hu?gad_source=1&gclid=CjwKCAjw-O6zBhASEiwAOHeGxVqE-mRE8a7e90DaapyZE1dKVjXVEBKFdYyzLJ_pJUVtW98ZtMxMDRoCCv0QAvD_BwE" "Mozilla/5.0 (Linux; Android 10; K) AppleWebKit/537.36 (KHTML, like Gecko) Chrome/126.0.0.0 Mobile Safari/537.36"
94.21.58.22 - - [26/Jun/2024:18:07:21 +0200] "GET /hu HTTP/1.1" 200 32934 "-" "Mozilla/5.0 (iPhone; CPU iPhone OS 17_5 like Mac OS X) AppleWebKit/605.1.15 (KHTML, like Gecko) CriOS/126.0.6478.54 Mobile/15E148 Safari/604.1"
84.225.147.217 - - [26/Jun/2024:18:07:22 +0200] "GET /storage/media/diddLcwX7j3ZzLA5su9xt3jZBs5mPSFPhZax3TI2.png HTTP/1.1" 200 201337 "https://royaltuning.hu/hu?gad_source=1&gclid=CjwKCAjw-O6zBhASEiwAOHeGxVqE-mRE8a7e90DaapyZE1dKVjXVEBKFdYyzLJ_pJUVtW98ZtMxMDRoCCv0QAvD_BwE" "Mozilla/5.0 (Linux; Android 10; K) AppleWebKit/537.36 (KHTML, like Gecko) Chrome/126.0.0.0 Mobile Safari/537.36"
94.21.58.22 - - [26/Jun/2024:18:07:23 +0200] "GET /storage/media/diddLcwX7j3ZzLA5su9xt3jZBs5mPSFPhZax3TI2.png HTTP/1.1" 200 201337 "https://royaltuning.hu/hu" "Mozilla/5.0 (iPhone; CPU iPhone OS 17_5 like Mac OS X) AppleWebKit/605.1.15 (KHTML, like Gecko) CriOS/126.0.6478.54 Mobile/15E148 Safari/604.1"
84.225.147.217 - - [26/Jun/2024:18:07:23 +0200] "GET /storage/media/z6b3YArpND2pqh91u7mTeQ48hwVLCxI7nAi0RssX.png HTTP/1.1" 200 166165 "https://royaltuning.hu/hu?gad_source=1&gclid=CjwKCAjw-O6zBhASEiwAOHeGxVqE-mRE8a7e90DaapyZE1dKVjXVEBKFdYyzLJ_pJUVtW98ZtMxMDRoCCv0QAvD_BwE" "Mozilla/5.0 (Linux; Android 10; K) AppleWebKit/537.36 (KHTML, like Gecko) Chrome/126.0.0.0 Mobile Safari/537.36"
94.21.58.22 - - [26/Jun/2024:18:07:23 +0200] "GET /storage/media/m0Z1UihTihN7fxZAO9Hy0mRqZEXGvaCpnpWDRc5X.png HTTP/1.1" 200 147631 "https://royaltuning.hu/hu" "Mozilla/5.0 (iPhone; CPU iPhone OS 17_5 like Mac OS X) AppleWebKit/605.1.15 (KHTML, like Gecko) CriOS/126.0.6478.54 Mobile/15E148 Safari/604.1"
94.21.58.22 - - [26/Jun/2024:18:07:23 +0200] "GET /storage/media/z6b3YArpND2pqh91u7mTeQ48hwVLCxI7nAi0RssX.png HTTP/1.1" 200 166165 "https://royaltuning.hu/hu" "Mozilla/5.0 (iPhone; CPU iPhone OS 17_5 like Mac OS X) AppleWebKit/605.1.15 (KHTML, like Gecko) CriOS/126.0.6478.54 Mobile/15E148 Safari/604.1"
94.21.58.22 - - [26/Jun/2024:18:07:23 +0200] "GET /storage/media/Nq47okDNXkthggOpGBcyiCsFcR5MAbRnpCiGHKa1.png HTTP/1.1" 200 155315 "https://royaltuning.hu/hu" "Mozilla/5.0 (iPhone; CPU iPhone OS 17_5 like Mac OS X) AppleWebKit/605.1.15 (KHTML, like Gecko) CriOS/126.0.6478.54 Mobile/15E148 Safari/604.1"
94.21.58.22 - - [26/Jun/2024:18:07:23 +0200] "GET /storage/media/02qewcDn11X96OlRe0JZ4zExTNS44KQ9M11CWdhO.png HTTP/1.1" 200 115304 "https://royaltuning.hu/hu" "Mozilla/5.0 (iPhone; CPU iPhone OS 17_5 like Mac OS X) AppleWebKit/605.1.15 (KHTML, like Gecko) CriOS/126.0.6478.54 Mobile/15E148 Safari/604.1"
94.21.58.22 - - [26/Jun/2024:18:07:23 +0200] "GET /storage/media/kqaBWwYSm5MKbfAj4m9WaRUN5jRuSOaDcKSmDByJ.png HTTP/1.1" 200 96367 "https://royaltuning.hu/hu" "Mozilla/5.0 (iPhone; CPU iPhone OS 17_5 like Mac OS X) AppleWebKit/605.1.15 (KHTML, like Gecko) CriOS/126.0.6478.54 Mobile/15E148 Safari/604.1"
94.21.58.22 - - [26/Jun/2024:18:07:23 +0200] "GET /storage/media/feketito_krem_autoapolas-4.jpg HTTP/1.1" 200 59354 "https://royaltuning.hu/hu" "Mozilla/5.0 (iPhone; CPU iPhone OS 17_5 like Mac OS X) AppleWebKit/605.1.15 (KHTML, like Gecko) CriOS/126.0.6478.54 Mobile/15E148 Safari/604.1"
94.21.58.22 - - [26/Jun/2024:18:07:23 +0200] "GET /storage/media/B6Oclc3ejXCp8Y7EzBha78TeOmUK8jKPQQfMNQOT.jpg HTTP/1.1" 200 85760 "https://royaltuning.hu/hu" "Mozilla/5.0 (iPhone; CPU iPhone OS 17_5 like Mac OS X) AppleWebKit/605.1.15 (KHTML, like Gecko) CriOS/126.0.6478.54 Mobile/15E148 Safari/604.1"
84.225.147.217 - - [26/Jun/2024:18:07:23 +0200] "GET /storage/media/Nq47okDNXkthggOpGBcyiCsFcR5MAbRnpCiGHKa1.png HTTP/1.1" 200 155315 "https://royaltuning.hu/hu?gad_source=1&gclid=CjwKCAjw-O6zBhASEiwAOHeGxVqE-mRE8a7e90DaapyZE1dKVjXVEBKFdYyzLJ_pJUVtW98ZtMxMDRoCCv0QAvD_BwE" "Mozilla/5.0 (Linux; Android 10; K) AppleWebKit/537.36 (KHTML, like Gecko) Chrome/126.0.0.0 Mobile Safari/537.36"
84.225.147.217 - - [26/Jun/2024:18:07:23 +0200] "GET /vendor/cookie-consent/js/cookie-consent.js HTTP/1.1" 200 11136 "https://royaltuning.hu/hu?gad_source=1&gclid=CjwKCAjw-O6zBhASEiwAOHeGxVqE-mRE8a7e90DaapyZE1dKVjXVEBKFdYyzLJ_pJUVtW98ZtMxMDRoCCv0QAvD_BwE" "Mozilla/5.0 (Linux; Android 10; K) AppleWebKit/537.36 (KHTML, like Gecko) Chrome/126.0.0.0 Mobile Safari/537.36"
84.225.147.217 - - [26/Jun/2024:18:07:23 +0200] "GET /themes/storefront/public/fonts/la-solid-900.woff2 HTTP/1.1" 200 96652 "https://royaltuning.hu/themes/storefront/public/css/app.css?v=3.1.0" "Mozilla/5.0 (Linux; Android 10; K) AppleWebKit/537.36 (KHTML, like Gecko) Chrome/126.0.0.0 Mobile Safari/537.36"
84.225.147.217 - - [26/Jun/2024:18:07:23 +0200] "GET /storage/media/m0Z1UihTihN7fxZAO9Hy0mRqZEXGvaCpnpWDRc5X.png HTTP/1.1" 200 147631 "https://royaltuning.hu/hu?gad_source=1&gclid=CjwKCAjw-O6zBhASEiwAOHeGxVqE-mRE8a7e90DaapyZE1dKVjXVEBKFdYyzLJ_pJUVtW98ZtMxMDRoCCv0QAvD_BwE" "Mozilla/5.0 (Linux; Android 10; K) AppleWebKit/537.36 (KHTML, like Gecko) Chrome/126.0.0.0 Mobile Safari/537.36"
84.225.147.217 - - [26/Jun/2024:18:07:23 +0200] "GET /themes/storefront/public/images/arrow-black.png HTTP/1.1" 200 221 "https://royaltuning.hu/themes/storefront/public/css/app.css?v=3.1.0" "Mozilla/5.0 (Linux; Android 10; K) AppleWebKit/537.36 (KHTML, like Gecko) Chrome/126.0.0.0 Mobile Safari/537.36"
84.225.147.217 - - [26/Jun/2024:18:07:23 +0200] "GET /storage/media/02qewcDn11X96OlRe0JZ4zExTNS44KQ9M11CWdhO.png HTTP/1.1" 200 115304 "https://royaltuning.hu/hu?gad_source=1&gclid=CjwKCAjw-O6zBhASEiwAOHeGxVqE-mRE8a7e90DaapyZE1dKVjXVEBKFdYyzLJ_pJUVtW98ZtMxMDRoCCv0QAvD_BwE" "Mozilla/5.0 (Linux; Android 10; K) AppleWebKit/537.36 (KHTML, like Gecko) Chrome/126.0.0.0 Mobile Safari/537.36"
84.225.147.217 - - [26/Jun/2024:18:07:23 +0200] "GET /themes/storefront/public/fonts/la-brands-400.woff2 HTTP/1.1" 200 84805 "https://royaltuning.hu/themes/storefront/public/css/app.css?v=3.1.0" "Mozilla/5.0 (Linux; Android 10; K) AppleWebKit/537.36 (KHTML, like Gecko) Chrome/126.0.0.0 Mobile Safari/537.36"
84.225.147.217 - - [26/Jun/2024:18:07:23 +0200] "GET /storage/media/feketito_krem_autoapolas-4.jpg HTTP/1.1" 200 59354 "https://royaltuning.hu/hu?gad_source=1&gclid=CjwKCAjw-O6zBhASEiwAOHeGxVqE-mRE8a7e90DaapyZE1dKVjXVEBKFdYyzLJ_pJUVtW98ZtMxMDRoCCv0QAvD_BwE" "Mozilla/5.0 (Linux; Android 10; K) AppleWebKit/537.36 (KHTML, like Gecko) Chrome/126.0.0.0 Mobile Safari/537.36"
84.225.147.217 - - [26/Jun/2024:18:07:23 +0200] "GET /storage/media/kqaBWwYSm5MKbfAj4m9WaRUN5jRuSOaDcKSmDByJ.png HTTP/1.1" 200 96367 "https://royaltuning.hu/hu?gad_source=1&gclid=CjwKCAjw-O6zBhASEiwAOHeGxVqE-mRE8a7e90DaapyZE1dKVjXVEBKFdYyzLJ_pJUVtW98ZtMxMDRoCCv0QAvD_BwE" "Mozilla/5.0 (Linux; Android 10; K) AppleWebKit/537.36 (KHTML, like Gecko) Chrome/126.0.0.0 Mobile Safari/537.36"
84.225.147.217 - - [26/Jun/2024:18:07:23 +0200] "GET /storage/media/LR8IfEu8TFdtixq0lkK2SomaSuyRv02mO7hPPjoL.jpg HTTP/1.1" 200 86609 "https://royaltuning.hu/hu?gad_source=1&gclid=CjwKCAjw-O6zBhASEiwAOHeGxVqE-mRE8a7e90DaapyZE1dKVjXVEBKFdYyzLJ_pJUVtW98ZtMxMDRoCCv0QAvD_BwE" "Mozilla/5.0 (Linux; Android 10; K) AppleWebKit/537.36 (KHTML, like Gecko) Chrome/126.0.0.0 Mobile Safari/537.36"
84.225.147.217 - - [26/Jun/2024:18:07:23 +0200] "GET /storage/media/B6Oclc3ejXCp8Y7EzBha78TeOmUK8jKPQQfMNQOT.jpg HTTP/1.1" 200 85760 "https://royaltuning.hu/hu?gad_source=1&gclid=CjwKCAjw-O6zBhASEiwAOHeGxVqE-mRE8a7e90DaapyZE1dKVjXVEBKFdYyzLJ_pJUVtW98ZtMxMDRoCCv0QAvD_BwE" "Mozilla/5.0 (Linux; Android 10; K) AppleWebKit/537.36 (KHTML, like Gecko) Chrome/126.0.0.0 Mobile Safari/537.36"
84.225.147.217 - - [26/Jun/2024:18:07:23 +0200] "GET /themes/storefront/public/js/app.js?v=3.1.0 HTTP/1.1" 200 979893 "https://royaltuning.hu/hu?gad_source=1&gclid=CjwKCAjw-O6zBhASEiwAOHeGxVqE-mRE8a7e90DaapyZE1dKVjXVEBKFdYyzLJ_pJUVtW98ZtMxMDRoCCv0QAvD_BwE" "Mozilla/5.0 (Linux; Android 10; K) AppleWebKit/537.36 (KHTML, like Gecko) Chrome/126.0.0.0 Mobile Safari/537.36"
94.21.58.22 - - [26/Jun/2024:18:07:23 +0200] "GET /storage/media/JcwKrbYgw2GtfMD1NUmFRGLyEU31uJYXMenxZotb.jpg HTTP/1.1" 200 78471 "https://royaltuning.hu/hu" "Mozilla/5.0 (iPhone; CPU iPhone OS 17_5 like Mac OS X) AppleWebKit/605.1.15 (KHTML, like Gecko) CriOS/126.0.6478.54 Mobile/15E148 Safari/604.1"
94.21.58.22 - - [26/Jun/2024:18:07:23 +0200] "GET /storage/media/rWMIvJCUyfSq4SdNOIjuaj9H4zOFzrO53BxNcCwO.png HTTP/1.1" 200 448822 "https://royaltuning.hu/hu" "Mozilla/5.0 (iPhone; CPU iPhone OS 17_5 like Mac OS X) AppleWebKit/605.1.15 (KHTML, like Gecko) CriOS/126.0.6478.54 Mobile/15E148 Safari/604.1"
94.21.58.22 - - [26/Jun/2024:18:07:23 +0200] "GET /hu/storefront/flash-sale-products HTTP/1.1" 200 743 "https://royaltuning.hu/hu" "Mozilla/5.0 (iPhone; CPU iPhone OS 17_5 like Mac OS X) AppleWebKit/605.1.15 (KHTML, like Gecko) CriOS/126.0.6478.54 Mobile/15E148 Safari/604.1"
94.21.58.22 - - [26/Jun/2024:18:07:23 +0200] "GET /hu/storefront/featured-categories/1/products HTTP/1.1" 200 1714 "https://royaltuning.hu/hu" "Mozilla/5.0 (iPhone; CPU iPhone OS 17_5 like Mac OS X) AppleWebKit/605.1.15 (KHTML, like Gecko) CriOS/126.0.6478.54 Mobile/15E148 Safari/604.1"
94.21.58.22 - - [26/Jun/2024:18:07:23 +0200] "GET /storage/media/5LsjKYn98M7iBeG1rGBQtNhIhWr870EXL0JNI2r5.jpg HTTP/1.1" 200 22464 "https://royaltuning.hu/hu" "Mozilla/5.0 (iPhone; CPU iPhone OS 17_5 like Mac OS X) AppleWebKit/605.1.15 (KHTML, like Gecko) CriOS/126.0.6478.54 Mobile/15E148 Safari/604.1"
94.21.58.22 - - [26/Jun/2024:18:07:23 +0200] "GET /themes/storefront/public/css/fonts/slick.woff HTTP/1.1" 200 1343 "https://royaltuning.hu/hu" "Mozilla/5.0 (iPhone; CPU iPhone OS 17_5 like Mac OS X) AppleWebKit/605.1.15 (KHTML, like Gecko) CriOS/126.0.6478.54 Mobile/15E148 Safari/604.1"
94.21.58.22 - - [26/Jun/2024:18:07:23 +0200] "GET /hu/storefront/tab-products/sections/2/tabs/1 HTTP/1.1" 200 1482 "https://royaltuning.hu/hu" "Mozilla/5.0 (iPhone; CPU iPhone OS 17_5 like Mac OS X) AppleWebKit/605.1.15 (KHTML, like Gecko) CriOS/126.0.6478.54 Mobile/15E148 Safari/604.1"
94.21.58.22 - - [26/Jun/2024:18:07:23 +0200] "GET /storage/media/univerzalis_spoiler_feklampaval.jpg HTTP/1.1" 200 406300 "https://royaltuning.hu/hu" "Mozilla/5.0 (iPhone; CPU iPhone OS 17_5 like Mac OS X) AppleWebKit/605.1.15 (KHTML, like Gecko) CriOS/126.0.6478.54 Mobile/15E148 Safari/604.1"
84.225.147.217 - - [26/Jun/2024:18:07:23 +0200] "GET /hu/storefront/flash-sale-products HTTP/1.1" 200 743 "https://royaltuning.hu/hu?gad_source=1&gclid=CjwKCAjw-O6zBhASEiwAOHeGxVqE-mRE8a7e90DaapyZE1dKVjXVEBKFdYyzLJ_pJUVtW98ZtMxMDRoCCv0QAvD_BwE" "Mozilla/5.0 (Linux; Android 10; K) AppleWebKit/537.36 (KHTML, like Gecko) Chrome/126.0.0.0 Mobile Safari/537.36"
84.225.147.217 - - [26/Jun/2024:18:07:23 +0200] "GET /hu/storefront/vertical-products/1 HTTP/1.1" 200 1807 "https://royaltuning.hu/hu?gad_source=1&gclid=CjwKCAjw-O6zBhASEiwAOHeGxVqE-mRE8a7e90DaapyZE1dKVjXVEBKFdYyzLJ_pJUVtW98ZtMxMDRoCCv0QAvD_BwE" "Mozilla/5.0 (Linux; Android 10; K) AppleWebKit/537.36 (KHTML, like Gecko) Chrome/126.0.0.0 Mobile Safari/537.36"
94.21.58.22 - - [26/Jun/2024:18:07:23 +0200] "GET /storage/media/Q6ZRAyz6BKRRUS3Ccwdxlb4Q1ZqwmbgjwkoXdemI.jpg HTTP/1.1" 200 443365 "https://royaltuning.hu/hu" "Mozilla/5.0 (iPhone; CPU iPhone OS 17_5 like Mac OS X) AppleWebKit/605.1.15 (KHTML, like Gecko) CriOS/126.0.6478.54 Mobile/15E148 Safari/604.1"
84.225.147.217 - - [26/Jun/2024:18:07:23 +0200] "GET /hu/storefront/vertical-products/2 HTTP/1.1" 200 1528 "https://royaltuning.hu/hu?gad_source=1&gclid=CjwKCAjw-O6zBhASEiwAOHeGxVqE-mRE8a7e90DaapyZE1dKVjXVEBKFdYyzLJ_pJUVtW98ZtMxMDRoCCv0QAvD_BwE" "Mozilla/5.0 (Linux; Android 10; K) AppleWebKit/537.36 (KHTML, like Gecko) Chrome/126.0.0.0 Mobile Safari/537.36"
94.21.58.22 - - [26/Jun/2024:18:07:23 +0200] "GET /storage/media/suzuki_tukor_index-1.jpg HTTP/1.1" 200 79805 "https://royaltuning.hu/hu" "Mozilla/5.0 (iPhone; CPU iPhone OS 17_5 like Mac OS X) AppleWebKit/605.1.15 (KHTML, like Gecko) CriOS/126.0.6478.54 Mobile/15E148 Safari/604.1"
84.225.147.217 - - [26/Jun/2024:18:07:23 +0200] "GET /hu/storefront/vertical-products/3 HTTP/1.1" 200 1470 "https://royaltuning.hu/hu?gad_source=1&gclid=CjwKCAjw-O6zBhASEiwAOHeGxVqE-mRE8a7e90DaapyZE1dKVjXVEBKFdYyzLJ_pJUVtW98ZtMxMDRoCCv0QAvD_BwE" "Mozilla/5.0 (Linux; Android 10; K) AppleWebKit/537.36 (KHTML, like Gecko) Chrome/126.0.0.0 Mobile Safari/537.36"
94.21.58.22 - - [26/Jun/2024:18:07:23 +0200] "GET /storage/media/Opel_Vectra_B_index_.jpg HTTP/1.1" 200 37928 "https://royaltuning.hu/hu" "Mozilla/5.0 (iPhone; CPU iPhone OS 17_5 like Mac OS X) AppleWebKit/605.1.15 (KHTML, like Gecko) CriOS/126.0.6478.54 Mobile/15E148 Safari/604.1"
94.21.58.22 - - [26/Jun/2024:18:07:23 +0200] "GET /storage/media/mazda_futofenyes_index.jpg HTTP/1.1" 200 428347 "https://royaltuning.hu/hu" "Mozilla/5.0 (iPhone; CPU iPhone OS 17_5 like Mac OS X) AppleWebKit/605.1.15 (KHTML, like Gecko) CriOS/126.0.6478.54 Mobile/15E148 Safari/604.1"
84.225.147.217 - - [26/Jun/2024:18:07:23 +0200] "GET /hu/storefront/featured-categories/1/products HTTP/1.1" 200 1714 "https://royaltuning.hu/hu?gad_source=1&gclid=CjwKCAjw-O6zBhASEiwAOHeGxVqE-mRE8a7e90DaapyZE1dKVjXVEBKFdYyzLJ_pJUVtW98ZtMxMDRoCCv0QAvD_BwE" "Mozilla/5.0 (Linux; Android 10; K) AppleWebKit/537.36 (KHTML, like Gecko) Chrome/126.0.0.0 Mobile Safari/537.36"
84.225.147.217 - - [26/Jun/2024:18:07:23 +0200] "GET /hu/storefront/tab-products/sections/2/tabs/1 HTTP/1.1" 200 1482 "https://royaltuning.hu/hu?gad_source=1&gclid=CjwKCAjw-O6zBhASEiwAOHeGxVqE-mRE8a7e90DaapyZE1dKVjXVEBKFdYyzLJ_pJUVtW98ZtMxMDRoCCv0QAvD_BwE" "Mozilla/5.0 (Linux; Android 10; K) AppleWebKit/537.36 (KHTML, like Gecko) Chrome/126.0.0.0 Mobile Safari/537.36"
94.21.58.22 - - [26/Jun/2024:18:07:23 +0200] "GET /storage/media/bmw_e46_futofenyes_index_-1.jpg HTTP/1.1" 200 286471 "https://royaltuning.hu/hu" "Mozilla/5.0 (iPhone; CPU iPhone OS 17_5 like Mac OS X) AppleWebKit/605.1.15 (KHTML, like Gecko) CriOS/126.0.6478.54 Mobile/15E148 Safari/604.1"
94.21.58.22 - - [26/Jun/2024:18:07:23 +0200] "GET /storage/media/VW_skoda_seat_futofenyes_index_.jpg HTTP/1.1" 200 13496 "https://royaltuning.hu/hu" "Mozilla/5.0 (iPhone; CPU iPhone OS 17_5 like Mac OS X) AppleWebKit/605.1.15 (KHTML, like Gecko) CriOS/126.0.6478.54 Mobile/15E148 Safari/604.1"
84.225.147.217 - - [26/Jun/2024:18:07:23 +0200] "GET /storage/media/JcwKrbYgw2GtfMD1NUmFRGLyEU31uJYXMenxZotb.jpg HTTP/1.1" 200 78471 "https://royaltuning.hu/hu?gad_source=1&gclid=CjwKCAjw-O6zBhASEiwAOHeGxVqE-mRE8a7e90DaapyZE1dKVjXVEBKFdYyzLJ_pJUVtW98ZtMxMDRoCCv0QAvD_BwE" "Mozilla/5.0 (Linux; Android 10; K) AppleWebKit/537.36 (KHTML, like Gecko) Chrome/126.0.0.0 Mobile Safari/537.36"
84.225.147.217 - - [26/Jun/2024:18:07:23 +0200] "GET /storage/media/5LsjKYn98M7iBeG1rGBQtNhIhWr870EXL0JNI2r5.jpg HTTP/1.1" 200 22464 "https://royaltuning.hu/hu?gad_source=1&gclid=CjwKCAjw-O6zBhASEiwAOHeGxVqE-mRE8a7e90DaapyZE1dKVjXVEBKFdYyzLJ_pJUVtW98ZtMxMDRoCCv0QAvD_BwE" "Mozilla/5.0 (Linux; Android 10; K) AppleWebKit/537.36 (KHTML, like Gecko) Chrome/126.0.0.0 Mobile Safari/537.36"
94.21.58.22 - - [26/Jun/2024:18:07:23 +0200] "GET /storage/media/bmw_e46_futofenyes_index_.jpg HTTP/1.1" 200 42900 "https://royaltuning.hu/hu" "Mozilla/5.0 (iPhone; CPU iPhone OS 17_5 like Mac OS X) AppleWebKit/605.1.15 (KHTML, like Gecko) CriOS/126.0.6478.54 Mobile/15E148 Safari/604.1"
94.21.58.22 - - [26/Jun/2024:18:07:23 +0200] "GET /storage/media/ford_futofenyes_index-6.jpg HTTP/1.1" 200 349216 "https://royaltuning.hu/hu" "Mozilla/5.0 (iPhone; CPU iPhone OS 17_5 like Mac OS X) AppleWebKit/605.1.15 (KHTML, like Gecko) CriOS/126.0.6478.54 Mobile/15E148 Safari/604.1"
84.225.147.217 - - [26/Jun/2024:18:07:23 +0200] "GET /storage/media/kulcshazak.jpg HTTP/1.1" 200 56737 "https://royaltuning.hu/hu?gad_source=1&gclid=CjwKCAjw-O6zBhASEiwAOHeGxVqE-mRE8a7e90DaapyZE1dKVjXVEBKFdYyzLJ_pJUVtW98ZtMxMDRoCCv0QAvD_BwE" "Mozilla/5.0 (Linux; Android 10; K) AppleWebKit/537.36 (KHTML, like Gecko) Chrome/126.0.0.0 Mobile Safari/537.36"
94.21.58.22 - - [26/Jun/2024:18:07:23 +0200] "GET /storage/media/mercedes_futofenyes_index.jpg HTTP/1.1" 200 63151 "https://royaltuning.hu/hu" "Mozilla/5.0 (iPhone; CPU iPhone OS 17_5 like Mac OS X) AppleWebKit/605.1.15 (KHTML, like Gecko) CriOS/126.0.6478.54 Mobile/15E148 Safari/604.1"
94.21.58.22 - - [26/Jun/2024:18:07:23 +0200] "GET /storage/media/fiat_500_futofenyes_index.jpg HTTP/1.1" 200 33353 "https://royaltuning.hu/hu" "Mozilla/5.0 (iPhone; CPU iPhone OS 17_5 like Mac OS X) AppleWebKit/605.1.15 (KHTML, like Gecko) CriOS/126.0.6478.54 Mobile/15E148 Safari/604.1"
84.225.147.217 - - [26/Jun/2024:18:07:23 +0200] "GET /storage/media/autodiagnosztika.jpg HTTP/1.1" 200 23142 "https://royaltuning.hu/hu?gad_source=1&gclid=CjwKCAjw-O6zBhASEiwAOHeGxVqE-mRE8a7e90DaapyZE1dKVjXVEBKFdYyzLJ_pJUVtW98ZtMxMDRoCCv0QAvD_BwE" "Mozilla/5.0 (Linux; Android 10; K) AppleWebKit/537.36 (KHTML, like Gecko) Chrome/126.0.0.0 Mobile Safari/537.36"
94.21.58.22 - - [26/Jun/2024:18:07:23 +0200] "GET /storage/media/ford_futofenyes_index-3.jpg HTTP/1.1" 200 32523 "https://royaltuning.hu/hu" "Mozilla/5.0 (iPhone; CPU iPhone OS 17_5 like Mac OS X) AppleWebKit/605.1.15 (KHTML, like Gecko) CriOS/126.0.6478.54 Mobile/15E148 Safari/604.1"
94.21.58.22 - - [26/Jun/2024:18:07:23 +0200] "GET /storage/media/paGdgnfacATylUWhvUeUZGv1GIKiGXmdYwZR20nd.jpg HTTP/1.1" 200 34330 "https://royaltuning.hu/hu" "Mozilla/5.0 (iPhone; CPU iPhone OS 17_5 like Mac OS X) AppleWebKit/605.1.15 (KHTML, like Gecko) CriOS/126.0.6478.54 Mobile/15E148 Safari/604.1"
