94.21.42.30 - - [26/Jun/2024:18:01:02 +0200] "GET /storage/media/LR8IfEu8TFdtixq0lkK2SomaSuyRv02mO7hPPjoL.jpg HTTP/1.1" 200 86609 "https://royaltuning.hu/hu/termek/public" "Mozilla/5.0 (Windows NT 10.0; Win64; x64; rv:127.0) Gecko/20100101 Firefox/127.0"
94.21.42.30 - - [26/Jun/2024:18:01:03 +0200] "GET /storage/media/c0t7luzASFx7EVSpbCjKOjfFo89DRMqzfBVMmmvt.png HTTP/1.1" 200 18256 "https://royaltuning.hu/hu/termek/public" "Mozilla/5.0 (Windows NT 10.0; Win64; x64; rv:127.0) Gecko/20100101 Firefox/127.0"
130.211.48.6 - - [26/Jun/2024:18:01:03 +0200] "PATCH /webshippy/getorderstatus HTTP/1.1" 419 1937 "-" "Symfony HttpClient/Curl"
130.211.48.6 - - [26/Jun/2024:18:01:05 +0200] "PATCH /webshippy/getorderstatus HTTP/1.1" 419 1937 "-" "Symfony HttpClient/Curl"
130.211.48.6 - - [26/Jun/2024:18:01:07 +0200] "PATCH /webshippy/getorderstatus HTTP/1.1" 419 1937 "-" "Symfony HttpClient/Curl"
31.46.242.171 - - [26/Jun/2024:18:01:08 +0200] "GET /termekkategoria/valtogombok-valtoszoknyak/Volvo-valtogombok-valtoszoknyak/?gclid=EAIaIQobChMI7dvQ99H5hgMVG1uRBR1NhQ6JEAEYASAAEgLXZ_D_BwE HTTP/1.1" 301 373 "https://suchen.mobile.de/" "Mozilla/5.0 (Windows NT 10.0; Win64; x64) AppleWebKit/537.36 (KHTML, like Gecko) Chrome/109.0.0.0 Safari/537.36"
31.46.242.171 - - [26/Jun/2024:18:01:08 +0200] "GET /public/termekkategoria/valtogombok-valtoszoknyak/Volvo-valtogombok-valtoszoknyak?gclid=EAIaIQobChMI7dvQ99H5hgMVG1uRBR1NhQ6JEAEYASAAEgLXZ_D_BwE HTTP/1.1" 302 306 "https://suchen.mobile.de/" "Mozilla/5.0 (Windows NT 10.0; Win64; x64) AppleWebKit/537.36 (KHTML, like Gecko) Chrome/109.0.0.0 Safari/537.36"
31.46.242.171 - - [26/Jun/2024:18:01:08 +0200] "GET /public/hu/termekkategoria/valtogombok-valtoszoknyak/Volvo-valtogombok-valtoszoknyak?gclid=EAIaIQobChMI7dvQ99H5hgMVG1uRBR1NhQ6JEAEYASAAEgLXZ_D_BwE HTTP/1.1" 200 42953 "https://suchen.mobile.de/" "Mozilla/5.0 (Windows NT 10.0; Win64; x64) AppleWebKit/537.36 (KHTML, like Gecko) Chrome/109.0.0.0 Safari/537.36"
94.21.42.30 - - [26/Jun/2024:18:01:10 +0200] "GET /hu/suggestions?query=t HTTP/1.1" 200 994 "https://royaltuning.hu/hu/termek/public" "Mozilla/5.0 (Windows NT 10.0; Win64; x64; rv:127.0) Gecko/20100101 Firefox/127.0"
94.21.42.30 - - [26/Jun/2024:18:01:11 +0200] "GET /storage/media/motoros_kulcstarto.jpg HTTP/1.1" 200 59208 "https://royaltuning.hu/hu/termek/public" "Mozilla/5.0 (Windows NT 10.0; Win64; x64; rv:127.0) Gecko/20100101 Firefox/127.0"
94.21.42.30 - - [26/Jun/2024:18:01:11 +0200] "GET /storage/media/ablaktorlo_javito-1.jpg HTTP/1.1" 200 71328 "https://royaltuning.hu/hu/termek/public" "Mozilla/5.0 (Windows NT 10.0; Win64; x64; rv:127.0) Gecko/20100101 Firefox/127.0"
94.21.42.30 - - [26/Jun/2024:18:01:11 +0200] "GET /storage/media/ketoldalu_ragaszto_csomag.jpg HTTP/1.1" 200 150224 "https://royaltuning.hu/hu/termek/public" "Mozilla/5.0 (Windows NT 10.0; Win64; x64; rv:127.0) Gecko/20100101 Firefox/127.0"
94.21.42.30 - - [26/Jun/2024:18:01:11 +0200] "GET /storage/media/ajto_elvedo_csik-1.jpg HTTP/1.1" 200 58245 "https://royaltuning.hu/hu/termek/public" "Mozilla/5.0 (Windows NT 10.0; Win64; x64; rv:127.0) Gecko/20100101 Firefox/127.0"
94.21.42.30 - - [26/Jun/2024:18:01:11 +0200] "GET /storage/media/3m_ketoldalu_ragaszto-1.png HTTP/1.1" 200 279671 "https://royaltuning.hu/hu/termek/public" "Mozilla/5.0 (Windows NT 10.0; Win64; x64; rv:127.0) Gecko/20100101 Firefox/127.0"
130.211.48.6 - - [26/Jun/2024:18:01:11 +0200] "PATCH /webshippy/getorderstatus HTTP/1.1" 419 1937 "-" "Symfony HttpClient/Curl"
94.21.42.30 - - [26/Jun/2024:18:01:11 +0200] "GET /storage/media/ajtokarpit_patent-1.jpg HTTP/1.1" 200 118760 "https://royaltuning.hu/hu/termek/public" "Mozilla/5.0 (Windows NT 10.0; Win64; x64; rv:127.0) Gecko/20100101 Firefox/127.0"
94.21.42.30 - - [26/Jun/2024:18:01:11 +0200] "GET /hu/suggestions?query=te HTTP/1.1" 200 727 "https://royaltuning.hu/hu/termek/public" "Mozilla/5.0 (Windows NT 10.0; Win64; x64; rv:127.0) Gecko/20100101 Firefox/127.0"
94.21.42.30 - - [26/Jun/2024:18:01:11 +0200] "GET /storage/media/drlups1.jpg HTTP/1.1" 200 88548 "https://royaltuning.hu/hu/termek/public" "Mozilla/5.0 (Windows NT 10.0; Win64; x64; rv:127.0) Gecko/20100101 Firefox/127.0"
94.21.42.30 - - [26/Jun/2024:18:01:11 +0200] "GET /storage/media/1137ups1.jpg HTTP/1.1" 200 93190 "https://royaltuning.hu/hu/termek/public" "Mozilla/5.0 (Windows NT 10.0; Win64; x64; rv:127.0) Gecko/20100101 Firefox/127.0"
94.21.42.30 - - [26/Jun/2024:18:01:11 +0200] "GET /storage/media/alfa_romeo_147_valtogomb-1.jpg HTTP/1.1" 200 47060 "https://royaltuning.hu/hu/termek/public" "Mozilla/5.0 (Windows NT 10.0; Win64; x64; rv:127.0) Gecko/20100101 Firefox/127.0"
94.21.42.30 - - [26/Jun/2024:18:01:11 +0200] "GET /storage/media/alfa_romeo_156_valtoszoknya.jpg HTTP/1.1" 200 25649 "https://royaltuning.hu/hu/termek/public" "Mozilla/5.0 (Windows NT 10.0; Win64; x64; rv:127.0) Gecko/20100101 Firefox/127.0"
94.21.42.30 - - [26/Jun/2024:18:01:11 +0200] "GET /storage/media/motor_feklampa_csomag.jpg HTTP/1.1" 200 213230 "https://royaltuning.hu/hu/termek/public" "Mozilla/5.0 (Windows NT 10.0; Win64; x64; rv:127.0) Gecko/20100101 Firefox/127.0"
94.21.42.30 - - [26/Jun/2024:18:01:11 +0200] "GET /storage/media/alfa_romeo_159_kezifekszoknya.jpg HTTP/1.1" 200 19622 "https://royaltuning.hu/hu/termek/public" "Mozilla/5.0 (Windows NT 10.0; Win64; x64; rv:127.0) Gecko/20100101 Firefox/127.0"
94.21.42.30 - - [26/Jun/2024:18:01:11 +0200] "GET /storage/media/alfa_romeo_159_valtoszoknya.jpg HTTP/1.1" 200 28099 "https://royaltuning.hu/hu/termek/public" "Mozilla/5.0 (Windows NT 10.0; Win64; x64; rv:127.0) Gecko/20100101 Firefox/127.0"
94.21.42.30 - - [26/Jun/2024:18:01:11 +0200] "GET /storage/media/antenna_jelerosito-1.jpg HTTP/1.1" 200 36490 "https://royaltuning.hu/hu/termek/public" "Mozilla/5.0 (Windows NT 10.0; Win64; x64; rv:127.0) Gecko/20100101 Firefox/127.0"
94.21.42.30 - - [26/Jun/2024:18:01:11 +0200] "GET /storage/media/antenna_szar-1.jpg HTTP/1.1" 200 40429 "https://royaltuning.hu/hu/termek/public" "Mozilla/5.0 (Windows NT 10.0; Win64; x64; rv:127.0) Gecko/20100101 Firefox/127.0"
94.21.42.30 - - [26/Jun/2024:18:01:11 +0200] "GET /storage/media/antenna_szar_keszlet-2.jpg HTTP/1.1" 200 100938 "https://royaltuning.hu/hu/termek/public" "Mozilla/5.0 (Windows NT 10.0; Win64; x64; rv:127.0) Gecko/20100101 Firefox/127.0"
94.21.42.30 - - [26/Jun/2024:18:01:11 +0200] "GET /storage/media/auto_antenna_erositett.jpg HTTP/1.1" 200 18229 "https://royaltuning.hu/hu/termek/public" "Mozilla/5.0 (Windows NT 10.0; Win64; x64; rv:127.0) Gecko/20100101 Firefox/127.0"
94.21.42.30 - - [26/Jun/2024:18:01:11 +0200] "GET /storage/media/antenna_szar_talppal-1.jpg HTTP/1.1" 200 102402 "https://royaltuning.hu/hu/termek/public" "Mozilla/5.0 (Windows NT 10.0; Win64; x64; rv:127.0) Gecko/20100101 Firefox/127.0"
94.21.42.30 - - [26/Jun/2024:18:01:11 +0200] "GET /hu/suggestions?query=tel HTTP/1.1" 200 876 "https://royaltuning.hu/hu/termek/public" "Mozilla/5.0 (Windows NT 10.0; Win64; x64; rv:127.0) Gecko/20100101 Firefox/127.0"
94.21.42.30 - - [26/Jun/2024:18:01:11 +0200] "GET /storage/media/autoillatosito_karacsonyi-3.jpg HTTP/1.1" 200 49142 "https://royaltuning.hu/hu/termek/public" "Mozilla/5.0 (Windows NT 10.0; Win64; x64; rv:127.0) Gecko/20100101 Firefox/127.0"
94.21.42.30 - - [26/Jun/2024:18:01:11 +0200] "GET /storage/media/autos_telefontarto_muszerfalra_rakhato-1.jpg HTTP/1.1" 200 77976 "https://royaltuning.hu/hu/termek/public" "Mozilla/5.0 (Windows NT 10.0; Win64; x64; rv:127.0) Gecko/20100101 Firefox/127.0"
94.21.42.30 - - [26/Jun/2024:18:01:11 +0200] "GET /storage/media/autos_tarto_magneses-1.jpg HTTP/1.1" 200 38837 "https://royaltuning.hu/hu/termek/public" "Mozilla/5.0 (Windows NT 10.0; Win64; x64; rv:127.0) Gecko/20100101 Firefox/127.0"
94.21.42.30 - - [26/Jun/2024:18:01:11 +0200] "GET /storage/media/autoillatosito_karacsonyi_-1.jpg HTTP/1.1" 200 50483 "https://royaltuning.hu/hu/termek/public" "Mozilla/5.0 (Windows NT 10.0; Win64; x64; rv:127.0) Gecko/20100101 Firefox/127.0"
94.21.42.30 - - [26/Jun/2024:18:01:11 +0200] "GET /hu/suggestions?query=tele HTTP/1.1" 200 818 "https://royaltuning.hu/hu/termek/public" "Mozilla/5.0 (Windows NT 10.0; Win64; x64; rv:127.0) Gecko/20100101 Firefox/127.0"
94.21.42.30 - - [26/Jun/2024:18:01:11 +0200] "GET /storage/media/tukorre_telefontarto-1.jpg HTTP/1.1" 200 105289 "https://royaltuning.hu/hu/termek/public" "Mozilla/5.0 (Windows NT 10.0; Win64; x64; rv:127.0) Gecko/20100101 Firefox/127.0"
94.21.42.30 - - [26/Jun/2024:18:01:11 +0200] "GET /storage/media/hozsugorcso_csatlakozo_keszlet.jpg HTTP/1.1" 200 138913 "https://royaltuning.hu/hu/termek/public" "Mozilla/5.0 (Windows NT 10.0; Win64; x64; rv:127.0) Gecko/20100101 Firefox/127.0"
94.21.42.30 - - [26/Jun/2024:18:01:11 +0200] "GET /storage/media/autofolia_telepito_keszlet-1.jpg HTTP/1.1" 200 145911 "https://royaltuning.hu/hu/termek/public" "Mozilla/5.0 (Windows NT 10.0; Win64; x64; rv:127.0) Gecko/20100101 Firefox/127.0"
94.21.42.30 - - [26/Jun/2024:18:01:11 +0200] "GET /storage/media/autos_telefontarto_tukorre_szerelheto-1.jpg HTTP/1.1" 200 54706 "https://royaltuning.hu/hu/termek/public" "Mozilla/5.0 (Windows NT 10.0; Win64; x64; rv:127.0) Gecko/20100101 Firefox/127.0"
94.21.42.30 - - [26/Jun/2024:18:01:11 +0200] "GET /storage/media/citroen_c4_valtoszoknya_valtogomb_szett.jpg HTTP/1.1" 200 126287 "https://royaltuning.hu/hu/termek/public" "Mozilla/5.0 (Windows NT 10.0; Win64; x64; rv:127.0) Gecko/20100101 Firefox/127.0"
94.21.42.30 - - [26/Jun/2024:18:01:11 +0200] "GET /storage/media/magneses_kiszedo-1.jpg HTTP/1.1" 200 32865 "https://royaltuning.hu/hu/termek/public" "Mozilla/5.0 (Windows NT 10.0; Win64; x64; rv:127.0) Gecko/20100101 Firefox/127.0"
94.21.42.30 - - [26/Jun/2024:18:01:11 +0200] "GET /storage/media/autos_telefontarto_muszerfalra-1.jpg HTTP/1.1" 200 320066 "https://royaltuning.hu/hu/termek/public" "Mozilla/5.0 (Windows NT 10.0; Win64; x64; rv:127.0) Gecko/20100101 Firefox/127.0"
94.21.42.30 - - [26/Jun/2024:18:01:11 +0200] "GET /storage/media/motoros_telefontarto-1.jpg HTTP/1.1" 200 37826 "https://royaltuning.hu/hu/termek/public" "Mozilla/5.0 (Windows NT 10.0; Win64; x64; rv:127.0) Gecko/20100101 Firefox/127.0"
94.21.42.30 - - [26/Jun/2024:18:01:11 +0200] "GET /hu/suggestions?query=telef HTTP/1.1" 200 829 "https://royaltuning.hu/hu/termek/public" "Mozilla/5.0 (Windows NT 10.0; Win64; x64; rv:127.0) Gecko/20100101 Firefox/127.0"
94.21.42.30 - - [26/Jun/2024:18:01:11 +0200] "GET /storage/media/telefontarto-2.jpg HTTP/1.1" 200 404309 "https://royaltuning.hu/hu/termek/public" "Mozilla/5.0 (Windows NT 10.0; Win64; x64; rv:127.0) Gecko/20100101 Firefox/127.0"
94.21.42.30 - - [26/Jun/2024:18:01:11 +0200] "GET /storage/media/telefontarto_noi-1.jpg HTTP/1.1" 200 92170 "https://royaltuning.hu/hu/termek/public" "Mozilla/5.0 (Windows NT 10.0; Win64; x64; rv:127.0) Gecko/20100101 Firefox/127.0"
77.234.67.72 - - [26/Jun/2024:18:01:11 +0200] "GET /termekkategoria/xenon-szettek/?gad_source=1&gclid=CjwKCAjw-O6zBhASEiwAOHeGxXezjU7Ww3HYAXWxigLDsP8DqWwvXt-z2HoLfGTmOVe1Ths0eg31_BoCm1UQAvD_BwE HTTP/1.1" 301 382 "https://www.google.com/" "Mozilla/5.0 (Linux; Android 10; K) AppleWebKit/537.36 (KHTML, like Gecko) Chrome/126.0.0.0 Mobile Safari/537.36"
94.21.42.30 - - [26/Jun/2024:18:01:11 +0200] "GET /hu/suggestions?query=telefo HTTP/1.1" 200 828 "https://royaltuning.hu/hu/termek/public" "Mozilla/5.0 (Windows NT 10.0; Win64; x64; rv:127.0) Gecko/20100101 Firefox/127.0"
94.21.42.30 - - [26/Jun/2024:18:01:11 +0200] "GET /storage/media/Nh4h1ufotiKxOtvBAYwjt5qGcQyGL5P1PWPsJjoR.jpg HTTP/1.1" 200 210003 "https://royaltuning.hu/hu/termek/public" "Mozilla/5.0 (Windows NT 10.0; Win64; x64; rv:127.0) Gecko/20100101 Firefox/127.0"
94.21.42.30 - - [26/Jun/2024:18:01:11 +0200] "GET /storage/media/telefontarto-1.jpg HTTP/1.1" 200 455568 "https://royaltuning.hu/hu/termek/public" "Mozilla/5.0 (Windows NT 10.0; Win64; x64; rv:127.0) Gecko/20100101 Firefox/127.0"
94.21.42.30 - - [26/Jun/2024:18:01:12 +0200] "GET /hu/suggestions?query=telefon HTTP/1.1" 200 828 "https://royaltuning.hu/hu/termek/public" "Mozilla/5.0 (Windows NT 10.0; Win64; x64; rv:127.0) Gecko/20100101 Firefox/127.0"
31.46.242.171 - - [26/Jun/2024:18:01:12 +0200] "GET /public/vendor/cookie-consent/css/cookie-consent.css HTTP/1.1" 200 990 "https://royaltuning.hu/public/hu/termekkategoria/valtogombok-valtoszoknyak/Volvo-valtogombok-valtoszoknyak?gclid=EAIaIQobChMI7dvQ99H5hgMVG1uRBR1NhQ6JEAEYASAAEgLXZ_D_BwE" "Mozilla/5.0 (Windows NT 10.0; Win64; x64) AppleWebKit/537.36 (KHTML, like Gecko) Chrome/109.0.0.0 Safari/537.36"
31.46.242.171 - - [26/Jun/2024:18:01:12 +0200] "GET /public/themes/storefront/public/css/app.css?v=3.1.0 HTTP/1.1" 200 72700 "https://royaltuning.hu/public/hu/termekkategoria/valtogombok-valtoszoknyak/Volvo-valtogombok-valtoszoknyak?gclid=EAIaIQobChMI7dvQ99H5hgMVG1uRBR1NhQ6JEAEYASAAEgLXZ_D_BwE" "Mozilla/5.0 (Windows NT 10.0; Win64; x64) AppleWebKit/537.36 (KHTML, like Gecko) Chrome/109.0.0.0 Safari/537.36"
31.46.242.171 - - [26/Jun/2024:18:01:12 +0200] "GET /public/vendor/cookie-consent/js/cookie-consent.js HTTP/1.1" 200 11136 "https://royaltuning.hu/public/hu/termekkategoria/valtogombok-valtoszoknyak/Volvo-valtogombok-valtoszoknyak?gclid=EAIaIQobChMI7dvQ99H5hgMVG1uRBR1NhQ6JEAEYASAAEgLXZ_D_BwE" "Mozilla/5.0 (Windows NT 10.0; Win64; x64) AppleWebKit/537.36 (KHTML, like Gecko) Chrome/109.0.0.0 Safari/537.36"
31.46.242.171 - - [26/Jun/2024:18:01:12 +0200] "GET /storage/media/rpiKsmcVc59LwHHydMWZkR91adM4KGiqcvvmbod4.png HTTP/1.1" 200 17070 "https://royaltuning.hu/public/hu/termekkategoria/valtogombok-valtoszoknyak/Volvo-valtogombok-valtoszoknyak?gclid=EAIaIQobChMI7dvQ99H5hgMVG1uRBR1NhQ6JEAEYASAAEgLXZ_D_BwE" "Mozilla/5.0 (Windows NT 10.0; Win64; x64) AppleWebKit/537.36 (KHTML, like Gecko) Chrome/109.0.0.0 Safari/537.36"
31.46.242.171 - - [26/Jun/2024:18:01:12 +0200] "GET /public/themes/storefront/public/images/arrow-black.png HTTP/1.1" 200 221 "https://royaltuning.hu/public/themes/storefront/public/css/app.css?v=3.1.0" "Mozilla/5.0 (Windows NT 10.0; Win64; x64) AppleWebKit/537.36 (KHTML, like Gecko) Chrome/109.0.0.0 Safari/537.36"
31.46.242.171 - - [26/Jun/2024:18:01:12 +0200] "GET /storage/media/LR8IfEu8TFdtixq0lkK2SomaSuyRv02mO7hPPjoL.jpg HTTP/1.1" 200 86609 "https://royaltuning.hu/public/hu/termekkategoria/valtogombok-valtoszoknyak/Volvo-valtogombok-valtoszoknyak?gclid=EAIaIQobChMI7dvQ99H5hgMVG1uRBR1NhQ6JEAEYASAAEgLXZ_D_BwE" "Mozilla/5.0 (Windows NT 10.0; Win64; x64) AppleWebKit/537.36 (KHTML, like Gecko) Chrome/109.0.0.0 Safari/537.36"
94.21.42.30 - - [26/Jun/2024:18:01:12 +0200] "GET /hu/suggestions?query=telefont HTTP/1.1" 200 828 "https://royaltuning.hu/hu/termek/public" "Mozilla/5.0 (Windows NT 10.0; Win64; x64; rv:127.0) Gecko/20100101 Firefox/127.0"
31.46.242.171 - - [26/Jun/2024:18:01:12 +0200] "GET /public/themes/storefront/public/fonts/la-regular-400.woff2 HTTP/1.1" 200 12923 "https://royaltuning.hu/public/themes/storefront/public/css/app.css?v=3.1.0" "Mozilla/5.0 (Windows NT 10.0; Win64; x64) AppleWebKit/537.36 (KHTML, like Gecko) Chrome/109.0.0.0 Safari/537.36"
31.46.242.171 - - [26/Jun/2024:18:01:12 +0200] "GET /public/themes/storefront/public/fonts/la-solid-900.woff2 HTTP/1.1" 200 96652 "https://royaltuning.hu/public/themes/storefront/public/css/app.css?v=3.1.0" "Mozilla/5.0 (Windows NT 10.0; Win64; x64) AppleWebKit/537.36 (KHTML, like Gecko) Chrome/109.0.0.0 Safari/537.36"
31.46.242.171 - - [26/Jun/2024:18:01:12 +0200] "GET /public/themes/storefront/public/js/app.js?v=3.1.0 HTTP/1.1" 200 979893 "https://royaltuning.hu/public/hu/termekkategoria/valtogombok-valtoszoknyak/Volvo-valtogombok-valtoszoknyak?gclid=EAIaIQobChMI7dvQ99H5hgMVG1uRBR1NhQ6JEAEYASAAEgLXZ_D_BwE" "Mozilla/5.0 (Windows NT 10.0; Win64; x64) AppleWebKit/537.36 (KHTML, like Gecko) Chrome/109.0.0.0 Safari/537.36"
31.46.242.171 - - [26/Jun/2024:18:01:12 +0200] "GET /public/themes/storefront/public/fonts/la-brands-400.woff2 HTTP/1.1" 200 84805 "https://royaltuning.hu/public/themes/storefront/public/css/app.css?v=3.1.0" "Mozilla/5.0 (Windows NT 10.0; Win64; x64) AppleWebKit/537.36 (KHTML, like Gecko) Chrome/109.0.0.0 Safari/537.36"
77.234.67.72 - - [26/Jun/2024:18:01:12 +0200] "GET /public/termekkategoria/xenon-szettek?gad_source=1&gclid=CjwKCAjw-O6zBhASEiwAOHeGxXezjU7Ww3HYAXWxigLDsP8DqWwvXt-z2HoLfGTmOVe1Ths0eg31_BoCm1UQAvD_BwE HTTP/1.1" 302 330 "https://www.google.com/" "Mozilla/5.0 (Linux; Android 10; K) AppleWebKit/537.36 (KHTML, like Gecko) Chrome/126.0.0.0 Mobile Safari/537.36"
94.21.42.30 - - [26/Jun/2024:18:01:12 +0200] "GET /hu/suggestions?query=telefonta HTTP/1.1" 200 828 "https://royaltuning.hu/hu/termek/public" "Mozilla/5.0 (Windows NT 10.0; Win64; x64; rv:127.0) Gecko/20100101 Firefox/127.0"
94.21.42.30 - - [26/Jun/2024:18:01:12 +0200] "GET /hu/suggestions?query=telefontar HTTP/1.1" 200 828 "https://royaltuning.hu/hu/termek/public" "Mozilla/5.0 (Windows NT 10.0; Win64; x64; rv:127.0) Gecko/20100101 Firefox/127.0"
31.46.242.171 - - [26/Jun/2024:18:01:13 +0200] "GET /storage/media/paGdgnfacATylUWhvUeUZGv1GIKiGXmdYwZR20nd.jpg HTTP/1.1" 200 34330 "https://royaltuning.hu/public/hu/termekkategoria/valtogombok-valtoszoknyak/Volvo-valtogombok-valtoszoknyak?gclid=EAIaIQobChMI7dvQ99H5hgMVG1uRBR1NhQ6JEAEYASAAEgLXZ_D_BwE" "Mozilla/5.0 (Windows NT 10.0; Win64; x64) AppleWebKit/537.36 (KHTML, like Gecko) Chrome/109.0.0.0 Safari/537.36"
31.46.242.171 - - [26/Jun/2024:18:01:13 +0200] "GET /storage/media/QnwWLqTYXYZBt0pnYYPSgh13vMZ3Tq8bqmOE5u0D.webp HTTP/1.1" 200 43302 "https://royaltuning.hu/public/hu/termekkategoria/valtogombok-valtoszoknyak/Volvo-valtogombok-valtoszoknyak?gclid=EAIaIQobChMI7dvQ99H5hgMVG1uRBR1NhQ6JEAEYASAAEgLXZ_D_BwE" "Mozilla/5.0 (Windows NT 10.0; Win64; x64) AppleWebKit/537.36 (KHTML, like Gecko) Chrome/109.0.0.0 Safari/537.36"
94.21.42.30 - - [26/Jun/2024:18:01:12 +0200] "GET /hu/suggestions?query=telefontart HTTP/1.1" 200 828 "https://royaltuning.hu/hu/termek/public" "Mozilla/5.0 (Windows NT 10.0; Win64; x64; rv:127.0) Gecko/20100101 Firefox/127.0"
31.46.242.171 - - [26/Jun/2024:18:01:13 +0200] "GET /storage/media/U9NkjU7v6Z3urgm3cZoyB4B52Rf1RDn0nbyFiAJw.jpg HTTP/1.1" 200 80343 "https://royaltuning.hu/public/hu/termekkategoria/valtogombok-valtoszoknyak/Volvo-valtogombok-valtoszoknyak?gclid=EAIaIQobChMI7dvQ99H5hgMVG1uRBR1NhQ6JEAEYASAAEgLXZ_D_BwE" "Mozilla/5.0 (Windows NT 10.0; Win64; x64) AppleWebKit/537.36 (KHTML, like Gecko) Chrome/109.0.0.0 Safari/537.36"
31.46.242.171 - - [26/Jun/2024:18:01:13 +0200] "GET /storage/media/zTdJDwdSsCNSvJi9K4gBVppOmVdqtNoAZ8rbqvcd.jpg HTTP/1.1" 200 255268 "https://royaltuning.hu/public/hu/termekkategoria/valtogombok-valtoszoknyak/Volvo-valtogombok-valtoszoknyak?gclid=EAIaIQobChMI7dvQ99H5hgMVG1uRBR1NhQ6JEAEYASAAEgLXZ_D_BwE" "Mozilla/5.0 (Windows NT 10.0; Win64; x64) AppleWebKit/537.36 (KHTML, like Gecko) Chrome/109.0.0.0 Safari/537.36"
31.46.242.171 - - [26/Jun/2024:18:01:13 +0200] "GET /storage/media/WuAbnJ3F19P7m8ckhRvBz1XVn9ovSqVCdlDdRtKv.jpg HTTP/1.1" 200 274140 "https://royaltuning.hu/public/hu/termekkategoria/valtogombok-valtoszoknyak/Volvo-valtogombok-valtoszoknyak?gclid=EAIaIQobChMI7dvQ99H5hgMVG1uRBR1NhQ6JEAEYASAAEgLXZ_D_BwE" "Mozilla/5.0 (Windows NT 10.0; Win64; x64) AppleWebKit/537.36 (KHTML, like Gecko) Chrome/109.0.0.0 Safari/537.36"
31.46.242.171 - - [26/Jun/2024:18:01:13 +0200] "GET /public/hu/shop?query=&brand=&category=Volvo-valtogombok-valtoszoknyak&tag=&fromPrice=0&toPrice=114990&sort=alphabetic&perPage=30&page=1 HTTP/1.1" 200 1109 "https://royaltuning.hu/public/hu/termekkategoria/valtogombok-valtoszoknyak/Volvo-valtogombok-valtoszoknyak?gclid=EAIaIQobChMI7dvQ99H5hgMVG1uRBR1NhQ6JEAEYASAAEgLXZ_D_BwE" "Mozilla/5.0 (Windows NT 10.0; Win64; x64) AppleWebKit/537.36 (KHTML, like Gecko) Chrome/109.0.0.0 Safari/537.36"
31.46.242.171 - - [26/Jun/2024:18:01:13 +0200] "GET /storage/media/c0t7luzASFx7EVSpbCjKOjfFo89DRMqzfBVMmmvt.png HTTP/1.1" 200 18256 "https://royaltuning.hu/public/hu/termekkategoria/valtogombok-valtoszoknyak/Volvo-valtogombok-valtoszoknyak?gclid=EAIaIQobChMI7dvQ99H5hgMVG1uRBR1NhQ6JEAEYASAAEgLXZ_D_BwE" "Mozilla/5.0 (Windows NT 10.0; Win64; x64) AppleWebKit/537.36 (KHTML, like Gecko) Chrome/109.0.0.0 Safari/537.36"
31.46.242.171 - - [26/Jun/2024:18:01:13 +0200] "GET /storage/media/valtogobm_univerzalis_.jpg HTTP/1.1" 200 51973 "https://royaltuning.hu/public/hu/termekkategoria/valtogombok-valtoszoknyak/Volvo-valtogombok-valtoszoknyak?gclid=EAIaIQobChMI7dvQ99H5hgMVG1uRBR1NhQ6JEAEYASAAEgLXZ_D_BwE" "Mozilla/5.0 (Windows NT 10.0; Win64; x64) AppleWebKit/537.36 (KHTML, like Gecko) Chrome/109.0.0.0 Safari/537.36"
31.46.242.171 - - [26/Jun/2024:18:01:13 +0200] "GET /storage/media/valtogobm_univerzalis-1.jpg HTTP/1.1" 200 25287 "https://royaltuning.hu/public/hu/termekkategoria/valtogombok-valtoszoknyak/Volvo-valtogombok-valtoszoknyak?gclid=EAIaIQobChMI7dvQ99H5hgMVG1uRBR1NhQ6JEAEYASAAEgLXZ_D_BwE" "Mozilla/5.0 (Windows NT 10.0; Win64; x64) AppleWebKit/537.36 (KHTML, like Gecko) Chrome/109.0.0.0 Safari/537.36"
31.46.242.171 - - [26/Jun/2024:18:01:13 +0200] "GET /storage/media/volvo_valtogomb_-1.jpg HTTP/1.1" 200 7924 "https://royaltuning.hu/public/hu/termekkategoria/valtogombok-valtoszoknyak/Volvo-valtogombok-valtoszoknyak?gclid=EAIaIQobChMI7dvQ99H5hgMVG1uRBR1NhQ6JEAEYASAAEgLXZ_D_BwE" "Mozilla/5.0 (Windows NT 10.0; Win64; x64) AppleWebKit/537.36 (KHTML, like Gecko) Chrome/109.0.0.0 Safari/537.36"
31.46.242.171 - - [26/Jun/2024:18:01:13 +0200] "GET /storage/media/volvo_s60_vatoszoknya_beige.jpg HTTP/1.1" 200 35320 "https://royaltuning.hu/public/hu/termekkategoria/valtogombok-valtoszoknyak/Volvo-valtogombok-valtoszoknyak?gclid=EAIaIQobChMI7dvQ99H5hgMVG1uRBR1NhQ6JEAEYASAAEgLXZ_D_BwE" "Mozilla/5.0 (Windows NT 10.0; Win64; x64) AppleWebKit/537.36 (KHTML, like Gecko) Chrome/109.0.0.0 Safari/537.36"
31.46.242.171 - - [26/Jun/2024:18:01:13 +0200] "GET /storage/media/unverzalis_valtogomb-2.jpg HTTP/1.1" 200 121730 "https://royaltuning.hu/public/hu/termekkategoria/valtogombok-valtoszoknyak/Volvo-valtogombok-valtoszoknyak?gclid=EAIaIQobChMI7dvQ99H5hgMVG1uRBR1NhQ6JEAEYASAAEgLXZ_D_BwE" "Mozilla/5.0 (Windows NT 10.0; Win64; x64) AppleWebKit/537.36 (KHTML, like Gecko) Chrome/109.0.0.0 Safari/537.36"
31.46.242.171 - - [26/Jun/2024:18:01:13 +0200] "GET /storage/media/volvo_valtogomb_5sebesseges-1.jpg HTTP/1.1" 200 8977 "https://royaltuning.hu/public/hu/termekkategoria/valtogombok-valtoszoknyak/Volvo-valtogombok-valtoszoknyak?gclid=EAIaIQobChMI7dvQ99H5hgMVG1uRBR1NhQ6JEAEYASAAEgLXZ_D_BwE" "Mozilla/5.0 (Windows NT 10.0; Win64; x64) AppleWebKit/537.36 (KHTML, like Gecko) Chrome/109.0.0.0 Safari/537.36"
31.46.242.171 - - [26/Jun/2024:18:01:13 +0200] "GET /storage/media/volvo_valtogomb_-2.jpg HTTP/1.1" 200 7685 "https://royaltuning.hu/public/hu/termekkategoria/valtogombok-valtoszoknyak/Volvo-valtogombok-valtoszoknyak?gclid=EAIaIQobChMI7dvQ99H5hgMVG1uRBR1NhQ6JEAEYASAAEgLXZ_D_BwE" "Mozilla/5.0 (Windows NT 10.0; Win64; x64) AppleWebKit/537.36 (KHTML, like Gecko) Chrome/109.0.0.0 Safari/537.36"
94.21.42.30 - - [26/Jun/2024:18:01:13 +0200] "GET /hu/suggestions?query=telefontart%C3%B3 HTTP/1.1" 200 828 "https://royaltuning.hu/hu/termek/public" "Mozilla/5.0 (Windows NT 10.0; Win64; x64; rv:127.0) Gecko/20100101 Firefox/127.0"
77.234.67.72 - - [26/Jun/2024:18:01:12 +0200] "GET /public/hu/termekkategoria/xenon-szettek?gad_source=1&gclid=CjwKCAjw-O6zBhASEiwAOHeGxXezjU7Ww3HYAXWxigLDsP8DqWwvXt-z2HoLfGTmOVe1Ths0eg31_BoCm1UQAvD_BwE HTTP/1.1" 200 43047 "https://www.google.com/" "Mozilla/5.0 (Linux; Android 10; K) AppleWebKit/537.36 (KHTML, like Gecko) Chrome/126.0.0.0 Mobile Safari/537.36"
52.15.210.255 - - [26/Jun/2024:18:01:14 +0200] "GET /wp-content/uploads/2021/06/bmw_hibakod_olvaso-3.jpg HTTP/1.1" 200 62562 "-" "Mozilla/5.0 AppleWebKit/537.36 (KHTML, like Gecko; compatible; ClaudeBot/1.0; +claudebot@anthropic.com)"
77.234.67.72 - - [26/Jun/2024:18:01:14 +0200] "GET /public/themes/storefront/public/css/app.css?v=3.1.0 HTTP/1.1" 200 72700 "https://royaltuning.hu/public/hu/termekkategoria/xenon-szettek?gad_source=1&gclid=CjwKCAjw-O6zBhASEiwAOHeGxXezjU7Ww3HYAXWxigLDsP8DqWwvXt-z2HoLfGTmOVe1Ths0eg31_BoCm1UQAvD_BwE" "Mozilla/5.0 (Linux; Android 10; K) AppleWebKit/537.36 (KHTML, like Gecko) Chrome/126.0.0.0 Mobile Safari/537.36"
77.234.67.72 - - [26/Jun/2024:18:01:14 +0200] "GET /public/vendor/cookie-consent/css/cookie-consent.css HTTP/1.1" 200 990 "https://royaltuning.hu/public/hu/termekkategoria/xenon-szettek?gad_source=1&gclid=CjwKCAjw-O6zBhASEiwAOHeGxXezjU7Ww3HYAXWxigLDsP8DqWwvXt-z2HoLfGTmOVe1Ths0eg31_BoCm1UQAvD_BwE" "Mozilla/5.0 (Linux; Android 10; K) AppleWebKit/537.36 (KHTML, like Gecko) Chrome/126.0.0.0 Mobile Safari/537.36"
77.234.67.72 - - [26/Jun/2024:18:01:14 +0200] "GET /storage/media/h1_xenon_izzo.jpg HTTP/1.1" 200 18243 "https://royaltuning.hu/public/hu/termekkategoria/xenon-szettek?gad_source=1&gclid=CjwKCAjw-O6zBhASEiwAOHeGxXezjU7Ww3HYAXWxigLDsP8DqWwvXt-z2HoLfGTmOVe1Ths0eg31_BoCm1UQAvD_BwE" "Mozilla/5.0 (Linux; Android 10; K) AppleWebKit/537.36 (KHTML, like Gecko) Chrome/126.0.0.0 Mobile Safari/537.36"
77.234.67.72 - - [26/Jun/2024:18:01:14 +0200] "GET /storage/media/rpiKsmcVc59LwHHydMWZkR91adM4KGiqcvvmbod4.png HTTP/1.1" 200 17070 "https://royaltuning.hu/public/hu/termekkategoria/xenon-szettek?gad_source=1&gclid=CjwKCAjw-O6zBhASEiwAOHeGxXezjU7Ww3HYAXWxigLDsP8DqWwvXt-z2HoLfGTmOVe1Ths0eg31_BoCm1UQAvD_BwE" "Mozilla/5.0 (Linux; Android 10; K) AppleWebKit/537.36 (KHTML, like Gecko) Chrome/126.0.0.0 Mobile Safari/537.36"
77.234.67.72 - - [26/Jun/2024:18:01:14 +0200] "GET /storage/media/h8_h9_h11_xenon_szett-1.jpg HTTP/1.1" 200 56333 "https://royaltuning.hu/public/hu/termekkategoria/xenon-szettek?gad_source=1&gclid=CjwKCAjw-O6zBhASEiwAOHeGxXezjU7Ww3HYAXWxigLDsP8DqWwvXt-z2HoLfGTmOVe1Ths0eg31_BoCm1UQAvD_BwE" "Mozilla/5.0 (Linux; Android 10; K) AppleWebKit/537.36 (KHTML, like Gecko) Chrome/126.0.0.0 Mobile Safari/537.36"
77.234.67.72 - - [26/Jun/2024:18:01:14 +0200] "GET /storage/media/xenon_trafo-2.jpg HTTP/1.1" 200 91451 "https://royaltuning.hu/public/hu/termekkategoria/xenon-szettek?gad_source=1&gclid=CjwKCAjw-O6zBhASEiwAOHeGxXezjU7Ww3HYAXWxigLDsP8DqWwvXt-z2HoLfGTmOVe1Ths0eg31_BoCm1UQAvD_BwE" "Mozilla/5.0 (Linux; Android 10; K) AppleWebKit/537.36 (KHTML, like Gecko) Chrome/126.0.0.0 Mobile Safari/537.36"
77.234.67.72 - - [26/Jun/2024:18:01:14 +0200] "GET /public/vendor/cookie-consent/js/cookie-consent.js HTTP/1.1" 200 11136 "https://royaltuning.hu/public/hu/termekkategoria/xenon-szettek?gad_source=1&gclid=CjwKCAjw-O6zBhASEiwAOHeGxXezjU7Ww3HYAXWxigLDsP8DqWwvXt-z2HoLfGTmOVe1Ths0eg31_BoCm1UQAvD_BwE" "Mozilla/5.0 (Linux; Android 10; K) AppleWebKit/537.36 (KHTML, like Gecko) Chrome/126.0.0.0 Mobile Safari/537.36"
77.234.67.72 - - [26/Jun/2024:18:01:14 +0200] "GET /public/themes/storefront/public/images/arrow-black.png HTTP/1.1" 200 221 "https://royaltuning.hu/public/themes/storefront/public/css/app.css?v=3.1.0" "Mozilla/5.0 (Linux; Android 10; K) AppleWebKit/537.36 (KHTML, like Gecko) Chrome/126.0.0.0 Mobile Safari/537.36"
77.234.67.72 - - [26/Jun/2024:18:01:14 +0200] "GET /public/themes/storefront/public/fonts/la-solid-900.woff2 HTTP/1.1" 200 96652 "https://royaltuning.hu/public/themes/storefront/public/css/app.css?v=3.1.0" "Mozilla/5.0 (Linux; Android 10; K) AppleWebKit/537.36 (KHTML, like Gecko) Chrome/126.0.0.0 Mobile Safari/537.36"
77.234.67.72 - - [26/Jun/2024:18:01:14 +0200] "GET /public/themes/storefront/public/fonts/la-brands-400.woff2 HTTP/1.1" 200 84805 "https://royaltuning.hu/public/themes/storefront/public/css/app.css?v=3.1.0" "Mozilla/5.0 (Linux; Android 10; K) AppleWebKit/537.36 (KHTML, like Gecko) Chrome/126.0.0.0 Mobile Safari/537.36"
77.234.67.72 - - [26/Jun/2024:18:01:14 +0200] "GET /storage/media/LR8IfEu8TFdtixq0lkK2SomaSuyRv02mO7hPPjoL.jpg HTTP/1.1" 200 86609 "https://royaltuning.hu/public/hu/termekkategoria/xenon-szettek?gad_source=1&gclid=CjwKCAjw-O6zBhASEiwAOHeGxXezjU7Ww3HYAXWxigLDsP8DqWwvXt-z2HoLfGTmOVe1Ths0eg31_BoCm1UQAvD_BwE" "Mozilla/5.0 (Linux; Android 10; K) AppleWebKit/537.36 (KHTML, like Gecko) Chrome/126.0.0.0 Mobile Safari/537.36"
77.234.67.72 - - [26/Jun/2024:18:01:14 +0200] "GET /public/themes/storefront/public/js/app.js?v=3.1.0 HTTP/1.1" 200 979893 "https://royaltuning.hu/public/hu/termekkategoria/xenon-szettek?gad_source=1&gclid=CjwKCAjw-O6zBhASEiwAOHeGxXezjU7Ww3HYAXWxigLDsP8DqWwvXt-z2HoLfGTmOVe1Ths0eg31_BoCm1UQAvD_BwE" "Mozilla/5.0 (Linux; Android 10; K) AppleWebKit/537.36 (KHTML, like Gecko) Chrome/126.0.0.0 Mobile Safari/537.36"
94.21.42.30 - - [26/Jun/2024:18:01:13 +0200] "GET /hu/shop?query=telefontart%C3%B3 HTTP/1.1" 200 40522 "https://royaltuning.hu/hu/termek/public" "Mozilla/5.0 (Windows NT 10.0; Win64; x64; rv:127.0) Gecko/20100101 Firefox/127.0"
77.234.67.72 - - [26/Jun/2024:18:01:14 +0200] "GET /storage/media/QnwWLqTYXYZBt0pnYYPSgh13vMZ3Tq8bqmOE5u0D.webp HTTP/1.1" 200 43302 "https://royaltuning.hu/public/hu/termekkategoria/xenon-szettek?gad_source=1&gclid=CjwKCAjw-O6zBhASEiwAOHeGxXezjU7Ww3HYAXWxigLDsP8DqWwvXt-z2HoLfGTmOVe1Ths0eg31_BoCm1UQAvD_BwE" "Mozilla/5.0 (Linux; Android 10; K) AppleWebKit/537.36 (KHTML, like Gecko) Chrome/126.0.0.0 Mobile Safari/537.36"
77.234.67.72 - - [26/Jun/2024:18:01:15 +0200] "GET /storage/media/paGdgnfacATylUWhvUeUZGv1GIKiGXmdYwZR20nd.jpg HTTP/1.1" 200 34330 "https://royaltuning.hu/public/hu/termekkategoria/xenon-szettek?gad_source=1&gclid=CjwKCAjw-O6zBhASEiwAOHeGxXezjU7Ww3HYAXWxigLDsP8DqWwvXt-z2HoLfGTmOVe1Ths0eg31_BoCm1UQAvD_BwE" "Mozilla/5.0 (Linux; Android 10; K) AppleWebKit/537.36 (KHTML, like Gecko) Chrome/126.0.0.0 Mobile Safari/537.36"
77.234.67.72 - - [26/Jun/2024:18:01:15 +0200] "GET /storage/media/U9NkjU7v6Z3urgm3cZoyB4B52Rf1RDn0nbyFiAJw.jpg HTTP/1.1" 200 80343 "https://royaltuning.hu/public/hu/termekkategoria/xenon-szettek?gad_source=1&gclid=CjwKCAjw-O6zBhASEiwAOHeGxXezjU7Ww3HYAXWxigLDsP8DqWwvXt-z2HoLfGTmOVe1Ths0eg31_BoCm1UQAvD_BwE" "Mozilla/5.0 (Linux; Android 10; K) AppleWebKit/537.36 (KHTML, like Gecko) Chrome/126.0.0.0 Mobile Safari/537.36"
77.234.67.72 - - [26/Jun/2024:18:01:14 +0200] "GET /public/hu/shop?query=&brand=&category=xenon-szettek&tag=&fromPrice=0&toPrice=114990&sort=alphabetic&perPage=30&page=1 HTTP/1.1" 200 2604 "https://royaltuning.hu/public/hu/termekkategoria/xenon-szettek?gad_source=1&gclid=CjwKCAjw-O6zBhASEiwAOHeGxXezjU7Ww3HYAXWxigLDsP8DqWwvXt-z2HoLfGTmOVe1Ths0eg31_BoCm1UQAvD_BwE" "Mozilla/5.0 (Linux; Android 10; K) AppleWebKit/537.36 (KHTML, like Gecko) Chrome/126.0.0.0 Mobile Safari/537.36"
77.234.67.72 - - [26/Jun/2024:18:01:15 +0200] "GET /storage/media/WuAbnJ3F19P7m8ckhRvBz1XVn9ovSqVCdlDdRtKv.jpg HTTP/1.1" 200 274140 "https://royaltuning.hu/public/hu/termekkategoria/xenon-szettek?gad_source=1&gclid=CjwKCAjw-O6zBhASEiwAOHeGxXezjU7Ww3HYAXWxigLDsP8DqWwvXt-z2HoLfGTmOVe1Ths0eg31_BoCm1UQAvD_BwE" "Mozilla/5.0 (Linux; Android 10; K) AppleWebKit/537.36 (KHTML, like Gecko) Chrome/126.0.0.0 Mobile Safari/537.36"
77.234.67.72 - - [26/Jun/2024:18:01:15 +0200] "GET /storage/media/zTdJDwdSsCNSvJi9K4gBVppOmVdqtNoAZ8rbqvcd.jpg HTTP/1.1" 200 255268 "https://royaltuning.hu/public/hu/termekkategoria/xenon-szettek?gad_source=1&gclid=CjwKCAjw-O6zBhASEiwAOHeGxXezjU7Ww3HYAXWxigLDsP8DqWwvXt-z2HoLfGTmOVe1Ths0eg31_BoCm1UQAvD_BwE" "Mozilla/5.0 (Linux; Android 10; K) AppleWebKit/537.36 (KHTML, like Gecko) Chrome/126.0.0.0 Mobile Safari/537.36"
94.21.42.30 - - [26/Jun/2024:18:01:15 +0200] "GET /storage/media/QnwWLqTYXYZBt0pnYYPSgh13vMZ3Tq8bqmOE5u0D.webp HTTP/1.1" 200 43302 "https://royaltuning.hu/hu/shop?query=telefontart%C3%B3" "Mozilla/5.0 (Windows NT 10.0; Win64; x64; rv:127.0) Gecko/20100101 Firefox/127.0"
94.21.42.30 - - [26/Jun/2024:18:01:15 +0200] "GET /storage/media/U9NkjU7v6Z3urgm3cZoyB4B52Rf1RDn0nbyFiAJw.jpg HTTP/1.1" 200 80343 "https://royaltuning.hu/hu/shop?query=telefontart%C3%B3" "Mozilla/5.0 (Windows NT 10.0; Win64; x64; rv:127.0) Gecko/20100101 Firefox/127.0"
94.21.42.30 - - [26/Jun/2024:18:01:15 +0200] "GET /storage/media/paGdgnfacATylUWhvUeUZGv1GIKiGXmdYwZR20nd.jpg HTTP/1.1" 200 34330 "https://royaltuning.hu/hu/shop?query=telefontart%C3%B3" "Mozilla/5.0 (Windows NT 10.0; Win64; x64; rv:127.0) Gecko/20100101 Firefox/127.0"
94.21.42.30 - - [26/Jun/2024:18:01:15 +0200] "GET /storage/media/zTdJDwdSsCNSvJi9K4gBVppOmVdqtNoAZ8rbqvcd.jpg HTTP/1.1" 200 255268 "https://royaltuning.hu/hu/shop?query=telefontart%C3%B3" "Mozilla/5.0 (Windows NT 10.0; Win64; x64; rv:127.0) Gecko/20100101 Firefox/127.0"
94.21.42.30 - - [26/Jun/2024:18:01:15 +0200] "GET /storage/media/WuAbnJ3F19P7m8ckhRvBz1XVn9ovSqVCdlDdRtKv.jpg HTTP/1.1" 200 274140 "https://royaltuning.hu/hu/shop?query=telefontart%C3%B3" "Mozilla/5.0 (Windows NT 10.0; Win64; x64; rv:127.0) Gecko/20100101 Firefox/127.0"
77.234.67.72 - - [26/Jun/2024:18:01:15 +0200] "GET /storage/media/d1s_xenon_izzo_4300k-1.jpg HTTP/1.1" 200 70742 "https://royaltuning.hu/public/hu/termekkategoria/xenon-szettek?gad_source=1&gclid=CjwKCAjw-O6zBhASEiwAOHeGxXezjU7Ww3HYAXWxigLDsP8DqWwvXt-z2HoLfGTmOVe1Ths0eg31_BoCm1UQAvD_BwE" "Mozilla/5.0 (Linux; Android 10; K) AppleWebKit/537.36 (KHTML, like Gecko) Chrome/126.0.0.0 Mobile Safari/537.36"
77.234.67.72 - - [26/Jun/2024:18:01:15 +0200] "GET /storage/media/D1S_xenon_izzo.jpg HTTP/1.1" 200 69865 "https://royaltuning.hu/public/hu/termekkategoria/xenon-szettek?gad_source=1&gclid=CjwKCAjw-O6zBhASEiwAOHeGxXezjU7Ww3HYAXWxigLDsP8DqWwvXt-z2HoLfGTmOVe1Ths0eg31_BoCm1UQAvD_BwE" "Mozilla/5.0 (Linux; Android 10; K) AppleWebKit/537.36 (KHTML, like Gecko) Chrome/126.0.0.0 Mobile Safari/537.36"
77.234.67.72 - - [26/Jun/2024:18:01:15 +0200] "GET /storage/media/d1s_xenon_izzo_longlife_hosszu_elettartamu-1.jpg HTTP/1.1" 200 141649 "https://royaltuning.hu/public/hu/termekkategoria/xenon-szettek?gad_source=1&gclid=CjwKCAjw-O6zBhASEiwAOHeGxXezjU7Ww3HYAXWxigLDsP8DqWwvXt-z2HoLfGTmOVe1Ths0eg31_BoCm1UQAvD_BwE" "Mozilla/5.0 (Linux; Android 10; K) AppleWebKit/537.36 (KHTML, like Gecko) Chrome/126.0.0.0 Mobile Safari/537.36"
77.234.67.72 - - [26/Jun/2024:18:01:15 +0200] "GET /storage/media/d1s_xenon_izzo_8000k_premium-1.jpg HTTP/1.1" 200 70398 "https://royaltuning.hu/public/hu/termekkategoria/xenon-szettek?gad_source=1&gclid=CjwKCAjw-O6zBhASEiwAOHeGxXezjU7Ww3HYAXWxigLDsP8DqWwvXt-z2HoLfGTmOVe1Ths0eg31_BoCm1UQAvD_BwE" "Mozilla/5.0 (Linux; Android 10; K) AppleWebKit/537.36 (KHTML, like Gecko) Chrome/126.0.0.0 Mobile Safari/537.36"
77.234.67.72 - - [26/Jun/2024:18:01:15 +0200] "GET /storage/media/D2S_xenon_izzo.jpg HTTP/1.1" 200 23224 "https://royaltuning.hu/public/hu/termekkategoria/xenon-szettek?gad_source=1&gclid=CjwKCAjw-O6zBhASEiwAOHeGxXezjU7Ww3HYAXWxigLDsP8DqWwvXt-z2HoLfGTmOVe1Ths0eg31_BoCm1UQAvD_BwE" "Mozilla/5.0 (Linux; Android 10; K) AppleWebKit/537.36 (KHTML, like Gecko) Chrome/126.0.0.0 Mobile Safari/537.36"
77.234.67.72 - - [26/Jun/2024:18:01:15 +0200] "GET /storage/media/d2s_xenon_izzo_8000k.jpg HTTP/1.1" 200 85109 "https://royaltuning.hu/public/hu/termekkategoria/xenon-szettek?gad_source=1&gclid=CjwKCAjw-O6zBhASEiwAOHeGxXezjU7Ww3HYAXWxigLDsP8DqWwvXt-z2HoLfGTmOVe1Ths0eg31_BoCm1UQAvD_BwE" "Mozilla/5.0 (Linux; Android 10; K) AppleWebKit/537.36 (KHTML, like Gecko) Chrome/126.0.0.0 Mobile Safari/537.36"
77.234.67.72 - - [26/Jun/2024:18:01:15 +0200] "GET /storage/media/d2s_xenon_szett_6000K.jpg HTTP/1.1" 200 127656 "https://royaltuning.hu/public/hu/termekkategoria/xenon-szettek?gad_source=1&gclid=CjwKCAjw-O6zBhASEiwAOHeGxXezjU7Ww3HYAXWxigLDsP8DqWwvXt-z2HoLfGTmOVe1Ths0eg31_BoCm1UQAvD_BwE" "Mozilla/5.0 (Linux; Android 10; K) AppleWebKit/537.36 (KHTML, like Gecko) Chrome/126.0.0.0 Mobile Safari/537.36"
77.234.67.72 - - [26/Jun/2024:18:01:15 +0200] "GET /storage/media/d2s_xenon_izzo_longlife_hosszu_elettartamu.jpg HTTP/1.1" 200 171771 "https://royaltuning.hu/public/hu/termekkategoria/xenon-szettek?gad_source=1&gclid=CjwKCAjw-O6zBhASEiwAOHeGxXezjU7Ww3HYAXWxigLDsP8DqWwvXt-z2HoLfGTmOVe1Ths0eg31_BoCm1UQAvD_BwE" "Mozilla/5.0 (Linux; Android 10; K) AppleWebKit/537.36 (KHTML, like Gecko) Chrome/126.0.0.0 Mobile Safari/537.36"
77.234.67.72 - - [26/Jun/2024:18:01:15 +0200] "GET /storage/media/d3s_xenon_izzo_4300K-1.jpg HTTP/1.1" 200 74845 "https://royaltuning.hu/public/hu/termekkategoria/xenon-szettek?gad_source=1&gclid=CjwKCAjw-O6zBhASEiwAOHeGxXezjU7Ww3HYAXWxigLDsP8DqWwvXt-z2HoLfGTmOVe1Ths0eg31_BoCm1UQAvD_BwE" "Mozilla/5.0 (Linux; Android 10; K) AppleWebKit/537.36 (KHTML, like Gecko) Chrome/126.0.0.0 Mobile Safari/537.36"
77.234.67.72 - - [26/Jun/2024:18:01:15 +0200] "GET /storage/media/d4s_xenon_izzo.jpg HTTP/1.1" 200 66633 "https://royaltuning.hu/public/hu/termekkategoria/xenon-szettek?gad_source=1&gclid=CjwKCAjw-O6zBhASEiwAOHeGxXezjU7Ww3HYAXWxigLDsP8DqWwvXt-z2HoLfGTmOVe1Ths0eg31_BoCm1UQAvD_BwE" "Mozilla/5.0 (Linux; Android 10; K) AppleWebKit/537.36 (KHTML, like Gecko) Chrome/126.0.0.0 Mobile Safari/537.36"
77.234.67.72 - - [26/Jun/2024:18:01:15 +0200] "GET /storage/media/d3s_xenon_izzo-1.jpg HTTP/1.1" 200 74131 "https://royaltuning.hu/public/hu/termekkategoria/xenon-szettek?gad_source=1&gclid=CjwKCAjw-O6zBhASEiwAOHeGxXezjU7Ww3HYAXWxigLDsP8DqWwvXt-z2HoLfGTmOVe1Ths0eg31_BoCm1UQAvD_BwE" "Mozilla/5.0 (Linux; Android 10; K) AppleWebKit/537.36 (KHTML, like Gecko) Chrome/126.0.0.0 Mobile Safari/537.36"
77.234.67.72 - - [26/Jun/2024:18:01:15 +0200] "GET /storage/media/d5s_xenon_izzo_5000k_premium-1.jpg HTTP/1.1" 200 78220 "https://royaltuning.hu/public/hu/termekkategoria/xenon-szettek?gad_source=1&gclid=CjwKCAjw-O6zBhASEiwAOHeGxXezjU7Ww3HYAXWxigLDsP8DqWwvXt-z2HoLfGTmOVe1Ths0eg31_BoCm1UQAvD_BwE" "Mozilla/5.0 (Linux; Android 10; K) AppleWebKit/537.36 (KHTML, like Gecko) Chrome/126.0.0.0 Mobile Safari/537.36"
77.234.67.72 - - [26/Jun/2024:18:01:15 +0200] "GET /storage/media/h1_xenon_szett_4300K.jpg HTTP/1.1" 200 130265 "https://royaltuning.hu/public/hu/termekkategoria/xenon-szettek?gad_source=1&gclid=CjwKCAjw-O6zBhASEiwAOHeGxXezjU7Ww3HYAXWxigLDsP8DqWwvXt-z2HoLfGTmOVe1Ths0eg31_BoCm1UQAvD_BwE" "Mozilla/5.0 (Linux; Android 10; K) AppleWebKit/537.36 (KHTML, like Gecko) Chrome/126.0.0.0 Mobile Safari/537.36"
77.234.67.72 - - [26/Jun/2024:18:01:15 +0200] "GET /storage/media/h1_xenon_szett_6000K.jpg HTTP/1.1" 200 127656 "https://royaltuning.hu/public/hu/termekkategoria/xenon-szettek?gad_source=1&gclid=CjwKCAjw-O6zBhASEiwAOHeGxXezjU7Ww3HYAXWxigLDsP8DqWwvXt-z2HoLfGTmOVe1Ths0eg31_BoCm1UQAvD_BwE" "Mozilla/5.0 (Linux; Android 10; K) AppleWebKit/537.36 (KHTML, like Gecko) Chrome/126.0.0.0 Mobile Safari/537.36"
77.234.67.72 - - [26/Jun/2024:18:01:15 +0200] "GET /storage/media/h1_xenon_szett_8000K.jpg HTTP/1.1" 200 126444 "https://royaltuning.hu/public/hu/termekkategoria/xenon-szettek?gad_source=1&gclid=CjwKCAjw-O6zBhASEiwAOHeGxXezjU7Ww3HYAXWxigLDsP8DqWwvXt-z2HoLfGTmOVe1Ths0eg31_BoCm1UQAvD_BwE" "Mozilla/5.0 (Linux; Android 10; K) AppleWebKit/537.36 (KHTML, like Gecko) Chrome/126.0.0.0 Mobile Safari/537.36"
77.234.67.72 - - [26/Jun/2024:18:01:15 +0200] "GET /storage/media/h11_xenon_szett_canbusos.jpg HTTP/1.1" 200 127656 "https://royaltuning.hu/public/hu/termekkategoria/xenon-szettek?gad_source=1&gclid=CjwKCAjw-O6zBhASEiwAOHeGxXezjU7Ww3HYAXWxigLDsP8DqWwvXt-z2HoLfGTmOVe1Ths0eg31_BoCm1UQAvD_BwE" "Mozilla/5.0 (Linux; Android 10; K) AppleWebKit/537.36 (KHTML, like Gecko) Chrome/126.0.0.0 Mobile Safari/537.36"
77.234.67.72 - - [26/Jun/2024:18:01:15 +0200] "GET /storage/media/h8_h9_h11_xenon_szett_6000K.jpg HTTP/1.1" 200 127656 "https://royaltuning.hu/public/hu/termekkategoria/xenon-szettek?gad_source=1&gclid=CjwKCAjw-O6zBhASEiwAOHeGxXezjU7Ww3HYAXWxigLDsP8DqWwvXt-z2HoLfGTmOVe1Ths0eg31_BoCm1UQAvD_BwE" "Mozilla/5.0 (Linux; Android 10; K) AppleWebKit/537.36 (KHTML, like Gecko) Chrome/126.0.0.0 Mobile Safari/537.36"
77.234.67.72 - - [26/Jun/2024:18:01:15 +0200] "GET /storage/media/h1_xenon_szett_canbusos-1.jpg HTTP/1.1" 200 127656 "https://royaltuning.hu/public/hu/termekkategoria/xenon-szettek?gad_source=1&gclid=CjwKCAjw-O6zBhASEiwAOHeGxXezjU7Ww3HYAXWxigLDsP8DqWwvXt-z2HoLfGTmOVe1Ths0eg31_BoCm1UQAvD_BwE" "Mozilla/5.0 (Linux; Android 10; K) AppleWebKit/537.36 (KHTML, like Gecko) Chrome/126.0.0.0 Mobile Safari/537.36"
77.234.67.72 - - [26/Jun/2024:18:01:15 +0200] "GET /storage/media/h4_xenon_szett_4300K.jpg HTTP/1.1" 200 130265 "https://royaltuning.hu/public/hu/termekkategoria/xenon-szettek?gad_source=1&gclid=CjwKCAjw-O6zBhASEiwAOHeGxXezjU7Ww3HYAXWxigLDsP8DqWwvXt-z2HoLfGTmOVe1Ths0eg31_BoCm1UQAvD_BwE" "Mozilla/5.0 (Linux; Android 10; K) AppleWebKit/537.36 (KHTML, like Gecko) Chrome/126.0.0.0 Mobile Safari/537.36"
77.234.67.72 - - [26/Jun/2024:18:01:15 +0200] "GET /storage/media/h4_xenon_szett-1.jpg HTTP/1.1" 200 106855 "https://royaltuning.hu/public/hu/termekkategoria/xenon-szettek?gad_source=1&gclid=CjwKCAjw-O6zBhASEiwAOHeGxXezjU7Ww3HYAXWxigLDsP8DqWwvXt-z2HoLfGTmOVe1Ths0eg31_BoCm1UQAvD_BwE" "Mozilla/5.0 (Linux; Android 10; K) AppleWebKit/537.36 (KHTML, like Gecko) Chrome/126.0.0.0 Mobile Safari/537.36"
77.234.67.72 - - [26/Jun/2024:18:01:15 +0200] "GET /storage/media/h4_xenon_szett_canbusos.jpg HTTP/1.1" 200 127656 "https://royaltuning.hu/public/hu/termekkategoria/xenon-szettek?gad_source=1&gclid=CjwKCAjw-O6zBhASEiwAOHeGxXezjU7Ww3HYAXWxigLDsP8DqWwvXt-z2HoLfGTmOVe1Ths0eg31_BoCm1UQAvD_BwE" "Mozilla/5.0 (Linux; Android 10; K) AppleWebKit/537.36 (KHTML, like Gecko) Chrome/126.0.0.0 Mobile Safari/537.36"
77.234.67.72 - - [26/Jun/2024:18:01:15 +0200] "GET /storage/media/h7_xenon_izzo.jpg HTTP/1.1" 200 17763 "https://royaltuning.hu/public/hu/termekkategoria/xenon-szettek?gad_source=1&gclid=CjwKCAjw-O6zBhASEiwAOHeGxXezjU7Ww3HYAXWxigLDsP8DqWwvXt-z2HoLfGTmOVe1Ths0eg31_BoCm1UQAvD_BwE" "Mozilla/5.0 (Linux; Android 10; K) AppleWebKit/537.36 (KHTML, like Gecko) Chrome/126.0.0.0 Mobile Safari/537.36"
77.234.67.72 - - [26/Jun/2024:18:01:15 +0200] "GET /storage/media/h7_xenon_szett_4300K.jpg HTTP/1.1" 200 130265 "https://royaltuning.hu/public/hu/termekkategoria/xenon-szettek?gad_source=1&gclid=CjwKCAjw-O6zBhASEiwAOHeGxXezjU7Ww3HYAXWxigLDsP8DqWwvXt-z2HoLfGTmOVe1Ths0eg31_BoCm1UQAvD_BwE" "Mozilla/5.0 (Linux; Android 10; K) AppleWebKit/537.36 (KHTML, like Gecko) Chrome/126.0.0.0 Mobile Safari/537.36"
77.234.67.72 - - [26/Jun/2024:18:01:15 +0200] "GET /storage/media/h7_xenon_szett_6000K.jpg HTTP/1.1" 200 127656 "https://royaltuning.hu/public/hu/termekkategoria/xenon-szettek?gad_source=1&gclid=CjwKCAjw-O6zBhASEiwAOHeGxXezjU7Ww3HYAXWxigLDsP8DqWwvXt-z2HoLfGTmOVe1Ths0eg31_BoCm1UQAvD_BwE" "Mozilla/5.0 (Linux; Android 10; K) AppleWebKit/537.36 (KHTML, like Gecko) Chrome/126.0.0.0 Mobile Safari/537.36"
77.234.67.72 - - [26/Jun/2024:18:01:15 +0200] "GET /storage/media/h7_xenon_szett_8000K.jpg HTTP/1.1" 200 126444 "https://royaltuning.hu/public/hu/termekkategoria/xenon-szettek?gad_source=1&gclid=CjwKCAjw-O6zBhASEiwAOHeGxXezjU7Ww3HYAXWxigLDsP8DqWwvXt-z2HoLfGTmOVe1Ths0eg31_BoCm1UQAvD_BwE" "Mozilla/5.0 (Linux; Android 10; K) AppleWebKit/537.36 (KHTML, like Gecko) Chrome/126.0.0.0 Mobile Safari/537.36"
77.234.67.72 - - [26/Jun/2024:18:01:15 +0200] "GET /storage/media/h7_xenon_szett_canbus_6000K.jpg HTTP/1.1" 200 132166 "https://royaltuning.hu/public/hu/termekkategoria/xenon-szettek?gad_source=1&gclid=CjwKCAjw-O6zBhASEiwAOHeGxXezjU7Ww3HYAXWxigLDsP8DqWwvXt-z2HoLfGTmOVe1Ths0eg31_BoCm1UQAvD_BwE" "Mozilla/5.0 (Linux; Android 10; K) AppleWebKit/537.36 (KHTML, like Gecko) Chrome/126.0.0.0 Mobile Safari/537.36"
77.234.67.72 - - [26/Jun/2024:18:01:15 +0200] "GET /storage/media/h8_xenon_szett_canbusos.jpg HTTP/1.1" 200 127656 "https://royaltuning.hu/public/hu/termekkategoria/xenon-szettek?gad_source=1&gclid=CjwKCAjw-O6zBhASEiwAOHeGxXezjU7Ww3HYAXWxigLDsP8DqWwvXt-z2HoLfGTmOVe1Ths0eg31_BoCm1UQAvD_BwE" "Mozilla/5.0 (Linux; Android 10; K) AppleWebKit/537.36 (KHTML, like Gecko) Chrome/126.0.0.0 Mobile Safari/537.36"
94.21.42.30 - - [26/Jun/2024:18:01:15 +0200] "GET /hu/shop?query=telefontart%C3%B3&brand=&category=&tag=&fromPrice=0&toPrice=114990&sort=relevance&perPage=30&page=1 HTTP/1.1" 200 1781 "https://royaltuning.hu/hu/shop?query=telefontart%C3%B3" "Mozilla/5.0 (Windows NT 10.0; Win64; x64; rv:127.0) Gecko/20100101 Firefox/127.0"
77.234.67.72 - - [26/Jun/2024:18:01:16 +0200] "GET /storage/media/c0t7luzASFx7EVSpbCjKOjfFo89DRMqzfBVMmmvt.png HTTP/1.1" 200 18256 "https://royaltuning.hu/public/hu/termekkategoria/xenon-szettek?gad_source=1&gclid=CjwKCAjw-O6zBhASEiwAOHeGxXezjU7Ww3HYAXWxigLDsP8DqWwvXt-z2HoLfGTmOVe1Ths0eg31_BoCm1UQAvD_BwE" "Mozilla/5.0 (Linux; Android 10; K) AppleWebKit/537.36 (KHTML, like Gecko) Chrome/126.0.0.0 Mobile Safari/537.36"
94.21.42.30 - - [26/Jun/2024:18:01:16 +0200] "GET /storage/media/PESmu8aud3NNx6PuZusfEzjwXoOtDkjiJdUzCKhS.jpg HTTP/1.1" 200 84242 "https://royaltuning.hu/hu/shop?query=telefontart%C3%B3" "Mozilla/5.0 (Windows NT 10.0; Win64; x64; rv:127.0) Gecko/20100101 Firefox/127.0"
94.21.42.30 - - [26/Jun/2024:18:01:16 +0200] "GET /storage/media/telefontarto_autoba-1.jpg HTTP/1.1" 200 50028 "https://royaltuning.hu/hu/shop?query=telefontart%C3%B3" "Mozilla/5.0 (Windows NT 10.0; Win64; x64; rv:127.0) Gecko/20100101 Firefox/127.0"
94.21.42.30 - - [26/Jun/2024:18:01:16 +0200] "GET /storage/media/Ty89Z3gHFpKlYMMy91K8kBuXKRONnMV6W9MICSvE.jpg HTTP/1.1" 200 84242 "https://royaltuning.hu/hu/shop?query=telefontart%C3%B3" "Mozilla/5.0 (Windows NT 10.0; Win64; x64; rv:127.0) Gecko/20100101 Firefox/127.0"
77.234.67.72 - - [26/Jun/2024:18:01:24 +0200] "GET /public/hu/termekkategoria/xenon-izzok HTTP/1.1" 200 42749 "https://royaltuning.hu/public/hu/termekkategoria/xenon-szettek?gad_source=1&gclid=CjwKCAjw-O6zBhASEiwAOHeGxXezjU7Ww3HYAXWxigLDsP8DqWwvXt-z2HoLfGTmOVe1Ths0eg31_BoCm1UQAvD_BwE" "Mozilla/5.0 (Linux; Android 10; K) AppleWebKit/537.36 (KHTML, like Gecko) Chrome/126.0.0.0 Mobile Safari/537.36"
77.234.67.72 - - [26/Jun/2024:18:01:26 +0200] "GET /public/hu/shop?query=&brand=&category=xenon-izzok&tag=&fromPrice=0&toPrice=114990&sort=alphabetic&perPage=30&page=1 HTTP/1.1" 200 2018 "https://royaltuning.hu/public/hu/termekkategoria/xenon-izzok" "Mozilla/5.0 (Linux; Android 10; K) AppleWebKit/537.36 (KHTML, like Gecko) Chrome/126.0.0.0 Mobile Safari/537.36"
66.249.70.160 - - [26/Jun/2024:18:01:27 +0200] "GET /wp-content/uploads/2020/12/univerzalis_valtogomb-6-500x500.jpg HTTP/1.1" 200 12508 "-" "Googlebot-Image/1.0"
66.249.70.160 - - [26/Jun/2024:18:01:28 +0200] "GET /public/en/termek/b8-5d-led-muszerfal-izzo-feher-5db HTTP/1.1" 200 42486 "-" "Mozilla/5.0 (Linux; Android 6.0.1; Nexus 5X Build/MMB29P) AppleWebKit/537.36 (KHTML, like Gecko) Chrome/125.0.6422.175 Mobile Safari/537.36 (compatible; Googlebot/2.1; +http://www.google.com/bot.html)"
69.63.184.4 - - [26/Jun/2024:18:01:28 +0200] "GET /public/hu/termek/opel-vectra-c-valtoszoknya?fbclid=IwZXh0bgNhZW0CMTEAAR2uGosAynYrpIbWHE1d1cyvc2uc5BAH8ABeMhjwElTSwfQCqwJMGzMOA64_aem_H98rExZ2pkZolobFUiITcA HTTP/1.1" 200 50200 "-" "facebookexternalhit/1.1 (+http://www.facebook.com/externalhit_uatext.php)"
69.63.184.4 - - [26/Jun/2024:18:01:30 +0200] "GET /public/themes/storefront/public/css/app.css?v=3.1.0 HTTP/1.1" 200 72700 "https://royaltuning.hu/public/hu/termek/opel-vectra-c-valtoszoknya?fbclid=IwZXh0bgNhZW0CMTEAAR2uGosAynYrpIbWHE1d1cyvc2uc5BAH8ABeMhjwElTSwfQCqwJMGzMOA64_aem_H98rExZ2pkZolobFUiITcA" "facebookexternalhit/1.1 (+http://www.facebook.com/externalhit_uatext.php)"
69.63.184.2 - - [26/Jun/2024:18:01:30 +0200] "GET /public/vendor/cookie-consent/css/cookie-consent.css HTTP/1.1" 200 990 "https://royaltuning.hu/public/hu/termek/opel-vectra-c-valtoszoknya?fbclid=IwZXh0bgNhZW0CMTEAAR2uGosAynYrpIbWHE1d1cyvc2uc5BAH8ABeMhjwElTSwfQCqwJMGzMOA64_aem_H98rExZ2pkZolobFUiITcA" "facebookexternalhit/1.1 (+http://www.facebook.com/externalhit_uatext.php)"
69.63.184.19 - - [26/Jun/2024:18:01:30 +0200] "GET /storage/media/rpiKsmcVc59LwHHydMWZkR91adM4KGiqcvvmbod4.png HTTP/1.1" 200 17070 "https://royaltuning.hu/public/hu/termek/opel-vectra-c-valtoszoknya?fbclid=IwZXh0bgNhZW0CMTEAAR2uGosAynYrpIbWHE1d1cyvc2uc5BAH8ABeMhjwElTSwfQCqwJMGzMOA64_aem_H98rExZ2pkZolobFUiITcA" "facebookexternalhit/1.1 (+http://www.facebook.com/externalhit_uatext.php)"
69.63.184.2 - - [26/Jun/2024:18:01:30 +0200] "GET /storage/media/opel_vectra_c_valtoszoknya-1.jpg HTTP/1.1" 200 8199 "https://royaltuning.hu/public/hu/termek/opel-vectra-c-valtoszoknya?fbclid=IwZXh0bgNhZW0CMTEAAR2uGosAynYrpIbWHE1d1cyvc2uc5BAH8ABeMhjwElTSwfQCqwJMGzMOA64_aem_H98rExZ2pkZolobFUiITcA" "facebookexternalhit/1.1 (+http://www.facebook.com/externalhit_uatext.php)"
69.63.184.2 - - [26/Jun/2024:18:01:30 +0200] "GET /storage/media/opel_vectra_c_valtoszoknya-4.jpg HTTP/1.1" 200 14661 "https://royaltuning.hu/public/hu/termek/opel-vectra-c-valtoszoknya?fbclid=IwZXh0bgNhZW0CMTEAAR2uGosAynYrpIbWHE1d1cyvc2uc5BAH8ABeMhjwElTSwfQCqwJMGzMOA64_aem_H98rExZ2pkZolobFUiITcA" "facebookexternalhit/1.1 (+http://www.facebook.com/externalhit_uatext.php)"
69.63.184.19 - - [26/Jun/2024:18:01:30 +0200] "GET /storage/media/opel_vectra_c_valtoszoknya-3.jpg HTTP/1.1" 200 14906 "https://royaltuning.hu/public/hu/termek/opel-vectra-c-valtoszoknya?fbclid=IwZXh0bgNhZW0CMTEAAR2uGosAynYrpIbWHE1d1cyvc2uc5BAH8ABeMhjwElTSwfQCqwJMGzMOA64_aem_H98rExZ2pkZolobFUiITcA" "facebookexternalhit/1.1 (+http://www.facebook.com/externalhit_uatext.php)"
69.63.184.19 - - [26/Jun/2024:18:01:30 +0200] "GET /storage/media/opel_vectra_c_valtoszoknya-2.jpg HTTP/1.1" 200 8072 "https://royaltuning.hu/public/hu/termek/opel-vectra-c-valtoszoknya?fbclid=IwZXh0bgNhZW0CMTEAAR2uGosAynYrpIbWHE1d1cyvc2uc5BAH8ABeMhjwElTSwfQCqwJMGzMOA64_aem_H98rExZ2pkZolobFUiITcA" "facebookexternalhit/1.1 (+http://www.facebook.com/externalhit_uatext.php)"
69.63.184.2 - - [26/Jun/2024:18:01:30 +0200] "GET /public/themes/storefront/public/js/flatpickr.js?v=3.1.0 HTTP/1.1" 200 65517 "https://royaltuning.hu/public/hu/termek/opel-vectra-c-valtoszoknya?fbclid=IwZXh0bgNhZW0CMTEAAR2uGosAynYrpIbWHE1d1cyvc2uc5BAH8ABeMhjwElTSwfQCqwJMGzMOA64_aem_H98rExZ2pkZolobFUiITcA" "facebookexternalhit/1.1 (+http://www.facebook.com/externalhit_uatext.php)"
69.63.184.4 - - [26/Jun/2024:18:01:30 +0200] "GET /public/themes/storefront/public/js/app.js?v=3.1.0 HTTP/1.1" 200 979893 "https://royaltuning.hu/public/hu/termek/opel-vectra-c-valtoszoknya?fbclid=IwZXh0bgNhZW0CMTEAAR2uGosAynYrpIbWHE1d1cyvc2uc5BAH8ABeMhjwElTSwfQCqwJMGzMOA64_aem_H98rExZ2pkZolobFUiITcA" "facebookexternalhit/1.1 (+http://www.facebook.com/externalhit_uatext.php)"
