213.225.14.58 - - [26/Jun/2024:17:50:31 +0200] "GET /storage/media/U9NkjU7v6Z3urgm3cZoyB4B52Rf1RDn0nbyFiAJw.jpg HTTP/1.1" 200 80343 "https://royaltuning.hu/public/hu/termekkategoria/menetfenyekvilagitas-technika/emeltfenyu-halogen-izzok?fbclid=IwZXh0bgNhZW0BMAABHRl0EWU8ipWwjifACgw7QWB7d7gbL7B3soeu6Hwfeo2mdsptAcbdgeDCRg_aem_e4mHlL1o3lNJ_Y_5giSGTQ&utm_campaign=emelt_h1&utm_content=1&utm_id=23852086930760017&utm_medium=cpc&utm_source=facebook&utm_term=23862233967630017" "Mozilla/5.0 (Linux; Android 14; SM-A136B Build/UP1A.231005.007; wv) AppleWebKit/537.36 (KHTML, like Gecko) Version/4.0 Chrome/126.0.6478.71 Mobile Safari/537.36 [FB_IAB/FB4A;FBAV/469.2.0.51.80;]"
213.225.14.58 - - [26/Jun/2024:17:50:31 +0200] "GET /storage/media/zTdJDwdSsCNSvJi9K4gBVppOmVdqtNoAZ8rbqvcd.jpg HTTP/1.1" 200 255268 "https://royaltuning.hu/public/hu/termekkategoria/menetfenyekvilagitas-technika/emeltfenyu-halogen-izzok?fbclid=IwZXh0bgNhZW0BMAABHRl0EWU8ipWwjifACgw7QWB7d7gbL7B3soeu6Hwfeo2mdsptAcbdgeDCRg_aem_e4mHlL1o3lNJ_Y_5giSGTQ&utm_campaign=emelt_h1&utm_content=1&utm_id=23852086930760017&utm_medium=cpc&utm_source=facebook&utm_term=23862233967630017" "Mozilla/5.0 (Linux; Android 14; SM-A136B Build/UP1A.231005.007; wv) AppleWebKit/537.36 (KHTML, like Gecko) Version/4.0 Chrome/126.0.6478.71 Mobile Safari/537.36 [FB_IAB/FB4A;FBAV/469.2.0.51.80;]"
213.225.14.58 - - [26/Jun/2024:17:50:31 +0200] "GET /storage/media/WuAbnJ3F19P7m8ckhRvBz1XVn9ovSqVCdlDdRtKv.jpg HTTP/1.1" 200 274140 "https://royaltuning.hu/public/hu/termekkategoria/menetfenyekvilagitas-technika/emeltfenyu-halogen-izzok?fbclid=IwZXh0bgNhZW0BMAABHRl0EWU8ipWwjifACgw7QWB7d7gbL7B3soeu6Hwfeo2mdsptAcbdgeDCRg_aem_e4mHlL1o3lNJ_Y_5giSGTQ&utm_campaign=emelt_h1&utm_content=1&utm_id=23852086930760017&utm_medium=cpc&utm_source=facebook&utm_term=23862233967630017" "Mozilla/5.0 (Linux; Android 14; SM-A136B Build/UP1A.231005.007; wv) AppleWebKit/537.36 (KHTML, like Gecko) Version/4.0 Chrome/126.0.6478.71 Mobile Safari/537.36 [FB_IAB/FB4A;FBAV/469.2.0.51.80;]"
213.225.14.58 - - [26/Jun/2024:17:50:31 +0200] "GET /storage/media/h1_izzo-3.jpg HTTP/1.1" 200 21866 "https://royaltuning.hu/public/hu/termekkategoria/menetfenyekvilagitas-technika/emeltfenyu-halogen-izzok?fbclid=IwZXh0bgNhZW0BMAABHRl0EWU8ipWwjifACgw7QWB7d7gbL7B3soeu6Hwfeo2mdsptAcbdgeDCRg_aem_e4mHlL1o3lNJ_Y_5giSGTQ&utm_campaign=emelt_h1&utm_content=1&utm_id=23852086930760017&utm_medium=cpc&utm_source=facebook&utm_term=23862233967630017" "Mozilla/5.0 (Linux; Android 14; SM-A136B Build/UP1A.231005.007; wv) AppleWebKit/537.36 (KHTML, like Gecko) Version/4.0 Chrome/126.0.6478.71 Mobile Safari/537.36 [FB_IAB/FB4A;FBAV/469.2.0.51.80;]"
213.225.14.58 - - [26/Jun/2024:17:50:31 +0200] "GET /storage/media/h1_izzo_feher_fenyu_super_white-1.jpg HTTP/1.1" 200 98429 "https://royaltuning.hu/public/hu/termekkategoria/menetfenyekvilagitas-technika/emeltfenyu-halogen-izzok?fbclid=IwZXh0bgNhZW0BMAABHRl0EWU8ipWwjifACgw7QWB7d7gbL7B3soeu6Hwfeo2mdsptAcbdgeDCRg_aem_e4mHlL1o3lNJ_Y_5giSGTQ&utm_campaign=emelt_h1&utm_content=1&utm_id=23852086930760017&utm_medium=cpc&utm_source=facebook&utm_term=23862233967630017" "Mozilla/5.0 (Linux; Android 14; SM-A136B Build/UP1A.231005.007; wv) AppleWebKit/537.36 (KHTML, like Gecko) Version/4.0 Chrome/126.0.6478.71 Mobile Safari/537.36 [FB_IAB/FB4A;FBAV/469.2.0.51.80;]"
213.225.14.58 - - [26/Jun/2024:17:50:31 +0200] "GET /storage/media/h1_izzo-1.jpg HTTP/1.1" 200 37954 "https://royaltuning.hu/public/hu/termekkategoria/menetfenyekvilagitas-technika/emeltfenyu-halogen-izzok?fbclid=IwZXh0bgNhZW0BMAABHRl0EWU8ipWwjifACgw7QWB7d7gbL7B3soeu6Hwfeo2mdsptAcbdgeDCRg_aem_e4mHlL1o3lNJ_Y_5giSGTQ&utm_campaign=emelt_h1&utm_content=1&utm_id=23852086930760017&utm_medium=cpc&utm_source=facebook&utm_term=23862233967630017" "Mozilla/5.0 (Linux; Android 14; SM-A136B Build/UP1A.231005.007; wv) AppleWebKit/537.36 (KHTML, like Gecko) Version/4.0 Chrome/126.0.6478.71 Mobile Safari/537.36 [FB_IAB/FB4A;FBAV/469.2.0.51.80;]"
213.225.14.58 - - [26/Jun/2024:17:50:32 +0200] "GET /storage/media/h11_izzo_emeltfenyu.jpg HTTP/1.1" 200 103059 "https://royaltuning.hu/public/hu/termekkategoria/menetfenyekvilagitas-technika/emeltfenyu-halogen-izzok?fbclid=IwZXh0bgNhZW0BMAABHRl0EWU8ipWwjifACgw7QWB7d7gbL7B3soeu6Hwfeo2mdsptAcbdgeDCRg_aem_e4mHlL1o3lNJ_Y_5giSGTQ&utm_campaign=emelt_h1&utm_content=1&utm_id=23852086930760017&utm_medium=cpc&utm_source=facebook&utm_term=23862233967630017" "Mozilla/5.0 (Linux; Android 14; SM-A136B Build/UP1A.231005.007; wv) AppleWebKit/537.36 (KHTML, like Gecko) Version/4.0 Chrome/126.0.6478.71 Mobile Safari/537.36 [FB_IAB/FB4A;FBAV/469.2.0.51.80;]"
213.225.14.58 - - [26/Jun/2024:17:50:32 +0200] "GET /storage/media/U6SqCQ33IwhdYih8nXCpWyocLhoIOEpWALRDTjDM.jpg HTTP/1.1" 200 134158 "https://royaltuning.hu/public/hu/termekkategoria/menetfenyekvilagitas-technika/emeltfenyu-halogen-izzok?fbclid=IwZXh0bgNhZW0BMAABHRl0EWU8ipWwjifACgw7QWB7d7gbL7B3soeu6Hwfeo2mdsptAcbdgeDCRg_aem_e4mHlL1o3lNJ_Y_5giSGTQ&utm_campaign=emelt_h1&utm_content=1&utm_id=23852086930760017&utm_medium=cpc&utm_source=facebook&utm_term=23862233967630017" "Mozilla/5.0 (Linux; Android 14; SM-A136B Build/UP1A.231005.007; wv) AppleWebKit/537.36 (KHTML, like Gecko) Version/4.0 Chrome/126.0.6478.71 Mobile Safari/537.36 [FB_IAB/FB4A;FBAV/469.2.0.51.80;]"
66.249.70.160 - - [26/Jun/2024:17:50:31 +0200] "GET /hu/termekkategoria/ledes-izzok/h13-led-izzok HTTP/1.1" 200 42416 "-" "Mozilla/5.0 (Linux; Android 6.0.1; Nexus 5X Build/MMB29P) AppleWebKit/537.36 (KHTML, like Gecko) Chrome/125.0.6422.175 Mobile Safari/537.36 (compatible; Googlebot/2.1; +http://www.google.com/bot.html)"
213.225.14.58 - - [26/Jun/2024:17:50:32 +0200] "GET /storage/media/h15_izzo_emeltfenyu-3.jpg HTTP/1.1" 200 102730 "https://royaltuning.hu/public/hu/termekkategoria/menetfenyekvilagitas-technika/emeltfenyu-halogen-izzok?fbclid=IwZXh0bgNhZW0BMAABHRl0EWU8ipWwjifACgw7QWB7d7gbL7B3soeu6Hwfeo2mdsptAcbdgeDCRg_aem_e4mHlL1o3lNJ_Y_5giSGTQ&utm_campaign=emelt_h1&utm_content=1&utm_id=23852086930760017&utm_medium=cpc&utm_source=facebook&utm_term=23862233967630017" "Mozilla/5.0 (Linux; Android 14; SM-A136B Build/UP1A.231005.007; wv) AppleWebKit/537.36 (KHTML, like Gecko) Version/4.0 Chrome/126.0.6478.71 Mobile Safari/537.36 [FB_IAB/FB4A;FBAV/469.2.0.51.80;]"
213.225.14.58 - - [26/Jun/2024:17:50:33 +0200] "GET /storage/media/h15_izzo.jpg HTTP/1.1" 200 292023 "https://royaltuning.hu/public/hu/termekkategoria/menetfenyekvilagitas-technika/emeltfenyu-halogen-izzok?fbclid=IwZXh0bgNhZW0BMAABHRl0EWU8ipWwjifACgw7QWB7d7gbL7B3soeu6Hwfeo2mdsptAcbdgeDCRg_aem_e4mHlL1o3lNJ_Y_5giSGTQ&utm_campaign=emelt_h1&utm_content=1&utm_id=23852086930760017&utm_medium=cpc&utm_source=facebook&utm_term=23862233967630017" "Mozilla/5.0 (Linux; Android 14; SM-A136B Build/UP1A.231005.007; wv) AppleWebKit/537.36 (KHTML, like Gecko) Version/4.0 Chrome/126.0.6478.71 Mobile Safari/537.36 [FB_IAB/FB4A;FBAV/469.2.0.51.80;]"
213.225.14.58 - - [26/Jun/2024:17:50:33 +0200] "GET /storage/media/h3_izzo-1.jpg HTTP/1.1" 200 22195 "https://royaltuning.hu/public/hu/termekkategoria/menetfenyekvilagitas-technika/emeltfenyu-halogen-izzok?fbclid=IwZXh0bgNhZW0BMAABHRl0EWU8ipWwjifACgw7QWB7d7gbL7B3soeu6Hwfeo2mdsptAcbdgeDCRg_aem_e4mHlL1o3lNJ_Y_5giSGTQ&utm_campaign=emelt_h1&utm_content=1&utm_id=23852086930760017&utm_medium=cpc&utm_source=facebook&utm_term=23862233967630017" "Mozilla/5.0 (Linux; Android 14; SM-A136B Build/UP1A.231005.007; wv) AppleWebKit/537.36 (KHTML, like Gecko) Version/4.0 Chrome/126.0.6478.71 Mobile Safari/537.36 [FB_IAB/FB4A;FBAV/469.2.0.51.80;]"
213.225.14.58 - - [26/Jun/2024:17:50:31 +0200] "GET /storage/media/N3kZIoaBzMbiWwSeSBZaI9uZHA5L2h3wZO2C4mGY.jpg HTTP/1.1" 200 536490 "https://royaltuning.hu/public/hu/termekkategoria/menetfenyekvilagitas-technika/emeltfenyu-halogen-izzok?fbclid=IwZXh0bgNhZW0BMAABHRl0EWU8ipWwjifACgw7QWB7d7gbL7B3soeu6Hwfeo2mdsptAcbdgeDCRg_aem_e4mHlL1o3lNJ_Y_5giSGTQ&utm_campaign=emelt_h1&utm_content=1&utm_id=23852086930760017&utm_medium=cpc&utm_source=facebook&utm_term=23862233967630017" "Mozilla/5.0 (Linux; Android 14; SM-A136B Build/UP1A.231005.007; wv) AppleWebKit/537.36 (KHTML, like Gecko) Version/4.0 Chrome/126.0.6478.71 Mobile Safari/537.36 [FB_IAB/FB4A;FBAV/469.2.0.51.80;]"
213.225.14.58 - - [26/Jun/2024:17:50:33 +0200] "GET /storage/media/h3_izzo.jpg HTTP/1.1" 200 29421 "https://royaltuning.hu/public/hu/termekkategoria/menetfenyekvilagitas-technika/emeltfenyu-halogen-izzok?fbclid=IwZXh0bgNhZW0BMAABHRl0EWU8ipWwjifACgw7QWB7d7gbL7B3soeu6Hwfeo2mdsptAcbdgeDCRg_aem_e4mHlL1o3lNJ_Y_5giSGTQ&utm_campaign=emelt_h1&utm_content=1&utm_id=23852086930760017&utm_medium=cpc&utm_source=facebook&utm_term=23862233967630017" "Mozilla/5.0 (Linux; Android 14; SM-A136B Build/UP1A.231005.007; wv) AppleWebKit/537.36 (KHTML, like Gecko) Version/4.0 Chrome/126.0.6478.71 Mobile Safari/537.36 [FB_IAB/FB4A;FBAV/469.2.0.51.80;]"
213.225.14.58 - - [26/Jun/2024:17:50:33 +0200] "GET /storage/media/h4_izzo-1.jpg HTTP/1.1" 200 123060 "https://royaltuning.hu/public/hu/termekkategoria/menetfenyekvilagitas-technika/emeltfenyu-halogen-izzok?fbclid=IwZXh0bgNhZW0BMAABHRl0EWU8ipWwjifACgw7QWB7d7gbL7B3soeu6Hwfeo2mdsptAcbdgeDCRg_aem_e4mHlL1o3lNJ_Y_5giSGTQ&utm_campaign=emelt_h1&utm_content=1&utm_id=23852086930760017&utm_medium=cpc&utm_source=facebook&utm_term=23862233967630017" "Mozilla/5.0 (Linux; Android 14; SM-A136B Build/UP1A.231005.007; wv) AppleWebKit/537.36 (KHTML, like Gecko) Version/4.0 Chrome/126.0.6478.71 Mobile Safari/537.36 [FB_IAB/FB4A;FBAV/469.2.0.51.80;]"
213.225.14.58 - - [26/Jun/2024:17:50:33 +0200] "GET /storage/media/JhMgnGua04n6DDVKmwhNg5Y0XyoJaeRkJ7gWmuPU.jpg HTTP/1.1" 200 101633 "https://royaltuning.hu/public/hu/termekkategoria/menetfenyekvilagitas-technika/emeltfenyu-halogen-izzok?fbclid=IwZXh0bgNhZW0BMAABHRl0EWU8ipWwjifACgw7QWB7d7gbL7B3soeu6Hwfeo2mdsptAcbdgeDCRg_aem_e4mHlL1o3lNJ_Y_5giSGTQ&utm_campaign=emelt_h1&utm_content=1&utm_id=23852086930760017&utm_medium=cpc&utm_source=facebook&utm_term=23862233967630017" "Mozilla/5.0 (Linux; Android 14; SM-A136B Build/UP1A.231005.007; wv) AppleWebKit/537.36 (KHTML, like Gecko) Version/4.0 Chrome/126.0.6478.71 Mobile Safari/537.36 [FB_IAB/FB4A;FBAV/469.2.0.51.80;]"
213.225.14.58 - - [26/Jun/2024:17:50:33 +0200] "GET /storage/media/tQDDBMOdPXK8LeaO6yAwYbIgwaXhiQLbdKNJLaim.jpg HTTP/1.1" 200 119379 "https://royaltuning.hu/public/hu/termekkategoria/menetfenyekvilagitas-technika/emeltfenyu-halogen-izzok?fbclid=IwZXh0bgNhZW0BMAABHRl0EWU8ipWwjifACgw7QWB7d7gbL7B3soeu6Hwfeo2mdsptAcbdgeDCRg_aem_e4mHlL1o3lNJ_Y_5giSGTQ&utm_campaign=emelt_h1&utm_content=1&utm_id=23852086930760017&utm_medium=cpc&utm_source=facebook&utm_term=23862233967630017" "Mozilla/5.0 (Linux; Android 14; SM-A136B Build/UP1A.231005.007; wv) AppleWebKit/537.36 (KHTML, like Gecko) Version/4.0 Chrome/126.0.6478.71 Mobile Safari/537.36 [FB_IAB/FB4A;FBAV/469.2.0.51.80;]"
213.225.14.58 - - [26/Jun/2024:17:50:33 +0200] "GET /storage/media/h4_izzo-6.jpg HTTP/1.1" 200 210588 "https://royaltuning.hu/public/hu/termekkategoria/menetfenyekvilagitas-technika/emeltfenyu-halogen-izzok?fbclid=IwZXh0bgNhZW0BMAABHRl0EWU8ipWwjifACgw7QWB7d7gbL7B3soeu6Hwfeo2mdsptAcbdgeDCRg_aem_e4mHlL1o3lNJ_Y_5giSGTQ&utm_campaign=emelt_h1&utm_content=1&utm_id=23852086930760017&utm_medium=cpc&utm_source=facebook&utm_term=23862233967630017" "Mozilla/5.0 (Linux; Android 14; SM-A136B Build/UP1A.231005.007; wv) AppleWebKit/537.36 (KHTML, like Gecko) Version/4.0 Chrome/126.0.6478.71 Mobile Safari/537.36 [FB_IAB/FB4A;FBAV/469.2.0.51.80;]"
66.249.70.160 - - [26/Jun/2024:17:50:32 +0200] "GET /hu/termekkategoria/kia-kulcshaz HTTP/1.1" 200 42604 "-" "Mozilla/5.0 (Linux; Android 6.0.1; Nexus 5X Build/MMB29P) AppleWebKit/537.36 (KHTML, like Gecko) Chrome/125.0.6422.175 Mobile Safari/537.36 (compatible; Googlebot/2.1; +http://www.google.com/bot.html)"
213.225.14.58 - - [26/Jun/2024:17:50:34 +0200] "GET /storage/media/h4_izzo_feher_fenyu_super_white-1.jpg HTTP/1.1" 200 111376 "https://royaltuning.hu/public/hu/termekkategoria/menetfenyekvilagitas-technika/emeltfenyu-halogen-izzok?fbclid=IwZXh0bgNhZW0BMAABHRl0EWU8ipWwjifACgw7QWB7d7gbL7B3soeu6Hwfeo2mdsptAcbdgeDCRg_aem_e4mHlL1o3lNJ_Y_5giSGTQ&utm_campaign=emelt_h1&utm_content=1&utm_id=23852086930760017&utm_medium=cpc&utm_source=facebook&utm_term=23862233967630017" "Mozilla/5.0 (Linux; Android 14; SM-A136B Build/UP1A.231005.007; wv) AppleWebKit/537.36 (KHTML, like Gecko) Version/4.0 Chrome/126.0.6478.71 Mobile Safari/537.36 [FB_IAB/FB4A;FBAV/469.2.0.51.80;]"
66.249.70.160 - - [26/Jun/2024:17:50:34 +0200] "GET /wp-content/uploads/2020/06/muterheles_ledes-3-100x100.jpg HTTP/1.1" 304 - "-" "Googlebot-Image/1.0"
213.225.14.58 - - [26/Jun/2024:17:50:34 +0200] "GET /storage/media/B46AoHL2ehGpTF23xccSuDfUULM1gFc6hl1jE1dH.jpg HTTP/1.1" 200 103415 "https://royaltuning.hu/public/hu/termekkategoria/menetfenyekvilagitas-technika/emeltfenyu-halogen-izzok?fbclid=IwZXh0bgNhZW0BMAABHRl0EWU8ipWwjifACgw7QWB7d7gbL7B3soeu6Hwfeo2mdsptAcbdgeDCRg_aem_e4mHlL1o3lNJ_Y_5giSGTQ&utm_campaign=emelt_h1&utm_content=1&utm_id=23852086930760017&utm_medium=cpc&utm_source=facebook&utm_term=23862233967630017" "Mozilla/5.0 (Linux; Android 14; SM-A136B Build/UP1A.231005.007; wv) AppleWebKit/537.36 (KHTML, like Gecko) Version/4.0 Chrome/126.0.6478.71 Mobile Safari/537.36 [FB_IAB/FB4A;FBAV/469.2.0.51.80;]"
213.225.14.58 - - [26/Jun/2024:17:50:35 +0200] "GET /storage/media/h7_izzo-1.jpg HTTP/1.1" 200 43836 "https://royaltuning.hu/public/hu/termekkategoria/menetfenyekvilagitas-technika/emeltfenyu-halogen-izzok?fbclid=IwZXh0bgNhZW0BMAABHRl0EWU8ipWwjifACgw7QWB7d7gbL7B3soeu6Hwfeo2mdsptAcbdgeDCRg_aem_e4mHlL1o3lNJ_Y_5giSGTQ&utm_campaign=emelt_h1&utm_content=1&utm_id=23852086930760017&utm_medium=cpc&utm_source=facebook&utm_term=23862233967630017" "Mozilla/5.0 (Linux; Android 14; SM-A136B Build/UP1A.231005.007; wv) AppleWebKit/537.36 (KHTML, like Gecko) Version/4.0 Chrome/126.0.6478.71 Mobile Safari/537.36 [FB_IAB/FB4A;FBAV/469.2.0.51.80;]"
213.225.14.58 - - [26/Jun/2024:17:50:35 +0200] "GET /storage/media/h7_izzo-6.jpg HTTP/1.1" 200 256446 "https://royaltuning.hu/public/hu/termekkategoria/menetfenyekvilagitas-technika/emeltfenyu-halogen-izzok?fbclid=IwZXh0bgNhZW0BMAABHRl0EWU8ipWwjifACgw7QWB7d7gbL7B3soeu6Hwfeo2mdsptAcbdgeDCRg_aem_e4mHlL1o3lNJ_Y_5giSGTQ&utm_campaign=emelt_h1&utm_content=1&utm_id=23852086930760017&utm_medium=cpc&utm_source=facebook&utm_term=23862233967630017" "Mozilla/5.0 (Linux; Android 14; SM-A136B Build/UP1A.231005.007; wv) AppleWebKit/537.36 (KHTML, like Gecko) Version/4.0 Chrome/126.0.6478.71 Mobile Safari/537.36 [FB_IAB/FB4A;FBAV/469.2.0.51.80;]"
54.36.148.7 - - [26/Jun/2024:17:50:34 +0200] "GET /public/hu/termekkategoria/dacia-kulcshaz HTTP/1.1" 200 42740 "-" "Mozilla/5.0 (compatible; AhrefsBot/7.0; +http://ahrefs.com/robot/)"
213.225.14.58 - - [26/Jun/2024:17:50:35 +0200] "GET /storage/media/h7_izzo_feher_fenyu_super_white-1.jpg HTTP/1.1" 200 105060 "https://royaltuning.hu/public/hu/termekkategoria/menetfenyekvilagitas-technika/emeltfenyu-halogen-izzok?fbclid=IwZXh0bgNhZW0BMAABHRl0EWU8ipWwjifACgw7QWB7d7gbL7B3soeu6Hwfeo2mdsptAcbdgeDCRg_aem_e4mHlL1o3lNJ_Y_5giSGTQ&utm_campaign=emelt_h1&utm_content=1&utm_id=23852086930760017&utm_medium=cpc&utm_source=facebook&utm_term=23862233967630017" "Mozilla/5.0 (Linux; Android 14; SM-A136B Build/UP1A.231005.007; wv) AppleWebKit/537.36 (KHTML, like Gecko) Version/4.0 Chrome/126.0.6478.71 Mobile Safari/537.36 [FB_IAB/FB4A;FBAV/469.2.0.51.80;]"
213.225.14.58 - - [26/Jun/2024:17:50:34 +0200] "GET /storage/media/5P5zNN4eiJCcUp8FHDjfppkI8mra6CuTxW0LREE1.jpg HTTP/1.1" 200 566820 "https://royaltuning.hu/public/hu/termekkategoria/menetfenyekvilagitas-technika/emeltfenyu-halogen-izzok?fbclid=IwZXh0bgNhZW0BMAABHRl0EWU8ipWwjifACgw7QWB7d7gbL7B3soeu6Hwfeo2mdsptAcbdgeDCRg_aem_e4mHlL1o3lNJ_Y_5giSGTQ&utm_campaign=emelt_h1&utm_content=1&utm_id=23852086930760017&utm_medium=cpc&utm_source=facebook&utm_term=23862233967630017" "Mozilla/5.0 (Linux; Android 14; SM-A136B Build/UP1A.231005.007; wv) AppleWebKit/537.36 (KHTML, like Gecko) Version/4.0 Chrome/126.0.6478.71 Mobile Safari/537.36 [FB_IAB/FB4A;FBAV/469.2.0.51.80;]"
213.225.14.58 - - [26/Jun/2024:17:50:36 +0200] "GET /storage/media/hb3_emeltfenyu_izzo-1.jpg HTTP/1.1" 200 113726 "https://royaltuning.hu/public/hu/termekkategoria/menetfenyekvilagitas-technika/emeltfenyu-halogen-izzok?fbclid=IwZXh0bgNhZW0BMAABHRl0EWU8ipWwjifACgw7QWB7d7gbL7B3soeu6Hwfeo2mdsptAcbdgeDCRg_aem_e4mHlL1o3lNJ_Y_5giSGTQ&utm_campaign=emelt_h1&utm_content=1&utm_id=23852086930760017&utm_medium=cpc&utm_source=facebook&utm_term=23862233967630017" "Mozilla/5.0 (Linux; Android 14; SM-A136B Build/UP1A.231005.007; wv) AppleWebKit/537.36 (KHTML, like Gecko) Version/4.0 Chrome/126.0.6478.71 Mobile Safari/537.36 [FB_IAB/FB4A;FBAV/469.2.0.51.80;]"
66.249.64.35 - - [26/Jun/2024:17:50:35 +0200] "GET /public/themes/storefront/?v=3.1.0 HTTP/1.1" 403 31055 "https://www.royaltuning.hu/public/hu/termek/mercedes-valtogomb-automata-w203-w209" "Mozilla/5.0 (Linux; Android 6.0.1; Nexus 5X Build/MMB29P) AppleWebKit/537.36 (KHTML, like Gecko) Chrome/125.0.6422.154 Mobile Safari/537.36 (compatible; Googlebot/2.1; +http://www.google.com/bot.html)"
213.225.14.58 - - [26/Jun/2024:17:50:36 +0200] "GET /storage/media/hb4_emeltfenyu_izzo-1.jpg HTTP/1.1" 200 113726 "https://royaltuning.hu/public/hu/termekkategoria/menetfenyekvilagitas-technika/emeltfenyu-halogen-izzok?fbclid=IwZXh0bgNhZW0BMAABHRl0EWU8ipWwjifACgw7QWB7d7gbL7B3soeu6Hwfeo2mdsptAcbdgeDCRg_aem_e4mHlL1o3lNJ_Y_5giSGTQ&utm_campaign=emelt_h1&utm_content=1&utm_id=23852086930760017&utm_medium=cpc&utm_source=facebook&utm_term=23862233967630017" "Mozilla/5.0 (Linux; Android 14; SM-A136B Build/UP1A.231005.007; wv) AppleWebKit/537.36 (KHTML, like Gecko) Version/4.0 Chrome/126.0.6478.71 Mobile Safari/537.36 [FB_IAB/FB4A;FBAV/469.2.0.51.80;]"
213.225.14.58 - - [26/Jun/2024:17:50:36 +0200] "GET /storage/media/e7iIvuKPZCjHhaJwhv1JUOunc1ZXSHKF9c7bNonu.jpg HTTP/1.1" 200 48938 "https://royaltuning.hu/public/hu/termekkategoria/menetfenyekvilagitas-technika/emeltfenyu-halogen-izzok?fbclid=IwZXh0bgNhZW0BMAABHRl0EWU8ipWwjifACgw7QWB7d7gbL7B3soeu6Hwfeo2mdsptAcbdgeDCRg_aem_e4mHlL1o3lNJ_Y_5giSGTQ&utm_campaign=emelt_h1&utm_content=1&utm_id=23852086930760017&utm_medium=cpc&utm_source=facebook&utm_term=23862233967630017" "Mozilla/5.0 (Linux; Android 14; SM-A136B Build/UP1A.231005.007; wv) AppleWebKit/537.36 (KHTML, like Gecko) Version/4.0 Chrome/126.0.6478.71 Mobile Safari/537.36 [FB_IAB/FB4A;FBAV/469.2.0.51.80;]"
213.225.14.58 - - [26/Jun/2024:17:50:36 +0200] "GET /storage/media/h7_izzo-1-1.jpg HTTP/1.1" 200 57733 "https://royaltuning.hu/public/hu/termekkategoria/menetfenyekvilagitas-technika/emeltfenyu-halogen-izzok?fbclid=IwZXh0bgNhZW0BMAABHRl0EWU8ipWwjifACgw7QWB7d7gbL7B3soeu6Hwfeo2mdsptAcbdgeDCRg_aem_e4mHlL1o3lNJ_Y_5giSGTQ&utm_campaign=emelt_h1&utm_content=1&utm_id=23852086930760017&utm_medium=cpc&utm_source=facebook&utm_term=23862233967630017" "Mozilla/5.0 (Linux; Android 14; SM-A136B Build/UP1A.231005.007; wv) AppleWebKit/537.36 (KHTML, like Gecko) Version/4.0 Chrome/126.0.6478.71 Mobile Safari/537.36 [FB_IAB/FB4A;FBAV/469.2.0.51.80;]"
213.225.14.58 - - [26/Jun/2024:17:50:35 +0200] "GET /storage/media/GvYC2tL9204kEME3DZi9LWQYsyE7LYIfZ79XLvWE.jpg HTTP/1.1" 200 628368 "https://royaltuning.hu/public/hu/termekkategoria/menetfenyekvilagitas-technika/emeltfenyu-halogen-izzok?fbclid=IwZXh0bgNhZW0BMAABHRl0EWU8ipWwjifACgw7QWB7d7gbL7B3soeu6Hwfeo2mdsptAcbdgeDCRg_aem_e4mHlL1o3lNJ_Y_5giSGTQ&utm_campaign=emelt_h1&utm_content=1&utm_id=23852086930760017&utm_medium=cpc&utm_source=facebook&utm_term=23862233967630017" "Mozilla/5.0 (Linux; Android 14; SM-A136B Build/UP1A.231005.007; wv) AppleWebKit/537.36 (KHTML, like Gecko) Version/4.0 Chrome/126.0.6478.71 Mobile Safari/537.36 [FB_IAB/FB4A;FBAV/469.2.0.51.80;]"
213.225.14.58 - - [26/Jun/2024:17:50:37 +0200] "GET /storage/media/osram_night_breaker_laser_h4-1.jpg HTTP/1.1" 200 113443 "https://royaltuning.hu/public/hu/termekkategoria/menetfenyekvilagitas-technika/emeltfenyu-halogen-izzok?fbclid=IwZXh0bgNhZW0BMAABHRl0EWU8ipWwjifACgw7QWB7d7gbL7B3soeu6Hwfeo2mdsptAcbdgeDCRg_aem_e4mHlL1o3lNJ_Y_5giSGTQ&utm_campaign=emelt_h1&utm_content=1&utm_id=23852086930760017&utm_medium=cpc&utm_source=facebook&utm_term=23862233967630017" "Mozilla/5.0 (Linux; Android 14; SM-A136B Build/UP1A.231005.007; wv) AppleWebKit/537.36 (KHTML, like Gecko) Version/4.0 Chrome/126.0.6478.71 Mobile Safari/537.36 [FB_IAB/FB4A;FBAV/469.2.0.51.80;]"
213.225.14.58 - - [26/Jun/2024:17:50:37 +0200] "GET /storage/media/osram_cool_blue_intense_h7_55w-1.jpg HTTP/1.1" 200 392688 "https://royaltuning.hu/public/hu/termekkategoria/menetfenyekvilagitas-technika/emeltfenyu-halogen-izzok?fbclid=IwZXh0bgNhZW0BMAABHRl0EWU8ipWwjifACgw7QWB7d7gbL7B3soeu6Hwfeo2mdsptAcbdgeDCRg_aem_e4mHlL1o3lNJ_Y_5giSGTQ&utm_campaign=emelt_h1&utm_content=1&utm_id=23852086930760017&utm_medium=cpc&utm_source=facebook&utm_term=23862233967630017" "Mozilla/5.0 (Linux; Android 14; SM-A136B Build/UP1A.231005.007; wv) AppleWebKit/537.36 (KHTML, like Gecko) Version/4.0 Chrome/126.0.6478.71 Mobile Safari/537.36 [FB_IAB/FB4A;FBAV/469.2.0.51.80;]"
213.225.14.58 - - [26/Jun/2024:17:50:37 +0200] "GET /storage/media/osram_night_breaker_laser_h7-1.jpg HTTP/1.1" 200 184834 "https://royaltuning.hu/public/hu/termekkategoria/menetfenyekvilagitas-technika/emeltfenyu-halogen-izzok?fbclid=IwZXh0bgNhZW0BMAABHRl0EWU8ipWwjifACgw7QWB7d7gbL7B3soeu6Hwfeo2mdsptAcbdgeDCRg_aem_e4mHlL1o3lNJ_Y_5giSGTQ&utm_campaign=emelt_h1&utm_content=1&utm_id=23852086930760017&utm_medium=cpc&utm_source=facebook&utm_term=23862233967630017" "Mozilla/5.0 (Linux; Android 14; SM-A136B Build/UP1A.231005.007; wv) AppleWebKit/537.36 (KHTML, like Gecko) Version/4.0 Chrome/126.0.6478.71 Mobile Safari/537.36 [FB_IAB/FB4A;FBAV/469.2.0.51.80;]"
66.249.64.35 - - [26/Jun/2024:17:50:36 +0200] "GET /captcha/image?_=797915479?_= HTTP/1.1" 200 5014 "-" "Mozilla/5.0 (Linux; Android 6.0.1; Nexus 5X Build/MMB29P) AppleWebKit/537.36 (KHTML, like Gecko) Chrome/125.0.6422.175 Mobile Safari/537.36 (compatible; Googlebot/2.1; +http://www.google.com/bot.html)"
213.225.14.58 - - [26/Jun/2024:17:50:37 +0200] "GET /storage/media/osram_night_breaker_laser_200_h7-1.jpg HTTP/1.1" 200 842469 "https://royaltuning.hu/public/hu/termekkategoria/menetfenyekvilagitas-technika/emeltfenyu-halogen-izzok?fbclid=IwZXh0bgNhZW0BMAABHRl0EWU8ipWwjifACgw7QWB7d7gbL7B3soeu6Hwfeo2mdsptAcbdgeDCRg_aem_e4mHlL1o3lNJ_Y_5giSGTQ&utm_campaign=emelt_h1&utm_content=1&utm_id=23852086930760017&utm_medium=cpc&utm_source=facebook&utm_term=23862233967630017" "Mozilla/5.0 (Linux; Android 14; SM-A136B Build/UP1A.231005.007; wv) AppleWebKit/537.36 (KHTML, like Gecko) Version/4.0 Chrome/126.0.6478.71 Mobile Safari/537.36 [FB_IAB/FB4A;FBAV/469.2.0.51.80;]"
37.76.23.213 - - [26/Jun/2024:17:50:41 +0200] "GET /termek/toyota-auris-valtoszoknya?gad_source=1&gclid=CjwKCAjw-O6zBhASEiwAOHeGxYfV9m93csMxEQHkjLnauKnwreTxXAxgOV1823JFkRQNyE04sZ8qKRoCtAsQAvD_BwE HTTP/1.1" 302 331 "https://www.google.com/" "Mozilla/5.0 (Linux; Android 10; K) AppleWebKit/537.36 (KHTML, like Gecko) Chrome/126.0.0.0 Mobile Safari/537.36"
37.76.23.213 - - [26/Jun/2024:17:50:41 +0200] "GET /hu/termek/toyota-auris-valtoszoknya?gad_source=1&gclid=CjwKCAjw-O6zBhASEiwAOHeGxYfV9m93csMxEQHkjLnauKnwreTxXAxgOV1823JFkRQNyE04sZ8qKRoCtAsQAvD_BwE HTTP/1.1" 200 44245 "https://www.google.com/" "Mozilla/5.0 (Linux; Android 10; K) AppleWebKit/537.36 (KHTML, like Gecko) Chrome/126.0.0.0 Mobile Safari/537.36"
37.76.23.213 - - [26/Jun/2024:17:50:43 +0200] "GET /themes/storefront/public/css/app.css?v=3.1.0 HTTP/1.1" 200 72700 "https://royaltuning.hu/hu/termek/toyota-auris-valtoszoknya?gad_source=1&gclid=CjwKCAjw-O6zBhASEiwAOHeGxYfV9m93csMxEQHkjLnauKnwreTxXAxgOV1823JFkRQNyE04sZ8qKRoCtAsQAvD_BwE" "Mozilla/5.0 (Linux; Android 10; K) AppleWebKit/537.36 (KHTML, like Gecko) Chrome/126.0.0.0 Mobile Safari/537.36"
37.76.23.213 - - [26/Jun/2024:17:50:43 +0200] "GET /vendor/cookie-consent/css/cookie-consent.css HTTP/1.1" 200 990 "https://royaltuning.hu/hu/termek/toyota-auris-valtoszoknya?gad_source=1&gclid=CjwKCAjw-O6zBhASEiwAOHeGxYfV9m93csMxEQHkjLnauKnwreTxXAxgOV1823JFkRQNyE04sZ8qKRoCtAsQAvD_BwE" "Mozilla/5.0 (Linux; Android 10; K) AppleWebKit/537.36 (KHTML, like Gecko) Chrome/126.0.0.0 Mobile Safari/537.36"
37.76.23.213 - - [26/Jun/2024:17:50:43 +0200] "GET /storage/media/rpiKsmcVc59LwHHydMWZkR91adM4KGiqcvvmbod4.png HTTP/1.1" 200 17070 "https://royaltuning.hu/hu/termek/toyota-auris-valtoszoknya?gad_source=1&gclid=CjwKCAjw-O6zBhASEiwAOHeGxYfV9m93csMxEQHkjLnauKnwreTxXAxgOV1823JFkRQNyE04sZ8qKRoCtAsQAvD_BwE" "Mozilla/5.0 (Linux; Android 10; K) AppleWebKit/537.36 (KHTML, like Gecko) Chrome/126.0.0.0 Mobile Safari/537.36"
37.76.23.213 - - [26/Jun/2024:17:50:43 +0200] "GET /storage/media/toyota_auris_valtoszoknya.jpg HTTP/1.1" 200 24639 "https://royaltuning.hu/hu/termek/toyota-auris-valtoszoknya?gad_source=1&gclid=CjwKCAjw-O6zBhASEiwAOHeGxYfV9m93csMxEQHkjLnauKnwreTxXAxgOV1823JFkRQNyE04sZ8qKRoCtAsQAvD_BwE" "Mozilla/5.0 (Linux; Android 10; K) AppleWebKit/537.36 (KHTML, like Gecko) Chrome/126.0.0.0 Mobile Safari/537.36"
94.44.77.143 - - [26/Jun/2024:17:50:43 +0200] "GET /termekkategoria/valtogombok-valtoszoknyak/Opel-valtogombok-valtoszoknyak/?gclid=EAIaIQobChMInbL5zs_5hgMV95yDBx2UiAXTEAEYASAAEgJPMPD_BwE HTTP/1.1" 301 372 "-" "Mozilla/5.0 (iPhone; CPU iPhone OS 17_5 like Mac OS X) AppleWebKit/605.1.15 (KHTML, like Gecko) GSA/322.0.643848676 Mobile/15E148 Safari/604.1"
66.249.64.35 - - [26/Jun/2024:17:50:42 +0200] "GET /captcha/image?_=106032998?_= HTTP/1.1" 200 5475 "-" "Mozilla/5.0 (Linux; Android 6.0.1; Nexus 5X Build/MMB29P) AppleWebKit/537.36 (KHTML, like Gecko) Chrome/125.0.6422.175 Mobile Safari/537.36 (compatible; Googlebot/2.1; +http://www.google.com/bot.html)"
37.76.23.213 - - [26/Jun/2024:17:50:43 +0200] "GET /storage/media/c0t7luzASFx7EVSpbCjKOjfFo89DRMqzfBVMmmvt.png HTTP/1.1" 200 18256 "https://royaltuning.hu/hu/termek/toyota-auris-valtoszoknya?gad_source=1&gclid=CjwKCAjw-O6zBhASEiwAOHeGxYfV9m93csMxEQHkjLnauKnwreTxXAxgOV1823JFkRQNyE04sZ8qKRoCtAsQAvD_BwE" "Mozilla/5.0 (Linux; Android 10; K) AppleWebKit/537.36 (KHTML, like Gecko) Chrome/126.0.0.0 Mobile Safari/537.36"
94.44.77.143 - - [26/Jun/2024:17:50:43 +0200] "GET /public/termekkategoria/valtogombok-valtoszoknyak/Opel-valtogombok-valtoszoknyak?gclid=EAIaIQobChMInbL5zs_5hgMV95yDBx2UiAXTEAEYASAAEgJPMPD_BwE HTTP/1.1" 302 303 "-" "Mozilla/5.0 (iPhone; CPU iPhone OS 17_5 like Mac OS X) AppleWebKit/605.1.15 (KHTML, like Gecko) GSA/322.0.643848676 Mobile/15E148 Safari/604.1"
37.76.23.213 - - [26/Jun/2024:17:50:43 +0200] "GET /themes/storefront/public/js/flatpickr.js?v=3.1.0 HTTP/1.1" 200 65517 "https://royaltuning.hu/hu/termek/toyota-auris-valtoszoknya?gad_source=1&gclid=CjwKCAjw-O6zBhASEiwAOHeGxYfV9m93csMxEQHkjLnauKnwreTxXAxgOV1823JFkRQNyE04sZ8qKRoCtAsQAvD_BwE" "Mozilla/5.0 (Linux; Android 10; K) AppleWebKit/537.36 (KHTML, like Gecko) Chrome/126.0.0.0 Mobile Safari/537.36"
37.76.23.213 - - [26/Jun/2024:17:50:43 +0200] "GET /vendor/cookie-consent/js/cookie-consent.js HTTP/1.1" 200 11136 "https://royaltuning.hu/hu/termek/toyota-auris-valtoszoknya?gad_source=1&gclid=CjwKCAjw-O6zBhASEiwAOHeGxYfV9m93csMxEQHkjLnauKnwreTxXAxgOV1823JFkRQNyE04sZ8qKRoCtAsQAvD_BwE" "Mozilla/5.0 (Linux; Android 10; K) AppleWebKit/537.36 (KHTML, like Gecko) Chrome/126.0.0.0 Mobile Safari/537.36"
37.76.23.213 - - [26/Jun/2024:17:50:43 +0200] "GET /themes/storefront/public/fonts/la-solid-900.woff2 HTTP/1.1" 200 96652 "https://royaltuning.hu/themes/storefront/public/css/app.css?v=3.1.0" "Mozilla/5.0 (Linux; Android 10; K) AppleWebKit/537.36 (KHTML, like Gecko) Chrome/126.0.0.0 Mobile Safari/537.36"
37.76.23.213 - - [26/Jun/2024:17:50:43 +0200] "GET /themes/storefront/public/images/arrow-black.png HTTP/1.1" 200 221 "https://royaltuning.hu/themes/storefront/public/css/app.css?v=3.1.0" "Mozilla/5.0 (Linux; Android 10; K) AppleWebKit/537.36 (KHTML, like Gecko) Chrome/126.0.0.0 Mobile Safari/537.36"
37.76.23.213 - - [26/Jun/2024:17:50:43 +0200] "GET /storage/media/LR8IfEu8TFdtixq0lkK2SomaSuyRv02mO7hPPjoL.jpg HTTP/1.1" 200 86609 "https://royaltuning.hu/hu/termek/toyota-auris-valtoszoknya?gad_source=1&gclid=CjwKCAjw-O6zBhASEiwAOHeGxYfV9m93csMxEQHkjLnauKnwreTxXAxgOV1823JFkRQNyE04sZ8qKRoCtAsQAvD_BwE" "Mozilla/5.0 (Linux; Android 10; K) AppleWebKit/537.36 (KHTML, like Gecko) Chrome/126.0.0.0 Mobile Safari/537.36"
37.76.23.213 - - [26/Jun/2024:17:50:43 +0200] "GET /themes/storefront/public/fonts/la-brands-400.woff2 HTTP/1.1" 200 84805 "https://royaltuning.hu/themes/storefront/public/css/app.css?v=3.1.0" "Mozilla/5.0 (Linux; Android 10; K) AppleWebKit/537.36 (KHTML, like Gecko) Chrome/126.0.0.0 Mobile Safari/537.36"
37.76.23.213 - - [26/Jun/2024:17:50:43 +0200] "GET /captcha/image?_=687923203 HTTP/1.1" 200 6520 "https://royaltuning.hu/hu/termek/toyota-auris-valtoszoknya?gad_source=1&gclid=CjwKCAjw-O6zBhASEiwAOHeGxYfV9m93csMxEQHkjLnauKnwreTxXAxgOV1823JFkRQNyE04sZ8qKRoCtAsQAvD_BwE" "Mozilla/5.0 (Linux; Android 10; K) AppleWebKit/537.36 (KHTML, like Gecko) Chrome/126.0.0.0 Mobile Safari/537.36"
94.44.77.143 - - [26/Jun/2024:17:50:43 +0200] "GET /public/hu/termekkategoria/valtogombok-valtoszoknyak/Opel-valtogombok-valtoszoknyak?gclid=EAIaIQobChMInbL5zs_5hgMV95yDBx2UiAXTEAEYASAAEgJPMPD_BwE HTTP/1.1" 200 42948 "-" "Mozilla/5.0 (iPhone; CPU iPhone OS 17_5 like Mac OS X) AppleWebKit/605.1.15 (KHTML, like Gecko) GSA/322.0.643848676 Mobile/15E148 Safari/604.1"
158.220.122.17 - - [26/Jun/2024:17:50:45 +0200] "GET /public/hu/cart?_wpnonce=59606ba29b&remove_item=58155fc7f528a19b9fc3599b65047290 HTTP/1.1" 200 36710 "-" "Mozilla/5.0 (compatible; MJ12bot/v1.4.8; http://mj12bot.com/)"
176.3.4.124 - - [26/Jun/2024:17:50:45 +0200] "GET /hu/rolunk HTTP/1.1" 200 33115 "https://main.royaltuning.hu/hu/rolunk" "Mozilla/5.0 (Macintosh; Intel Mac OS X 10_15_7) AppleWebKit/605.1.15 (KHTML, like Gecko) Version/16.1 Safari/605.1.15"
37.76.23.213 - - [26/Jun/2024:17:50:43 +0200] "GET /themes/storefront/public/js/app.js?v=3.1.0 HTTP/1.1" 200 979893 "https://royaltuning.hu/hu/termek/toyota-auris-valtoszoknya?gad_source=1&gclid=CjwKCAjw-O6zBhASEiwAOHeGxYfV9m93csMxEQHkjLnauKnwreTxXAxgOV1823JFkRQNyE04sZ8qKRoCtAsQAvD_BwE" "Mozilla/5.0 (Linux; Android 10; K) AppleWebKit/537.36 (KHTML, like Gecko) Chrome/126.0.0.0 Mobile Safari/537.36"
66.249.70.160 - - [26/Jun/2024:17:50:47 +0200] "GET /public/captcha/image?_=1864519804?_= HTTP/1.1" 200 4795 "-" "Mozilla/5.0 (Linux; Android 6.0.1; Nexus 5X Build/MMB29P) AppleWebKit/537.36 (KHTML, like Gecko) Chrome/125.0.6422.175 Mobile Safari/537.36 (compatible; Googlebot/2.1; +http://www.google.com/bot.html)"
37.76.23.213 - - [26/Jun/2024:17:50:49 +0200] "GET /wp-content/uploads/2020/06/toyota_auris_valtoszoknya.jpg HTTP/1.1" 200 24639 "https://royaltuning.hu/hu/termek/toyota-auris-valtoszoknya?gad_source=1&gclid=CjwKCAjw-O6zBhASEiwAOHeGxYfV9m93csMxEQHkjLnauKnwreTxXAxgOV1823JFkRQNyE04sZ8qKRoCtAsQAvD_BwE" "Mozilla/5.0 (Linux; Android 10; K) AppleWebKit/537.36 (KHTML, like Gecko) Chrome/126.0.0.0 Mobile Safari/537.36"
37.76.23.213 - - [26/Jun/2024:17:50:49 +0200] "GET /wp-content/uploads/2020/06/valtoszoknya_kerete.jpg HTTP/1.1" 200 24932 "https://royaltuning.hu/hu/termek/toyota-auris-valtoszoknya?gad_source=1&gclid=CjwKCAjw-O6zBhASEiwAOHeGxYfV9m93csMxEQHkjLnauKnwreTxXAxgOV1823JFkRQNyE04sZ8qKRoCtAsQAvD_BwE" "Mozilla/5.0 (Linux; Android 10; K) AppleWebKit/537.36 (KHTML, like Gecko) Chrome/126.0.0.0 Mobile Safari/537.36"
37.76.23.213 - - [26/Jun/2024:17:50:49 +0200] "GET /hu/products/8123/reviews?page=1 HTTP/1.1" 200 232 "https://royaltuning.hu/hu/termek/toyota-auris-valtoszoknya?gad_source=1&gclid=CjwKCAjw-O6zBhASEiwAOHeGxYfV9m93csMxEQHkjLnauKnwreTxXAxgOV1823JFkRQNyE04sZ8qKRoCtAsQAvD_BwE" "Mozilla/5.0 (Linux; Android 10; K) AppleWebKit/537.36 (KHTML, like Gecko) Chrome/126.0.0.0 Mobile Safari/537.36"
37.76.23.213 - - [26/Jun/2024:17:50:49 +0200] "GET /themes/storefront/public/fonts/la-regular-400.woff2 HTTP/1.1" 200 12923 "https://royaltuning.hu/themes/storefront/public/css/app.css?v=3.1.0" "Mozilla/5.0 (Linux; Android 10; K) AppleWebKit/537.36 (KHTML, like Gecko) Chrome/126.0.0.0 Mobile Safari/537.36"
37.76.23.213 - - [26/Jun/2024:17:50:49 +0200] "GET /themes/storefront/public/css/ajax-loader.gif HTTP/1.1" 200 4178 "https://royaltuning.hu/themes/storefront/public/css/app.css?v=3.1.0" "Mozilla/5.0 (Linux; Android 10; K) AppleWebKit/537.36 (KHTML, like Gecko) Chrome/126.0.0.0 Mobile Safari/537.36"
176.3.4.124 - - [26/Jun/2024:17:50:49 +0200] "GET /public/hu HTTP/1.1" 200 33109 "-" "Mozilla/5.0 (Macintosh; Intel Mac OS X 10_15_7) AppleWebKit/537.36 (KHTML, like Gecko) Chrome/126.0.0.0 Safari/537.36"
176.3.4.124 - - [26/Jun/2024:17:50:50 +0200] "GET /public/hu/storefront/flash-sale-products HTTP/1.1" 200 743 "https://royaltuning.hu/public/hu" "Mozilla/5.0 (Macintosh; Intel Mac OS X 10_15_7) AppleWebKit/537.36 (KHTML, like Gecko) Chrome/126.0.0.0 Safari/537.36"
37.76.23.213 - - [26/Jun/2024:17:50:49 +0200] "GET /captcha/image?_=687923203 HTTP/1.1" 200 6288 "https://royaltuning.hu/hu/termek/toyota-auris-valtoszoknya?gad_source=1&gclid=CjwKCAjw-O6zBhASEiwAOHeGxYfV9m93csMxEQHkjLnauKnwreTxXAxgOV1823JFkRQNyE04sZ8qKRoCtAsQAvD_BwE" "Mozilla/5.0 (Linux; Android 10; K) AppleWebKit/537.36 (KHTML, like Gecko) Chrome/126.0.0.0 Mobile Safari/537.36"
176.3.4.124 - - [26/Jun/2024:17:50:50 +0200] "GET /public/hu/storefront/vertical-products/1 HTTP/1.1" 200 1807 "https://royaltuning.hu/public/hu" "Mozilla/5.0 (Macintosh; Intel Mac OS X 10_15_7) AppleWebKit/537.36 (KHTML, like Gecko) Chrome/126.0.0.0 Safari/537.36"
176.3.4.124 - - [26/Jun/2024:17:50:50 +0200] "GET /public/hu/storefront/vertical-products/3 HTTP/1.1" 200 1470 "https://royaltuning.hu/public/hu" "Mozilla/5.0 (Macintosh; Intel Mac OS X 10_15_7) AppleWebKit/537.36 (KHTML, like Gecko) Chrome/126.0.0.0 Safari/537.36"
176.3.4.124 - - [26/Jun/2024:17:50:50 +0200] "GET /public/hu/storefront/vertical-products/2 HTTP/1.1" 200 1528 "https://royaltuning.hu/public/hu" "Mozilla/5.0 (Macintosh; Intel Mac OS X 10_15_7) AppleWebKit/537.36 (KHTML, like Gecko) Chrome/126.0.0.0 Safari/537.36"
176.3.4.124 - - [26/Jun/2024:17:50:50 +0200] "GET /public/hu/storefront/featured-categories/1/products HTTP/1.1" 200 1714 "https://royaltuning.hu/public/hu" "Mozilla/5.0 (Macintosh; Intel Mac OS X 10_15_7) AppleWebKit/537.36 (KHTML, like Gecko) Chrome/126.0.0.0 Safari/537.36"
176.3.4.124 - - [26/Jun/2024:17:50:50 +0200] "GET /undefined HTTP/1.1" 302 204 "https://royaltuning.hu/public/hu" "Mozilla/5.0 (Macintosh; Intel Mac OS X 10_15_7) AppleWebKit/537.36 (KHTML, like Gecko) Chrome/126.0.0.0 Safari/537.36"
176.3.4.124 - - [26/Jun/2024:17:50:50 +0200] "GET /public/hu/storefront/tab-products/sections/2/tabs/1 HTTP/1.1" 200 1482 "https://royaltuning.hu/public/hu" "Mozilla/5.0 (Macintosh; Intel Mac OS X 10_15_7) AppleWebKit/537.36 (KHTML, like Gecko) Chrome/126.0.0.0 Safari/537.36"
176.3.4.124 - - [26/Jun/2024:17:50:50 +0200] "GET /hu/undefined HTTP/1.1" 200 31005 "https://royaltuning.hu/public/hu" "Mozilla/5.0 (Macintosh; Intel Mac OS X 10_15_7) AppleWebKit/537.36 (KHTML, like Gecko) Chrome/126.0.0.0 Safari/537.36"
66.249.64.227 - - [26/Jun/2024:17:50:51 +0200] "GET /themes/storefront/public/js/app.js?v=3.1.0 HTTP/1.1" 200 979893 "https://main.royaltuning.hu/hu/termek/bmw-kulcs-elektronikaval-chippel-egyenes-szarral" "Mozilla/5.0 (Linux; Android 6.0.1; Nexus 5X Build/MMB29P) AppleWebKit/537.36 (KHTML, like Gecko) Chrome/125.0.6422.154 Mobile Safari/537.36 (compatible; Googlebot/2.1; +http://www.google.com/bot.html)"
213.225.14.58 - - [26/Jun/2024:17:50:51 +0200] "GET /public/hu/termekkategoria/h1-izzok-emeltfenyu-halogen-izzok HTTP/1.1" 200 42296 "https://royaltuning.hu/public/hu/termekkategoria/menetfenyekvilagitas-technika/emeltfenyu-halogen-izzok?fbclid=IwZXh0bgNhZW0BMAABHRl0EWU8ipWwjifACgw7QWB7d7gbL7B3soeu6Hwfeo2mdsptAcbdgeDCRg_aem_e4mHlL1o3lNJ_Y_5giSGTQ&utm_campaign=emelt_h1&utm_content=1&utm_id=23852086930760017&utm_medium=cpc&utm_source=facebook&utm_term=23862233967630017" "Mozilla/5.0 (Linux; Android 14; SM-A136B Build/UP1A.231005.007; wv) AppleWebKit/537.36 (KHTML, like Gecko) Version/4.0 Chrome/126.0.6478.71 Mobile Safari/537.36 [FB_IAB/FB4A;FBAV/469.2.0.51.80;]"
66.249.64.228 - - [26/Jun/2024:17:50:53 +0200] "GET /hu/products/4653/reviews?page=1 HTTP/1.1" 200 236 "https://main.royaltuning.hu/hu/termek/bmw-kulcs-elektronikaval-chippel-egyenes-szarral" "Mozilla/5.0 (Linux; Android 6.0.1; Nexus 5X Build/MMB29P) AppleWebKit/537.36 (KHTML, like Gecko) Chrome/125.0.6422.154 Mobile Safari/537.36 (compatible; Googlebot/2.1; +http://www.google.com/bot.html)"
213.225.14.58 - - [26/Jun/2024:17:50:53 +0200] "GET /public/hu/termekkategoria/h1-izzok-emeltfenyu-halogen-izzok HTTP/1.1" 200 42296 "https://royaltuning.hu/public/hu/termekkategoria/menetfenyekvilagitas-technika/emeltfenyu-halogen-izzok?fbclid=IwZXh0bgNhZW0BMAABHRl0EWU8ipWwjifACgw7QWB7d7gbL7B3soeu6Hwfeo2mdsptAcbdgeDCRg_aem_e4mHlL1o3lNJ_Y_5giSGTQ&utm_campaign=emelt_h1&utm_content=1&utm_id=23852086930760017&utm_medium=cpc&utm_source=facebook&utm_term=23862233967630017" "Mozilla/5.0 (Linux; Android 14; SM-A136B Build/UP1A.231005.007; wv) AppleWebKit/537.36 (KHTML, like Gecko) Version/4.0 Chrome/126.0.6478.71 Mobile Safari/537.36 [FB_IAB/FB4A;FBAV/469.2.0.51.80;]"
213.225.14.58 - - [26/Jun/2024:17:50:54 +0200] "GET /public/hu/termekkategoria/h1-izzok-emeltfenyu-halogen-izzok HTTP/1.1" 200 42296 "https://royaltuning.hu/public/hu/termekkategoria/menetfenyekvilagitas-technika/emeltfenyu-halogen-izzok?fbclid=IwZXh0bgNhZW0BMAABHRl0EWU8ipWwjifACgw7QWB7d7gbL7B3soeu6Hwfeo2mdsptAcbdgeDCRg_aem_e4mHlL1o3lNJ_Y_5giSGTQ&utm_campaign=emelt_h1&utm_content=1&utm_id=23852086930760017&utm_medium=cpc&utm_source=facebook&utm_term=23862233967630017" "Mozilla/5.0 (Linux; Android 14; SM-A136B Build/UP1A.231005.007; wv) AppleWebKit/537.36 (KHTML, like Gecko) Version/4.0 Chrome/126.0.6478.71 Mobile Safari/537.36 [FB_IAB/FB4A;FBAV/469.2.0.51.80;]"
213.225.14.58 - - [26/Jun/2024:17:50:56 +0200] "GET /public/hu/shop?query=&brand=&category=h1-izzok-emeltfenyu-halogen-izzok&tag=&fromPrice=0&toPrice=114990&sort=alphabetic&perPage=30&page=1 HTTP/1.1" 200 1390 "https://royaltuning.hu/public/hu/termekkategoria/h1-izzok-emeltfenyu-halogen-izzok" "Mozilla/5.0 (Linux; Android 14; SM-A136B Build/UP1A.231005.007; wv) AppleWebKit/537.36 (KHTML, like Gecko) Version/4.0 Chrome/126.0.6478.71 Mobile Safari/537.36 [FB_IAB/FB4A;FBAV/469.2.0.51.80;]"
87.229.33.169 - - [26/Jun/2024:17:51:01 +0200] "GET /termekkategoria/ledes-izzok/?gad_source=1&gclid=CjwKCAjw-O6zBhASEiwAOHeGxcHO28HLYT46N18NKPa4og_YqcWLEYVAdNakYavVWvVR7om2J2PYQhoCw0MQAvD_BwE HTTP/1.1" 301 384 "https://www.google.com/" "Mozilla/5.0 (Linux; Android 10; K) AppleWebKit/537.36 (KHTML, like Gecko) Chrome/126.0.0.0 Mobile Safari/537.36"
87.229.33.169 - - [26/Jun/2024:17:51:01 +0200] "GET /public/termekkategoria/ledes-izzok?gad_source=1&gclid=CjwKCAjw-O6zBhASEiwAOHeGxcHO28HLYT46N18NKPa4og_YqcWLEYVAdNakYavVWvVR7om2J2PYQhoCw0MQAvD_BwE HTTP/1.1" 302 335 "https://www.google.com/" "Mozilla/5.0 (Linux; Android 10; K) AppleWebKit/537.36 (KHTML, like Gecko) Chrome/126.0.0.0 Mobile Safari/537.36"
87.229.33.169 - - [26/Jun/2024:17:51:01 +0200] "GET /public/hu/termekkategoria/ledes-izzok?gad_source=1&gclid=CjwKCAjw-O6zBhASEiwAOHeGxcHO28HLYT46N18NKPa4og_YqcWLEYVAdNakYavVWvVR7om2J2PYQhoCw0MQAvD_BwE HTTP/1.1" 200 45245 "https://www.google.com/" "Mozilla/5.0 (Linux; Android 10; K) AppleWebKit/537.36 (KHTML, like Gecko) Chrome/126.0.0.0 Mobile Safari/537.36"
87.229.33.169 - - [26/Jun/2024:17:51:02 +0200] "GET /storage/media/rpiKsmcVc59LwHHydMWZkR91adM4KGiqcvvmbod4.png HTTP/1.1" 200 17070 "https://www.royaltuning.hu/" "Mozilla/5.0 (Linux; Android 10; K) AppleWebKit/537.36 (KHTML, like Gecko) Chrome/126.0.0.0 Mobile Safari/537.36"
87.229.33.169 - - [26/Jun/2024:17:51:02 +0200] "GET /public/themes/storefront/public/css/app.css?v=3.1.0 HTTP/1.1" 200 72700 "https://www.royaltuning.hu/public/hu/termekkategoria/ledes-izzok?gad_source=1&gclid=CjwKCAjw-O6zBhASEiwAOHeGxcHO28HLYT46N18NKPa4og_YqcWLEYVAdNakYavVWvVR7om2J2PYQhoCw0MQAvD_BwE" "Mozilla/5.0 (Linux; Android 10; K) AppleWebKit/537.36 (KHTML, like Gecko) Chrome/126.0.0.0 Mobile Safari/537.36"
87.229.33.169 - - [26/Jun/2024:17:51:02 +0200] "GET /public/vendor/cookie-consent/css/cookie-consent.css HTTP/1.1" 200 990 "https://www.royaltuning.hu/public/hu/termekkategoria/ledes-izzok?gad_source=1&gclid=CjwKCAjw-O6zBhASEiwAOHeGxcHO28HLYT46N18NKPa4og_YqcWLEYVAdNakYavVWvVR7om2J2PYQhoCw0MQAvD_BwE" "Mozilla/5.0 (Linux; Android 10; K) AppleWebKit/537.36 (KHTML, like Gecko) Chrome/126.0.0.0 Mobile Safari/537.36"
87.229.33.169 - - [26/Jun/2024:17:51:02 +0200] "GET /storage/media/YFla7GqK6YE9TgxNaqphIuaweFP8R1Lwob7Guloo.png HTTP/1.1" 200 27843 "https://www.royaltuning.hu/" "Mozilla/5.0 (Linux; Android 10; K) AppleWebKit/537.36 (KHTML, like Gecko) Chrome/126.0.0.0 Mobile Safari/537.36"
87.229.33.169 - - [26/Jun/2024:17:51:03 +0200] "GET /storage/media/SWZLcAFU7WVCz8eSR4CCDbwZLGnKVlmht1Ca6Hi4.png HTTP/1.1" 200 23459 "https://www.royaltuning.hu/" "Mozilla/5.0 (Linux; Android 10; K) AppleWebKit/537.36 (KHTML, like Gecko) Chrome/126.0.0.0 Mobile Safari/537.36"
84.225.189.192 - - [26/Jun/2024:17:51:02 +0200] "GET /hu/termekkategoria/xenon-szettek?gad_source=1&gclid=Cj0KCQjwj9-zBhDyARIsAERjds1_uJt3I13XvmI0g7q24cuzilGoTUdXtecJk4mUJt_eYMbVouqE2d0aAiwYEALw_wcB HTTP/1.1" 200 42980 "-" "Mozilla/5.0 (Linux; Android 10; K) AppleWebKit/537.36 (KHTML, like Gecko) Chrome/126.0.0.0 Mobile Safari/537.36"
87.229.33.169 - - [26/Jun/2024:17:51:03 +0200] "GET /storage/media/VxdFgUyviqDDm38mqUVzcvR4G2XnOfReAddKLHEt.png HTTP/1.1" 200 27843 "https://www.royaltuning.hu/" "Mozilla/5.0 (Linux; Android 10; K) AppleWebKit/537.36 (KHTML, like Gecko) Chrome/126.0.0.0 Mobile Safari/537.36"
87.229.33.169 - - [26/Jun/2024:17:51:03 +0200] "GET /storage/media/ugRzNBFGpdIPldb2uNJ4S9rrHkflxEKCmeatFXFJ.png HTTP/1.1" 200 31525 "https://www.royaltuning.hu/" "Mozilla/5.0 (Linux; Android 10; K) AppleWebKit/537.36 (KHTML, like Gecko) Chrome/126.0.0.0 Mobile Safari/537.36"
87.229.33.169 - - [26/Jun/2024:17:51:03 +0200] "GET /public/vendor/cookie-consent/js/cookie-consent.js HTTP/1.1" 200 11136 "https://www.royaltuning.hu/public/hu/termekkategoria/ledes-izzok?gad_source=1&gclid=CjwKCAjw-O6zBhASEiwAOHeGxcHO28HLYT46N18NKPa4og_YqcWLEYVAdNakYavVWvVR7om2J2PYQhoCw0MQAvD_BwE" "Mozilla/5.0 (Linux; Android 10; K) AppleWebKit/537.36 (KHTML, like Gecko) Chrome/126.0.0.0 Mobile Safari/537.36"
87.229.33.169 - - [26/Jun/2024:17:51:03 +0200] "GET /storage/media/RKDBGk2OTkFNiLm0jSum7bAzGL7uxpv2JqBeyLej.png HTTP/1.1" 200 27169 "https://www.royaltuning.hu/" "Mozilla/5.0 (Linux; Android 10; K) AppleWebKit/537.36 (KHTML, like Gecko) Chrome/126.0.0.0 Mobile Safari/537.36"
87.229.33.169 - - [26/Jun/2024:17:51:03 +0200] "GET /storage/media/NrIP8Uw8kV1E0HpUUA9xkGmLsGmpkLGND2Mq6WE9.png HTTP/1.1" 200 29880 "https://www.royaltuning.hu/" "Mozilla/5.0 (Linux; Android 10; K) AppleWebKit/537.36 (KHTML, like Gecko) Chrome/126.0.0.0 Mobile Safari/537.36"
87.229.33.169 - - [26/Jun/2024:17:51:03 +0200] "GET /storage/media/RU77TI9FYbqKvJKXynzRIWFo3RnhXZLhDXVOAgxz.png HTTP/1.1" 200 22726 "https://www.royaltuning.hu/" "Mozilla/5.0 (Linux; Android 10; K) AppleWebKit/537.36 (KHTML, like Gecko) Chrome/126.0.0.0 Mobile Safari/537.36"
84.225.189.192 - - [26/Jun/2024:17:51:03 +0200] "GET /themes/storefront/public/css/app.css?v=3.1.0 HTTP/1.1" 200 72700 "https://royaltuning.hu/hu/termekkategoria/xenon-szettek?gad_source=1&gclid=Cj0KCQjwj9-zBhDyARIsAERjds1_uJt3I13XvmI0g7q24cuzilGoTUdXtecJk4mUJt_eYMbVouqE2d0aAiwYEALw_wcB" "Mozilla/5.0 (Linux; Android 10; K) AppleWebKit/537.36 (KHTML, like Gecko) Chrome/126.0.0.0 Mobile Safari/537.36"
87.229.33.169 - - [26/Jun/2024:17:51:03 +0200] "GET /storage/media/dzYDp5A4hxBqoW5hsh5qP7ym1MupcT0LHxbl884f.png HTTP/1.1" 200 50875 "https://www.royaltuning.hu/" "Mozilla/5.0 (Linux; Android 10; K) AppleWebKit/537.36 (KHTML, like Gecko) Chrome/126.0.0.0 Mobile Safari/537.36"
87.229.33.169 - - [26/Jun/2024:17:51:03 +0200] "GET /storage/media/lzyeJh5bcsyzQBi2qx4rf4xF7bMVjvPgMZaENPrA.png HTTP/1.1" 200 28306 "https://www.royaltuning.hu/" "Mozilla/5.0 (Linux; Android 10; K) AppleWebKit/537.36 (KHTML, like Gecko) Chrome/126.0.0.0 Mobile Safari/537.36"
87.229.33.169 - - [26/Jun/2024:17:51:03 +0200] "GET /storage/media/JnaYQ6CCcjvOUVUelnAnZRXGnUtChDHwQ0t0r0h4.png HTTP/1.1" 200 28782 "https://www.royaltuning.hu/" "Mozilla/5.0 (Linux; Android 10; K) AppleWebKit/537.36 (KHTML, like Gecko) Chrome/126.0.0.0 Mobile Safari/537.36"
84.225.189.192 - - [26/Jun/2024:17:51:03 +0200] "GET /vendor/cookie-consent/css/cookie-consent.css HTTP/1.1" 304 - "https://royaltuning.hu/hu/termekkategoria/xenon-szettek?gad_source=1&gclid=Cj0KCQjwj9-zBhDyARIsAERjds1_uJt3I13XvmI0g7q24cuzilGoTUdXtecJk4mUJt_eYMbVouqE2d0aAiwYEALw_wcB" "Mozilla/5.0 (Linux; Android 10; K) AppleWebKit/537.36 (KHTML, like Gecko) Chrome/126.0.0.0 Mobile Safari/537.36"
84.225.189.192 - - [26/Jun/2024:17:51:03 +0200] "GET /storage/media/h8_h9_h11_xenon_szett-1.jpg HTTP/1.1" 200 56333 "https://royaltuning.hu/hu/termekkategoria/xenon-szettek?gad_source=1&gclid=Cj0KCQjwj9-zBhDyARIsAERjds1_uJt3I13XvmI0g7q24cuzilGoTUdXtecJk4mUJt_eYMbVouqE2d0aAiwYEALw_wcB" "Mozilla/5.0 (Linux; Android 10; K) AppleWebKit/537.36 (KHTML, like Gecko) Chrome/126.0.0.0 Mobile Safari/537.36"
84.225.189.192 - - [26/Jun/2024:17:51:03 +0200] "GET /storage/media/xenon_trafo-2.jpg HTTP/1.1" 200 91451 "https://royaltuning.hu/hu/termekkategoria/xenon-szettek?gad_source=1&gclid=Cj0KCQjwj9-zBhDyARIsAERjds1_uJt3I13XvmI0g7q24cuzilGoTUdXtecJk4mUJt_eYMbVouqE2d0aAiwYEALw_wcB" "Mozilla/5.0 (Linux; Android 10; K) AppleWebKit/537.36 (KHTML, like Gecko) Chrome/126.0.0.0 Mobile Safari/537.36"
84.225.189.192 - - [26/Jun/2024:17:51:03 +0200] "GET /themes/storefront/public/fonts/la-solid-900.woff2 HTTP/1.1" 200 96652 "https://royaltuning.hu/themes/storefront/public/css/app.css?v=3.1.0" "Mozilla/5.0 (Linux; Android 10; K) AppleWebKit/537.36 (KHTML, like Gecko) Chrome/126.0.0.0 Mobile Safari/537.36"
84.225.189.192 - - [26/Jun/2024:17:51:03 +0200] "GET /themes/storefront/public/js/app.js?v=3.1.0 HTTP/1.1" 200 979893 "https://royaltuning.hu/hu/termekkategoria/xenon-szettek?gad_source=1&gclid=Cj0KCQjwj9-zBhDyARIsAERjds1_uJt3I13XvmI0g7q24cuzilGoTUdXtecJk4mUJt_eYMbVouqE2d0aAiwYEALw_wcB" "Mozilla/5.0 (Linux; Android 10; K) AppleWebKit/537.36 (KHTML, like Gecko) Chrome/126.0.0.0 Mobile Safari/537.36"
84.225.189.192 - - [26/Jun/2024:17:51:03 +0200] "GET /themes/storefront/public/fonts/la-brands-400.woff2 HTTP/1.1" 200 84805 "https://royaltuning.hu/themes/storefront/public/css/app.css?v=3.1.0" "Mozilla/5.0 (Linux; Android 10; K) AppleWebKit/537.36 (KHTML, like Gecko) Chrome/126.0.0.0 Mobile Safari/537.36"
87.229.33.169 - - [26/Jun/2024:17:51:03 +0200] "GET /storage/media/FzMseyIfi7jgPzkBxTUkVBdlIPINQvfoWHBNtRSi.png HTTP/1.1" 200 29097 "https://www.royaltuning.hu/" "Mozilla/5.0 (Linux; Android 10; K) AppleWebKit/537.36 (KHTML, like Gecko) Chrome/126.0.0.0 Mobile Safari/537.36"
87.229.33.169 - - [26/Jun/2024:17:51:03 +0200] "GET /storage/media/vroQcLm5VPF3ump89SrUiEE4KCZQ5J9ZlLo0LmjK.png HTTP/1.1" 200 33965 "https://www.royaltuning.hu/" "Mozilla/5.0 (Linux; Android 10; K) AppleWebKit/537.36 (KHTML, like Gecko) Chrome/126.0.0.0 Mobile Safari/537.36"
84.225.189.192 - - [26/Jun/2024:17:51:03 +0200] "GET /vendor/cookie-consent/js/cookie-consent.js HTTP/1.1" 304 - "https://royaltuning.hu/hu/termekkategoria/xenon-szettek?gad_source=1&gclid=Cj0KCQjwj9-zBhDyARIsAERjds1_uJt3I13XvmI0g7q24cuzilGoTUdXtecJk4mUJt_eYMbVouqE2d0aAiwYEALw_wcB" "Mozilla/5.0 (Linux; Android 10; K) AppleWebKit/537.36 (KHTML, like Gecko) Chrome/126.0.0.0 Mobile Safari/537.36"
87.229.33.169 - - [26/Jun/2024:17:51:03 +0200] "GET /public/themes/storefront/public/images/arrow-black.png HTTP/1.1" 200 221 "https://www.royaltuning.hu/public/themes/storefront/public/css/app.css?v=3.1.0" "Mozilla/5.0 (Linux; Android 10; K) AppleWebKit/537.36 (KHTML, like Gecko) Chrome/126.0.0.0 Mobile Safari/537.36"
87.229.33.169 - - [26/Jun/2024:17:51:03 +0200] "GET /public/themes/storefront/public/fonts/la-brands-400.woff2 HTTP/1.1" 200 84805 "https://www.royaltuning.hu/public/themes/storefront/public/css/app.css?v=3.1.0" "Mozilla/5.0 (Linux; Android 10; K) AppleWebKit/537.36 (KHTML, like Gecko) Chrome/126.0.0.0 Mobile Safari/537.36"
84.225.189.192 - - [26/Jun/2024:17:51:04 +0200] "GET /storage/media/LR8IfEu8TFdtixq0lkK2SomaSuyRv02mO7hPPjoL.jpg HTTP/1.1" 200 86609 "https://royaltuning.hu/hu/termekkategoria/xenon-szettek?gad_source=1&gclid=Cj0KCQjwj9-zBhDyARIsAERjds1_uJt3I13XvmI0g7q24cuzilGoTUdXtecJk4mUJt_eYMbVouqE2d0aAiwYEALw_wcB" "Mozilla/5.0 (Linux; Android 10; K) AppleWebKit/537.36 (KHTML, like Gecko) Chrome/126.0.0.0 Mobile Safari/537.36"
87.229.33.169 - - [26/Jun/2024:17:51:04 +0200] "GET /storage/media/WYnWnoH2x70ddgqSOLMdTINNTBNtz0VZfA3AZoEB.png HTTP/1.1" 200 34137 "https://www.royaltuning.hu/" "Mozilla/5.0 (Linux; Android 10; K) AppleWebKit/537.36 (KHTML, like Gecko) Chrome/126.0.0.0 Mobile Safari/537.36"
87.229.33.169 - - [26/Jun/2024:17:51:04 +0200] "GET /storage/media/ZNlhwUIpET2LbERtWMY3B49HU5CF5mQfD84hNB8W.png HTTP/1.1" 200 27186 "https://www.royaltuning.hu/" "Mozilla/5.0 (Linux; Android 10; K) AppleWebKit/537.36 (KHTML, like Gecko) Chrome/126.0.0.0 Mobile Safari/537.36"
87.229.33.169 - - [26/Jun/2024:17:51:04 +0200] "GET /storage/media/qht7rCtMtyMqapuQyBnTv9zu34RnEFGUHF2bVMuQ.png HTTP/1.1" 200 29097 "https://www.royaltuning.hu/" "Mozilla/5.0 (Linux; Android 10; K) AppleWebKit/537.36 (KHTML, like Gecko) Chrome/126.0.0.0 Mobile Safari/537.36"
87.229.33.169 - - [26/Jun/2024:17:51:04 +0200] "GET /storage/media/DnpSdwucX2uLOG4HBEHpjdJjzE9C3GMDNYo40IxV.png HTTP/1.1" 200 30325 "https://www.royaltuning.hu/" "Mozilla/5.0 (Linux; Android 10; K) AppleWebKit/537.36 (KHTML, like Gecko) Chrome/126.0.0.0 Mobile Safari/537.36"
