37.76.37.144 - - [26/Jun/2024:17:53:34 +0200] "GET /vendor/cookie-consent/css/cookie-consent.css HTTP/1.1" 200 990 "https://royaltuning.hu/hu/termek/xenon-trafo-89034934?gad_source=1&gbraid=0AAAAAC5TAd2ZmIGXWrxnDtKotgCnb3DEP&gclid=CjwKCAjw-O6zBhASEiwAOHeGxbMjv4JkpoDrjaFyIpcRyZChb5Pl6BojMIu9Aeya2GGpR4egdcKy_hoCPdEQAvD_BwE" "Mozilla/5.0 (iPhone; CPU iPhone OS 17_5_1 like Mac OS X) AppleWebKit/605.1.15 (KHTML, like Gecko) Version/17.5 Mobile/15E148 Safari/604.1"
37.76.37.144 - - [26/Jun/2024:17:53:34 +0200] "GET /themes/storefront/public/css/app.css?v=3.1.0 HTTP/1.1" 200 72700 "https://royaltuning.hu/hu/termek/xenon-trafo-89034934?gad_source=1&gbraid=0AAAAAC5TAd2ZmIGXWrxnDtKotgCnb3DEP&gclid=CjwKCAjw-O6zBhASEiwAOHeGxbMjv4JkpoDrjaFyIpcRyZChb5Pl6BojMIu9Aeya2GGpR4egdcKy_hoCPdEQAvD_BwE" "Mozilla/5.0 (iPhone; CPU iPhone OS 17_5_1 like Mac OS X) AppleWebKit/605.1.15 (KHTML, like Gecko) Version/17.5 Mobile/15E148 Safari/604.1"
37.76.37.144 - - [26/Jun/2024:17:53:34 +0200] "GET /themes/storefront/public/js/flatpickr.js?v=3.1.0 HTTP/1.1" 200 65517 "https://royaltuning.hu/hu/termek/xenon-trafo-89034934?gad_source=1&gbraid=0AAAAAC5TAd2ZmIGXWrxnDtKotgCnb3DEP&gclid=CjwKCAjw-O6zBhASEiwAOHeGxbMjv4JkpoDrjaFyIpcRyZChb5Pl6BojMIu9Aeya2GGpR4egdcKy_hoCPdEQAvD_BwE" "Mozilla/5.0 (iPhone; CPU iPhone OS 17_5_1 like Mac OS X) AppleWebKit/605.1.15 (KHTML, like Gecko) Version/17.5 Mobile/15E148 Safari/604.1"
37.76.37.144 - - [26/Jun/2024:17:53:34 +0200] "GET /storage/media/rpiKsmcVc59LwHHydMWZkR91adM4KGiqcvvmbod4.png HTTP/1.1" 200 17070 "https://royaltuning.hu/hu/termek/xenon-trafo-89034934?gad_source=1&gbraid=0AAAAAC5TAd2ZmIGXWrxnDtKotgCnb3DEP&gclid=CjwKCAjw-O6zBhASEiwAOHeGxbMjv4JkpoDrjaFyIpcRyZChb5Pl6BojMIu9Aeya2GGpR4egdcKy_hoCPdEQAvD_BwE" "Mozilla/5.0 (iPhone; CPU iPhone OS 17_5_1 like Mac OS X) AppleWebKit/605.1.15 (KHTML, like Gecko) Version/17.5 Mobile/15E148 Safari/604.1"
37.76.37.144 - - [26/Jun/2024:17:53:34 +0200] "GET /themes/storefront/public/fonts/la-brands-400.woff2 HTTP/1.1" 200 84805 "https://royaltuning.hu/hu/termek/xenon-trafo-89034934?gad_source=1&gbraid=0AAAAAC5TAd2ZmIGXWrxnDtKotgCnb3DEP&gclid=CjwKCAjw-O6zBhASEiwAOHeGxbMjv4JkpoDrjaFyIpcRyZChb5Pl6BojMIu9Aeya2GGpR4egdcKy_hoCPdEQAvD_BwE" "Mozilla/5.0 (iPhone; CPU iPhone OS 17_5_1 like Mac OS X) AppleWebKit/605.1.15 (KHTML, like Gecko) Version/17.5 Mobile/15E148 Safari/604.1"
37.76.37.144 - - [26/Jun/2024:17:53:34 +0200] "GET /storage/media/3ToI0x9vFNNudEtQa9MCCf1gv9ABS7W2KQ1EIszN.jpg HTTP/1.1" 200 159262 "https://royaltuning.hu/hu/termek/xenon-trafo-89034934?gad_source=1&gbraid=0AAAAAC5TAd2ZmIGXWrxnDtKotgCnb3DEP&gclid=CjwKCAjw-O6zBhASEiwAOHeGxbMjv4JkpoDrjaFyIpcRyZChb5Pl6BojMIu9Aeya2GGpR4egdcKy_hoCPdEQAvD_BwE" "Mozilla/5.0 (iPhone; CPU iPhone OS 17_5_1 like Mac OS X) AppleWebKit/605.1.15 (KHTML, like Gecko) Version/17.5 Mobile/15E148 Safari/604.1"
37.76.37.144 - - [26/Jun/2024:17:53:34 +0200] "GET /themes/storefront/public/js/app.js?v=3.1.0 HTTP/1.1" 200 979893 "https://royaltuning.hu/hu/termek/xenon-trafo-89034934?gad_source=1&gbraid=0AAAAAC5TAd2ZmIGXWrxnDtKotgCnb3DEP&gclid=CjwKCAjw-O6zBhASEiwAOHeGxbMjv4JkpoDrjaFyIpcRyZChb5Pl6BojMIu9Aeya2GGpR4egdcKy_hoCPdEQAvD_BwE" "Mozilla/5.0 (iPhone; CPU iPhone OS 17_5_1 like Mac OS X) AppleWebKit/605.1.15 (KHTML, like Gecko) Version/17.5 Mobile/15E148 Safari/604.1"
37.76.37.144 - - [26/Jun/2024:17:53:34 +0200] "GET /storage/media/b7EMt095iTcP4jw2jJmbGtTdLGzXQNzZXpuxcGYW.jpg HTTP/1.1" 200 219121 "https://royaltuning.hu/hu/termek/xenon-trafo-89034934?gad_source=1&gbraid=0AAAAAC5TAd2ZmIGXWrxnDtKotgCnb3DEP&gclid=CjwKCAjw-O6zBhASEiwAOHeGxbMjv4JkpoDrjaFyIpcRyZChb5Pl6BojMIu9Aeya2GGpR4egdcKy_hoCPdEQAvD_BwE" "Mozilla/5.0 (iPhone; CPU iPhone OS 17_5_1 like Mac OS X) AppleWebKit/605.1.15 (KHTML, like Gecko) Version/17.5 Mobile/15E148 Safari/604.1"
37.76.37.144 - - [26/Jun/2024:17:53:34 +0200] "GET /themes/storefront/public/fonts/la-solid-900.woff2 HTTP/1.1" 200 96652 "https://royaltuning.hu/hu/termek/xenon-trafo-89034934?gad_source=1&gbraid=0AAAAAC5TAd2ZmIGXWrxnDtKotgCnb3DEP&gclid=CjwKCAjw-O6zBhASEiwAOHeGxbMjv4JkpoDrjaFyIpcRyZChb5Pl6BojMIu9Aeya2GGpR4egdcKy_hoCPdEQAvD_BwE" "Mozilla/5.0 (iPhone; CPU iPhone OS 17_5_1 like Mac OS X) AppleWebKit/605.1.15 (KHTML, like Gecko) Version/17.5 Mobile/15E148 Safari/604.1"
37.76.37.144 - - [26/Jun/2024:17:53:34 +0200] "GET /storage/media/fItyhfByGTBqI7Ldu6I5xEf2Zj3rbloKiocPXvTM.jpg HTTP/1.1" 200 191242 "https://royaltuning.hu/hu/termek/xenon-trafo-89034934?gad_source=1&gbraid=0AAAAAC5TAd2ZmIGXWrxnDtKotgCnb3DEP&gclid=CjwKCAjw-O6zBhASEiwAOHeGxbMjv4JkpoDrjaFyIpcRyZChb5Pl6BojMIu9Aeya2GGpR4egdcKy_hoCPdEQAvD_BwE" "Mozilla/5.0 (iPhone; CPU iPhone OS 17_5_1 like Mac OS X) AppleWebKit/605.1.15 (KHTML, like Gecko) Version/17.5 Mobile/15E148 Safari/604.1"
37.76.37.144 - - [26/Jun/2024:17:53:34 +0200] "GET /themes/storefront/public/images/arrow-black.png HTTP/1.1" 200 221 "https://royaltuning.hu/hu/termek/xenon-trafo-89034934?gad_source=1&gbraid=0AAAAAC5TAd2ZmIGXWrxnDtKotgCnb3DEP&gclid=CjwKCAjw-O6zBhASEiwAOHeGxbMjv4JkpoDrjaFyIpcRyZChb5Pl6BojMIu9Aeya2GGpR4egdcKy_hoCPdEQAvD_BwE" "Mozilla/5.0 (iPhone; CPU iPhone OS 17_5_1 like Mac OS X) AppleWebKit/605.1.15 (KHTML, like Gecko) Version/17.5 Mobile/15E148 Safari/604.1"
37.76.37.144 - - [26/Jun/2024:17:53:34 +0200] "GET /storage/media/c5c8g3qKGW4wZeaeLDJdNayWRvLlVDCzvxCdfW56.jpg HTTP/1.1" 200 157149 "https://royaltuning.hu/hu/termek/xenon-trafo-89034934?gad_source=1&gbraid=0AAAAAC5TAd2ZmIGXWrxnDtKotgCnb3DEP&gclid=CjwKCAjw-O6zBhASEiwAOHeGxbMjv4JkpoDrjaFyIpcRyZChb5Pl6BojMIu9Aeya2GGpR4egdcKy_hoCPdEQAvD_BwE" "Mozilla/5.0 (iPhone; CPU iPhone OS 17_5_1 like Mac OS X) AppleWebKit/605.1.15 (KHTML, like Gecko) Version/17.5 Mobile/15E148 Safari/604.1"
37.76.37.144 - - [26/Jun/2024:17:53:34 +0200] "GET /storage/media/c0t7luzASFx7EVSpbCjKOjfFo89DRMqzfBVMmmvt.png HTTP/1.1" 200 18256 "https://royaltuning.hu/hu/termek/xenon-trafo-89034934?gad_source=1&gbraid=0AAAAAC5TAd2ZmIGXWrxnDtKotgCnb3DEP&gclid=CjwKCAjw-O6zBhASEiwAOHeGxbMjv4JkpoDrjaFyIpcRyZChb5Pl6BojMIu9Aeya2GGpR4egdcKy_hoCPdEQAvD_BwE" "Mozilla/5.0 (iPhone; CPU iPhone OS 17_5_1 like Mac OS X) AppleWebKit/605.1.15 (KHTML, like Gecko) Version/17.5 Mobile/15E148 Safari/604.1"
37.76.37.144 - - [26/Jun/2024:17:53:34 +0200] "GET /themes/storefront/public/fonts/la-regular-400.woff2 HTTP/1.1" 200 12923 "https://royaltuning.hu/hu/termek/xenon-trafo-89034934?gad_source=1&gbraid=0AAAAAC5TAd2ZmIGXWrxnDtKotgCnb3DEP&gclid=CjwKCAjw-O6zBhASEiwAOHeGxbMjv4JkpoDrjaFyIpcRyZChb5Pl6BojMIu9Aeya2GGpR4egdcKy_hoCPdEQAvD_BwE" "Mozilla/5.0 (iPhone; CPU iPhone OS 17_5_1 like Mac OS X) AppleWebKit/605.1.15 (KHTML, like Gecko) Version/17.5 Mobile/15E148 Safari/604.1"
37.76.37.144 - - [26/Jun/2024:17:53:34 +0200] "GET /storage/media/rAFHZZzkFBNAaH9HoEQwIgFKlorIjhcn0tXYtt7C.jpg HTTP/1.1" 200 238813 "https://royaltuning.hu/hu/termek/xenon-trafo-89034934?gad_source=1&gbraid=0AAAAAC5TAd2ZmIGXWrxnDtKotgCnb3DEP&gclid=CjwKCAjw-O6zBhASEiwAOHeGxbMjv4JkpoDrjaFyIpcRyZChb5Pl6BojMIu9Aeya2GGpR4egdcKy_hoCPdEQAvD_BwE" "Mozilla/5.0 (iPhone; CPU iPhone OS 17_5_1 like Mac OS X) AppleWebKit/605.1.15 (KHTML, like Gecko) Version/17.5 Mobile/15E148 Safari/604.1"
37.76.37.144 - - [26/Jun/2024:17:53:34 +0200] "GET /hu/products/238634/reviews?page=1 HTTP/1.1" 200 235 "https://royaltuning.hu/hu/termek/xenon-trafo-89034934?gad_source=1&gbraid=0AAAAAC5TAd2ZmIGXWrxnDtKotgCnb3DEP&gclid=CjwKCAjw-O6zBhASEiwAOHeGxbMjv4JkpoDrjaFyIpcRyZChb5Pl6BojMIu9Aeya2GGpR4egdcKy_hoCPdEQAvD_BwE" "Mozilla/5.0 (iPhone; CPU iPhone OS 17_5_1 like Mac OS X) AppleWebKit/605.1.15 (KHTML, like Gecko) Version/17.5 Mobile/15E148 Safari/604.1"
37.76.37.144 - - [26/Jun/2024:17:53:34 +0200] "GET /storage/media/LR8IfEu8TFdtixq0lkK2SomaSuyRv02mO7hPPjoL.jpg HTTP/1.1" 200 86609 "https://royaltuning.hu/hu/termek/xenon-trafo-89034934?gad_source=1&gbraid=0AAAAAC5TAd2ZmIGXWrxnDtKotgCnb3DEP&gclid=CjwKCAjw-O6zBhASEiwAOHeGxbMjv4JkpoDrjaFyIpcRyZChb5Pl6BojMIu9Aeya2GGpR4egdcKy_hoCPdEQAvD_BwE" "Mozilla/5.0 (iPhone; CPU iPhone OS 17_5_1 like Mac OS X) AppleWebKit/605.1.15 (KHTML, like Gecko) Version/17.5 Mobile/15E148 Safari/604.1"
37.76.37.144 - - [26/Jun/2024:17:53:34 +0200] "GET /themes/storefront/public/css/ajax-loader.gif HTTP/1.1" 200 4178 "https://royaltuning.hu/hu/termek/xenon-trafo-89034934?gad_source=1&gbraid=0AAAAAC5TAd2ZmIGXWrxnDtKotgCnb3DEP&gclid=CjwKCAjw-O6zBhASEiwAOHeGxbMjv4JkpoDrjaFyIpcRyZChb5Pl6BojMIu9Aeya2GGpR4egdcKy_hoCPdEQAvD_BwE" "Mozilla/5.0 (iPhone; CPU iPhone OS 17_5_1 like Mac OS X) AppleWebKit/605.1.15 (KHTML, like Gecko) Version/17.5 Mobile/15E148 Safari/604.1"
54.36.148.119 - - [26/Jun/2024:17:53:33 +0200] "GET /public/hu/termekkategoria/ford-valtogombok-valtoszoknyak HTTP/1.1" 200 42810 "-" "Mozilla/5.0 (compatible; AhrefsBot/7.0; +http://ahrefs.com/robot/)"
37.76.37.144 - - [26/Jun/2024:17:53:34 +0200] "GET /captcha/image?_=1011098026 HTTP/1.1" 200 5275 "https://royaltuning.hu/hu/termek/xenon-trafo-89034934?gad_source=1&gbraid=0AAAAAC5TAd2ZmIGXWrxnDtKotgCnb3DEP&gclid=CjwKCAjw-O6zBhASEiwAOHeGxbMjv4JkpoDrjaFyIpcRyZChb5Pl6BojMIu9Aeya2GGpR4egdcKy_hoCPdEQAvD_BwE" "Mozilla/5.0 (iPhone; CPU iPhone OS 17_5_1 like Mac OS X) AppleWebKit/605.1.15 (KHTML, like Gecko) Version/17.5 Mobile/15E148 Safari/604.1"
176.63.25.185 - - [26/Jun/2024:17:53:47 +0200] "GET /termekkategoria/valtogombok-valtoszoknyak/Opel-valtogombok-valtoszoknyak/?gad_source=5&gclid=EAIaIQobChMIusvFltD5hgMVTtQRCB2VTQCOEAEYASAAEgK1hvD_BwE HTTP/1.1" 301 389 "https://googleads.g.doubleclick.net/" "Mozilla/5.0 (Linux; Android 10; K) AppleWebKit/537.36 (KHTML, like Gecko) Chrome/126.0.0.0 Safari/537.36"
176.63.25.185 - - [26/Jun/2024:17:53:47 +0200] "GET /public/termekkategoria/valtogombok-valtoszoknyak/Opel-valtogombok-valtoszoknyak?gad_source=5&gclid=EAIaIQobChMIusvFltD5hgMVTtQRCB2VTQCOEAEYASAAEgK1hvD_BwE HTTP/1.1" 302 313 "https://googleads.g.doubleclick.net/" "Mozilla/5.0 (Linux; Android 10; K) AppleWebKit/537.36 (KHTML, like Gecko) Chrome/126.0.0.0 Safari/537.36"
176.63.25.185 - - [26/Jun/2024:17:53:47 +0200] "GET /public/hu/termekkategoria/valtogombok-valtoszoknyak/Opel-valtogombok-valtoszoknyak?gad_source=5&gclid=EAIaIQobChMIusvFltD5hgMVTtQRCB2VTQCOEAEYASAAEgK1hvD_BwE HTTP/1.1" 200 42975 "https://googleads.g.doubleclick.net/" "Mozilla/5.0 (Linux; Android 10; K) AppleWebKit/537.36 (KHTML, like Gecko) Chrome/126.0.0.0 Safari/537.36"
176.63.25.185 - - [26/Jun/2024:17:53:49 +0200] "GET /public/themes/storefront/public/css/app.css?v=3.1.0 HTTP/1.1" 200 72700 "https://royaltuning.hu/public/hu/termekkategoria/valtogombok-valtoszoknyak/Opel-valtogombok-valtoszoknyak?gad_source=5&gclid=EAIaIQobChMIusvFltD5hgMVTtQRCB2VTQCOEAEYASAAEgK1hvD_BwE" "Mozilla/5.0 (Linux; Android 10; K) AppleWebKit/537.36 (KHTML, like Gecko) Chrome/126.0.0.0 Safari/537.36"
176.63.25.185 - - [26/Jun/2024:17:53:49 +0200] "GET /public/vendor/cookie-consent/css/cookie-consent.css HTTP/1.1" 200 990 "https://royaltuning.hu/public/hu/termekkategoria/valtogombok-valtoszoknyak/Opel-valtogombok-valtoszoknyak?gad_source=5&gclid=EAIaIQobChMIusvFltD5hgMVTtQRCB2VTQCOEAEYASAAEgK1hvD_BwE" "Mozilla/5.0 (Linux; Android 10; K) AppleWebKit/537.36 (KHTML, like Gecko) Chrome/126.0.0.0 Safari/537.36"
176.63.25.185 - - [26/Jun/2024:17:53:49 +0200] "GET /storage/media/rpiKsmcVc59LwHHydMWZkR91adM4KGiqcvvmbod4.png HTTP/1.1" 200 17070 "https://royaltuning.hu/public/hu/termekkategoria/valtogombok-valtoszoknyak/Opel-valtogombok-valtoszoknyak?gad_source=5&gclid=EAIaIQobChMIusvFltD5hgMVTtQRCB2VTQCOEAEYASAAEgK1hvD_BwE" "Mozilla/5.0 (Linux; Android 10; K) AppleWebKit/537.36 (KHTML, like Gecko) Chrome/126.0.0.0 Safari/537.36"
176.63.25.185 - - [26/Jun/2024:17:53:49 +0200] "GET /storage/media/LR8IfEu8TFdtixq0lkK2SomaSuyRv02mO7hPPjoL.jpg HTTP/1.1" 200 86609 "https://royaltuning.hu/public/hu/termekkategoria/valtogombok-valtoszoknyak/Opel-valtogombok-valtoszoknyak?gad_source=5&gclid=EAIaIQobChMIusvFltD5hgMVTtQRCB2VTQCOEAEYASAAEgK1hvD_BwE" "Mozilla/5.0 (Linux; Android 10; K) AppleWebKit/537.36 (KHTML, like Gecko) Chrome/126.0.0.0 Safari/537.36"
176.63.25.185 - - [26/Jun/2024:17:53:49 +0200] "GET /public/vendor/cookie-consent/js/cookie-consent.js HTTP/1.1" 200 11136 "https://royaltuning.hu/public/hu/termekkategoria/valtogombok-valtoszoknyak/Opel-valtogombok-valtoszoknyak?gad_source=5&gclid=EAIaIQobChMIusvFltD5hgMVTtQRCB2VTQCOEAEYASAAEgK1hvD_BwE" "Mozilla/5.0 (Linux; Android 10; K) AppleWebKit/537.36 (KHTML, like Gecko) Chrome/126.0.0.0 Safari/537.36"
176.63.25.185 - - [26/Jun/2024:17:53:49 +0200] "GET /public/themes/storefront/public/images/arrow-black.png HTTP/1.1" 200 221 "https://royaltuning.hu/public/themes/storefront/public/css/app.css?v=3.1.0" "Mozilla/5.0 (Linux; Android 10; K) AppleWebKit/537.36 (KHTML, like Gecko) Chrome/126.0.0.0 Safari/537.36"
176.63.25.185 - - [26/Jun/2024:17:53:49 +0200] "GET /public/themes/storefront/public/fonts/la-solid-900.woff2 HTTP/1.1" 200 96652 "https://royaltuning.hu/public/themes/storefront/public/css/app.css?v=3.1.0" "Mozilla/5.0 (Linux; Android 10; K) AppleWebKit/537.36 (KHTML, like Gecko) Chrome/126.0.0.0 Safari/537.36"
176.63.25.185 - - [26/Jun/2024:17:53:49 +0200] "GET /public/themes/storefront/public/js/app.js?v=3.1.0 HTTP/1.1" 200 979893 "https://royaltuning.hu/public/hu/termekkategoria/valtogombok-valtoszoknyak/Opel-valtogombok-valtoszoknyak?gad_source=5&gclid=EAIaIQobChMIusvFltD5hgMVTtQRCB2VTQCOEAEYASAAEgK1hvD_BwE" "Mozilla/5.0 (Linux; Android 10; K) AppleWebKit/537.36 (KHTML, like Gecko) Chrome/126.0.0.0 Safari/537.36"
79.121.40.218 - - [26/Jun/2024:17:53:52 +0200] "GET /termekkategoria/valtogombok-valtoszoknyak/volkswagen-valtogombok-valtoszoknyak/?gclid=EAIaIQobChMImaHVo9D5hgMVjKGDBx0-0g5mEAEYASAAEgI2w_D_BwE HTTP/1.1" 301 378 "https://googleads.g.doubleclick.net/" "Mozilla/5.0 (Linux; Android 10; K) AppleWebKit/537.36 (KHTML, like Gecko) Chrome/126.0.0.0 Mobile Safari/537.36"
79.121.40.218 - - [26/Jun/2024:17:53:52 +0200] "GET /public/termekkategoria/valtogombok-valtoszoknyak/volkswagen-valtogombok-valtoszoknyak?gclid=EAIaIQobChMImaHVo9D5hgMVjKGDBx0-0g5mEAEYASAAEgI2w_D_BwE HTTP/1.1" 302 306 "https://googleads.g.doubleclick.net/" "Mozilla/5.0 (Linux; Android 10; K) AppleWebKit/537.36 (KHTML, like Gecko) Chrome/126.0.0.0 Mobile Safari/537.36"
79.121.40.218 - - [26/Jun/2024:17:53:52 +0200] "GET /public/hu/termekkategoria/valtogombok-valtoszoknyak/volkswagen-valtogombok-valtoszoknyak?gclid=EAIaIQobChMImaHVo9D5hgMVjKGDBx0-0g5mEAEYASAAEgI2w_D_BwE HTTP/1.1" 200 42946 "https://googleads.g.doubleclick.net/" "Mozilla/5.0 (Linux; Android 10; K) AppleWebKit/537.36 (KHTML, like Gecko) Chrome/126.0.0.0 Mobile Safari/537.36"
79.121.40.218 - - [26/Jun/2024:17:53:54 +0200] "GET /public/vendor/cookie-consent/css/cookie-consent.css HTTP/1.1" 200 990 "https://royaltuning.hu/public/hu/termekkategoria/valtogombok-valtoszoknyak/volkswagen-valtogombok-valtoszoknyak?gclid=EAIaIQobChMImaHVo9D5hgMVjKGDBx0-0g5mEAEYASAAEgI2w_D_BwE" "Mozilla/5.0 (Linux; Android 10; K) AppleWebKit/537.36 (KHTML, like Gecko) Chrome/126.0.0.0 Mobile Safari/537.36"
79.121.40.218 - - [26/Jun/2024:17:53:54 +0200] "GET /public/themes/storefront/public/css/app.css?v=3.1.0 HTTP/1.1" 200 72700 "https://royaltuning.hu/public/hu/termekkategoria/valtogombok-valtoszoknyak/volkswagen-valtogombok-valtoszoknyak?gclid=EAIaIQobChMImaHVo9D5hgMVjKGDBx0-0g5mEAEYASAAEgI2w_D_BwE" "Mozilla/5.0 (Linux; Android 10; K) AppleWebKit/537.36 (KHTML, like Gecko) Chrome/126.0.0.0 Mobile Safari/537.36"
79.121.40.218 - - [26/Jun/2024:17:53:54 +0200] "GET /storage/media/rpiKsmcVc59LwHHydMWZkR91adM4KGiqcvvmbod4.png HTTP/1.1" 200 17070 "https://royaltuning.hu/public/hu/termekkategoria/valtogombok-valtoszoknyak/volkswagen-valtogombok-valtoszoknyak?gclid=EAIaIQobChMImaHVo9D5hgMVjKGDBx0-0g5mEAEYASAAEgI2w_D_BwE" "Mozilla/5.0 (Linux; Android 10; K) AppleWebKit/537.36 (KHTML, like Gecko) Chrome/126.0.0.0 Mobile Safari/537.36"
79.121.40.218 - - [26/Jun/2024:17:53:54 +0200] "GET /storage/media/LR8IfEu8TFdtixq0lkK2SomaSuyRv02mO7hPPjoL.jpg HTTP/1.1" 200 86609 "https://royaltuning.hu/public/hu/termekkategoria/valtogombok-valtoszoknyak/volkswagen-valtogombok-valtoszoknyak?gclid=EAIaIQobChMImaHVo9D5hgMVjKGDBx0-0g5mEAEYASAAEgI2w_D_BwE" "Mozilla/5.0 (Linux; Android 10; K) AppleWebKit/537.36 (KHTML, like Gecko) Chrome/126.0.0.0 Mobile Safari/537.36"
79.121.40.218 - - [26/Jun/2024:17:53:54 +0200] "GET /public/vendor/cookie-consent/js/cookie-consent.js HTTP/1.1" 200 11136 "https://royaltuning.hu/public/hu/termekkategoria/valtogombok-valtoszoknyak/volkswagen-valtogombok-valtoszoknyak?gclid=EAIaIQobChMImaHVo9D5hgMVjKGDBx0-0g5mEAEYASAAEgI2w_D_BwE" "Mozilla/5.0 (Linux; Android 10; K) AppleWebKit/537.36 (KHTML, like Gecko) Chrome/126.0.0.0 Mobile Safari/537.36"
79.121.40.218 - - [26/Jun/2024:17:53:54 +0200] "GET /public/themes/storefront/public/images/arrow-black.png HTTP/1.1" 200 221 "https://royaltuning.hu/public/themes/storefront/public/css/app.css?v=3.1.0" "Mozilla/5.0 (Linux; Android 10; K) AppleWebKit/537.36 (KHTML, like Gecko) Chrome/126.0.0.0 Mobile Safari/537.36"
79.121.40.218 - - [26/Jun/2024:17:53:54 +0200] "GET /public/themes/storefront/public/fonts/la-brands-400.woff2 HTTP/1.1" 200 84805 "https://royaltuning.hu/public/themes/storefront/public/css/app.css?v=3.1.0" "Mozilla/5.0 (Linux; Android 10; K) AppleWebKit/537.36 (KHTML, like Gecko) Chrome/126.0.0.0 Mobile Safari/537.36"
79.121.40.218 - - [26/Jun/2024:17:53:54 +0200] "GET /public/themes/storefront/public/fonts/la-solid-900.woff2 HTTP/1.1" 200 96652 "https://royaltuning.hu/public/themes/storefront/public/css/app.css?v=3.1.0" "Mozilla/5.0 (Linux; Android 10; K) AppleWebKit/537.36 (KHTML, like Gecko) Chrome/126.0.0.0 Mobile Safari/537.36"
79.121.40.218 - - [26/Jun/2024:17:53:54 +0200] "GET /public/themes/storefront/public/js/app.js?v=3.1.0 HTTP/1.1" 200 979893 "https://royaltuning.hu/public/hu/termekkategoria/valtogombok-valtoszoknyak/volkswagen-valtogombok-valtoszoknyak?gclid=EAIaIQobChMImaHVo9D5hgMVjKGDBx0-0g5mEAEYASAAEgI2w_D_BwE" "Mozilla/5.0 (Linux; Android 10; K) AppleWebKit/537.36 (KHTML, like Gecko) Chrome/126.0.0.0 Mobile Safari/537.36"
79.121.40.218 - - [26/Jun/2024:17:53:54 +0200] "GET /storage/media/paGdgnfacATylUWhvUeUZGv1GIKiGXmdYwZR20nd.jpg HTTP/1.1" 200 34330 "https://royaltuning.hu/public/hu/termekkategoria/valtogombok-valtoszoknyak/volkswagen-valtogombok-valtoszoknyak?gclid=EAIaIQobChMImaHVo9D5hgMVjKGDBx0-0g5mEAEYASAAEgI2w_D_BwE" "Mozilla/5.0 (Linux; Android 10; K) AppleWebKit/537.36 (KHTML, like Gecko) Chrome/126.0.0.0 Mobile Safari/537.36"
79.121.40.218 - - [26/Jun/2024:17:53:54 +0200] "GET /storage/media/QnwWLqTYXYZBt0pnYYPSgh13vMZ3Tq8bqmOE5u0D.webp HTTP/1.1" 200 43302 "https://royaltuning.hu/public/hu/termekkategoria/valtogombok-valtoszoknyak/volkswagen-valtogombok-valtoszoknyak?gclid=EAIaIQobChMImaHVo9D5hgMVjKGDBx0-0g5mEAEYASAAEgI2w_D_BwE" "Mozilla/5.0 (Linux; Android 10; K) AppleWebKit/537.36 (KHTML, like Gecko) Chrome/126.0.0.0 Mobile Safari/537.36"
79.121.40.218 - - [26/Jun/2024:17:53:54 +0200] "GET /storage/media/U9NkjU7v6Z3urgm3cZoyB4B52Rf1RDn0nbyFiAJw.jpg HTTP/1.1" 200 80343 "https://royaltuning.hu/public/hu/termekkategoria/valtogombok-valtoszoknyak/volkswagen-valtogombok-valtoszoknyak?gclid=EAIaIQobChMImaHVo9D5hgMVjKGDBx0-0g5mEAEYASAAEgI2w_D_BwE" "Mozilla/5.0 (Linux; Android 10; K) AppleWebKit/537.36 (KHTML, like Gecko) Chrome/126.0.0.0 Mobile Safari/537.36"
79.121.40.218 - - [26/Jun/2024:17:53:54 +0200] "GET /storage/media/zTdJDwdSsCNSvJi9K4gBVppOmVdqtNoAZ8rbqvcd.jpg HTTP/1.1" 200 255268 "https://royaltuning.hu/public/hu/termekkategoria/valtogombok-valtoszoknyak/volkswagen-valtogombok-valtoszoknyak?gclid=EAIaIQobChMImaHVo9D5hgMVjKGDBx0-0g5mEAEYASAAEgI2w_D_BwE" "Mozilla/5.0 (Linux; Android 10; K) AppleWebKit/537.36 (KHTML, like Gecko) Chrome/126.0.0.0 Mobile Safari/537.36"
79.121.40.218 - - [26/Jun/2024:17:53:54 +0200] "GET /storage/media/WuAbnJ3F19P7m8ckhRvBz1XVn9ovSqVCdlDdRtKv.jpg HTTP/1.1" 200 274140 "https://royaltuning.hu/public/hu/termekkategoria/valtogombok-valtoszoknyak/volkswagen-valtogombok-valtoszoknyak?gclid=EAIaIQobChMImaHVo9D5hgMVjKGDBx0-0g5mEAEYASAAEgI2w_D_BwE" "Mozilla/5.0 (Linux; Android 10; K) AppleWebKit/537.36 (KHTML, like Gecko) Chrome/126.0.0.0 Mobile Safari/537.36"
79.121.40.218 - - [26/Jun/2024:17:53:54 +0200] "GET /public/hu/shop?query=&brand=&category=volkswagen-valtogombok-valtoszoknyak&tag=&fromPrice=0&toPrice=114990&sort=alphabetic&perPage=30&page=1 HTTP/1.1" 200 3537 "https://royaltuning.hu/public/hu/termekkategoria/valtogombok-valtoszoknyak/volkswagen-valtogombok-valtoszoknyak?gclid=EAIaIQobChMImaHVo9D5hgMVjKGDBx0-0g5mEAEYASAAEgI2w_D_BwE" "Mozilla/5.0 (Linux; Android 10; K) AppleWebKit/537.36 (KHTML, like Gecko) Chrome/126.0.0.0 Mobile Safari/537.36"
79.121.40.218 - - [26/Jun/2024:17:53:54 +0200] "GET /storage/media/Volkwagen_caddy_touran_valtogomb_es_valtoszoknya_6sebesseges-1.jpg HTTP/1.1" 200 41793 "https://royaltuning.hu/public/hu/termekkategoria/valtogombok-valtoszoknyak/volkswagen-valtogombok-valtoszoknyak?gclid=EAIaIQobChMImaHVo9D5hgMVjKGDBx0-0g5mEAEYASAAEgI2w_D_BwE" "Mozilla/5.0 (Linux; Android 10; K) AppleWebKit/537.36 (KHTML, like Gecko) Chrome/126.0.0.0 Mobile Safari/537.36"
79.121.40.218 - - [26/Jun/2024:17:53:54 +0200] "GET /storage/media/volkswagen_automata_valtogomb-1.jpg HTTP/1.1" 200 15191 "https://royaltuning.hu/public/hu/termekkategoria/valtogombok-valtoszoknyak/volkswagen-valtogombok-valtoszoknyak?gclid=EAIaIQobChMImaHVo9D5hgMVjKGDBx0-0g5mEAEYASAAEgI2w_D_BwE" "Mozilla/5.0 (Linux; Android 10; K) AppleWebKit/537.36 (KHTML, like Gecko) Chrome/126.0.0.0 Mobile Safari/537.36"
79.121.40.218 - - [26/Jun/2024:17:53:54 +0200] "GET /storage/media/Volkwagen_caddy_touran_valtogomb_es_valtoszoknya_5sebesseges-1.jpg HTTP/1.1" 200 41787 "https://royaltuning.hu/public/hu/termekkategoria/valtogombok-valtoszoknyak/volkswagen-valtogombok-valtoszoknyak?gclid=EAIaIQobChMImaHVo9D5hgMVjKGDBx0-0g5mEAEYASAAEgI2w_D_BwE" "Mozilla/5.0 (Linux; Android 10; K) AppleWebKit/537.36 (KHTML, like Gecko) Chrome/126.0.0.0 Mobile Safari/537.36"
79.121.40.218 - - [26/Jun/2024:17:53:54 +0200] "GET /storage/media/dsg_valtogomb-1.jpg HTTP/1.1" 200 42130 "https://royaltuning.hu/public/hu/termekkategoria/valtogombok-valtoszoknyak/volkswagen-valtogombok-valtoszoknyak?gclid=EAIaIQobChMImaHVo9D5hgMVjKGDBx0-0g5mEAEYASAAEgI2w_D_BwE" "Mozilla/5.0 (Linux; Android 10; K) AppleWebKit/537.36 (KHTML, like Gecko) Chrome/126.0.0.0 Mobile Safari/537.36"
79.121.40.218 - - [26/Jun/2024:17:53:54 +0200] "GET /storage/media/volkswagen_golf_5_6_valtoszoknya_5sebesseges-1.jpg HTTP/1.1" 200 33695 "https://royaltuning.hu/public/hu/termekkategoria/valtogombok-valtoszoknyak/volkswagen-valtogombok-valtoszoknyak?gclid=EAIaIQobChMImaHVo9D5hgMVjKGDBx0-0g5mEAEYASAAEgI2w_D_BwE" "Mozilla/5.0 (Linux; Android 10; K) AppleWebKit/537.36 (KHTML, like Gecko) Chrome/126.0.0.0 Mobile Safari/537.36"
79.121.40.218 - - [26/Jun/2024:17:53:54 +0200] "GET /storage/media/volkswagen_crafter_valtogomb-1.jpg HTTP/1.1" 200 156818 "https://royaltuning.hu/public/hu/termekkategoria/valtogombok-valtoszoknyak/volkswagen-valtogombok-valtoszoknyak?gclid=EAIaIQobChMImaHVo9D5hgMVjKGDBx0-0g5mEAEYASAAEgI2w_D_BwE" "Mozilla/5.0 (Linux; Android 10; K) AppleWebKit/537.36 (KHTML, like Gecko) Chrome/126.0.0.0 Mobile Safari/537.36"
79.121.40.218 - - [26/Jun/2024:17:53:54 +0200] "GET /storage/media/volkswagen_golf_5_6_valtoszoknya_6sebesseges-1.jpg HTTP/1.1" 200 33743 "https://royaltuning.hu/public/hu/termekkategoria/valtogombok-valtoszoknyak/volkswagen-valtogombok-valtoszoknyak?gclid=EAIaIQobChMImaHVo9D5hgMVjKGDBx0-0g5mEAEYASAAEgI2w_D_BwE" "Mozilla/5.0 (Linux; Android 10; K) AppleWebKit/537.36 (KHTML, like Gecko) Chrome/126.0.0.0 Mobile Safari/537.36"
79.121.40.218 - - [26/Jun/2024:17:53:54 +0200] "GET /storage/media/golf_3_kezifek_szoknya.jpg HTTP/1.1" 200 29727 "https://royaltuning.hu/public/hu/termekkategoria/valtogombok-valtoszoknyak/volkswagen-valtogombok-valtoszoknyak?gclid=EAIaIQobChMImaHVo9D5hgMVjKGDBx0-0g5mEAEYASAAEgI2w_D_BwE" "Mozilla/5.0 (Linux; Android 10; K) AppleWebKit/537.36 (KHTML, like Gecko) Chrome/126.0.0.0 Mobile Safari/537.36"
79.121.40.218 - - [26/Jun/2024:17:53:54 +0200] "GET /storage/media/golf_III_Vento_Polo_valtogomb_es_valtoszoknya_piros.jpg HTTP/1.1" 200 88705 "https://royaltuning.hu/public/hu/termekkategoria/valtogombok-valtoszoknyak/volkswagen-valtogombok-valtoszoknyak?gclid=EAIaIQobChMImaHVo9D5hgMVjKGDBx0-0g5mEAEYASAAEgI2w_D_BwE" "Mozilla/5.0 (Linux; Android 10; K) AppleWebKit/537.36 (KHTML, like Gecko) Chrome/126.0.0.0 Mobile Safari/537.36"
79.121.40.218 - - [26/Jun/2024:17:53:54 +0200] "GET /storage/media/golf_III_Vento_Polo_valtogomb_es_valtoszoknya-1.jpg HTTP/1.1" 200 61083 "https://royaltuning.hu/public/hu/termekkategoria/valtogombok-valtoszoknyak/volkswagen-valtogombok-valtoszoknyak?gclid=EAIaIQobChMImaHVo9D5hgMVjKGDBx0-0g5mEAEYASAAEgI2w_D_BwE" "Mozilla/5.0 (Linux; Android 10; K) AppleWebKit/537.36 (KHTML, like Gecko) Chrome/126.0.0.0 Mobile Safari/537.36"
79.121.40.218 - - [26/Jun/2024:17:53:54 +0200] "GET /storage/media/volkswagen_golf_4_valtogomb_es_szoknya_GTI-1.jpg HTTP/1.1" 200 82133 "https://royaltuning.hu/public/hu/termekkategoria/valtogombok-valtoszoknyak/volkswagen-valtogombok-valtoszoknyak?gclid=EAIaIQobChMImaHVo9D5hgMVjKGDBx0-0g5mEAEYASAAEgI2w_D_BwE" "Mozilla/5.0 (Linux; Android 10; K) AppleWebKit/537.36 (KHTML, like Gecko) Chrome/126.0.0.0 Mobile Safari/537.36"
79.121.40.218 - - [26/Jun/2024:17:53:54 +0200] "GET /storage/media/volkswagen_golf_4_valtogomb_es_szoknya_.jpg HTTP/1.1" 200 115450 "https://royaltuning.hu/public/hu/termekkategoria/valtogombok-valtoszoknyak/volkswagen-valtogombok-valtoszoknyak?gclid=EAIaIQobChMImaHVo9D5hgMVjKGDBx0-0g5mEAEYASAAEgI2w_D_BwE" "Mozilla/5.0 (Linux; Android 10; K) AppleWebKit/537.36 (KHTML, like Gecko) Chrome/126.0.0.0 Mobile Safari/537.36"
79.121.40.218 - - [26/Jun/2024:17:53:54 +0200] "GET /storage/media/volkswagen_golf_4_valtogomb_es_szoknya_GTI-3.jpg HTTP/1.1" 200 89371 "https://royaltuning.hu/public/hu/termekkategoria/valtogombok-valtoszoknyak/volkswagen-valtogombok-valtoszoknyak?gclid=EAIaIQobChMImaHVo9D5hgMVjKGDBx0-0g5mEAEYASAAEgI2w_D_BwE" "Mozilla/5.0 (Linux; Android 10; K) AppleWebKit/537.36 (KHTML, like Gecko) Chrome/126.0.0.0 Mobile Safari/537.36"
79.121.40.218 - - [26/Jun/2024:17:53:54 +0200] "GET /storage/media/volkswagen_golf_4_valtogomb_es_szoknya_6sebesseges-1.jpg HTTP/1.1" 200 115863 "https://royaltuning.hu/public/hu/termekkategoria/valtogombok-valtoszoknyak/volkswagen-valtogombok-valtoszoknyak?gclid=EAIaIQobChMImaHVo9D5hgMVjKGDBx0-0g5mEAEYASAAEgI2w_D_BwE" "Mozilla/5.0 (Linux; Android 10; K) AppleWebKit/537.36 (KHTML, like Gecko) Chrome/126.0.0.0 Mobile Safari/537.36"
79.121.40.218 - - [26/Jun/2024:17:53:54 +0200] "GET /storage/media/volkswagen_golf_4_valtoszoknya.jpg HTTP/1.1" 200 65333 "https://royaltuning.hu/public/hu/termekkategoria/valtogombok-valtoszoknyak/volkswagen-valtogombok-valtoszoknyak?gclid=EAIaIQobChMImaHVo9D5hgMVjKGDBx0-0g5mEAEYASAAEgI2w_D_BwE" "Mozilla/5.0 (Linux; Android 10; K) AppleWebKit/537.36 (KHTML, like Gecko) Chrome/126.0.0.0 Mobile Safari/537.36"
79.121.40.218 - - [26/Jun/2024:17:53:54 +0200] "GET /storage/media/Pv6eMAcws5ELdDeNR7cLKSfmnYg2FZ4G1D7rutv2.jpg HTTP/1.1" 200 122123 "https://royaltuning.hu/public/hu/termekkategoria/valtogombok-valtoszoknyak/volkswagen-valtogombok-valtoszoknyak?gclid=EAIaIQobChMImaHVo9D5hgMVjKGDBx0-0g5mEAEYASAAEgI2w_D_BwE" "Mozilla/5.0 (Linux; Android 10; K) AppleWebKit/537.36 (KHTML, like Gecko) Chrome/126.0.0.0 Mobile Safari/537.36"
79.121.40.218 - - [26/Jun/2024:17:53:54 +0200] "GET /storage/media/jGCoNkzQtP9yP2OACl12InuQgWOhuEoQc02JJsts.jpg HTTP/1.1" 200 282943 "https://royaltuning.hu/public/hu/termekkategoria/valtogombok-valtoszoknyak/volkswagen-valtogombok-valtoszoknyak?gclid=EAIaIQobChMImaHVo9D5hgMVjKGDBx0-0g5mEAEYASAAEgI2w_D_BwE" "Mozilla/5.0 (Linux; Android 10; K) AppleWebKit/537.36 (KHTML, like Gecko) Chrome/126.0.0.0 Mobile Safari/537.36"
79.121.40.218 - - [26/Jun/2024:17:53:54 +0200] "GET /storage/media/golf7_valtoszoknya_valtogomb_5sebesseges.jpg HTTP/1.1" 200 86236 "https://royaltuning.hu/public/hu/termekkategoria/valtogombok-valtoszoknyak/volkswagen-valtogombok-valtoszoknyak?gclid=EAIaIQobChMImaHVo9D5hgMVjKGDBx0-0g5mEAEYASAAEgI2w_D_BwE" "Mozilla/5.0 (Linux; Android 10; K) AppleWebKit/537.36 (KHTML, like Gecko) Chrome/126.0.0.0 Mobile Safari/537.36"
79.121.40.218 - - [26/Jun/2024:17:53:54 +0200] "GET /storage/media/volkswagen_gti_valtogomb-5.jpg HTTP/1.1" 200 29350 "https://royaltuning.hu/public/hu/termekkategoria/valtogombok-valtoszoknyak/volkswagen-valtogombok-valtoszoknyak?gclid=EAIaIQobChMImaHVo9D5hgMVjKGDBx0-0g5mEAEYASAAEgI2w_D_BwE" "Mozilla/5.0 (Linux; Android 10; K) AppleWebKit/537.36 (KHTML, like Gecko) Chrome/126.0.0.0 Mobile Safari/537.36"
79.121.40.218 - - [26/Jun/2024:17:53:54 +0200] "GET /storage/media/golf7_valtoszoknya_valtogomb-2.jpg HTTP/1.1" 200 43122 "https://royaltuning.hu/public/hu/termekkategoria/valtogombok-valtoszoknyak/volkswagen-valtogombok-valtoszoknyak?gclid=EAIaIQobChMImaHVo9D5hgMVjKGDBx0-0g5mEAEYASAAEgI2w_D_BwE" "Mozilla/5.0 (Linux; Android 10; K) AppleWebKit/537.36 (KHTML, like Gecko) Chrome/126.0.0.0 Mobile Safari/537.36"
79.121.40.218 - - [26/Jun/2024:17:53:54 +0200] "GET /storage/media/volkswagen_gti_valtogombok-1.jpg HTTP/1.1" 200 30302 "https://royaltuning.hu/public/hu/termekkategoria/valtogombok-valtoszoknyak/volkswagen-valtogombok-valtoszoknyak?gclid=EAIaIQobChMImaHVo9D5hgMVjKGDBx0-0g5mEAEYASAAEgI2w_D_BwE" "Mozilla/5.0 (Linux; Android 10; K) AppleWebKit/537.36 (KHTML, like Gecko) Chrome/126.0.0.0 Mobile Safari/537.36"
79.121.40.218 - - [26/Jun/2024:17:53:54 +0200] "GET /storage/media/volkswagen_gti_valtogomb-6.jpg HTTP/1.1" 200 39989 "https://royaltuning.hu/public/hu/termekkategoria/valtogombok-valtoszoknyak/volkswagen-valtogombok-valtoszoknyak?gclid=EAIaIQobChMImaHVo9D5hgMVjKGDBx0-0g5mEAEYASAAEgI2w_D_BwE" "Mozilla/5.0 (Linux; Android 10; K) AppleWebKit/537.36 (KHTML, like Gecko) Chrome/126.0.0.0 Mobile Safari/537.36"
79.121.40.218 - - [26/Jun/2024:17:53:54 +0200] "GET /storage/media/volkswagen_gti_valtogombok-8.jpg HTTP/1.1" 200 30604 "https://royaltuning.hu/public/hu/termekkategoria/valtogombok-valtoszoknyak/volkswagen-valtogombok-valtoszoknyak?gclid=EAIaIQobChMImaHVo9D5hgMVjKGDBx0-0g5mEAEYASAAEgI2w_D_BwE" "Mozilla/5.0 (Linux; Android 10; K) AppleWebKit/537.36 (KHTML, like Gecko) Chrome/126.0.0.0 Mobile Safari/537.36"
79.121.40.218 - - [26/Jun/2024:17:53:54 +0200] "GET /storage/media/volkswagen_new_beetle_valtoszoknya_valtogomb_fekete-3.jpg HTTP/1.1" 200 17116 "https://royaltuning.hu/public/hu/termekkategoria/valtogombok-valtoszoknyak/volkswagen-valtogombok-valtoszoknyak?gclid=EAIaIQobChMImaHVo9D5hgMVjKGDBx0-0g5mEAEYASAAEgI2w_D_BwE" "Mozilla/5.0 (Linux; Android 10; K) AppleWebKit/537.36 (KHTML, like Gecko) Chrome/126.0.0.0 Mobile Safari/537.36"
79.121.40.218 - - [26/Jun/2024:17:53:54 +0200] "GET /storage/media/volkswagen_new_beetle_valtoszoknya_valtogomb-1.jpg HTTP/1.1" 200 22588 "https://royaltuning.hu/public/hu/termekkategoria/valtogombok-valtoszoknyak/volkswagen-valtogombok-valtoszoknyak?gclid=EAIaIQobChMImaHVo9D5hgMVjKGDBx0-0g5mEAEYASAAEgI2w_D_BwE" "Mozilla/5.0 (Linux; Android 10; K) AppleWebKit/537.36 (KHTML, like Gecko) Chrome/126.0.0.0 Mobile Safari/537.36"
79.121.40.218 - - [26/Jun/2024:17:53:54 +0200] "GET /storage/media/Volkwagen_passat_B5_valtogomb_es_valtoszoknya_5sebesseges-1.png HTTP/1.1" 200 83461 "https://royaltuning.hu/public/hu/termekkategoria/valtogombok-valtoszoknyak/volkswagen-valtogombok-valtoszoknyak?gclid=EAIaIQobChMImaHVo9D5hgMVjKGDBx0-0g5mEAEYASAAEgI2w_D_BwE" "Mozilla/5.0 (Linux; Android 10; K) AppleWebKit/537.36 (KHTML, like Gecko) Chrome/126.0.0.0 Mobile Safari/537.36"
79.121.40.218 - - [26/Jun/2024:17:53:55 +0200] "GET /storage/media/c0t7luzASFx7EVSpbCjKOjfFo89DRMqzfBVMmmvt.png HTTP/1.1" 200 18256 "https://royaltuning.hu/public/hu/termekkategoria/valtogombok-valtoszoknyak/volkswagen-valtogombok-valtoszoknyak?gclid=EAIaIQobChMImaHVo9D5hgMVjKGDBx0-0g5mEAEYASAAEgI2w_D_BwE" "Mozilla/5.0 (Linux; Android 10; K) AppleWebKit/537.36 (KHTML, like Gecko) Chrome/126.0.0.0 Mobile Safari/537.36"
23.22.35.162 - - [26/Jun/2024:17:53:57 +0200] "GET /wp-content/uploads/2020/09/suzuki_ledes_index_sotetitett-1.jpg HTTP/1.1" 200 64469 "-" "Mozilla/5.0 (Macintosh; Intel Mac OS X 10_10_1) AppleWebKit/600.2.5 (KHTML, like Gecko) Version/8.0.2 Safari/600.2.5 (Amazonbot/0.1; +https://developer.amazon.com/support/amazonbot)"
66.249.70.163 - - [26/Jun/2024:17:54:02 +0200] "GET /captcha/image?_=95894812?_= HTTP/1.1" 200 5544 "-" "Mozilla/5.0 (Linux; Android 6.0.1; Nexus 5X Build/MMB29P) AppleWebKit/537.36 (KHTML, like Gecko) Chrome/125.0.6422.175 Mobile Safari/537.36 (compatible; Googlebot/2.1; +http://www.google.com/bot.html)"
213.225.14.58 - - [26/Jun/2024:17:54:02 +0200] "GET /public/hu/termekkategoria/h1-izzok-emeltfenyu-halogen-izzok HTTP/1.1" 200 42296 "https://royaltuning.hu/public/hu/termekkategoria/menetfenyekvilagitas-technika/emeltfenyu-halogen-izzok?fbclid=IwZXh0bgNhZW0BMAABHRl0EWU8ipWwjifACgw7QWB7d7gbL7B3soeu6Hwfeo2mdsptAcbdgeDCRg_aem_e4mHlL1o3lNJ_Y_5giSGTQ&utm_campaign=emelt_h1&utm_content=1&utm_id=23852086930760017&utm_medium=cpc&utm_source=facebook&utm_term=23862233967630017" "Mozilla/5.0 (Linux; Android 14; SM-A136B Build/UP1A.231005.007; wv) AppleWebKit/537.36 (KHTML, like Gecko) Version/4.0 Chrome/126.0.6478.71 Mobile Safari/537.36 [FB_IAB/FB4A;FBAV/469.2.0.51.80;]"
213.225.14.58 - - [26/Jun/2024:17:54:04 +0200] "GET /public/hu/termekkategoria/h1-izzok-emeltfenyu-halogen-izzok HTTP/1.1" 200 42296 "https://royaltuning.hu/public/hu/termekkategoria/menetfenyekvilagitas-technika/emeltfenyu-halogen-izzok?fbclid=IwZXh0bgNhZW0BMAABHRl0EWU8ipWwjifACgw7QWB7d7gbL7B3soeu6Hwfeo2mdsptAcbdgeDCRg_aem_e4mHlL1o3lNJ_Y_5giSGTQ&utm_campaign=emelt_h1&utm_content=1&utm_id=23852086930760017&utm_medium=cpc&utm_source=facebook&utm_term=23862233967630017" "Mozilla/5.0 (Linux; Android 14; SM-A136B Build/UP1A.231005.007; wv) AppleWebKit/537.36 (KHTML, like Gecko) Version/4.0 Chrome/126.0.6478.71 Mobile Safari/537.36 [FB_IAB/FB4A;FBAV/469.2.0.51.80;]"
213.225.14.58 - - [26/Jun/2024:17:54:06 +0200] "GET /public/hu/shop?query=&brand=&category=h1-izzok-emeltfenyu-halogen-izzok&tag=&fromPrice=0&toPrice=114990&sort=alphabetic&perPage=30&page=1 HTTP/1.1" 200 1390 "https://royaltuning.hu/public/hu/termekkategoria/h1-izzok-emeltfenyu-halogen-izzok" "Mozilla/5.0 (Linux; Android 14; SM-A136B Build/UP1A.231005.007; wv) AppleWebKit/537.36 (KHTML, like Gecko) Version/4.0 Chrome/126.0.6478.71 Mobile Safari/537.36 [FB_IAB/FB4A;FBAV/469.2.0.51.80;]"
66.220.149.1 - - [26/Jun/2024:17:54:07 +0200] "GET /public/hu/termek/h4-led-szett-hideg-feher-parban-2?fbclid=IwZXh0bgNhZW0CMTEAAR0V3VU3Hp42q86QlImIq-naMhucMhSBLln2B0W0EBV8qDpMa78-JaUZrlI_aem_c6lfjCX2tVidkdd_JBoZ1w HTTP/1.1" 200 46454 "-" "facebookexternalhit/1.1 (+http://www.facebook.com/externalhit_uatext.php)"
66.220.149.20 - - [26/Jun/2024:17:54:09 +0200] "GET /storage/media/H4_LED_IZZO-2.jpg HTTP/1.1" 200 18827 "https://www.royaltuning.hu/" "facebookexternalhit/1.1 (+http://www.facebook.com/externalhit_uatext.php)"
66.220.149.1 - - [26/Jun/2024:17:54:09 +0200] "GET /storage/media/rpiKsmcVc59LwHHydMWZkR91adM4KGiqcvvmbod4.png HTTP/1.1" 200 17070 "https://www.royaltuning.hu/" "facebookexternalhit/1.1 (+http://www.facebook.com/externalhit_uatext.php)"
66.220.149.40 - - [26/Jun/2024:17:54:09 +0200] "GET /public/vendor/cookie-consent/css/cookie-consent.css HTTP/1.1" 200 990 "https://www.royaltuning.hu/public/hu/termek/h4-led-szett-hideg-feher-parban-2?fbclid=IwZXh0bgNhZW0CMTEAAR0V3VU3Hp42q86QlImIq-naMhucMhSBLln2B0W0EBV8qDpMa78-JaUZrlI_aem_c6lfjCX2tVidkdd_JBoZ1w" "facebookexternalhit/1.1 (+http://www.facebook.com/externalhit_uatext.php)"
66.220.149.42 - - [26/Jun/2024:17:54:09 +0200] "GET /public/themes/storefront/public/css/app.css?v=3.1.0 HTTP/1.1" 200 72700 "https://www.royaltuning.hu/public/hu/termek/h4-led-szett-hideg-feher-parban-2?fbclid=IwZXh0bgNhZW0CMTEAAR0V3VU3Hp42q86QlImIq-naMhucMhSBLln2B0W0EBV8qDpMa78-JaUZrlI_aem_c6lfjCX2tVidkdd_JBoZ1w" "facebookexternalhit/1.1 (+http://www.facebook.com/externalhit_uatext.php)"
66.220.149.20 - - [26/Jun/2024:17:54:09 +0200] "GET /storage/media/H4_LED_IZZO-6.jpg HTTP/1.1" 200 46796 "https://www.royaltuning.hu/" "facebookexternalhit/1.1 (+http://www.facebook.com/externalhit_uatext.php)"
66.220.149.1 - - [26/Jun/2024:17:54:09 +0200] "GET /storage/media/H4_LED_IZZO-5.jpg HTTP/1.1" 200 15643 "https://www.royaltuning.hu/" "facebookexternalhit/1.1 (+http://www.facebook.com/externalhit_uatext.php)"
66.220.149.20 - - [26/Jun/2024:17:54:09 +0200] "GET /storage/media/H4_LED_IZZO-4.jpg HTTP/1.1" 200 13670 "https://www.royaltuning.hu/" "facebookexternalhit/1.1 (+http://www.facebook.com/externalhit_uatext.php)"
66.220.149.40 - - [26/Jun/2024:17:54:10 +0200] "GET /public/themes/storefront/public/js/flatpickr.js?v=3.1.0 HTTP/1.1" 200 65517 "https://www.royaltuning.hu/public/hu/termek/h4-led-szett-hideg-feher-parban-2?fbclid=IwZXh0bgNhZW0CMTEAAR0V3VU3Hp42q86QlImIq-naMhucMhSBLln2B0W0EBV8qDpMa78-JaUZrlI_aem_c6lfjCX2tVidkdd_JBoZ1w" "facebookexternalhit/1.1 (+http://www.facebook.com/externalhit_uatext.php)"
66.220.149.113 - - [26/Jun/2024:17:54:11 +0200] "GET /public/vendor/cookie-consent/js/cookie-consent.js HTTP/1.1" 200 11136 "https://www.royaltuning.hu/public/hu/termek/h4-led-szett-hideg-feher-parban-2?fbclid=IwZXh0bgNhZW0CMTEAAR0V3VU3Hp42q86QlImIq-naMhucMhSBLln2B0W0EBV8qDpMa78-JaUZrlI_aem_c6lfjCX2tVidkdd_JBoZ1w" "facebookexternalhit/1.1 (+http://www.facebook.com/externalhit_uatext.php)"
66.220.149.42 - - [26/Jun/2024:17:54:10 +0200] "GET /public/themes/storefront/public/js/app.js?v=3.1.0 HTTP/1.1" 200 979893 "https://www.royaltuning.hu/public/hu/termek/h4-led-szett-hideg-feher-parban-2?fbclid=IwZXh0bgNhZW0CMTEAAR0V3VU3Hp42q86QlImIq-naMhucMhSBLln2B0W0EBV8qDpMa78-JaUZrlI_aem_c6lfjCX2tVidkdd_JBoZ1w" "facebookexternalhit/1.1 (+http://www.facebook.com/externalhit_uatext.php)"
66.220.149.24 - - [26/Jun/2024:17:54:11 +0200] "GET /storage/media/H4_LED_IZZO-3.jpg HTTP/1.1" 200 14201 "https://www.royaltuning.hu/" "facebookexternalhit/1.1 (+http://www.facebook.com/externalhit_uatext.php)"
66.220.149.43 - - [26/Jun/2024:17:54:11 +0200] "GET /storage/media/led_izzo_ereje.jpg HTTP/1.1" 200 61137 "https://www.royaltuning.hu/" "facebookexternalhit/1.1 (+http://www.facebook.com/externalhit_uatext.php)"
66.220.149.42 - - [26/Jun/2024:17:54:12 +0200] "GET /public/hu/products/42273/reviews?page=1 HTTP/1.1" 200 241 "https://www.royaltuning.hu/public/hu/termek/h4-led-szett-hideg-feher-parban-2?fbclid=IwZXh0bgNhZW0CMTEAAR0V3VU3Hp42q86QlImIq-naMhucMhSBLln2B0W0EBV8qDpMa78-JaUZrlI_aem_c6lfjCX2tVidkdd_JBoZ1w" "facebookexternalhit/1.1 (+http://www.facebook.com/externalhit_uatext.php)"
66.220.149.24 - - [26/Jun/2024:17:54:12 +0200] "GET /storage/media/c0t7luzASFx7EVSpbCjKOjfFo89DRMqzfBVMmmvt.png HTTP/1.1" 200 18256 "https://www.royaltuning.hu/" "facebookexternalhit/1.1 (+http://www.facebook.com/externalhit_uatext.php)"
66.220.149.42 - - [26/Jun/2024:17:54:12 +0200] "GET /public/themes/storefront/public/fonts/la-solid-900.woff2 HTTP/1.1" 200 96652 "https://www.royaltuning.hu/public/themes/storefront/public/css/app.css?v=3.1.0" "facebookexternalhit/1.1 (+http://www.facebook.com/externalhit_uatext.php)"
66.220.149.42 - - [26/Jun/2024:17:54:12 +0200] "GET /public/themes/storefront/public/fonts/la-brands-400.woff2 HTTP/1.1" 200 84805 "https://www.royaltuning.hu/public/themes/storefront/public/css/app.css?v=3.1.0" "facebookexternalhit/1.1 (+http://www.facebook.com/externalhit_uatext.php)"
66.220.149.114 - - [26/Jun/2024:17:54:12 +0200] "GET /wp-content/uploads/2021/05/led_szett_fenyereje.jpg HTTP/1.1" 200 248394 "https://www.royaltuning.hu/" "facebookexternalhit/1.1 (+http://www.facebook.com/externalhit_uatext.php)"
66.220.149.42 - - [26/Jun/2024:17:54:12 +0200] "GET /public/themes/storefront/public/css/ajax-loader.gif HTTP/1.1" 200 4178 "https://www.royaltuning.hu/public/themes/storefront/public/css/app.css?v=3.1.0" "facebookexternalhit/1.1 (+http://www.facebook.com/externalhit_uatext.php)"
66.220.149.20 - - [26/Jun/2024:17:54:12 +0200] "GET /public/themes/storefront/public/fonts/la-regular-400.woff2 HTTP/1.1" 200 12923 "https://www.royaltuning.hu/public/themes/storefront/public/css/app.css?v=3.1.0" "facebookexternalhit/1.1 (+http://www.facebook.com/externalhit_uatext.php)"
66.220.149.42 - - [26/Jun/2024:17:54:13 +0200] "GET /public/themes/storefront/public/images/arrow-black.png HTTP/1.1" 200 221 "https://www.royaltuning.hu/public/themes/storefront/public/css/app.css?v=3.1.0" "facebookexternalhit/1.1 (+http://www.facebook.com/externalhit_uatext.php)"
66.220.149.114 - - [26/Jun/2024:17:54:13 +0200] "GET /wp-content/uploads/2023/04/h4_led_izzo_motorhoz-4.jpg HTTP/1.1" 200 164251 "https://www.royaltuning.hu/" "facebookexternalhit/1.1 (+http://www.facebook.com/externalhit_uatext.php)"
66.220.149.114 - - [26/Jun/2024:17:54:13 +0200] "GET /wp-content/uploads/2021/05/H4_LED_IZZO-2.jpg HTTP/1.1" 200 18827 "https://www.royaltuning.hu/" "facebookexternalhit/1.1 (+http://www.facebook.com/externalhit_uatext.php)"
66.220.149.43 - - [26/Jun/2024:17:54:13 +0200] "GET /wp-content/uploads/2021/05/H4_LED_IZZO-6-500x500.jpg HTTP/1.1" 200 14484 "https://www.royaltuning.hu/" "facebookexternalhit/1.1 (+http://www.facebook.com/externalhit_uatext.php)"
66.220.149.30 - - [26/Jun/2024:17:54:13 +0200] "GET /wp-content/uploads/2021/05/led_izzo_ereje-500x500.jpg HTTP/1.1" 200 33106 "https://www.royaltuning.hu/" "facebookexternalhit/1.1 (+http://www.facebook.com/externalhit_uatext.php)"
37.76.37.144 - - [26/Jun/2024:17:54:14 +0200] "POST /hu/cart/items?product_id=238634&qty=2 HTTP/1.1" 200 902 "https://royaltuning.hu/hu/termek/xenon-trafo-89034934?gad_source=1&gbraid=0AAAAAC5TAd2ZmIGXWrxnDtKotgCnb3DEP&gclid=CjwKCAjw-O6zBhASEiwAOHeGxbMjv4JkpoDrjaFyIpcRyZChb5Pl6BojMIu9Aeya2GGpR4egdcKy_hoCPdEQAvD_BwE" "Mozilla/5.0 (iPhone; CPU iPhone OS 17_5_1 like Mac OS X) AppleWebKit/605.1.15 (KHTML, like Gecko) Version/17.5 Mobile/15E148 Safari/604.1"
185.174.16.141 - - [26/Jun/2024:17:54:14 +0200] "GET / HTTP/1.1" 302 201 "https://www.google.com/" "Mozilla/5.0 (Linux; Android 10; K) AppleWebKit/537.36 (KHTML, like Gecko) Chrome/123.0.0.0 Mobile Safari/537.36"
66.220.149.42 - - [26/Jun/2024:17:54:13 +0200] "GET /public/captcha/image?_=147695827 HTTP/1.1" 200 4473 "https://www.royaltuning.hu/public/hu/termek/h4-led-szett-hideg-feher-parban-2?fbclid=IwZXh0bgNhZW0CMTEAAR0V3VU3Hp42q86QlImIq-naMhucMhSBLln2B0W0EBV8qDpMa78-JaUZrlI_aem_c6lfjCX2tVidkdd_JBoZ1w" "facebookexternalhit/1.1 (+http://www.facebook.com/externalhit_uatext.php)"
69.63.184.2 - - [26/Jun/2024:17:54:14 +0200] "GET /public/hu/termek/kameleon-lampafolia?fbclid=IwZXh0bgNhZW0CMTEAAR0Hqrm0EFZkr1DdhwO9pe-f5LY3xJpjzYq0sSLIDv7lte8hz7PblYNprP8_aem_8yskf_W5QZDqZ-1DFqMGUw HTTP/1.1" 200 47237 "-" "facebookexternalhit/1.1 (+http://www.facebook.com/externalhit_uatext.php)"
66.220.149.12 - - [26/Jun/2024:17:54:15 +0200] "GET /storage/media/LR8IfEu8TFdtixq0lkK2SomaSuyRv02mO7hPPjoL.jpg HTTP/1.1" 200 86609 "https://www.royaltuning.hu/" "facebookexternalhit/1.1 (+http://www.facebook.com/externalhit_uatext.php)"
185.174.16.141 - - [26/Jun/2024:17:54:14 +0200] "GET /hu HTTP/1.1" 200 32977 "https://www.google.com/" "Mozilla/5.0 (Linux; Android 10; K) AppleWebKit/537.36 (KHTML, like Gecko) Chrome/123.0.0.0 Mobile Safari/537.36"
185.174.16.141 - - [26/Jun/2024:17:54:15 +0200] "GET /themes/storefront/public/css/app.css?v=3.1.0 HTTP/1.1" 200 72700 "https://www.royaltuning.hu/hu" "Mozilla/5.0 (Linux; Android 10; K) AppleWebKit/537.36 (KHTML, like Gecko) Chrome/123.0.0.0 Mobile Safari/537.36"
69.63.184.2 - - [26/Jun/2024:17:54:15 +0200] "GET /public/themes/storefront/public/css/app.css?v=3.1.0 HTTP/1.1" 200 72700 "https://royaltuning.hu/public/hu/termek/kameleon-lampafolia?fbclid=IwZXh0bgNhZW0CMTEAAR0Hqrm0EFZkr1DdhwO9pe-f5LY3xJpjzYq0sSLIDv7lte8hz7PblYNprP8_aem_8yskf_W5QZDqZ-1DFqMGUw" "facebookexternalhit/1.1 (+http://www.facebook.com/externalhit_uatext.php)"
185.174.16.141 - - [26/Jun/2024:17:54:15 +0200] "GET /vendor/cookie-consent/css/cookie-consent.css HTTP/1.1" 200 990 "https://www.royaltuning.hu/hu" "Mozilla/5.0 (Linux; Android 10; K) AppleWebKit/537.36 (KHTML, like Gecko) Chrome/123.0.0.0 Mobile Safari/537.36"
185.174.16.141 - - [26/Jun/2024:17:54:15 +0200] "GET /vendor/cookie-consent/js/cookie-consent.js HTTP/1.1" 200 11136 "https://www.royaltuning.hu/hu" "Mozilla/5.0 (Linux; Android 10; K) AppleWebKit/537.36 (KHTML, like Gecko) Chrome/123.0.0.0 Mobile Safari/537.36"
69.63.184.4 - - [26/Jun/2024:17:54:15 +0200] "GET /public/vendor/cookie-consent/css/cookie-consent.css HTTP/1.1" 200 990 "https://royaltuning.hu/public/hu/termek/kameleon-lampafolia?fbclid=IwZXh0bgNhZW0CMTEAAR0Hqrm0EFZkr1DdhwO9pe-f5LY3xJpjzYq0sSLIDv7lte8hz7PblYNprP8_aem_8yskf_W5QZDqZ-1DFqMGUw" "facebookexternalhit/1.1 (+http://www.facebook.com/externalhit_uatext.php)"
69.63.184.7 - - [26/Jun/2024:17:54:15 +0200] "GET /storage/media/rpiKsmcVc59LwHHydMWZkR91adM4KGiqcvvmbod4.png HTTP/1.1" 200 17070 "https://royaltuning.hu/public/hu/termek/kameleon-lampafolia?fbclid=IwZXh0bgNhZW0CMTEAAR0Hqrm0EFZkr1DdhwO9pe-f5LY3xJpjzYq0sSLIDv7lte8hz7PblYNprP8_aem_8yskf_W5QZDqZ-1DFqMGUw" "facebookexternalhit/1.1 (+http://www.facebook.com/externalhit_uatext.php)"
43.130.32.224 - - [26/Jun/2024:17:54:15 +0200] "GET / HTTP/1.1" 302 197 "http://www.royal-tuning.com" "Mozilla/5.0 (iPhone; CPU iPhone OS 13_2_3 like Mac OS X) AppleWebKit/605.1.15 (KHTML, like Gecko) Version/13.0.3 Mobile/15E148 Safari/604.1"
69.63.184.4 - - [26/Jun/2024:17:54:15 +0200] "GET /storage/media/kameleon_lampafolia-1.jpg HTTP/1.1" 200 145141 "https://royaltuning.hu/public/hu/termek/kameleon-lampafolia?fbclid=IwZXh0bgNhZW0CMTEAAR0Hqrm0EFZkr1DdhwO9pe-f5LY3xJpjzYq0sSLIDv7lte8hz7PblYNprP8_aem_8yskf_W5QZDqZ-1DFqMGUw" "facebookexternalhit/1.1 (+http://www.facebook.com/externalhit_uatext.php)"
69.63.184.7 - - [26/Jun/2024:17:54:16 +0200] "GET /storage/media/kameleon_lampafolia-2.jpg HTTP/1.1" 200 39466 "https://royaltuning.hu/public/hu/termek/kameleon-lampafolia?fbclid=IwZXh0bgNhZW0CMTEAAR0Hqrm0EFZkr1DdhwO9pe-f5LY3xJpjzYq0sSLIDv7lte8hz7PblYNprP8_aem_8yskf_W5QZDqZ-1DFqMGUw" "facebookexternalhit/1.1 (+http://www.facebook.com/externalhit_uatext.php)"
69.63.184.2 - - [26/Jun/2024:17:54:16 +0200] "GET /storage/media/kameleon_lampafolia-1.png HTTP/1.1" 200 814944 "https://royaltuning.hu/public/hu/termek/kameleon-lampafolia?fbclid=IwZXh0bgNhZW0CMTEAAR0Hqrm0EFZkr1DdhwO9pe-f5LY3xJpjzYq0sSLIDv7lte8hz7PblYNprP8_aem_8yskf_W5QZDqZ-1DFqMGUw" "facebookexternalhit/1.1 (+http://www.facebook.com/externalhit_uatext.php)"
185.174.16.141 - - [26/Jun/2024:17:54:15 +0200] "GET /themes/storefront/public/js/app.js?v=3.1.0 HTTP/1.1" 200 979893 "https://www.royaltuning.hu/hu" "Mozilla/5.0 (Linux; Android 10; K) AppleWebKit/537.36 (KHTML, like Gecko) Chrome/123.0.0.0 Mobile Safari/537.36"
69.63.184.4 - - [26/Jun/2024:17:54:16 +0200] "GET /storage/media/kameleon_lampafolia.jpg HTTP/1.1" 200 130041 "https://royaltuning.hu/public/hu/termek/kameleon-lampafolia?fbclid=IwZXh0bgNhZW0CMTEAAR0Hqrm0EFZkr1DdhwO9pe-f5LY3xJpjzYq0sSLIDv7lte8hz7PblYNprP8_aem_8yskf_W5QZDqZ-1DFqMGUw" "facebookexternalhit/1.1 (+http://www.facebook.com/externalhit_uatext.php)"
69.63.184.2 - - [26/Jun/2024:17:54:16 +0200] "GET /public/themes/storefront/public/js/flatpickr.js?v=3.1.0 HTTP/1.1" 200 65517 "https://royaltuning.hu/public/hu/termek/kameleon-lampafolia?fbclid=IwZXh0bgNhZW0CMTEAAR0Hqrm0EFZkr1DdhwO9pe-f5LY3xJpjzYq0sSLIDv7lte8hz7PblYNprP8_aem_8yskf_W5QZDqZ-1DFqMGUw" "facebookexternalhit/1.1 (+http://www.facebook.com/externalhit_uatext.php)"
69.63.184.4 - - [26/Jun/2024:17:54:16 +0200] "GET /public/vendor/cookie-consent/js/cookie-consent.js HTTP/1.1" 200 11136 "https://royaltuning.hu/public/hu/termek/kameleon-lampafolia?fbclid=IwZXh0bgNhZW0CMTEAAR0Hqrm0EFZkr1DdhwO9pe-f5LY3xJpjzYq0sSLIDv7lte8hz7PblYNprP8_aem_8yskf_W5QZDqZ-1DFqMGUw" "facebookexternalhit/1.1 (+http://www.facebook.com/externalhit_uatext.php)"
69.63.184.7 - - [26/Jun/2024:17:54:16 +0200] "GET /public/themes/storefront/public/js/app.js?v=3.1.0 HTTP/1.1" 200 979893 "https://royaltuning.hu/public/hu/termek/kameleon-lampafolia?fbclid=IwZXh0bgNhZW0CMTEAAR0Hqrm0EFZkr1DdhwO9pe-f5LY3xJpjzYq0sSLIDv7lte8hz7PblYNprP8_aem_8yskf_W5QZDqZ-1DFqMGUw" "facebookexternalhit/1.1 (+http://www.facebook.com/externalhit_uatext.php)"
69.63.184.2 - - [26/Jun/2024:17:54:16 +0200] "GET /storage/media/kameleon_lampafolia-3.jpg HTTP/1.1" 200 69948 "https://royaltuning.hu/public/hu/termek/kameleon-lampafolia?fbclid=IwZXh0bgNhZW0CMTEAAR0Hqrm0EFZkr1DdhwO9pe-f5LY3xJpjzYq0sSLIDv7lte8hz7PblYNprP8_aem_8yskf_W5QZDqZ-1DFqMGUw" "facebookexternalhit/1.1 (+http://www.facebook.com/externalhit_uatext.php)"
37.76.37.144 - - [26/Jun/2024:17:54:15 +0200] "GET /hu/cart HTTP/1.1" 200 37309 "https://royaltuning.hu/hu/termek/xenon-trafo-89034934?gad_source=1&gbraid=0AAAAAC5TAd2ZmIGXWrxnDtKotgCnb3DEP&gclid=CjwKCAjw-O6zBhASEiwAOHeGxbMjv4JkpoDrjaFyIpcRyZChb5Pl6BojMIu9Aeya2GGpR4egdcKy_hoCPdEQAvD_BwE" "Mozilla/5.0 (iPhone; CPU iPhone OS 17_5_1 like Mac OS X) AppleWebKit/605.1.15 (KHTML, like Gecko) Version/17.5 Mobile/15E148 Safari/604.1"
37.76.37.144 - - [26/Jun/2024:17:54:17 +0200] "POST /hu/cart/shipping-method?shipping_method=free_shipping HTTP/1.1" 200 902 "https://royaltuning.hu/hu/cart" "Mozilla/5.0 (iPhone; CPU iPhone OS 17_5_1 like Mac OS X) AppleWebKit/605.1.15 (KHTML, like Gecko) Version/17.5 Mobile/15E148 Safari/604.1"
37.76.37.144 - - [26/Jun/2024:17:54:17 +0200] "GET /hu/cart/cross-sell-products HTTP/1.1" 200 22 "https://royaltuning.hu/hu/cart" "Mozilla/5.0 (iPhone; CPU iPhone OS 17_5_1 like Mac OS X) AppleWebKit/605.1.15 (KHTML, like Gecko) Version/17.5 Mobile/15E148 Safari/604.1"
69.63.184.4 - - [26/Jun/2024:17:54:17 +0200] "GET /storage/media/lampafolia_felrakasa-1.jpg HTTP/1.1" 200 604573 "https://royaltuning.hu/public/hu/termek/kameleon-lampafolia?fbclid=IwZXh0bgNhZW0CMTEAAR0Hqrm0EFZkr1DdhwO9pe-f5LY3xJpjzYq0sSLIDv7lte8hz7PblYNprP8_aem_8yskf_W5QZDqZ-1DFqMGUw" "facebookexternalhit/1.1 (+http://www.facebook.com/externalhit_uatext.php)"
