94.248.240.228 - - [26/Jun/2024:18:00:17 +0200] "GET /public/vendor/cookie-consent/js/cookie-consent.js HTTP/1.1" 200 11136 "https://royaltuning.hu/public/order-received/thank-you?key=lG_LBocx_lbtW4IpogB1qk&order_id=590362" "Mozilla/5.0 (Linux; Android 10; K) AppleWebKit/537.36 (KHTML, like Gecko) SamsungBrowser/25.0 Chrome/121.0.0.0 Mobile Safari/537.36"
94.248.240.228 - - [26/Jun/2024:18:00:17 +0200] "GET /storage/media/LR8IfEu8TFdtixq0lkK2SomaSuyRv02mO7hPPjoL.jpg HTTP/1.1" 200 86609 "https://royaltuning.hu/public/order-received/thank-you?key=lG_LBocx_lbtW4IpogB1qk&order_id=590362" "Mozilla/5.0 (Linux; Android 10; K) AppleWebKit/537.36 (KHTML, like Gecko) SamsungBrowser/25.0 Chrome/121.0.0.0 Mobile Safari/537.36"
188.6.23.78 - - [26/Jun/2024:18:00:17 +0200] "GET /wp-content/uploads/2023/04/katrany_eltavolitas_autorol-2.jpg HTTP/1.1" 200 34327 "https://blog.royaltuning.hu/" "Mozilla/5.0 (Linux; Android 10; K) AppleWebKit/537.36 (KHTML, like Gecko) Chrome/126.0.0.0 Mobile Safari/537.36"
37.76.44.143 - - [26/Jun/2024:18:00:17 +0200] "GET /storage/media/paGdgnfacATylUWhvUeUZGv1GIKiGXmdYwZR20nd.jpg HTTP/1.1" 200 34330 "https://royaltuning.hu/hu/shop?query=H%20astra%20%C3%B6nind%C3%ADt%C3%B3" "Mozilla/5.0 (iPhone; CPU iPhone OS 17_5 like Mac OS X) AppleWebKit/605.1.15 (KHTML, like Gecko) GSA/321.1.642804631 Mobile/15E148 Safari/604.1"
94.248.240.228 - - [26/Jun/2024:18:00:17 +0200] "GET /public/themes/storefront/public/js/app.js?v=3.1.0 HTTP/1.1" 200 979893 "https://royaltuning.hu/public/order-received/thank-you?key=lG_LBocx_lbtW4IpogB1qk&order_id=590362" "Mozilla/5.0 (Linux; Android 10; K) AppleWebKit/537.36 (KHTML, like Gecko) SamsungBrowser/25.0 Chrome/121.0.0.0 Mobile Safari/537.36"
37.76.32.78 - - [26/Jun/2024:18:00:17 +0200] "GET /storage/media/c0t7luzASFx7EVSpbCjKOjfFo89DRMqzfBVMmmvt.png HTTP/1.1" 200 18256 "https://royaltuning.hu/public/order-received/thank-you?key=wc_order_YqKV4RJLsX1Gz&order_id=221838" "Mozilla/5.0 (Linux; Android 10; K) AppleWebKit/537.36 (KHTML, like Gecko) Chrome/126.0.0.0 Mobile Safari/537.36"
213.253.198.108 - - [26/Jun/2024:18:00:17 +0200] "GET /storage/media/h8_xenon_szett_canbusos.jpg HTTP/1.1" 200 127656 "https://royaltuning.hu/public/hu/termekkategoria/xenon-szettek?gad_source=1&gclid=EAIaIQobChMIx8XvyNH5hgMVARmiAx2bzgTjEAAYAiAAEgJMgPD_BwE" "Mozilla/5.0 (iPhone; CPU iPhone OS 17_5 like Mac OS X) AppleWebKit/605.1.15 (KHTML, like Gecko)  Mobile/15E148 Safari/604.1"
213.253.198.108 - - [26/Jun/2024:18:00:17 +0200] "GET /storage/media/h1_xenon_szett_8000K.jpg HTTP/1.1" 200 126444 "https://royaltuning.hu/public/hu/termekkategoria/xenon-szettek?gad_source=1&gclid=EAIaIQobChMIx8XvyNH5hgMVARmiAx2bzgTjEAAYAiAAEgJMgPD_BwE" "Mozilla/5.0 (iPhone; CPU iPhone OS 17_5 like Mac OS X) AppleWebKit/605.1.15 (KHTML, like Gecko)  Mobile/15E148 Safari/604.1"
37.76.44.143 - - [26/Jun/2024:18:00:17 +0200] "GET /hu/shop?query=H%20astra%20%C3%B6nind%C3%ADt%C3%B3&brand=&category=&tag=&fromPrice=0&toPrice=114990&sort=relevance&perPage=30&page=1 HTTP/1.1" 200 236 "https://royaltuning.hu/hu/shop?query=H%20astra%20%C3%B6nind%C3%ADt%C3%B3" "Mozilla/5.0 (iPhone; CPU iPhone OS 17_5 like Mac OS X) AppleWebKit/605.1.15 (KHTML, like Gecko) GSA/321.1.642804631 Mobile/15E148 Safari/604.1"
213.253.198.108 - - [26/Jun/2024:18:00:17 +0200] "GET /storage/media/d1s_xenon_izzo_4300k-1.jpg HTTP/1.1" 200 70742 "https://royaltuning.hu/public/hu/termekkategoria/xenon-szettek?gad_source=1&gclid=EAIaIQobChMIx8XvyNH5hgMVARmiAx2bzgTjEAAYAiAAEgJMgPD_BwE" "Mozilla/5.0 (iPhone; CPU iPhone OS 17_5 like Mac OS X) AppleWebKit/605.1.15 (KHTML, like Gecko)  Mobile/15E148 Safari/604.1"
213.253.198.108 - - [26/Jun/2024:18:00:17 +0200] "GET /storage/media/h11_xenon_szett_canbusos.jpg HTTP/1.1" 200 127656 "https://royaltuning.hu/public/hu/termekkategoria/xenon-szettek?gad_source=1&gclid=EAIaIQobChMIx8XvyNH5hgMVARmiAx2bzgTjEAAYAiAAEgJMgPD_BwE" "Mozilla/5.0 (iPhone; CPU iPhone OS 17_5 like Mac OS X) AppleWebKit/605.1.15 (KHTML, like Gecko)  Mobile/15E148 Safari/604.1"
213.253.198.108 - - [26/Jun/2024:18:00:13 +0200] "GET /storage/media/WuAbnJ3F19P7m8ckhRvBz1XVn9ovSqVCdlDdRtKv.jpg HTTP/1.1" 200 274140 "https://royaltuning.hu/public/hu/termekkategoria/xenon-szettek?gad_source=1&gclid=EAIaIQobChMIx8XvyNH5hgMVARmiAx2bzgTjEAAYAiAAEgJMgPD_BwE" "Mozilla/5.0 (iPhone; CPU iPhone OS 17_5 like Mac OS X) AppleWebKit/605.1.15 (KHTML, like Gecko)  Mobile/15E148 Safari/604.1"
213.253.198.108 - - [26/Jun/2024:18:00:17 +0200] "GET /storage/media/d1s_xenon_izzo_longlife_hosszu_elettartamu-1.jpg HTTP/1.1" 200 141649 "https://royaltuning.hu/public/hu/termekkategoria/xenon-szettek?gad_source=1&gclid=EAIaIQobChMIx8XvyNH5hgMVARmiAx2bzgTjEAAYAiAAEgJMgPD_BwE" "Mozilla/5.0 (iPhone; CPU iPhone OS 17_5 like Mac OS X) AppleWebKit/605.1.15 (KHTML, like Gecko)  Mobile/15E148 Safari/604.1"
213.253.198.108 - - [26/Jun/2024:18:00:18 +0200] "GET /storage/media/h1_xenon_szett_4300K.jpg HTTP/1.1" 200 130265 "https://royaltuning.hu/public/hu/termekkategoria/xenon-szettek?gad_source=1&gclid=EAIaIQobChMIx8XvyNH5hgMVARmiAx2bzgTjEAAYAiAAEgJMgPD_BwE" "Mozilla/5.0 (iPhone; CPU iPhone OS 17_5 like Mac OS X) AppleWebKit/605.1.15 (KHTML, like Gecko)  Mobile/15E148 Safari/604.1"
94.248.240.228 - - [26/Jun/2024:18:00:18 +0200] "GET /public/themes/storefront/public/images/arrow-black.png HTTP/1.1" 200 221 "https://royaltuning.hu/public/themes/storefront/public/css/app.css?v=3.1.0" "Mozilla/5.0 (Linux; Android 10; K) AppleWebKit/537.36 (KHTML, like Gecko) SamsungBrowser/25.0 Chrome/121.0.0.0 Mobile Safari/537.36"
94.248.240.228 - - [26/Jun/2024:18:00:18 +0200] "GET /public/themes/storefront/public/fonts/la-brands-400.woff2 HTTP/1.1" 200 84805 "https://royaltuning.hu/public/themes/storefront/public/css/app.css?v=3.1.0" "Mozilla/5.0 (Linux; Android 10; K) AppleWebKit/537.36 (KHTML, like Gecko) SamsungBrowser/25.0 Chrome/121.0.0.0 Mobile Safari/537.36"
94.248.240.228 - - [26/Jun/2024:18:00:18 +0200] "GET /public/themes/storefront/public/fonts/la-solid-900.woff2 HTTP/1.1" 200 96652 "https://royaltuning.hu/public/themes/storefront/public/css/app.css?v=3.1.0" "Mozilla/5.0 (Linux; Android 10; K) AppleWebKit/537.36 (KHTML, like Gecko) SamsungBrowser/25.0 Chrome/121.0.0.0 Mobile Safari/537.36"
66.249.70.161 - - [26/Jun/2024:18:00:18 +0200] "GET /termek/opel-valtogomb-5sebesseges-2/ HTTP/1.1" 301 273 "-" "Mozilla/5.0 (Linux; Android 6.0.1; Nexus 5X Build/MMB29P) AppleWebKit/537.36 (KHTML, like Gecko) Chrome/125.0.6422.175 Mobile Safari/537.36 (compatible; Googlebot/2.1; +http://www.google.com/bot.html)"
213.253.198.108 - - [26/Jun/2024:18:00:18 +0200] "GET /storage/media/d2s_xenon_szett_6000K.jpg HTTP/1.1" 200 127656 "https://royaltuning.hu/public/hu/termekkategoria/xenon-szettek?gad_source=1&gclid=EAIaIQobChMIx8XvyNH5hgMVARmiAx2bzgTjEAAYAiAAEgJMgPD_BwE" "Mozilla/5.0 (iPhone; CPU iPhone OS 17_5 like Mac OS X) AppleWebKit/605.1.15 (KHTML, like Gecko)  Mobile/15E148 Safari/604.1"
213.253.198.108 - - [26/Jun/2024:18:00:18 +0200] "GET /storage/media/D2S_xenon_izzo.jpg HTTP/1.1" 200 23224 "https://royaltuning.hu/public/hu/termekkategoria/xenon-szettek?gad_source=1&gclid=EAIaIQobChMIx8XvyNH5hgMVARmiAx2bzgTjEAAYAiAAEgJMgPD_BwE" "Mozilla/5.0 (iPhone; CPU iPhone OS 17_5 like Mac OS X) AppleWebKit/605.1.15 (KHTML, like Gecko)  Mobile/15E148 Safari/604.1"
213.253.198.108 - - [26/Jun/2024:18:00:18 +0200] "GET /storage/media/d5s_xenon_izzo_5000k_premium-1.jpg HTTP/1.1" 200 78220 "https://royaltuning.hu/public/hu/termekkategoria/xenon-szettek?gad_source=1&gclid=EAIaIQobChMIx8XvyNH5hgMVARmiAx2bzgTjEAAYAiAAEgJMgPD_BwE" "Mozilla/5.0 (iPhone; CPU iPhone OS 17_5 like Mac OS X) AppleWebKit/605.1.15 (KHTML, like Gecko)  Mobile/15E148 Safari/604.1"
213.253.198.108 - - [26/Jun/2024:18:00:18 +0200] "GET /storage/media/h4_xenon_szett_4300K.jpg HTTP/1.1" 200 130265 "https://royaltuning.hu/public/hu/termekkategoria/xenon-szettek?gad_source=1&gclid=EAIaIQobChMIx8XvyNH5hgMVARmiAx2bzgTjEAAYAiAAEgJMgPD_BwE" "Mozilla/5.0 (iPhone; CPU iPhone OS 17_5 like Mac OS X) AppleWebKit/605.1.15 (KHTML, like Gecko)  Mobile/15E148 Safari/604.1"
185.208.225.194 - - [26/Jun/2024:18:00:01 +0200] "GET /webshippy/order-status HTTP/1.1" 200 - "-" "curl/7.61.1"
213.253.198.108 - - [26/Jun/2024:18:00:18 +0200] "GET /storage/media/d3s_xenon_izzo-1.jpg HTTP/1.1" 200 74131 "https://royaltuning.hu/public/hu/termekkategoria/xenon-szettek?gad_source=1&gclid=EAIaIQobChMIx8XvyNH5hgMVARmiAx2bzgTjEAAYAiAAEgJMgPD_BwE" "Mozilla/5.0 (iPhone; CPU iPhone OS 17_5 like Mac OS X) AppleWebKit/605.1.15 (KHTML, like Gecko)  Mobile/15E148 Safari/604.1"
213.253.198.108 - - [26/Jun/2024:18:00:19 +0200] "GET /storage/media/d4s_xenon_izzo.jpg HTTP/1.1" 200 66633 "https://royaltuning.hu/public/hu/termekkategoria/xenon-szettek?gad_source=1&gclid=EAIaIQobChMIx8XvyNH5hgMVARmiAx2bzgTjEAAYAiAAEgJMgPD_BwE" "Mozilla/5.0 (iPhone; CPU iPhone OS 17_5 like Mac OS X) AppleWebKit/605.1.15 (KHTML, like Gecko)  Mobile/15E148 Safari/604.1"
213.253.198.108 - - [26/Jun/2024:18:00:19 +0200] "GET /storage/media/h7_xenon_izzo.jpg HTTP/1.1" 200 17763 "https://royaltuning.hu/public/hu/termekkategoria/xenon-szettek?gad_source=1&gclid=EAIaIQobChMIx8XvyNH5hgMVARmiAx2bzgTjEAAYAiAAEgJMgPD_BwE" "Mozilla/5.0 (iPhone; CPU iPhone OS 17_5 like Mac OS X) AppleWebKit/605.1.15 (KHTML, like Gecko)  Mobile/15E148 Safari/604.1"
213.253.198.108 - - [26/Jun/2024:18:00:19 +0200] "GET /storage/media/d2s_xenon_izzo_8000k.jpg HTTP/1.1" 200 85109 "https://royaltuning.hu/public/hu/termekkategoria/xenon-szettek?gad_source=1&gclid=EAIaIQobChMIx8XvyNH5hgMVARmiAx2bzgTjEAAYAiAAEgJMgPD_BwE" "Mozilla/5.0 (iPhone; CPU iPhone OS 17_5 like Mac OS X) AppleWebKit/605.1.15 (KHTML, like Gecko)  Mobile/15E148 Safari/604.1"
213.253.198.108 - - [26/Jun/2024:18:00:19 +0200] "GET /storage/media/h7_xenon_szett_6000K.jpg HTTP/1.1" 200 127656 "https://royaltuning.hu/public/hu/termekkategoria/xenon-szettek?gad_source=1&gclid=EAIaIQobChMIx8XvyNH5hgMVARmiAx2bzgTjEAAYAiAAEgJMgPD_BwE" "Mozilla/5.0 (iPhone; CPU iPhone OS 17_5 like Mac OS X) AppleWebKit/605.1.15 (KHTML, like Gecko)  Mobile/15E148 Safari/604.1"
194.163.142.100 - - [26/Jun/2024:18:00:01 +0200] "GET /webshippy/order-status HTTP/1.1" 200 - "-" "curl/7.68.0"
213.253.198.108 - - [26/Jun/2024:18:00:19 +0200] "GET /storage/media/d2s_xenon_izzo_longlife_hosszu_elettartamu.jpg HTTP/1.1" 200 171771 "https://royaltuning.hu/public/hu/termekkategoria/xenon-szettek?gad_source=1&gclid=EAIaIQobChMIx8XvyNH5hgMVARmiAx2bzgTjEAAYAiAAEgJMgPD_BwE" "Mozilla/5.0 (iPhone; CPU iPhone OS 17_5 like Mac OS X) AppleWebKit/605.1.15 (KHTML, like Gecko)  Mobile/15E148 Safari/604.1"
213.253.198.108 - - [26/Jun/2024:18:00:20 +0200] "GET /storage/media/h7_xenon_szett_canbus_6000K.jpg HTTP/1.1" 200 132166 "https://royaltuning.hu/public/hu/termekkategoria/xenon-szettek?gad_source=1&gclid=EAIaIQobChMIx8XvyNH5hgMVARmiAx2bzgTjEAAYAiAAEgJMgPD_BwE" "Mozilla/5.0 (iPhone; CPU iPhone OS 17_5 like Mac OS X) AppleWebKit/605.1.15 (KHTML, like Gecko)  Mobile/15E148 Safari/604.1"
213.253.198.108 - - [26/Jun/2024:18:00:22 +0200] "GET /storage/media/h1_xenon_szett_6000K.jpg HTTP/1.1" 200 127656 "https://royaltuning.hu/public/hu/termekkategoria/xenon-szettek?gad_source=1&gclid=EAIaIQobChMIx8XvyNH5hgMVARmiAx2bzgTjEAAYAiAAEgJMgPD_BwE" "Mozilla/5.0 (iPhone; CPU iPhone OS 17_5 like Mac OS X) AppleWebKit/605.1.15 (KHTML, like Gecko)  Mobile/15E148 Safari/604.1"
213.253.198.108 - - [26/Jun/2024:18:00:22 +0200] "GET /storage/media/d1s_xenon_izzo_8000k_premium-1.jpg HTTP/1.1" 200 70398 "https://royaltuning.hu/public/hu/termekkategoria/xenon-szettek?gad_source=1&gclid=EAIaIQobChMIx8XvyNH5hgMVARmiAx2bzgTjEAAYAiAAEgJMgPD_BwE" "Mozilla/5.0 (iPhone; CPU iPhone OS 17_5 like Mac OS X) AppleWebKit/605.1.15 (KHTML, like Gecko)  Mobile/15E148 Safari/604.1"
37.76.44.143 - - [26/Jun/2024:18:00:17 +0200] "GET /storage/media/U9NkjU7v6Z3urgm3cZoyB4B52Rf1RDn0nbyFiAJw.jpg HTTP/1.1" 200 80343 "https://royaltuning.hu/hu/shop?query=H%20astra%20%C3%B6nind%C3%ADt%C3%B3" "Mozilla/5.0 (iPhone; CPU iPhone OS 17_5 like Mac OS X) AppleWebKit/605.1.15 (KHTML, like Gecko) GSA/321.1.642804631 Mobile/15E148 Safari/604.1"
213.253.198.108 - - [26/Jun/2024:18:00:22 +0200] "GET /storage/media/h1_xenon_szett_canbusos-1.jpg HTTP/1.1" 200 127656 "https://royaltuning.hu/public/hu/termekkategoria/xenon-szettek?gad_source=1&gclid=EAIaIQobChMIx8XvyNH5hgMVARmiAx2bzgTjEAAYAiAAEgJMgPD_BwE" "Mozilla/5.0 (iPhone; CPU iPhone OS 17_5 like Mac OS X) AppleWebKit/605.1.15 (KHTML, like Gecko)  Mobile/15E148 Safari/604.1"
213.253.198.108 - - [26/Jun/2024:18:00:22 +0200] "GET /storage/media/d3s_xenon_izzo_4300K-1.jpg HTTP/1.1" 200 74845 "https://royaltuning.hu/public/hu/termekkategoria/xenon-szettek?gad_source=1&gclid=EAIaIQobChMIx8XvyNH5hgMVARmiAx2bzgTjEAAYAiAAEgJMgPD_BwE" "Mozilla/5.0 (iPhone; CPU iPhone OS 17_5 like Mac OS X) AppleWebKit/605.1.15 (KHTML, like Gecko)  Mobile/15E148 Safari/604.1"
213.253.198.108 - - [26/Jun/2024:18:00:22 +0200] "GET /storage/media/h7_xenon_szett_8000K.jpg HTTP/1.1" 200 126444 "https://royaltuning.hu/public/hu/termekkategoria/xenon-szettek?gad_source=1&gclid=EAIaIQobChMIx8XvyNH5hgMVARmiAx2bzgTjEAAYAiAAEgJMgPD_BwE" "Mozilla/5.0 (iPhone; CPU iPhone OS 17_5 like Mac OS X) AppleWebKit/605.1.15 (KHTML, like Gecko)  Mobile/15E148 Safari/604.1"
213.253.198.108 - - [26/Jun/2024:18:00:22 +0200] "GET /storage/media/h4_xenon_szett-1.jpg HTTP/1.1" 200 106855 "https://royaltuning.hu/public/hu/termekkategoria/xenon-szettek?gad_source=1&gclid=EAIaIQobChMIx8XvyNH5hgMVARmiAx2bzgTjEAAYAiAAEgJMgPD_BwE" "Mozilla/5.0 (iPhone; CPU iPhone OS 17_5 like Mac OS X) AppleWebKit/605.1.15 (KHTML, like Gecko)  Mobile/15E148 Safari/604.1"
213.253.198.108 - - [26/Jun/2024:18:00:25 +0200] "GET /public/hu/termekkategoria/xenon-izzok HTTP/1.1" 200 42803 "https://royaltuning.hu/public/hu/termekkategoria/xenon-szettek?gad_source=1&gclid=EAIaIQobChMIx8XvyNH5hgMVARmiAx2bzgTjEAAYAiAAEgJMgPD_BwE" "Mozilla/5.0 (iPhone; CPU iPhone OS 17_5 like Mac OS X) AppleWebKit/605.1.15 (KHTML, like Gecko)  Mobile/15E148 Safari/604.1"
213.253.198.108 - - [26/Jun/2024:18:00:26 +0200] "GET /public/hu/shop?query=&brand=&category=xenon-izzok&tag=&fromPrice=0&toPrice=114990&sort=alphabetic&perPage=30&page=1 HTTP/1.1" 200 2018 "https://royaltuning.hu/public/hu/termekkategoria/xenon-izzok" "Mozilla/5.0 (iPhone; CPU iPhone OS 17_5 like Mac OS X) AppleWebKit/605.1.15 (KHTML, like Gecko)  Mobile/15E148 Safari/604.1"
213.253.198.108 - - [26/Jun/2024:18:00:27 +0200] "GET /storage/media/d2s_xenon_izzo_8000k.jpg HTTP/1.1" 200 85109 "https://royaltuning.hu/public/hu/termekkategoria/xenon-izzok" "Mozilla/5.0 (iPhone; CPU iPhone OS 17_5 like Mac OS X) AppleWebKit/605.1.15 (KHTML, like Gecko)  Mobile/15E148 Safari/604.1"
194.163.142.100 - - [26/Jun/2024:18:00:01 +0200] "GET /webshippy/getstock HTTP/1.1" 200 5 "-" "curl/7.68.0"
185.208.225.194 - - [26/Jun/2024:18:00:01 +0200] "GET /webshippy/getstock HTTP/1.1" 200 5 "-" "curl/7.61.1"
66.249.70.161 - - [26/Jun/2024:18:00:27 +0200] "GET /public/en/termek/t20-w21w-led-canbus-feher-2db HTTP/1.1" 200 45359 "-" "Mozilla/5.0 (Linux; Android 6.0.1; Nexus 5X Build/MMB29P) AppleWebKit/537.36 (KHTML, like Gecko) Chrome/125.0.6422.175 Mobile Safari/537.36 (compatible; Googlebot/2.1; +http://www.google.com/bot.html)"
37.76.32.78 - - [26/Jun/2024:18:00:28 +0200] "GET /cart/ HTTP/1.1" 301 242 "https://royaltuning.hu/termek/ledes-nappali-menetfeny-szett-udvozlofeny-es-futofenyes-index-funkcioval-2db/" "Mozilla/5.0 (Linux; Android 10; K) AppleWebKit/537.36 (KHTML, like Gecko) Chrome/126.0.0.0 Mobile Safari/537.36"
37.76.32.78 - - [26/Jun/2024:18:00:29 +0200] "GET /public/cart HTTP/1.1" 302 205 "https://royaltuning.hu/termek/ledes-nappali-menetfeny-szett-udvozlofeny-es-futofenyes-index-funkcioval-2db/" "Mozilla/5.0 (Linux; Android 10; K) AppleWebKit/537.36 (KHTML, like Gecko) Chrome/126.0.0.0 Mobile Safari/537.36"
37.76.44.143 - - [26/Jun/2024:18:00:18 +0200] "GET /storage/media/zTdJDwdSsCNSvJi9K4gBVppOmVdqtNoAZ8rbqvcd.jpg HTTP/1.1" 200 255268 "https://royaltuning.hu/hu/shop?query=H%20astra%20%C3%B6nind%C3%ADt%C3%B3" "Mozilla/5.0 (iPhone; CPU iPhone OS 17_5 like Mac OS X) AppleWebKit/605.1.15 (KHTML, like Gecko) GSA/321.1.642804631 Mobile/15E148 Safari/604.1"
52.167.144.182 - - [26/Jun/2024:18:00:29 +0200] "GET /storage/media/nappali_menetfeny_udvozlofeny-4.jpg HTTP/1.1" 200 51789 "-" "Mozilla/5.0 AppleWebKit/537.36 (KHTML, like Gecko; compatible; bingbot/2.0; +http://www.bing.com/bingbot.htm) Chrome/116.0.1938.76 Safari/537.36"
37.76.32.78 - - [26/Jun/2024:18:00:29 +0200] "GET /public/hu/cart HTTP/1.1" 200 36651 "https://royaltuning.hu/termek/ledes-nappali-menetfeny-szett-udvozlofeny-es-futofenyes-index-funkcioval-2db/" "Mozilla/5.0 (Linux; Android 10; K) AppleWebKit/537.36 (KHTML, like Gecko) Chrome/126.0.0.0 Mobile Safari/537.36"
37.76.44.143 - - [26/Jun/2024:18:00:17 +0200] "GET /storage/media/WuAbnJ3F19P7m8ckhRvBz1XVn9ovSqVCdlDdRtKv.jpg HTTP/1.1" 200 274140 "https://royaltuning.hu/hu/shop?query=H%20astra%20%C3%B6nind%C3%ADt%C3%B3" "Mozilla/5.0 (iPhone; CPU iPhone OS 17_5 like Mac OS X) AppleWebKit/605.1.15 (KHTML, like Gecko) GSA/321.1.642804631 Mobile/15E148 Safari/604.1"
66.249.64.36 - - [26/Jun/2024:18:00:30 +0200] "GET /public/en/termek/usb-aljzat-autoba-2 HTTP/1.1" 200 40384 "-" "Mozilla/5.0 (Linux; Android 6.0.1; Nexus 5X Build/MMB29P) AppleWebKit/537.36 (KHTML, like Gecko) Chrome/125.0.6422.175 Mobile Safari/537.36 (compatible; Googlebot/2.1; +http://www.google.com/bot.html)"
37.76.32.78 - - [26/Jun/2024:18:00:32 +0200] "GET /public/hu/cart/cross-sell-products HTTP/1.1" 200 22 "https://royaltuning.hu/public/hu/cart" "Mozilla/5.0 (Linux; Android 10; K) AppleWebKit/537.36 (KHTML, like Gecko) Chrome/126.0.0.0 Mobile Safari/537.36"
66.249.70.160 - - [26/Jun/2024:18:00:32 +0200] "GET /captcha/image?_=1480442336?_= HTTP/1.1" 200 5677 "-" "Mozilla/5.0 (Linux; Android 6.0.1; Nexus 5X Build/MMB29P) AppleWebKit/537.36 (KHTML, like Gecko) Chrome/125.0.6422.175 Mobile Safari/537.36 (compatible; Googlebot/2.1; +http://www.google.com/bot.html)"
46.139.88.175 - - [26/Jun/2024:18:00:34 +0200] "GET /hu/termek/horpadas-javito-szett-profi HTTP/1.1" 200 40722 "https://royaltuning.hu/hu/termekkategoria/polirozas-karceltavolitas/horpadas-javito-keszletek" "Mozilla/5.0 (Windows NT 10.0; Win64; x64) AppleWebKit/537.36 (KHTML, like Gecko) Chrome/126.0.0.0 Safari/537.36"
46.139.88.175 - - [26/Jun/2024:18:00:35 +0200] "GET /storage/media/horpadasjavito_szett-2.jpg HTTP/1.1" 200 81983 "https://royaltuning.hu/hu/termek/horpadas-javito-szett-profi" "Mozilla/5.0 (Windows NT 10.0; Win64; x64) AppleWebKit/537.36 (KHTML, like Gecko) Chrome/126.0.0.0 Safari/537.36"
46.139.88.175 - - [26/Jun/2024:18:00:35 +0200] "GET /storage/media/horpadasjavito_szett-3.jpg HTTP/1.1" 200 36201 "https://royaltuning.hu/hu/termek/horpadas-javito-szett-profi" "Mozilla/5.0 (Windows NT 10.0; Win64; x64) AppleWebKit/537.36 (KHTML, like Gecko) Chrome/126.0.0.0 Safari/537.36"
46.139.88.175 - - [26/Jun/2024:18:00:35 +0200] "GET /storage/media/horpadasjavito_szett-8.jpg HTTP/1.1" 200 64676 "https://royaltuning.hu/hu/termek/horpadas-javito-szett-profi" "Mozilla/5.0 (Windows NT 10.0; Win64; x64) AppleWebKit/537.36 (KHTML, like Gecko) Chrome/126.0.0.0 Safari/537.36"
46.139.88.175 - - [26/Jun/2024:18:00:35 +0200] "GET /storage/media/horpadasjavito_szett-6.jpg HTTP/1.1" 200 35765 "https://royaltuning.hu/hu/termek/horpadas-javito-szett-profi" "Mozilla/5.0 (Windows NT 10.0; Win64; x64) AppleWebKit/537.36 (KHTML, like Gecko) Chrome/126.0.0.0 Safari/537.36"
46.139.88.175 - - [26/Jun/2024:18:00:35 +0200] "GET /storage/media/horpadasjavito_szett-4.jpg HTTP/1.1" 200 67943 "https://royaltuning.hu/hu/termek/horpadas-javito-szett-profi" "Mozilla/5.0 (Windows NT 10.0; Win64; x64) AppleWebKit/537.36 (KHTML, like Gecko) Chrome/126.0.0.0 Safari/537.36"
46.139.88.175 - - [26/Jun/2024:18:00:35 +0200] "GET /storage/media/horpadasjavito_szett-7.jpg HTTP/1.1" 200 36377 "https://royaltuning.hu/hu/termek/horpadas-javito-szett-profi" "Mozilla/5.0 (Windows NT 10.0; Win64; x64) AppleWebKit/537.36 (KHTML, like Gecko) Chrome/126.0.0.0 Safari/537.36"
46.139.88.175 - - [26/Jun/2024:18:00:35 +0200] "GET /storage/media/horpadasjavito_szett-9.jpg HTTP/1.1" 200 108999 "https://royaltuning.hu/hu/termek/horpadas-javito-szett-profi" "Mozilla/5.0 (Windows NT 10.0; Win64; x64) AppleWebKit/537.36 (KHTML, like Gecko) Chrome/126.0.0.0 Safari/537.36"
46.139.88.175 - - [26/Jun/2024:18:00:35 +0200] "GET /storage/media/horpadasjavito_szett-5.jpg HTTP/1.1" 200 25247 "https://royaltuning.hu/hu/termek/horpadas-javito-szett-profi" "Mozilla/5.0 (Windows NT 10.0; Win64; x64) AppleWebKit/537.36 (KHTML, like Gecko) Chrome/126.0.0.0 Safari/537.36"
46.139.88.175 - - [26/Jun/2024:18:00:35 +0200] "GET /storage/media/horpadasjavito_szett-10.jpg HTTP/1.1" 200 68036 "https://royaltuning.hu/hu/termek/horpadas-javito-szett-profi" "Mozilla/5.0 (Windows NT 10.0; Win64; x64) AppleWebKit/537.36 (KHTML, like Gecko) Chrome/126.0.0.0 Safari/537.36"
46.139.88.175 - - [26/Jun/2024:18:00:35 +0200] "GET /storage/media/horpadasjavito_szett-11.jpg HTTP/1.1" 200 86863 "https://royaltuning.hu/hu/termek/horpadas-javito-szett-profi" "Mozilla/5.0 (Windows NT 10.0; Win64; x64) AppleWebKit/537.36 (KHTML, like Gecko) Chrome/126.0.0.0 Safari/537.36"
46.139.88.175 - - [26/Jun/2024:18:00:35 +0200] "GET /hu/products/60457/reviews?page=1 HTTP/1.1" 200 232 "https://royaltuning.hu/hu/termek/horpadas-javito-szett-profi" "Mozilla/5.0 (Windows NT 10.0; Win64; x64) AppleWebKit/537.36 (KHTML, like Gecko) Chrome/126.0.0.0 Safari/537.36"
66.249.70.160 - - [26/Jun/2024:18:00:34 +0200] "GET /captcha/image?_=1443010821?_= HTTP/1.1" 200 5705 "-" "Mozilla/5.0 (Linux; Android 6.0.1; Nexus 5X Build/MMB29P) AppleWebKit/537.36 (KHTML, like Gecko) Chrome/125.0.6422.175 Mobile Safari/537.36 (compatible; Googlebot/2.1; +http://www.google.com/bot.html)"
46.139.88.175 - - [26/Jun/2024:18:00:35 +0200] "GET /captcha/image?_=1043011067 HTTP/1.1" 200 5321 "https://royaltuning.hu/hu/termek/horpadas-javito-szett-profi" "Mozilla/5.0 (Windows NT 10.0; Win64; x64) AppleWebKit/537.36 (KHTML, like Gecko) Chrome/126.0.0.0 Safari/537.36"
66.249.70.160 - - [26/Jun/2024:18:00:36 +0200] "GET /captcha/image?_=1180170544?_= HTTP/1.1" 200 4162 "-" "Mozilla/5.0 (Linux; Android 6.0.1; Nexus 5X Build/MMB29P) AppleWebKit/537.36 (KHTML, like Gecko) Chrome/125.0.6422.175 Mobile Safari/537.36 (compatible; Googlebot/2.1; +http://www.google.com/bot.html)"
37.76.44.143 - - [26/Jun/2024:18:00:38 +0200] "GET /hu/suggestions?query=H%20astra%20%C3%B6nind%C3%ADt%C3%B3h HTTP/1.1" 200 59 "https://royaltuning.hu/hu/shop?query=H%20astra%20%C3%B6nind%C3%ADt%C3%B3" "Mozilla/5.0 (iPhone; CPU iPhone OS 17_5 like Mac OS X) AppleWebKit/605.1.15 (KHTML, like Gecko) GSA/321.1.642804631 Mobile/15E148 Safari/604.1"
37.76.44.143 - - [26/Jun/2024:18:00:38 +0200] "GET /hu/suggestions?query=H%20astra%20%C3%B6nind%C3%ADt%C3%B3h%20 HTTP/1.1" 200 59 "https://royaltuning.hu/hu/shop?query=H%20astra%20%C3%B6nind%C3%ADt%C3%B3" "Mozilla/5.0 (iPhone; CPU iPhone OS 17_5 like Mac OS X) AppleWebKit/605.1.15 (KHTML, like Gecko) GSA/321.1.642804631 Mobile/15E148 Safari/604.1"
37.76.44.143 - - [26/Jun/2024:18:00:38 +0200] "GET /hu/suggestions?query=H%20astra%20%C3%B6nind%C3%ADt%C3%B3h%20a HTTP/1.1" 200 59 "https://royaltuning.hu/hu/shop?query=H%20astra%20%C3%B6nind%C3%ADt%C3%B3" "Mozilla/5.0 (iPhone; CPU iPhone OS 17_5 like Mac OS X) AppleWebKit/605.1.15 (KHTML, like Gecko) GSA/321.1.642804631 Mobile/15E148 Safari/604.1"
37.76.44.143 - - [26/Jun/2024:18:00:38 +0200] "GET /hu/suggestions?query=H%20astra%20%C3%B6nind%C3%ADt%C3%B3h%20 HTTP/1.1" 200 59 "https://royaltuning.hu/hu/shop?query=H%20astra%20%C3%B6nind%C3%ADt%C3%B3" "Mozilla/5.0 (iPhone; CPU iPhone OS 17_5 like Mac OS X) AppleWebKit/605.1.15 (KHTML, like Gecko) GSA/321.1.642804631 Mobile/15E148 Safari/604.1"
37.76.44.143 - - [26/Jun/2024:18:00:38 +0200] "GET /hu/suggestions?query=H%20astra%20%C3%B6nind%C3%ADt%C3%B3h HTTP/1.1" 200 59 "https://royaltuning.hu/hu/shop?query=H%20astra%20%C3%B6nind%C3%ADt%C3%B3" "Mozilla/5.0 (iPhone; CPU iPhone OS 17_5 like Mac OS X) AppleWebKit/605.1.15 (KHTML, like Gecko) GSA/321.1.642804631 Mobile/15E148 Safari/604.1"
37.76.44.143 - - [26/Jun/2024:18:00:38 +0200] "GET /hu/suggestions?query=H%20astra%20%C3%B6nind%C3%ADt%C3%B3 HTTP/1.1" 200 59 "https://royaltuning.hu/hu/shop?query=H%20astra%20%C3%B6nind%C3%ADt%C3%B3" "Mozilla/5.0 (iPhone; CPU iPhone OS 17_5 like Mac OS X) AppleWebKit/605.1.15 (KHTML, like Gecko) GSA/321.1.642804631 Mobile/15E148 Safari/604.1"
37.76.44.143 - - [26/Jun/2024:18:00:39 +0200] "GET /hu/suggestions?query=H%20astra%20%C3%B6nind%C3%ADt HTTP/1.1" 200 59 "https://royaltuning.hu/hu/shop?query=H%20astra%20%C3%B6nind%C3%ADt%C3%B3" "Mozilla/5.0 (iPhone; CPU iPhone OS 17_5 like Mac OS X) AppleWebKit/605.1.15 (KHTML, like Gecko) GSA/321.1.642804631 Mobile/15E148 Safari/604.1"
37.76.44.143 - - [26/Jun/2024:18:00:39 +0200] "GET /hu/suggestions?query=H%20astra%20%C3%B6nind%C3%AD HTTP/1.1" 200 59 "https://royaltuning.hu/hu/shop?query=H%20astra%20%C3%B6nind%C3%ADt%C3%B3" "Mozilla/5.0 (iPhone; CPU iPhone OS 17_5 like Mac OS X) AppleWebKit/605.1.15 (KHTML, like Gecko) GSA/321.1.642804631 Mobile/15E148 Safari/604.1"
37.76.44.143 - - [26/Jun/2024:18:00:40 +0200] "GET /hu/suggestions?query=H%20astra%20%C3%B6nind HTTP/1.1" 200 59 "https://royaltuning.hu/hu/shop?query=H%20astra%20%C3%B6nind%C3%ADt%C3%B3" "Mozilla/5.0 (iPhone; CPU iPhone OS 17_5 like Mac OS X) AppleWebKit/605.1.15 (KHTML, like Gecko) GSA/321.1.642804631 Mobile/15E148 Safari/604.1"
37.76.44.143 - - [26/Jun/2024:18:00:40 +0200] "GET /hu/suggestions?query=H%20astra%20%C3%B6nin HTTP/1.1" 200 59 "https://royaltuning.hu/hu/shop?query=H%20astra%20%C3%B6nind%C3%ADt%C3%B3" "Mozilla/5.0 (iPhone; CPU iPhone OS 17_5 like Mac OS X) AppleWebKit/605.1.15 (KHTML, like Gecko) GSA/321.1.642804631 Mobile/15E148 Safari/604.1"
37.76.44.143 - - [26/Jun/2024:18:00:40 +0200] "GET /hu/suggestions?query=H%20astra%20%C3%B6ni HTTP/1.1" 200 59 "https://royaltuning.hu/hu/shop?query=H%20astra%20%C3%B6nind%C3%ADt%C3%B3" "Mozilla/5.0 (iPhone; CPU iPhone OS 17_5 like Mac OS X) AppleWebKit/605.1.15 (KHTML, like Gecko) GSA/321.1.642804631 Mobile/15E148 Safari/604.1"
37.76.44.143 - - [26/Jun/2024:18:00:40 +0200] "GET /hu/suggestions?query=H%20astra%20%C3%B6n HTTP/1.1" 200 59 "https://royaltuning.hu/hu/shop?query=H%20astra%20%C3%B6nind%C3%ADt%C3%B3" "Mozilla/5.0 (iPhone; CPU iPhone OS 17_5 like Mac OS X) AppleWebKit/605.1.15 (KHTML, like Gecko) GSA/321.1.642804631 Mobile/15E148 Safari/604.1"
37.76.44.143 - - [26/Jun/2024:18:00:40 +0200] "GET /hu/suggestions?query=H%20astra%20%C3%B6 HTTP/1.1" 200 59 "https://royaltuning.hu/hu/shop?query=H%20astra%20%C3%B6nind%C3%ADt%C3%B3" "Mozilla/5.0 (iPhone; CPU iPhone OS 17_5 like Mac OS X) AppleWebKit/605.1.15 (KHTML, like Gecko) GSA/321.1.642804631 Mobile/15E148 Safari/604.1"
37.76.44.143 - - [26/Jun/2024:18:00:40 +0200] "GET /hu/suggestions?query=H%20astra%20 HTTP/1.1" 200 59 "https://royaltuning.hu/hu/shop?query=H%20astra%20%C3%B6nind%C3%ADt%C3%B3" "Mozilla/5.0 (iPhone; CPU iPhone OS 17_5 like Mac OS X) AppleWebKit/605.1.15 (KHTML, like Gecko) GSA/321.1.642804631 Mobile/15E148 Safari/604.1"
34.90.57.230 - - [26/Jun/2024:18:00:41 +0200] "GET /wp-content/uploads/2022/06/T20_led_izzo_sarga-500x500.jpg HTTP/1.1" 200 19761 "-" "Mozilla/5.0 AppleWebKit/537.36 (KHTML, like Gecko; compatible; WorldBot/0.1; +https://worldlabs.ai)"
66.249.64.36 - - [26/Jun/2024:18:00:40 +0200] "GET /public/en/termek/usb-aljzat-autoba-2 HTTP/1.1" 200 40375 "-" "Mozilla/5.0 (compatible; Googlebot/2.1; +http://www.google.com/bot.html)"
37.76.44.143 - - [26/Jun/2024:18:00:41 +0200] "GET /hu/suggestions?query=H%20astra%20v HTTP/1.1" 200 59 "https://royaltuning.hu/hu/shop?query=H%20astra%20%C3%B6nind%C3%ADt%C3%B3" "Mozilla/5.0 (iPhone; CPU iPhone OS 17_5 like Mac OS X) AppleWebKit/605.1.15 (KHTML, like Gecko) GSA/321.1.642804631 Mobile/15E148 Safari/604.1"
37.76.44.143 - - [26/Jun/2024:18:00:42 +0200] "GET /hu/suggestions?query=H%20astra%20v%C3%A1 HTTP/1.1" 200 59 "https://royaltuning.hu/hu/shop?query=H%20astra%20%C3%B6nind%C3%ADt%C3%B3" "Mozilla/5.0 (iPhone; CPU iPhone OS 17_5 like Mac OS X) AppleWebKit/605.1.15 (KHTML, like Gecko) GSA/321.1.642804631 Mobile/15E148 Safari/604.1"
37.76.44.143 - - [26/Jun/2024:18:00:42 +0200] "GET /hu/suggestions?query=H%20astra%20v%C3%A1l HTTP/1.1" 200 59 "https://royaltuning.hu/hu/shop?query=H%20astra%20%C3%B6nind%C3%ADt%C3%B3" "Mozilla/5.0 (iPhone; CPU iPhone OS 17_5 like Mac OS X) AppleWebKit/605.1.15 (KHTML, like Gecko) GSA/321.1.642804631 Mobile/15E148 Safari/604.1"
37.76.44.143 - - [26/Jun/2024:18:00:42 +0200] "GET /hu/suggestions?query=H%20astra%20v%C3%A1lt HTTP/1.1" 200 59 "https://royaltuning.hu/hu/shop?query=H%20astra%20%C3%B6nind%C3%ADt%C3%B3" "Mozilla/5.0 (iPhone; CPU iPhone OS 17_5 like Mac OS X) AppleWebKit/605.1.15 (KHTML, like Gecko) GSA/321.1.642804631 Mobile/15E148 Safari/604.1"
66.249.64.36 - - [26/Jun/2024:18:00:42 +0200] "GET /hu/termek/bmw-valtogomb-6sebesseges-2 HTTP/1.1" 200 44465 "-" "Mozilla/5.0 (Linux; Android 6.0.1; Nexus 5X Build/MMB29P) AppleWebKit/537.36 (KHTML, like Gecko) Chrome/125.0.6422.175 Mobile Safari/537.36 (compatible; Googlebot/2.1; +http://www.google.com/bot.html)"
37.76.44.143 - - [26/Jun/2024:18:00:43 +0200] "GET /hu/suggestions?query=H%20astra%20v%C3%A1lt%C3%B3 HTTP/1.1" 200 59 "https://royaltuning.hu/hu/shop?query=H%20astra%20%C3%B6nind%C3%ADt%C3%B3" "Mozilla/5.0 (iPhone; CPU iPhone OS 17_5 like Mac OS X) AppleWebKit/605.1.15 (KHTML, like Gecko) GSA/321.1.642804631 Mobile/15E148 Safari/604.1"
66.249.70.160 - - [26/Jun/2024:18:00:44 +0200] "GET /public/hu/account/profile HTTP/1.1" 302 206 "-" "Mozilla/5.0 (Linux; Android 6.0.1; Nexus 5X Build/MMB29P) AppleWebKit/537.36 (KHTML, like Gecko) Chrome/125.0.6422.175 Mobile Safari/537.36 (compatible; Googlebot/2.1; +http://www.google.com/bot.html)"
37.76.44.143 - - [26/Jun/2024:18:00:44 +0200] "GET /hu/suggestions?query=H%20astra%20v%C3%A1lt%C3%B3r HTTP/1.1" 200 59 "https://royaltuning.hu/hu/shop?query=H%20astra%20%C3%B6nind%C3%ADt%C3%B3" "Mozilla/5.0 (iPhone; CPU iPhone OS 17_5 like Mac OS X) AppleWebKit/605.1.15 (KHTML, like Gecko) GSA/321.1.642804631 Mobile/15E148 Safari/604.1"
37.76.44.143 - - [26/Jun/2024:18:00:44 +0200] "GET /hu/suggestions?query=H%20astra%20v%C3%A1lt%C3%B3ru HTTP/1.1" 200 59 "https://royaltuning.hu/hu/shop?query=H%20astra%20%C3%B6nind%C3%ADt%C3%B3" "Mozilla/5.0 (iPhone; CPU iPhone OS 17_5 like Mac OS X) AppleWebKit/605.1.15 (KHTML, like Gecko) GSA/321.1.642804631 Mobile/15E148 Safari/604.1"
37.76.44.143 - - [26/Jun/2024:18:00:44 +0200] "GET /hu/suggestions?query=H%20astra%20v%C3%A1lt%C3%B3rud HTTP/1.1" 200 59 "https://royaltuning.hu/hu/shop?query=H%20astra%20%C3%B6nind%C3%ADt%C3%B3" "Mozilla/5.0 (iPhone; CPU iPhone OS 17_5 like Mac OS X) AppleWebKit/605.1.15 (KHTML, like Gecko) GSA/321.1.642804631 Mobile/15E148 Safari/604.1"
37.76.44.143 - - [26/Jun/2024:18:00:44 +0200] "GET /hu/suggestions?query=H%20astra%20v%C3%A1lt%C3%B3ruda HTTP/1.1" 200 59 "https://royaltuning.hu/hu/shop?query=H%20astra%20%C3%B6nind%C3%ADt%C3%B3" "Mozilla/5.0 (iPhone; CPU iPhone OS 17_5 like Mac OS X) AppleWebKit/605.1.15 (KHTML, like Gecko) GSA/321.1.642804631 Mobile/15E148 Safari/604.1"
37.76.44.143 - - [26/Jun/2024:18:00:44 +0200] "GET /hu/suggestions?query=H%20astra%20v%C3%A1lt%C3%B3rudat HTTP/1.1" 200 59 "https://royaltuning.hu/hu/shop?query=H%20astra%20%C3%B6nind%C3%ADt%C3%B3" "Mozilla/5.0 (iPhone; CPU iPhone OS 17_5 like Mac OS X) AppleWebKit/605.1.15 (KHTML, like Gecko) GSA/321.1.642804631 Mobile/15E148 Safari/604.1"
37.76.44.143 - - [26/Jun/2024:18:00:45 +0200] "GET /hu/suggestions?query=H%20astra%20v%C3%A1lt%C3%B3ruda HTTP/1.1" 200 59 "https://royaltuning.hu/hu/shop?query=H%20astra%20%C3%B6nind%C3%ADt%C3%B3" "Mozilla/5.0 (iPhone; CPU iPhone OS 17_5 like Mac OS X) AppleWebKit/605.1.15 (KHTML, like Gecko) GSA/321.1.642804631 Mobile/15E148 Safari/604.1"
31.46.240.222 - - [26/Jun/2024:18:00:45 +0200] "GET /termek/toyota-gombsor-2gombos HTTP/1.1" 302 218 "https://www.google.com/" "Mozilla/5.0 (Linux; Android 10; K) AppleWebKit/537.36 (KHTML, like Gecko) Chrome/126.0.0.0 Mobile Safari/537.36"
37.76.44.143 - - [26/Jun/2024:18:00:46 +0200] "GET /hu/suggestions?query=H%20astra%20v%C3%A1lt%C3%B3rud HTTP/1.1" 200 59 "https://royaltuning.hu/hu/shop?query=H%20astra%20%C3%B6nind%C3%ADt%C3%B3" "Mozilla/5.0 (iPhone; CPU iPhone OS 17_5 like Mac OS X) AppleWebKit/605.1.15 (KHTML, like Gecko) GSA/321.1.642804631 Mobile/15E148 Safari/604.1"
37.76.44.143 - - [26/Jun/2024:18:00:46 +0200] "GET /hu/suggestions?query=H%20astra%20v%C3%A1lt%C3%B3ru HTTP/1.1" 200 59 "https://royaltuning.hu/hu/shop?query=H%20astra%20%C3%B6nind%C3%ADt%C3%B3" "Mozilla/5.0 (iPhone; CPU iPhone OS 17_5 like Mac OS X) AppleWebKit/605.1.15 (KHTML, like Gecko) GSA/321.1.642804631 Mobile/15E148 Safari/604.1"
66.249.70.160 - - [26/Jun/2024:18:00:45 +0200] "GET /public/captcha/image?_=1561119398?_= HTTP/1.1" 200 7155 "-" "Mozilla/5.0 (Linux; Android 6.0.1; Nexus 5X Build/MMB29P) AppleWebKit/537.36 (KHTML, like Gecko) Chrome/125.0.6422.175 Mobile Safari/537.36 (compatible; Googlebot/2.1; +http://www.google.com/bot.html)"
37.76.44.143 - - [26/Jun/2024:18:00:46 +0200] "GET /hu/suggestions?query=H%20astra%20v%C3%A1lt%C3%B3r HTTP/1.1" 200 59 "https://royaltuning.hu/hu/shop?query=H%20astra%20%C3%B6nind%C3%ADt%C3%B3" "Mozilla/5.0 (iPhone; CPU iPhone OS 17_5 like Mac OS X) AppleWebKit/605.1.15 (KHTML, like Gecko) GSA/321.1.642804631 Mobile/15E148 Safari/604.1"
31.46.240.222 - - [26/Jun/2024:18:00:45 +0200] "GET /hu/termek/toyota-gombsor-2gombos HTTP/1.1" 200 44257 "https://www.google.com/" "Mozilla/5.0 (Linux; Android 10; K) AppleWebKit/537.36 (KHTML, like Gecko) Chrome/126.0.0.0 Mobile Safari/537.36"
66.249.64.228 - - [26/Jun/2024:18:00:45 +0200] "GET /hu/termekkategoria/skoda-kulcshaz HTTP/1.1" 200 42736 "-" "Mozilla/5.0 (Linux; Android 6.0.1; Nexus 5X Build/MMB29P) AppleWebKit/537.36 (KHTML, like Gecko) Chrome/125.0.6422.175 Mobile Safari/537.36 (compatible; Googlebot/2.1; +http://www.google.com/bot.html)"
31.46.240.222 - - [26/Jun/2024:18:00:46 +0200] "GET /vendor/cookie-consent/css/cookie-consent.css HTTP/1.1" 200 990 "https://royaltuning.hu/hu/termek/toyota-gombsor-2gombos" "Mozilla/5.0 (Linux; Android 10; K) AppleWebKit/537.36 (KHTML, like Gecko) Chrome/126.0.0.0 Mobile Safari/537.36"
31.46.240.222 - - [26/Jun/2024:18:00:46 +0200] "GET /themes/storefront/public/css/app.css?v=3.1.0 HTTP/1.1" 200 72700 "https://royaltuning.hu/hu/termek/toyota-gombsor-2gombos" "Mozilla/5.0 (Linux; Android 10; K) AppleWebKit/537.36 (KHTML, like Gecko) Chrome/126.0.0.0 Mobile Safari/537.36"
31.46.240.222 - - [26/Jun/2024:18:00:46 +0200] "GET /storage/media/rpiKsmcVc59LwHHydMWZkR91adM4KGiqcvvmbod4.png HTTP/1.1" 200 17070 "https://royaltuning.hu/hu/termek/toyota-gombsor-2gombos" "Mozilla/5.0 (Linux; Android 10; K) AppleWebKit/537.36 (KHTML, like Gecko) Chrome/126.0.0.0 Mobile Safari/537.36"
31.46.240.222 - - [26/Jun/2024:18:00:46 +0200] "GET /storage/media/toyota_kulcs_gomb-2.jpg HTTP/1.1" 200 75521 "https://royaltuning.hu/hu/termek/toyota-gombsor-2gombos" "Mozilla/5.0 (Linux; Android 10; K) AppleWebKit/537.36 (KHTML, like Gecko) Chrome/126.0.0.0 Mobile Safari/537.36"
37.76.44.143 - - [26/Jun/2024:18:00:46 +0200] "GET /hu/suggestions?query=H%20astra%20v%C3%A1lt%C3%B3 HTTP/1.1" 200 59 "https://royaltuning.hu/hu/shop?query=H%20astra%20%C3%B6nind%C3%ADt%C3%B3" "Mozilla/5.0 (iPhone; CPU iPhone OS 17_5 like Mac OS X) AppleWebKit/605.1.15 (KHTML, like Gecko) GSA/321.1.642804631 Mobile/15E148 Safari/604.1"
31.46.240.222 - - [26/Jun/2024:18:00:47 +0200] "GET /storage/media/toyota_kulcs_gomb-1-1.jpg HTTP/1.1" 200 64801 "https://royaltuning.hu/hu/termek/toyota-gombsor-2gombos" "Mozilla/5.0 (Linux; Android 10; K) AppleWebKit/537.36 (KHTML, like Gecko) Chrome/126.0.0.0 Mobile Safari/537.36"
31.46.240.222 - - [26/Jun/2024:18:00:47 +0200] "GET /storage/media/toyota_kulcs_gombsor_-1.jpg HTTP/1.1" 200 73876 "https://royaltuning.hu/hu/termek/toyota-gombsor-2gombos" "Mozilla/5.0 (Linux; Android 10; K) AppleWebKit/537.36 (KHTML, like Gecko) Chrome/126.0.0.0 Mobile Safari/537.36"
31.46.240.222 - - [26/Jun/2024:18:00:47 +0200] "GET /vendor/cookie-consent/js/cookie-consent.js HTTP/1.1" 200 11136 "https://royaltuning.hu/hu/termek/toyota-gombsor-2gombos" "Mozilla/5.0 (Linux; Android 10; K) AppleWebKit/537.36 (KHTML, like Gecko) Chrome/126.0.0.0 Mobile Safari/537.36"
31.46.240.222 - - [26/Jun/2024:18:00:47 +0200] "GET /themes/storefront/public/js/flatpickr.js?v=3.1.0 HTTP/1.1" 200 65517 "https://royaltuning.hu/hu/termek/toyota-gombsor-2gombos" "Mozilla/5.0 (Linux; Android 10; K) AppleWebKit/537.36 (KHTML, like Gecko) Chrome/126.0.0.0 Mobile Safari/537.36"
31.46.240.222 - - [26/Jun/2024:18:00:47 +0200] "GET /storage/media/c0t7luzASFx7EVSpbCjKOjfFo89DRMqzfBVMmmvt.png HTTP/1.1" 200 18256 "https://royaltuning.hu/hu/termek/toyota-gombsor-2gombos" "Mozilla/5.0 (Linux; Android 10; K) AppleWebKit/537.36 (KHTML, like Gecko) Chrome/126.0.0.0 Mobile Safari/537.36"
31.46.240.222 - - [26/Jun/2024:18:00:47 +0200] "GET /themes/storefront/public/fonts/la-solid-900.woff2 HTTP/1.1" 200 96652 "https://royaltuning.hu/themes/storefront/public/css/app.css?v=3.1.0" "Mozilla/5.0 (Linux; Android 10; K) AppleWebKit/537.36 (KHTML, like Gecko) Chrome/126.0.0.0 Mobile Safari/537.36"
31.46.240.222 - - [26/Jun/2024:18:00:47 +0200] "GET /themes/storefront/public/images/arrow-black.png HTTP/1.1" 200 221 "https://royaltuning.hu/themes/storefront/public/css/app.css?v=3.1.0" "Mozilla/5.0 (Linux; Android 10; K) AppleWebKit/537.36 (KHTML, like Gecko) Chrome/126.0.0.0 Mobile Safari/537.36"
31.46.240.222 - - [26/Jun/2024:18:00:47 +0200] "GET /themes/storefront/public/fonts/la-brands-400.woff2 HTTP/1.1" 200 84805 "https://royaltuning.hu/themes/storefront/public/css/app.css?v=3.1.0" "Mozilla/5.0 (Linux; Android 10; K) AppleWebKit/537.36 (KHTML, like Gecko) Chrome/126.0.0.0 Mobile Safari/537.36"
31.46.240.222 - - [26/Jun/2024:18:00:47 +0200] "GET /storage/media/LR8IfEu8TFdtixq0lkK2SomaSuyRv02mO7hPPjoL.jpg HTTP/1.1" 200 86609 "https://royaltuning.hu/hu/termek/toyota-gombsor-2gombos" "Mozilla/5.0 (Linux; Android 10; K) AppleWebKit/537.36 (KHTML, like Gecko) Chrome/126.0.0.0 Mobile Safari/537.36"
31.46.240.222 - - [26/Jun/2024:18:00:47 +0200] "GET /themes/storefront/public/js/app.js?v=3.1.0 HTTP/1.1" 200 979893 "https://royaltuning.hu/hu/termek/toyota-gombsor-2gombos" "Mozilla/5.0 (Linux; Android 10; K) AppleWebKit/537.36 (KHTML, like Gecko) Chrome/126.0.0.0 Mobile Safari/537.36"
66.249.70.160 - - [26/Jun/2024:18:00:46 +0200] "GET /public/hu/login HTTP/1.1" 200 31403 "-" "Mozilla/5.0 (Linux; Android 6.0.1; Nexus 5X Build/MMB29P) AppleWebKit/537.36 (KHTML, like Gecko) Chrome/125.0.6422.175 Mobile Safari/537.36 (compatible; Googlebot/2.1; +http://www.google.com/bot.html)"
173.252.83.22 - - [26/Jun/2024:18:00:45 +0200] "GET /facebook-feed HTTP/1.1" 200 753163 "-" "facebookexternalhit/1.1 (+http://www.facebook.com/externalhit_uatext.php)"
31.46.240.222 - - [26/Jun/2024:18:00:48 +0200] "GET /wp-content/uploads/2020/06/toyota_kulcs_gombsor_-1-500x500.jpg HTTP/1.1" 200 23479 "https://royaltuning.hu/hu/termek/toyota-gombsor-2gombos" "Mozilla/5.0 (Linux; Android 10; K) AppleWebKit/537.36 (KHTML, like Gecko) Chrome/126.0.0.0 Mobile Safari/537.36"
31.46.240.222 - - [26/Jun/2024:18:00:48 +0200] "GET /wp-content/uploads/2020/06/toyota_kulcs_gomb-2.jpg HTTP/1.1" 200 75521 "https://royaltuning.hu/hu/termek/toyota-gombsor-2gombos" "Mozilla/5.0 (Linux; Android 10; K) AppleWebKit/537.36 (KHTML, like Gecko) Chrome/126.0.0.0 Mobile Safari/537.36"
31.46.240.222 - - [26/Jun/2024:18:00:48 +0200] "GET /hu/products/6067/reviews?page=1 HTTP/1.1" 200 231 "https://royaltuning.hu/hu/termek/toyota-gombsor-2gombos" "Mozilla/5.0 (Linux; Android 10; K) AppleWebKit/537.36 (KHTML, like Gecko) Chrome/126.0.0.0 Mobile Safari/537.36"
31.46.240.222 - - [26/Jun/2024:18:00:47 +0200] "GET /captcha/image?_=1992971172 HTTP/1.1" 200 5214 "https://royaltuning.hu/hu/termek/toyota-gombsor-2gombos" "Mozilla/5.0 (Linux; Android 10; K) AppleWebKit/537.36 (KHTML, like Gecko) Chrome/126.0.0.0 Mobile Safari/537.36"
31.46.240.222 - - [26/Jun/2024:18:00:48 +0200] "GET /themes/storefront/public/fonts/la-regular-400.woff2 HTTP/1.1" 200 12923 "https://royaltuning.hu/themes/storefront/public/css/app.css?v=3.1.0" "Mozilla/5.0 (Linux; Android 10; K) AppleWebKit/537.36 (KHTML, like Gecko) Chrome/126.0.0.0 Mobile Safari/537.36"
31.46.240.222 - - [26/Jun/2024:18:00:48 +0200] "GET /themes/storefront/public/css/ajax-loader.gif HTTP/1.1" 200 4178 "https://royaltuning.hu/themes/storefront/public/css/app.css?v=3.1.0" "Mozilla/5.0 (Linux; Android 10; K) AppleWebKit/537.36 (KHTML, like Gecko) Chrome/126.0.0.0 Mobile Safari/537.36"
37.76.44.143 - - [26/Jun/2024:18:00:47 +0200] "GET /hu/shop?query=H%20astra%20v%C3%A1lt%C3%B3 HTTP/1.1" 200 40616 "https://royaltuning.hu/hu/shop?query=H%20astra%20%C3%B6nind%C3%ADt%C3%B3" "Mozilla/5.0 (iPhone; CPU iPhone OS 17_5 like Mac OS X) AppleWebKit/605.1.15 (KHTML, like Gecko) GSA/321.1.642804631 Mobile/15E148 Safari/604.1"
37.76.44.143 - - [26/Jun/2024:18:00:49 +0200] "GET /hu/shop?query=H%20astra%20v%C3%A1lt%C3%B3&brand=&category=&tag=&fromPrice=0&toPrice=114990&sort=relevance&perPage=30&page=1 HTTP/1.1" 200 236 "https://royaltuning.hu/hu/shop?query=H%20astra%20v%C3%A1lt%C3%B3" "Mozilla/5.0 (iPhone; CPU iPhone OS 17_5 like Mac OS X) AppleWebKit/605.1.15 (KHTML, like Gecko) GSA/321.1.642804631 Mobile/15E148 Safari/604.1"
66.249.64.228 - - [26/Jun/2024:18:00:48 +0200] "GET /public/captcha/image?_=2061034643 HTTP/1.1" 200 5343 "-" "Googlebot-Image/1.0"
66.249.64.226 - - [26/Jun/2024:18:00:50 +0200] "GET /hu/shop?query=&brand=&category=skoda-kulcshaz&tag=&fromPrice=0&toPrice=114990&sort=alphabetic&perPage=30&page=1 HTTP/1.1" 200 965 "https://main.royaltuning.hu/hu/termekkategoria/skoda-kulcshaz" "Mozilla/5.0 (Linux; Android 6.0.1; Nexus 5X Build/MMB29P) AppleWebKit/537.36 (KHTML, like Gecko) Chrome/125.0.6422.154 Mobile Safari/537.36 (compatible; Googlebot/2.1; +http://www.google.com/bot.html)"
66.249.70.160 - - [26/Jun/2024:18:00:52 +0200] "GET /themes/storefront/public/js/app.js?v=3.1.0 HTTP/1.1" 200 979893 "https://royaltuning.hu/hu/termek/hydrowax-autosampon-csomag" "Mozilla/5.0 AppleWebKit/537.36 (KHTML, like Gecko; compatible; Googlebot/2.1; +http://www.google.com/bot.html) Chrome/125.0.6422.154 Safari/537.36"
66.249.64.35 - - [26/Jun/2024:18:00:57 +0200] "GET /themes/storefront/public/js/app.js?v=3.1.0 HTTP/1.1" 200 979893 "https://www.royaltuning.hu/hu/termek/bmw-valtogomb-6sebesseges-2" "Mozilla/5.0 (Linux; Android 6.0.1; Nexus 5X Build/MMB29P) AppleWebKit/537.36 (KHTML, like Gecko) Chrome/125.0.6422.154 Mobile Safari/537.36 (compatible; Googlebot/2.1; +http://www.google.com/bot.html)"
66.249.70.160 - - [26/Jun/2024:18:00:58 +0200] "GET /termek/endoszkop-kamera-microsusb-es-usb-2m/ HTTP/1.1" 301 281 "-" "Mozilla/5.0 (Linux; Android 6.0.1; Nexus 5X Build/MMB29P) AppleWebKit/537.36 (KHTML, like Gecko) Chrome/125.0.6422.175 Mobile Safari/537.36 (compatible; Googlebot/2.1; +http://www.google.com/bot.html)"
37.191.9.189 - - [26/Jun/2024:18:00:57 +0200] "GET /hu/termek/h4-led-izzo-2db-3000k-kadmiumsarga HTTP/1.1" 200 46627 "https://royaltuning.hu/hu/termekkategoria/h4-izzok" "Mozilla/5.0 (Windows NT 10.0; Win64; x64; rv:127.0) Gecko/20100101 Firefox/127.0"
37.191.9.189 - - [26/Jun/2024:18:00:58 +0200] "GET /storage/media/h4_led_izzo_3000k_kadmiumsarga_feny-4.jpg HTTP/1.1" 200 338655 "https://royaltuning.hu/hu/termek/h4-led-izzo-2db-3000k-kadmiumsarga" "Mozilla/5.0 (Windows NT 10.0; Win64; x64; rv:127.0) Gecko/20100101 Firefox/127.0"
37.191.9.189 - - [26/Jun/2024:18:00:58 +0200] "GET /storage/media/h4_led_izzo_3000k_kadmiumsarga_feny-3.jpg HTTP/1.1" 200 166486 "https://royaltuning.hu/hu/termek/h4-led-izzo-2db-3000k-kadmiumsarga" "Mozilla/5.0 (Windows NT 10.0; Win64; x64; rv:127.0) Gecko/20100101 Firefox/127.0"
37.191.9.189 - - [26/Jun/2024:18:00:58 +0200] "GET /storage/media/h4_led_izzo_3000k_kadmiumsarga_feny-2.jpg HTTP/1.1" 200 135754 "https://royaltuning.hu/hu/termek/h4-led-izzo-2db-3000k-kadmiumsarga" "Mozilla/5.0 (Windows NT 10.0; Win64; x64; rv:127.0) Gecko/20100101 Firefox/127.0"
37.191.9.189 - - [26/Jun/2024:18:00:58 +0200] "GET /storage/media/h4_led_izzo_3000k_kadmiumsarga_feny-5.jpg HTTP/1.1" 200 331428 "https://royaltuning.hu/hu/termek/h4-led-izzo-2db-3000k-kadmiumsarga" "Mozilla/5.0 (Windows NT 10.0; Win64; x64; rv:127.0) Gecko/20100101 Firefox/127.0"
37.191.9.189 - - [26/Jun/2024:18:00:59 +0200] "GET /wp-content/uploads/2023/08/kadmiumsarga_led_szett.jpg HTTP/1.1" 200 134297 "https://royaltuning.hu/hu/termek/h4-led-izzo-2db-3000k-kadmiumsarga" "Mozilla/5.0 (Windows NT 10.0; Win64; x64; rv:127.0) Gecko/20100101 Firefox/127.0"
37.191.9.189 - - [26/Jun/2024:18:00:59 +0200] "GET /wp-content/uploads/2023/08/h4_led_izzo_3000k_kadmiumsarga_feny-2.jpg HTTP/1.1" 200 135754 "https://royaltuning.hu/hu/termek/h4-led-izzo-2db-3000k-kadmiumsarga" "Mozilla/5.0 (Windows NT 10.0; Win64; x64; rv:127.0) Gecko/20100101 Firefox/127.0"
37.191.9.189 - - [26/Jun/2024:18:00:59 +0200] "GET /wp-content/uploads/2023/08/kadmiumsarga_led_szettek-1024x768.jpg HTTP/1.1" 200 128273 "https://royaltuning.hu/hu/termek/h4-led-izzo-2db-3000k-kadmiumsarga" "Mozilla/5.0 (Windows NT 10.0; Win64; x64; rv:127.0) Gecko/20100101 Firefox/127.0"
37.191.9.189 - - [26/Jun/2024:18:00:59 +0200] "GET /wp-content/uploads/2023/08/kadmiumsarga_led_szettek-1024x768.jpg HTTP/1.1" 200 128273 "https://royaltuning.hu/hu/termek/h4-led-izzo-2db-3000k-kadmiumsarga" "Mozilla/5.0 (Windows NT 10.0; Win64; x64; rv:127.0) Gecko/20100101 Firefox/127.0"
37.191.9.189 - - [26/Jun/2024:18:00:59 +0200] "GET /wp-content/uploads/2023/08/h4_led_izzo_3000k_kadmiumsarga_feny-5.jpg HTTP/1.1" 200 331428 "https://royaltuning.hu/hu/termek/h4-led-izzo-2db-3000k-kadmiumsarga" "Mozilla/5.0 (Windows NT 10.0; Win64; x64; rv:127.0) Gecko/20100101 Firefox/127.0"
37.191.9.189 - - [26/Jun/2024:18:00:59 +0200] "GET /hu/products/209523/reviews?page=1 HTTP/1.1" 200 235 "https://royaltuning.hu/hu/termek/h4-led-izzo-2db-3000k-kadmiumsarga" "Mozilla/5.0 (Windows NT 10.0; Win64; x64; rv:127.0) Gecko/20100101 Firefox/127.0"
37.191.9.189 - - [26/Jun/2024:18:00:59 +0200] "GET /wp-content/uploads/2023/08/h4_led_izzo_3000k_kadmiumsarga_feny-5.jpg HTTP/1.1" 200 331428 "https://royaltuning.hu/hu/termek/h4-led-izzo-2db-3000k-kadmiumsarga" "Mozilla/5.0 (Windows NT 10.0; Win64; x64; rv:127.0) Gecko/20100101 Firefox/127.0"
37.191.9.189 - - [26/Jun/2024:18:00:59 +0200] "GET /wp-content/uploads/2023/08/h4_led_izzo_3000k_kadmiumsarga_feny-1.jpg HTTP/1.1" 200 201591 "https://royaltuning.hu/hu/termek/h4-led-izzo-2db-3000k-kadmiumsarga" "Mozilla/5.0 (Windows NT 10.0; Win64; x64; rv:127.0) Gecko/20100101 Firefox/127.0"
37.191.9.189 - - [26/Jun/2024:18:00:58 +0200] "GET /captcha/image?_=1551220585 HTTP/1.1" 200 4471 "https://royaltuning.hu/hu/termek/h4-led-izzo-2db-3000k-kadmiumsarga" "Mozilla/5.0 (Windows NT 10.0; Win64; x64; rv:127.0) Gecko/20100101 Firefox/127.0"
94.21.42.30 - - [26/Jun/2024:18:01:01 +0200] "GET /termek/public HTTP/1.1" 302 207 "https://www.google.com/" "Mozilla/5.0 (Windows NT 10.0; Win64; x64; rv:127.0) Gecko/20100101 Firefox/127.0"
94.21.42.30 - - [26/Jun/2024:18:01:01 +0200] "GET /hu/termek/public HTTP/1.1" 200 30955 "https://www.google.com/" "Mozilla/5.0 (Windows NT 10.0; Win64; x64; rv:127.0) Gecko/20100101 Firefox/127.0"
94.21.42.30 - - [26/Jun/2024:18:01:02 +0200] "GET /themes/storefront/public/css/app.css?v=3.1.0 HTTP/1.1" 200 72700 "https://royaltuning.hu/hu/termek/public" "Mozilla/5.0 (Windows NT 10.0; Win64; x64; rv:127.0) Gecko/20100101 Firefox/127.0"
94.21.42.30 - - [26/Jun/2024:18:01:02 +0200] "GET /vendor/cookie-consent/css/cookie-consent.css HTTP/1.1" 200 990 "https://royaltuning.hu/hu/termek/public" "Mozilla/5.0 (Windows NT 10.0; Win64; x64; rv:127.0) Gecko/20100101 Firefox/127.0"
94.21.42.30 - - [26/Jun/2024:18:01:02 +0200] "GET /vendor/cookie-consent/js/cookie-consent.js HTTP/1.1" 200 11136 "https://royaltuning.hu/hu/termek/public" "Mozilla/5.0 (Windows NT 10.0; Win64; x64; rv:127.0) Gecko/20100101 Firefox/127.0"
94.21.42.30 - - [26/Jun/2024:18:01:02 +0200] "GET /themes/storefront/public/js/app.js?v=3.1.0 HTTP/1.1" 200 979893 "https://royaltuning.hu/hu/termek/public" "Mozilla/5.0 (Windows NT 10.0; Win64; x64; rv:127.0) Gecko/20100101 Firefox/127.0"
94.21.42.30 - - [26/Jun/2024:18:01:02 +0200] "GET /storage/media/rpiKsmcVc59LwHHydMWZkR91adM4KGiqcvvmbod4.png HTTP/1.1" 200 17070 "https://royaltuning.hu/hu/termek/public" "Mozilla/5.0 (Windows NT 10.0; Win64; x64; rv:127.0) Gecko/20100101 Firefox/127.0"
94.21.42.30 - - [26/Jun/2024:18:01:02 +0200] "GET /themes/storefront/public/images/404.svg HTTP/1.1" 200 7818 "https://royaltuning.hu/hu/termek/public" "Mozilla/5.0 (Windows NT 10.0; Win64; x64; rv:127.0) Gecko/20100101 Firefox/127.0"
94.21.42.30 - - [26/Jun/2024:18:01:02 +0200] "GET /themes/storefront/public/images/arrow-black.png HTTP/1.1" 200 221 "https://royaltuning.hu/themes/storefront/public/css/app.css?v=3.1.0" "Mozilla/5.0 (Windows NT 10.0; Win64; x64; rv:127.0) Gecko/20100101 Firefox/127.0"
94.21.42.30 - - [26/Jun/2024:18:01:02 +0200] "GET /themes/storefront/public/fonts/la-regular-400.woff2 HTTP/1.1" 200 12900 "https://royaltuning.hu/themes/storefront/public/css/app.css?v=3.1.0" "Mozilla/5.0 (Windows NT 10.0; Win64; x64; rv:127.0) Gecko/20100101 Firefox/127.0"
94.21.42.30 - - [26/Jun/2024:18:01:02 +0200] "GET /themes/storefront/public/fonts/la-brands-400.woff2 HTTP/1.1" 200 84772 "https://royaltuning.hu/themes/storefront/public/css/app.css?v=3.1.0" "Mozilla/5.0 (Windows NT 10.0; Win64; x64; rv:127.0) Gecko/20100101 Firefox/127.0"
94.21.42.30 - - [26/Jun/2024:18:01:02 +0200] "GET /themes/storefront/public/fonts/la-solid-900.woff2 HTTP/1.1" 200 96752 "https://royaltuning.hu/themes/storefront/public/css/app.css?v=3.1.0" "Mozilla/5.0 (Windows NT 10.0; Win64; x64; rv:127.0) Gecko/20100101 Firefox/127.0"
