176.63.2.143 - - [26/Jun/2024:18:07:50 +0200] "GET /public/termekkategoria/valtogombok-valtoszoknyak/mini-valtogombok-valtoszoknyak?gclid=EAIaIQobChMIzcCmsNP5hgMVXti7CB0vzAPoEAEYASAAEgIisPD_BwE HTTP/1.1" 302 300 "https://googleads.g.doubleclick.net/" "Mozilla/5.0 (Windows NT 10.0; Win64; x64) AppleWebKit/537.36 (KHTML, like Gecko) Chrome/126.0.0.0 Safari/537.36"
213.180.203.54 - - [26/Jun/2024:18:07:50 +0200] "GET /robots.txt HTTP/1.1" 200 26 "-" "Mozilla/5.0 (compatible; YandexBot/3.0; +http://yandex.com/bots)"
5.255.231.91 - - [26/Jun/2024:18:07:50 +0200] "GET /termek/kormany-kapcsolo/?add-to-cart=7863 HTTP/1.1" 301 278 "-" "Mozilla/5.0 (compatible; YandexBot/3.0; +http://yandex.com/bots)"
81.182.12.110 - - [26/Jun/2024:18:07:50 +0200] "GET /termek/dacia-kulcshaz-2-gombos HTTP/1.1" 302 220 "https://www.google.hu/" "Mozilla/5.0 (Windows NT 10.0; Win64; x64) AppleWebKit/537.36 (KHTML, like Gecko) Chrome/126.0.0.0 Safari/537.36"
87.250.224.235 - - [26/Jun/2024:18:07:51 +0200] "GET /public/termek/kormany-kapcsolo?add-to-cart=7863 HTTP/1.1" 302 238 "-" "Mozilla/5.0 (compatible; YandexBot/3.0; +http://yandex.com/bots)"
176.63.2.143 - - [26/Jun/2024:18:07:50 +0200] "GET /public/hu/termekkategoria/valtogombok-valtoszoknyak/mini-valtogombok-valtoszoknyak?gclid=EAIaIQobChMIzcCmsNP5hgMVXti7CB0vzAPoEAEYASAAEgIisPD_BwE HTTP/1.1" 200 43001 "https://googleads.g.doubleclick.net/" "Mozilla/5.0 (Windows NT 10.0; Win64; x64) AppleWebKit/537.36 (KHTML, like Gecko) Chrome/126.0.0.0 Safari/537.36"
17.246.19.247 - - [26/Jun/2024:18:07:51 +0200] "GET /public/hu/products/33271/reviews?page=1 HTTP/1.1" 200 236 "https://royaltuning.hu/public/hu/termek/volkswagen-transporter-t6-valtogomb-es-valtoszoknya-6sebesseges" "Mozilla/5.0 (Macintosh; Intel Mac OS X 10_15_7) AppleWebKit/605.1.15 (KHTML, like Gecko) Version/17.4 Safari/605.1.15 (Applebot/0.1; +http://www.apple.com/go/applebot)"
81.182.12.110 - - [26/Jun/2024:18:07:50 +0200] "GET /hu/termek/dacia-kulcshaz-2-gombos HTTP/1.1" 200 44388 "https://www.google.hu/" "Mozilla/5.0 (Windows NT 10.0; Win64; x64) AppleWebKit/537.36 (KHTML, like Gecko) Chrome/126.0.0.0 Safari/537.36"
81.182.12.110 - - [26/Jun/2024:18:07:52 +0200] "GET /vendor/cookie-consent/css/cookie-consent.css HTTP/1.1" 200 990 "https://royaltuning.hu/hu/termek/dacia-kulcshaz-2-gombos" "Mozilla/5.0 (Windows NT 10.0; Win64; x64) AppleWebKit/537.36 (KHTML, like Gecko) Chrome/126.0.0.0 Safari/537.36"
81.182.12.110 - - [26/Jun/2024:18:07:52 +0200] "GET /themes/storefront/public/css/app.css?v=3.1.0 HTTP/1.1" 200 72700 "https://royaltuning.hu/hu/termek/dacia-kulcshaz-2-gombos" "Mozilla/5.0 (Windows NT 10.0; Win64; x64) AppleWebKit/537.36 (KHTML, like Gecko) Chrome/126.0.0.0 Safari/537.36"
81.182.12.110 - - [26/Jun/2024:18:07:52 +0200] "GET /storage/media/dacia_kulcs_va6.jpg HTTP/1.1" 200 211060 "https://royaltuning.hu/hu/termek/dacia-kulcshaz-2-gombos" "Mozilla/5.0 (Windows NT 10.0; Win64; x64) AppleWebKit/537.36 (KHTML, like Gecko) Chrome/126.0.0.0 Safari/537.36"
81.182.12.110 - - [26/Jun/2024:18:07:52 +0200] "GET /storage/media/dacia_kulcshaz_2gombos-4.jpg HTTP/1.1" 200 36753 "https://royaltuning.hu/hu/termek/dacia-kulcshaz-2-gombos" "Mozilla/5.0 (Windows NT 10.0; Win64; x64) AppleWebKit/537.36 (KHTML, like Gecko) Chrome/126.0.0.0 Safari/537.36"
81.182.12.110 - - [26/Jun/2024:18:07:52 +0200] "GET /storage/media/dacia_kulcshaz_2gombos-3.jpg HTTP/1.1" 200 38942 "https://royaltuning.hu/hu/termek/dacia-kulcshaz-2-gombos" "Mozilla/5.0 (Windows NT 10.0; Win64; x64) AppleWebKit/537.36 (KHTML, like Gecko) Chrome/126.0.0.0 Safari/537.36"
81.182.12.110 - - [26/Jun/2024:18:07:52 +0200] "GET /vendor/cookie-consent/js/cookie-consent.js HTTP/1.1" 200 11136 "https://royaltuning.hu/hu/termek/dacia-kulcshaz-2-gombos" "Mozilla/5.0 (Windows NT 10.0; Win64; x64) AppleWebKit/537.36 (KHTML, like Gecko) Chrome/126.0.0.0 Safari/537.36"
81.182.12.110 - - [26/Jun/2024:18:07:52 +0200] "GET /themes/storefront/public/js/flatpickr.js?v=3.1.0 HTTP/1.1" 200 65517 "https://royaltuning.hu/hu/termek/dacia-kulcshaz-2-gombos" "Mozilla/5.0 (Windows NT 10.0; Win64; x64) AppleWebKit/537.36 (KHTML, like Gecko) Chrome/126.0.0.0 Safari/537.36"
81.182.12.110 - - [26/Jun/2024:18:07:52 +0200] "GET /storage/media/dacia_kulcshaz_3gombos-4.jpg HTTP/1.1" 200 46913 "https://royaltuning.hu/hu/termek/dacia-kulcshaz-2-gombos" "Mozilla/5.0 (Windows NT 10.0; Win64; x64) AppleWebKit/537.36 (KHTML, like Gecko) Chrome/126.0.0.0 Safari/537.36"
81.182.12.110 - - [26/Jun/2024:18:07:52 +0200] "GET /storage/media/c0t7luzASFx7EVSpbCjKOjfFo89DRMqzfBVMmmvt.png HTTP/1.1" 200 18256 "https://royaltuning.hu/hu/termek/dacia-kulcshaz-2-gombos" "Mozilla/5.0 (Windows NT 10.0; Win64; x64) AppleWebKit/537.36 (KHTML, like Gecko) Chrome/126.0.0.0 Safari/537.36"
81.182.12.110 - - [26/Jun/2024:18:07:52 +0200] "GET /themes/storefront/public/images/arrow-black.png HTTP/1.1" 200 221 "https://royaltuning.hu/themes/storefront/public/css/app.css?v=3.1.0" "Mozilla/5.0 (Windows NT 10.0; Win64; x64) AppleWebKit/537.36 (KHTML, like Gecko) Chrome/126.0.0.0 Safari/537.36"
81.182.12.110 - - [26/Jun/2024:18:07:52 +0200] "GET /themes/storefront/public/fonts/la-solid-900.woff2 HTTP/1.1" 200 96652 "https://royaltuning.hu/themes/storefront/public/css/app.css?v=3.1.0" "Mozilla/5.0 (Windows NT 10.0; Win64; x64) AppleWebKit/537.36 (KHTML, like Gecko) Chrome/126.0.0.0 Safari/537.36"
81.182.12.110 - - [26/Jun/2024:18:07:52 +0200] "GET /themes/storefront/public/fonts/la-regular-400.woff2 HTTP/1.1" 200 12923 "https://royaltuning.hu/themes/storefront/public/css/app.css?v=3.1.0" "Mozilla/5.0 (Windows NT 10.0; Win64; x64) AppleWebKit/537.36 (KHTML, like Gecko) Chrome/126.0.0.0 Safari/537.36"
81.182.12.110 - - [26/Jun/2024:18:07:52 +0200] "GET /themes/storefront/public/js/app.js?v=3.1.0 HTTP/1.1" 200 979893 "https://royaltuning.hu/hu/termek/dacia-kulcshaz-2-gombos" "Mozilla/5.0 (Windows NT 10.0; Win64; x64) AppleWebKit/537.36 (KHTML, like Gecko) Chrome/126.0.0.0 Safari/537.36"
81.182.12.110 - - [26/Jun/2024:18:07:52 +0200] "GET /themes/storefront/public/fonts/la-brands-400.woff2 HTTP/1.1" 200 84805 "https://royaltuning.hu/themes/storefront/public/css/app.css?v=3.1.0" "Mozilla/5.0 (Windows NT 10.0; Win64; x64) AppleWebKit/537.36 (KHTML, like Gecko) Chrome/126.0.0.0 Safari/537.36"
176.63.2.143 - - [26/Jun/2024:18:07:52 +0200] "GET /public/hu/shop?query=&brand=&category=mini-valtogombok-valtoszoknyak&tag=&fromPrice=0&toPrice=114990&sort=alphabetic&perPage=30&page=1 HTTP/1.1" 200 1284 "https://royaltuning.hu/public/hu/termekkategoria/valtogombok-valtoszoknyak/mini-valtogombok-valtoszoknyak?gclid=EAIaIQobChMIzcCmsNP5hgMVXti7CB0vzAPoEAEYASAAEgIisPD_BwE" "Mozilla/5.0 (Windows NT 10.0; Win64; x64) AppleWebKit/537.36 (KHTML, like Gecko) Chrome/126.0.0.0 Safari/537.36"
81.182.12.110 - - [26/Jun/2024:18:07:52 +0200] "GET /wp-content/uploads/2021/11/dacia_kulcshaz_2gombos-2.jpg HTTP/1.1" 200 39524 "https://royaltuning.hu/hu/termek/dacia-kulcshaz-2-gombos" "Mozilla/5.0 (Windows NT 10.0; Win64; x64) AppleWebKit/537.36 (KHTML, like Gecko) Chrome/126.0.0.0 Safari/537.36"
81.182.12.110 - - [26/Jun/2024:18:07:52 +0200] "GET /hu/products/4609/reviews?page=1 HTTP/1.1" 200 233 "https://royaltuning.hu/hu/termek/dacia-kulcshaz-2-gombos" "Mozilla/5.0 (Windows NT 10.0; Win64; x64) AppleWebKit/537.36 (KHTML, like Gecko) Chrome/126.0.0.0 Safari/537.36"
81.182.12.110 - - [26/Jun/2024:18:07:52 +0200] "GET /themes/storefront/public/css/ajax-loader.gif HTTP/1.1" 200 4178 "https://royaltuning.hu/themes/storefront/public/css/app.css?v=3.1.0" "Mozilla/5.0 (Windows NT 10.0; Win64; x64) AppleWebKit/537.36 (KHTML, like Gecko) Chrome/126.0.0.0 Safari/537.36"
213.180.203.83 - - [26/Jun/2024:18:07:51 +0200] "GET /public/hu/termek/kormany-kapcsolo?add-to-cart=7863 HTTP/1.1" 200 43627 "-" "Mozilla/5.0 (compatible; YandexBot/3.0; +http://yandex.com/bots)"
81.182.12.110 - - [26/Jun/2024:18:07:52 +0200] "GET /captcha/image?_=292476121 HTTP/1.1" 200 4117 "https://royaltuning.hu/hu/termek/dacia-kulcshaz-2-gombos" "Mozilla/5.0 (Windows NT 10.0; Win64; x64) AppleWebKit/537.36 (KHTML, like Gecko) Chrome/126.0.0.0 Safari/537.36"
66.249.70.160 - - [26/Jun/2024:18:07:55 +0200] "GET /wp-content/uploads/2023/07/renault_valtogomb_megane_laguna_borozott-1-500x500.jpg HTTP/1.1" 200 25131 "-" "Googlebot-Image/1.0"
66.249.70.160 - - [26/Jun/2024:18:07:55 +0200] "GET /termek/toyota-kulcshaz-javito-szett HTTP/1.1" 302 225 "-" "Mozilla/5.0 (Linux; Android 6.0.1; Nexus 5X Build/MMB29P) AppleWebKit/537.36 (KHTML, like Gecko) Chrome/125.0.6422.175 Mobile Safari/537.36 (compatible; Googlebot/2.1; +http://www.google.com/bot.html)"
66.249.70.160 - - [26/Jun/2024:18:07:55 +0200] "GET /hu/termek/toyota-kulcshaz-javito-szett HTTP/1.1" 200 43077 "-" "Mozilla/5.0 (Linux; Android 6.0.1; Nexus 5X Build/MMB29P) AppleWebKit/537.36 (KHTML, like Gecko) Chrome/125.0.6422.175 Mobile Safari/537.36 (compatible; Googlebot/2.1; +http://www.google.com/bot.html)"
66.249.70.160 - - [26/Jun/2024:18:07:57 +0200] "GET /hu/products/95650/reviews?page=1 HTTP/1.1" 200 233 "https://royaltuning.hu/hu/termek/kulso-autoapolo-alap-csomag" "Mozilla/5.0 (Linux; Android 6.0.1; Nexus 5X Build/MMB29P) AppleWebKit/537.36 (KHTML, like Gecko) Chrome/125.0.6422.154 Mobile Safari/537.36 (compatible; Googlebot/2.1; +http://www.google.com/bot.html)"
31.13.103.112 - - [26/Jun/2024:18:07:58 +0200] "GET /termekkategoria/kulcshazak HTTP/1.1" 302 454 "-" "facebookexternalhit/1.1 (+http://www.facebook.com/externalhit_uatext.php)"
66.249.70.160 - - [26/Jun/2024:18:07:59 +0200] "GET /wp-content/uploads/2020/07/motor_index_ledes-500x500.jpg HTTP/1.1" 200 32985 "-" "Googlebot-Image/1.0"
31.13.103.113 - - [26/Jun/2024:18:07:58 +0200] "GET /hu/termekkategoria/kulcshazak HTTP/1.1" 200 341174 "-" "facebookexternalhit/1.1 (+http://www.facebook.com/externalhit_uatext.php)"
66.249.70.162 - - [26/Jun/2024:18:08:03 +0200] "GET /wp-content/uploads/2020/06/citroen_bicskakulcs_3gombos-3-6-500x500.jpg HTTP/1.1" 200 19658 "-" "Googlebot-Image/1.0"
66.249.64.226 - - [26/Jun/2024:18:08:04 +0200] "GET /termekkategoria/motorapolasi-termekek HTTP/1.1" 302 226 "-" "Mozilla/5.0 (Linux; Android 6.0.1; Nexus 5X Build/MMB29P) AppleWebKit/537.36 (KHTML, like Gecko) Chrome/125.0.6422.175 Mobile Safari/537.36 (compatible; Googlebot/2.1; +http://www.google.com/bot.html)"
84.225.147.217 - - [26/Jun/2024:18:08:03 +0200] "GET /hu/termekkategoria/szofita-c5w-izzok HTTP/1.1" 200 42201 "https://royaltuning.hu/hu?gad_source=1&gclid=CjwKCAjw-O6zBhASEiwAOHeGxVqE-mRE8a7e90DaapyZE1dKVjXVEBKFdYyzLJ_pJUVtW98ZtMxMDRoCCv0QAvD_BwE" "Mozilla/5.0 (Linux; Android 10; K) AppleWebKit/537.36 (KHTML, like Gecko) Chrome/126.0.0.0 Mobile Safari/537.36"
84.225.147.217 - - [26/Jun/2024:18:08:05 +0200] "GET /hu/shop?query=&brand=&category=szofita-c5w-izzok&tag=&fromPrice=0&toPrice=114990&sort=alphabetic&perPage=30&page=1 HTTP/1.1" 200 2152 "https://royaltuning.hu/hu/termekkategoria/szofita-c5w-izzok" "Mozilla/5.0 (Linux; Android 10; K) AppleWebKit/537.36 (KHTML, like Gecko) Chrome/126.0.0.0 Mobile Safari/537.36"
84.225.147.217 - - [26/Jun/2024:18:08:05 +0200] "GET /storage/media/szofita_led_izzo_31mm-1.jpg HTTP/1.1" 200 64992 "https://royaltuning.hu/hu/termekkategoria/szofita-c5w-izzok" "Mozilla/5.0 (Linux; Android 10; K) AppleWebKit/537.36 (KHTML, like Gecko) Chrome/126.0.0.0 Mobile Safari/537.36"
84.225.147.217 - - [26/Jun/2024:18:08:05 +0200] "GET /storage/media/szofita_led_31mm.jpg HTTP/1.1" 200 113456 "https://royaltuning.hu/hu/termekkategoria/szofita-c5w-izzok" "Mozilla/5.0 (Linux; Android 10; K) AppleWebKit/537.36 (KHTML, like Gecko) Chrome/126.0.0.0 Mobile Safari/537.36"
84.225.147.217 - - [26/Jun/2024:18:08:05 +0200] "GET /storage/media/szofita_led_izzo_36mm.jpg HTTP/1.1" 200 258916 "https://royaltuning.hu/hu/termekkategoria/szofita-c5w-izzok" "Mozilla/5.0 (Linux; Android 10; K) AppleWebKit/537.36 (KHTML, like Gecko) Chrome/126.0.0.0 Mobile Safari/537.36"
84.225.147.217 - - [26/Jun/2024:18:08:05 +0200] "GET /storage/media/szofita_led_izzo_canbus-3.jpg HTTP/1.1" 200 68807 "https://royaltuning.hu/hu/termekkategoria/szofita-c5w-izzok" "Mozilla/5.0 (Linux; Android 10; K) AppleWebKit/537.36 (KHTML, like Gecko) Chrome/126.0.0.0 Mobile Safari/537.36"
84.225.147.217 - - [26/Jun/2024:18:08:05 +0200] "GET /storage/media/szofita_led_36mm.jpg HTTP/1.1" 200 114236 "https://royaltuning.hu/hu/termekkategoria/szofita-c5w-izzok" "Mozilla/5.0 (Linux; Android 10; K) AppleWebKit/537.36 (KHTML, like Gecko) Chrome/126.0.0.0 Mobile Safari/537.36"
84.225.147.217 - - [26/Jun/2024:18:08:05 +0200] "GET /storage/media/szofita_led_piros_fenyu.jpg HTTP/1.1" 200 262617 "https://royaltuning.hu/hu/termekkategoria/szofita-c5w-izzok" "Mozilla/5.0 (Linux; Android 10; K) AppleWebKit/537.36 (KHTML, like Gecko) Chrome/126.0.0.0 Mobile Safari/537.36"
84.225.147.217 - - [26/Jun/2024:18:08:05 +0200] "GET /storage/media/szofita_led_izzo_31mm.jpg HTTP/1.1" 200 257028 "https://royaltuning.hu/hu/termekkategoria/szofita-c5w-izzok" "Mozilla/5.0 (Linux; Android 10; K) AppleWebKit/537.36 (KHTML, like Gecko) Chrome/126.0.0.0 Mobile Safari/537.36"
84.225.147.217 - - [26/Jun/2024:18:08:05 +0200] "GET /storage/media/szofita_led_izzo_canbus-1.jpg HTTP/1.1" 200 68528 "https://royaltuning.hu/hu/termekkategoria/szofita-c5w-izzok" "Mozilla/5.0 (Linux; Android 10; K) AppleWebKit/537.36 (KHTML, like Gecko) Chrome/126.0.0.0 Mobile Safari/537.36"
84.225.147.217 - - [26/Jun/2024:18:08:05 +0200] "GET /storage/media/szofita_led_kek.jpg HTTP/1.1" 200 261472 "https://royaltuning.hu/hu/termekkategoria/szofita-c5w-izzok" "Mozilla/5.0 (Linux; Android 10; K) AppleWebKit/537.36 (KHTML, like Gecko) Chrome/126.0.0.0 Mobile Safari/537.36"
84.225.147.217 - - [26/Jun/2024:18:08:06 +0200] "GET /storage/media/szofita_led_39mm.jpg HTTP/1.1" 200 114037 "https://royaltuning.hu/hu/termekkategoria/szofita-c5w-izzok" "Mozilla/5.0 (Linux; Android 10; K) AppleWebKit/537.36 (KHTML, like Gecko) Chrome/126.0.0.0 Mobile Safari/537.36"
84.225.147.217 - - [26/Jun/2024:18:08:06 +0200] "GET /storage/media/szofita_led_izzo_39mm.jpg HTTP/1.1" 200 241377 "https://royaltuning.hu/hu/termekkategoria/szofita-c5w-izzok" "Mozilla/5.0 (Linux; Android 10; K) AppleWebKit/537.36 (KHTML, like Gecko) Chrome/126.0.0.0 Mobile Safari/537.36"
84.225.147.217 - - [26/Jun/2024:18:08:06 +0200] "GET /storage/media/lxSzrp8fEpv0bsadmfcKlCxOxYNPRwuAX6fGsm21.jpg HTTP/1.1" 200 262605 "https://royaltuning.hu/hu/termekkategoria/szofita-c5w-izzok" "Mozilla/5.0 (Linux; Android 10; K) AppleWebKit/537.36 (KHTML, like Gecko) Chrome/126.0.0.0 Mobile Safari/537.36"
84.225.147.217 - - [26/Jun/2024:18:08:06 +0200] "GET /storage/media/szofita_led_izzo_piros_.jpg HTTP/1.1" 200 262662 "https://royaltuning.hu/hu/termekkategoria/szofita-c5w-izzok" "Mozilla/5.0 (Linux; Android 10; K) AppleWebKit/537.36 (KHTML, like Gecko) Chrome/126.0.0.0 Mobile Safari/537.36"
84.225.147.217 - - [26/Jun/2024:18:08:06 +0200] "GET /storage/media/szofita_led_41mm.jpg HTTP/1.1" 200 113423 "https://royaltuning.hu/hu/termekkategoria/szofita-c5w-izzok" "Mozilla/5.0 (Linux; Android 10; K) AppleWebKit/537.36 (KHTML, like Gecko) Chrome/126.0.0.0 Mobile Safari/537.36"
84.225.147.217 - - [26/Jun/2024:18:08:06 +0200] "GET /storage/media/szofita_led_izzo_canbus-2.jpg HTTP/1.1" 200 71835 "https://royaltuning.hu/hu/termekkategoria/szofita-c5w-izzok" "Mozilla/5.0 (Linux; Android 10; K) AppleWebKit/537.36 (KHTML, like Gecko) Chrome/126.0.0.0 Mobile Safari/537.36"
84.225.147.217 - - [26/Jun/2024:18:08:06 +0200] "GET /storage/media/szofita_led_izzo_41mm.jpg HTTP/1.1" 200 256232 "https://royaltuning.hu/hu/termekkategoria/szofita-c5w-izzok" "Mozilla/5.0 (Linux; Android 10; K) AppleWebKit/537.36 (KHTML, like Gecko) Chrome/126.0.0.0 Mobile Safari/537.36"
84.225.147.217 - - [26/Jun/2024:18:08:06 +0200] "GET /storage/media/szofita_led_izzo_42mm.jpg HTTP/1.1" 200 78591 "https://royaltuning.hu/hu/termekkategoria/szofita-c5w-izzok" "Mozilla/5.0 (Linux; Android 10; K) AppleWebKit/537.36 (KHTML, like Gecko) Chrome/126.0.0.0 Mobile Safari/537.36"
66.249.64.228 - - [26/Jun/2024:18:08:06 +0200] "GET /captcha/image?_=1133508963?_= HTTP/1.1" 200 5339 "-" "Mozilla/5.0 (Linux; Android 6.0.1; Nexus 5X Build/MMB29P) AppleWebKit/537.36 (KHTML, like Gecko) Chrome/125.0.6422.175 Mobile Safari/537.36 (compatible; Googlebot/2.1; +http://www.google.com/bot.html)"
66.249.70.160 - - [26/Jun/2024:18:08:08 +0200] "GET /wp-content/uploads/2021/04/honda_valtogomb_5sebesseges-1.jpg HTTP/1.1" 200 28294 "-" "Googlebot-Image/1.0"
66.249.64.228 - - [26/Jun/2024:18:08:07 +0200] "GET /hu/termekkategoria/motorapolasi-termekek HTTP/1.1" 200 40912 "-" "Mozilla/5.0 (Linux; Android 6.0.1; Nexus 5X Build/MMB29P) AppleWebKit/537.36 (KHTML, like Gecko) Chrome/125.0.6422.175 Mobile Safari/537.36 (compatible; Googlebot/2.1; +http://www.google.com/bot.html)"
89.132.67.59 - - [26/Jun/2024:18:08:08 +0200] "GET /hu/termek/applikator-szivacs-gumihoz?fbclid=IwZXh0bgNhZW0BMAABHUj8yQ2oSRL_GIy7sXbmNxsxj141TPmG26B6ggweUfgRKmoPdnNpPT-34Q_aem_P7QDUTkTG6F23l2XJzLr9A&utm_medium=paid&utm_source=fb&utm_id=120209627535350098&utm_content=120209627535340098&utm_term=120209627535360098&utm_campaign=120209627535350098 HTTP/1.1" 200 42429 "http://m.facebook.com" "Mozilla/5.0 (iPhone; CPU iPhone OS 17_5_1 like Mac OS X) AppleWebKit/605.1.15 (KHTML, like Gecko) Mobile/21F90 [FBAN/FBIOS;FBAV/469.0.0.36.102;FBBV/612967364;FBDV/iPhone13,4;FBMD/iPhone;FBSN/iOS;FBSV/17.5.1;FBSS/3;FBID/phone;FBLC/hu_HU;FBOP/5;FBRV/615131758;IABMV/1]"
66.249.64.7 - - [26/Jun/2024:18:08:09 +0200] "GET /captcha/image?_=1797335902?_= HTTP/1.1" 200 5028 "-" "Mozilla/5.0 (Linux; Android 6.0.1; Nexus 5X Build/MMB29P) AppleWebKit/537.36 (KHTML, like Gecko) Chrome/125.0.6422.175 Mobile Safari/537.36 (compatible; Googlebot/2.1; +http://www.google.com/bot.html)"
66.249.70.160 - - [26/Jun/2024:18:08:12 +0200] "GET /wp-content/uploads/2021/04/ford_valtoszoknya-2-500x500.jpg HTTP/1.1" 200 15640 "-" "Googlebot-Image/1.0"
66.249.70.160 - - [26/Jun/2024:18:08:20 +0200] "GET /termek/kerekapolo-csomag HTTP/1.1" 302 215 "-" "Mozilla/5.0 (Linux; Android 6.0.1; Nexus 5X Build/MMB29P) AppleWebKit/537.36 (KHTML, like Gecko) Chrome/125.0.6422.175 Mobile Safari/537.36 (compatible; Googlebot/2.1; +http://www.google.com/bot.html)"
66.249.70.160 - - [26/Jun/2024:18:08:20 +0200] "GET /termek/kerekapolo-csomag HTTP/1.1" 302 215 "-" "Mozilla/5.0 (Linux; Android 6.0.1; Nexus 5X Build/MMB29P) AppleWebKit/537.36 (KHTML, like Gecko) Chrome/125.0.6422.175 Mobile Safari/537.36 (compatible; Googlebot/2.1; +http://www.google.com/bot.html)"
37.234.34.139 - - [26/Jun/2024:18:08:20 +0200] "GET /termekkategoria/valtogombok-valtoszoknyak/mazda/?gad_source=1&gclid=CjwKCAjw-O6zBhASEiwAOHeGxc2R1b6YV-JdXY6fKP2lNCNxKxVjqrTfTU2Z186x8MYx19B98ZUzExoC67gQAvD_BwE HTTP/1.1" 301 400 "https://www.google.com/" "Mozilla/5.0 (Linux; Android 10; K) AppleWebKit/537.36 (KHTML, like Gecko) Chrome/126.0.0.0 Mobile Safari/537.36"
37.234.34.139 - - [26/Jun/2024:18:08:21 +0200] "GET /public/termekkategoria/valtogombok-valtoszoknyak/mazda?gad_source=1&gclid=CjwKCAjw-O6zBhASEiwAOHeGxc2R1b6YV-JdXY6fKP2lNCNxKxVjqrTfTU2Z186x8MYx19B98ZUzExoC67gQAvD_BwE HTTP/1.1" 302 347 "https://www.google.com/" "Mozilla/5.0 (Linux; Android 10; K) AppleWebKit/537.36 (KHTML, like Gecko) Chrome/126.0.0.0 Mobile Safari/537.36"
66.249.70.160 - - [26/Jun/2024:18:08:21 +0200] "GET /hu/termek/kerekapolo-csomag HTTP/1.1" 200 44735 "-" "Mozilla/5.0 (Linux; Android 6.0.1; Nexus 5X Build/MMB29P) AppleWebKit/537.36 (KHTML, like Gecko) Chrome/125.0.6422.175 Mobile Safari/537.36 (compatible; Googlebot/2.1; +http://www.google.com/bot.html)"
37.234.34.139 - - [26/Jun/2024:18:08:21 +0200] "GET /public/hu/termekkategoria/valtogombok-valtoszoknyak/mazda?gad_source=1&gclid=CjwKCAjw-O6zBhASEiwAOHeGxc2R1b6YV-JdXY6fKP2lNCNxKxVjqrTfTU2Z186x8MYx19B98ZUzExoC67gQAvD_BwE HTTP/1.1" 200 43049 "https://www.google.com/" "Mozilla/5.0 (Linux; Android 10; K) AppleWebKit/537.36 (KHTML, like Gecko) Chrome/126.0.0.0 Mobile Safari/537.36"
66.249.70.160 - - [26/Jun/2024:18:08:22 +0200] "GET /wp-content/uploads/2021/11/h4_led_izzo-7.jpg HTTP/1.1" 200 170278 "-" "Googlebot-Image/1.0"
37.234.34.139 - - [26/Jun/2024:18:08:22 +0200] "GET /public/themes/storefront/public/css/app.css?v=3.1.0 HTTP/1.1" 200 72700 "https://royaltuning.hu/public/hu/termekkategoria/valtogombok-valtoszoknyak/mazda?gad_source=1&gclid=CjwKCAjw-O6zBhASEiwAOHeGxc2R1b6YV-JdXY6fKP2lNCNxKxVjqrTfTU2Z186x8MYx19B98ZUzExoC67gQAvD_BwE" "Mozilla/5.0 (Linux; Android 10; K) AppleWebKit/537.36 (KHTML, like Gecko) Chrome/126.0.0.0 Mobile Safari/537.36"
37.234.34.139 - - [26/Jun/2024:18:08:22 +0200] "GET /public/vendor/cookie-consent/css/cookie-consent.css HTTP/1.1" 200 990 "https://royaltuning.hu/public/hu/termekkategoria/valtogombok-valtoszoknyak/mazda?gad_source=1&gclid=CjwKCAjw-O6zBhASEiwAOHeGxc2R1b6YV-JdXY6fKP2lNCNxKxVjqrTfTU2Z186x8MYx19B98ZUzExoC67gQAvD_BwE" "Mozilla/5.0 (Linux; Android 10; K) AppleWebKit/537.36 (KHTML, like Gecko) Chrome/126.0.0.0 Mobile Safari/537.36"
37.234.34.139 - - [26/Jun/2024:18:08:22 +0200] "GET /storage/media/rpiKsmcVc59LwHHydMWZkR91adM4KGiqcvvmbod4.png HTTP/1.1" 200 17070 "https://royaltuning.hu/public/hu/termekkategoria/valtogombok-valtoszoknyak/mazda?gad_source=1&gclid=CjwKCAjw-O6zBhASEiwAOHeGxc2R1b6YV-JdXY6fKP2lNCNxKxVjqrTfTU2Z186x8MYx19B98ZUzExoC67gQAvD_BwE" "Mozilla/5.0 (Linux; Android 10; K) AppleWebKit/537.36 (KHTML, like Gecko) Chrome/126.0.0.0 Mobile Safari/537.36"
37.234.34.139 - - [26/Jun/2024:18:08:23 +0200] "GET /public/vendor/cookie-consent/js/cookie-consent.js HTTP/1.1" 200 11136 "https://royaltuning.hu/public/hu/termekkategoria/valtogombok-valtoszoknyak/mazda?gad_source=1&gclid=CjwKCAjw-O6zBhASEiwAOHeGxc2R1b6YV-JdXY6fKP2lNCNxKxVjqrTfTU2Z186x8MYx19B98ZUzExoC67gQAvD_BwE" "Mozilla/5.0 (Linux; Android 10; K) AppleWebKit/537.36 (KHTML, like Gecko) Chrome/126.0.0.0 Mobile Safari/537.36"
37.234.34.139 - - [26/Jun/2024:18:08:23 +0200] "GET /storage/media/LR8IfEu8TFdtixq0lkK2SomaSuyRv02mO7hPPjoL.jpg HTTP/1.1" 200 86609 "https://royaltuning.hu/public/hu/termekkategoria/valtogombok-valtoszoknyak/mazda?gad_source=1&gclid=CjwKCAjw-O6zBhASEiwAOHeGxc2R1b6YV-JdXY6fKP2lNCNxKxVjqrTfTU2Z186x8MYx19B98ZUzExoC67gQAvD_BwE" "Mozilla/5.0 (Linux; Android 10; K) AppleWebKit/537.36 (KHTML, like Gecko) Chrome/126.0.0.0 Mobile Safari/537.36"
37.234.34.139 - - [26/Jun/2024:18:08:23 +0200] "GET /public/themes/storefront/public/fonts/la-solid-900.woff2 HTTP/1.1" 200 96652 "https://royaltuning.hu/public/themes/storefront/public/css/app.css?v=3.1.0" "Mozilla/5.0 (Linux; Android 10; K) AppleWebKit/537.36 (KHTML, like Gecko) Chrome/126.0.0.0 Mobile Safari/537.36"
37.234.34.139 - - [26/Jun/2024:18:08:23 +0200] "GET /public/themes/storefront/public/fonts/la-brands-400.woff2 HTTP/1.1" 200 84805 "https://royaltuning.hu/public/themes/storefront/public/css/app.css?v=3.1.0" "Mozilla/5.0 (Linux; Android 10; K) AppleWebKit/537.36 (KHTML, like Gecko) Chrome/126.0.0.0 Mobile Safari/537.36"
37.234.34.139 - - [26/Jun/2024:18:08:23 +0200] "GET /public/themes/storefront/public/images/arrow-black.png HTTP/1.1" 200 221 "https://royaltuning.hu/public/themes/storefront/public/css/app.css?v=3.1.0" "Mozilla/5.0 (Linux; Android 10; K) AppleWebKit/537.36 (KHTML, like Gecko) Chrome/126.0.0.0 Mobile Safari/537.36"
37.234.34.139 - - [26/Jun/2024:18:08:23 +0200] "GET /public/themes/storefront/public/js/app.js?v=3.1.0 HTTP/1.1" 200 979893 "https://royaltuning.hu/public/hu/termekkategoria/valtogombok-valtoszoknyak/mazda?gad_source=1&gclid=CjwKCAjw-O6zBhASEiwAOHeGxc2R1b6YV-JdXY6fKP2lNCNxKxVjqrTfTU2Z186x8MYx19B98ZUzExoC67gQAvD_BwE" "Mozilla/5.0 (Linux; Android 10; K) AppleWebKit/537.36 (KHTML, like Gecko) Chrome/126.0.0.0 Mobile Safari/537.36"
124.243.132.118 - - [26/Jun/2024:18:08:24 +0200] "GET /termek/pro-grip-tankpad/?add-to-cart=4486 HTTP/1.1" 301 278 "-" "Mozilla/5.0 (Windows NT 10.0; Win64; x64) AppleWebKit/537.36 (KHTML, like Gecko) Chrome/101.0.4951.64 Safari/537.36 Edg/101.0.1210.47"
37.234.34.139 - - [26/Jun/2024:18:08:24 +0200] "GET /storage/media/QnwWLqTYXYZBt0pnYYPSgh13vMZ3Tq8bqmOE5u0D.webp HTTP/1.1" 200 43302 "https://royaltuning.hu/public/hu/termekkategoria/valtogombok-valtoszoknyak/mazda?gad_source=1&gclid=CjwKCAjw-O6zBhASEiwAOHeGxc2R1b6YV-JdXY6fKP2lNCNxKxVjqrTfTU2Z186x8MYx19B98ZUzExoC67gQAvD_BwE" "Mozilla/5.0 (Linux; Android 10; K) AppleWebKit/537.36 (KHTML, like Gecko) Chrome/126.0.0.0 Mobile Safari/537.36"
37.234.34.139 - - [26/Jun/2024:18:08:24 +0200] "GET /storage/media/paGdgnfacATylUWhvUeUZGv1GIKiGXmdYwZR20nd.jpg HTTP/1.1" 200 34330 "https://royaltuning.hu/public/hu/termekkategoria/valtogombok-valtoszoknyak/mazda?gad_source=1&gclid=CjwKCAjw-O6zBhASEiwAOHeGxc2R1b6YV-JdXY6fKP2lNCNxKxVjqrTfTU2Z186x8MYx19B98ZUzExoC67gQAvD_BwE" "Mozilla/5.0 (Linux; Android 10; K) AppleWebKit/537.36 (KHTML, like Gecko) Chrome/126.0.0.0 Mobile Safari/537.36"
37.234.34.139 - - [26/Jun/2024:18:08:24 +0200] "GET /storage/media/U9NkjU7v6Z3urgm3cZoyB4B52Rf1RDn0nbyFiAJw.jpg HTTP/1.1" 200 80343 "https://royaltuning.hu/public/hu/termekkategoria/valtogombok-valtoszoknyak/mazda?gad_source=1&gclid=CjwKCAjw-O6zBhASEiwAOHeGxc2R1b6YV-JdXY6fKP2lNCNxKxVjqrTfTU2Z186x8MYx19B98ZUzExoC67gQAvD_BwE" "Mozilla/5.0 (Linux; Android 10; K) AppleWebKit/537.36 (KHTML, like Gecko) Chrome/126.0.0.0 Mobile Safari/537.36"
37.234.34.139 - - [26/Jun/2024:18:08:24 +0200] "GET /public/hu/shop?query=&brand=&category=mazda&tag=&fromPrice=0&toPrice=114990&sort=alphabetic&perPage=30&page=1 HTTP/1.1" 200 2192 "https://royaltuning.hu/public/hu/termekkategoria/valtogombok-valtoszoknyak/mazda?gad_source=1&gclid=CjwKCAjw-O6zBhASEiwAOHeGxc2R1b6YV-JdXY6fKP2lNCNxKxVjqrTfTU2Z186x8MYx19B98ZUzExoC67gQAvD_BwE" "Mozilla/5.0 (Linux; Android 10; K) AppleWebKit/537.36 (KHTML, like Gecko) Chrome/126.0.0.0 Mobile Safari/537.36"
66.249.70.160 - - [26/Jun/2024:18:08:23 +0200] "GET /hu/termek/kerekapolo-csomag HTTP/1.1" 200 44740 "-" "Mozilla/5.0 (Linux; Android 6.0.1; Nexus 5X Build/MMB29P) AppleWebKit/537.36 (KHTML, like Gecko) Chrome/125.0.6422.175 Mobile Safari/537.36 (compatible; Googlebot/2.1; +http://www.google.com/bot.html)"
37.234.34.139 - - [26/Jun/2024:18:08:24 +0200] "GET /storage/media/lexus_valtogomb-1.jpg HTTP/1.1" 200 14748 "https://royaltuning.hu/public/hu/termekkategoria/valtogombok-valtoszoknyak/mazda?gad_source=1&gclid=CjwKCAjw-O6zBhASEiwAOHeGxc2R1b6YV-JdXY6fKP2lNCNxKxVjqrTfTU2Z186x8MYx19B98ZUzExoC67gQAvD_BwE" "Mozilla/5.0 (Linux; Android 10; K) AppleWebKit/537.36 (KHTML, like Gecko) Chrome/126.0.0.0 Mobile Safari/537.36"
37.234.34.139 - - [26/Jun/2024:18:08:24 +0200] "GET /storage/media/mazda_3_valtoszoknya-1.jpg HTTP/1.1" 200 5872 "https://royaltuning.hu/public/hu/termekkategoria/valtogombok-valtoszoknyak/mazda?gad_source=1&gclid=CjwKCAjw-O6zBhASEiwAOHeGxc2R1b6YV-JdXY6fKP2lNCNxKxVjqrTfTU2Z186x8MYx19B98ZUzExoC67gQAvD_BwE" "Mozilla/5.0 (Linux; Android 10; K) AppleWebKit/537.36 (KHTML, like Gecko) Chrome/126.0.0.0 Mobile Safari/537.36"
37.234.34.139 - - [26/Jun/2024:18:08:24 +0200] "GET /storage/media/mazda_3_valtogomb.jpg HTTP/1.1" 200 38212 "https://royaltuning.hu/public/hu/termekkategoria/valtogombok-valtoszoknyak/mazda?gad_source=1&gclid=CjwKCAjw-O6zBhASEiwAOHeGxc2R1b6YV-JdXY6fKP2lNCNxKxVjqrTfTU2Z186x8MYx19B98ZUzExoC67gQAvD_BwE" "Mozilla/5.0 (Linux; Android 10; K) AppleWebKit/537.36 (KHTML, like Gecko) Chrome/126.0.0.0 Mobile Safari/537.36"
37.234.34.139 - - [26/Jun/2024:18:08:24 +0200] "GET /storage/media/mazda_6_valtogomb.jpg HTTP/1.1" 200 13288 "https://royaltuning.hu/public/hu/termekkategoria/valtogombok-valtoszoknyak/mazda?gad_source=1&gclid=CjwKCAjw-O6zBhASEiwAOHeGxc2R1b6YV-JdXY6fKP2lNCNxKxVjqrTfTU2Z186x8MYx19B98ZUzExoC67gQAvD_BwE" "Mozilla/5.0 (Linux; Android 10; K) AppleWebKit/537.36 (KHTML, like Gecko) Chrome/126.0.0.0 Mobile Safari/537.36"
17.22.245.122 - - [26/Jun/2024:18:08:25 +0200] "GET /hu/shop?query=&brand=&category=mikrokapcsolok&tag=&fromPrice=0&toPrice=114990&sort=alphabetic&perPage=30&page=1 HTTP/1.1" 200 1150 "https://www.royaltuning.hu/hu/termekkategoria/mikrokapcsolok" "Mozilla/5.0 (Macintosh; Intel Mac OS X 10_15_7) AppleWebKit/605.1.15 (KHTML, like Gecko) Version/17.4 Safari/605.1.15 (Applebot/0.1; +http://www.apple.com/go/applebot)"
37.234.34.139 - - [26/Jun/2024:18:08:25 +0200] "GET /storage/media/mazda_6_valtoszoknya.jpg HTTP/1.1" 200 14199 "https://royaltuning.hu/public/hu/termekkategoria/valtogombok-valtoszoknyak/mazda?gad_source=1&gclid=CjwKCAjw-O6zBhASEiwAOHeGxc2R1b6YV-JdXY6fKP2lNCNxKxVjqrTfTU2Z186x8MYx19B98ZUzExoC67gQAvD_BwE" "Mozilla/5.0 (Linux; Android 10; K) AppleWebKit/537.36 (KHTML, like Gecko) Chrome/126.0.0.0 Mobile Safari/537.36"
37.234.34.139 - - [26/Jun/2024:18:08:25 +0200] "GET /storage/media/7dgiWR5f7R8bGXDB5trjx0zo6c4Xaygju78OhKmO.jpg HTTP/1.1" 200 90832 "https://royaltuning.hu/public/hu/termekkategoria/valtogombok-valtoszoknyak/mazda?gad_source=1&gclid=CjwKCAjw-O6zBhASEiwAOHeGxc2R1b6YV-JdXY6fKP2lNCNxKxVjqrTfTU2Z186x8MYx19B98ZUzExoC67gQAvD_BwE" "Mozilla/5.0 (Linux; Android 10; K) AppleWebKit/537.36 (KHTML, like Gecko) Chrome/126.0.0.0 Mobile Safari/537.36"
37.234.34.139 - - [26/Jun/2024:18:08:24 +0200] "GET /storage/media/zTdJDwdSsCNSvJi9K4gBVppOmVdqtNoAZ8rbqvcd.jpg HTTP/1.1" 200 255268 "https://royaltuning.hu/public/hu/termekkategoria/valtogombok-valtoszoknyak/mazda?gad_source=1&gclid=CjwKCAjw-O6zBhASEiwAOHeGxc2R1b6YV-JdXY6fKP2lNCNxKxVjqrTfTU2Z186x8MYx19B98ZUzExoC67gQAvD_BwE" "Mozilla/5.0 (Linux; Android 10; K) AppleWebKit/537.36 (KHTML, like Gecko) Chrome/126.0.0.0 Mobile Safari/537.36"
37.234.34.139 - - [26/Jun/2024:18:08:25 +0200] "GET /storage/media/mazda_valtogomb-1.jpg HTTP/1.1" 200 70819 "https://royaltuning.hu/public/hu/termekkategoria/valtogombok-valtoszoknyak/mazda?gad_source=1&gclid=CjwKCAjw-O6zBhASEiwAOHeGxc2R1b6YV-JdXY6fKP2lNCNxKxVjqrTfTU2Z186x8MYx19B98ZUzExoC67gQAvD_BwE" "Mozilla/5.0 (Linux; Android 10; K) AppleWebKit/537.36 (KHTML, like Gecko) Chrome/126.0.0.0 Mobile Safari/537.36"
37.234.34.139 - - [26/Jun/2024:18:08:25 +0200] "GET /storage/media/mazda6_valtoszoknya-4.jpg HTTP/1.1" 200 52040 "https://royaltuning.hu/public/hu/termekkategoria/valtogombok-valtoszoknyak/mazda?gad_source=1&gclid=CjwKCAjw-O6zBhASEiwAOHeGxc2R1b6YV-JdXY6fKP2lNCNxKxVjqrTfTU2Z186x8MYx19B98ZUzExoC67gQAvD_BwE" "Mozilla/5.0 (Linux; Android 10; K) AppleWebKit/537.36 (KHTML, like Gecko) Chrome/126.0.0.0 Mobile Safari/537.36"
37.234.34.139 - - [26/Jun/2024:18:08:24 +0200] "GET /storage/media/WuAbnJ3F19P7m8ckhRvBz1XVn9ovSqVCdlDdRtKv.jpg HTTP/1.1" 200 274140 "https://royaltuning.hu/public/hu/termekkategoria/valtogombok-valtoszoknyak/mazda?gad_source=1&gclid=CjwKCAjw-O6zBhASEiwAOHeGxc2R1b6YV-JdXY6fKP2lNCNxKxVjqrTfTU2Z186x8MYx19B98ZUzExoC67gQAvD_BwE" "Mozilla/5.0 (Linux; Android 10; K) AppleWebKit/537.36 (KHTML, like Gecko) Chrome/126.0.0.0 Mobile Safari/537.36"
37.234.34.139 - - [26/Jun/2024:18:08:25 +0200] "GET /storage/media/yncpkJaHS4M3K5m4M0BkiPrMdhDUP2PvOov8aHWj.jpg HTTP/1.1" 200 91483 "https://royaltuning.hu/public/hu/termekkategoria/valtogombok-valtoszoknyak/mazda?gad_source=1&gclid=CjwKCAjw-O6zBhASEiwAOHeGxc2R1b6YV-JdXY6fKP2lNCNxKxVjqrTfTU2Z186x8MYx19B98ZUzExoC67gQAvD_BwE" "Mozilla/5.0 (Linux; Android 10; K) AppleWebKit/537.36 (KHTML, like Gecko) Chrome/126.0.0.0 Mobile Safari/537.36"
37.234.34.139 - - [26/Jun/2024:18:08:25 +0200] "GET /storage/media/mazda_valtogomb_5sebesseges-3.jpg HTTP/1.1" 200 15692 "https://royaltuning.hu/public/hu/termekkategoria/valtogombok-valtoszoknyak/mazda?gad_source=1&gclid=CjwKCAjw-O6zBhASEiwAOHeGxc2R1b6YV-JdXY6fKP2lNCNxKxVjqrTfTU2Z186x8MYx19B98ZUzExoC67gQAvD_BwE" "Mozilla/5.0 (Linux; Android 10; K) AppleWebKit/537.36 (KHTML, like Gecko) Chrome/126.0.0.0 Mobile Safari/537.36"
37.234.34.139 - - [26/Jun/2024:18:08:25 +0200] "GET /storage/media/mazda_valtogomb_3_6_cx-4.jpg HTTP/1.1" 200 121762 "https://royaltuning.hu/public/hu/termekkategoria/valtogombok-valtoszoknyak/mazda?gad_source=1&gclid=CjwKCAjw-O6zBhASEiwAOHeGxc2R1b6YV-JdXY6fKP2lNCNxKxVjqrTfTU2Z186x8MYx19B98ZUzExoC67gQAvD_BwE" "Mozilla/5.0 (Linux; Android 10; K) AppleWebKit/537.36 (KHTML, like Gecko) Chrome/126.0.0.0 Mobile Safari/537.36"
37.234.34.139 - - [26/Jun/2024:18:08:25 +0200] "GET /storage/media/mazda_valtogomb-4.jpg HTTP/1.1" 200 58078 "https://royaltuning.hu/public/hu/termekkategoria/valtogombok-valtoszoknyak/mazda?gad_source=1&gclid=CjwKCAjw-O6zBhASEiwAOHeGxc2R1b6YV-JdXY6fKP2lNCNxKxVjqrTfTU2Z186x8MYx19B98ZUzExoC67gQAvD_BwE" "Mozilla/5.0 (Linux; Android 10; K) AppleWebKit/537.36 (KHTML, like Gecko) Chrome/126.0.0.0 Mobile Safari/537.36"
37.234.34.139 - - [26/Jun/2024:18:08:25 +0200] "GET /storage/media/mazda_valtogomb_6sebesseges.jpg HTTP/1.1" 200 83563 "https://royaltuning.hu/public/hu/termekkategoria/valtogombok-valtoszoknyak/mazda?gad_source=1&gclid=CjwKCAjw-O6zBhASEiwAOHeGxc2R1b6YV-JdXY6fKP2lNCNxKxVjqrTfTU2Z186x8MYx19B98ZUzExoC67gQAvD_BwE" "Mozilla/5.0 (Linux; Android 10; K) AppleWebKit/537.36 (KHTML, like Gecko) Chrome/126.0.0.0 Mobile Safari/537.36"
37.234.34.139 - - [26/Jun/2024:18:08:25 +0200] "GET /storage/media/bYwSo8uBS54gE79Nt0Vpk1Q22YosV52dthAlTqJN.jpg HTTP/1.1" 200 36905 "https://royaltuning.hu/public/hu/termekkategoria/valtogombok-valtoszoknyak/mazda?gad_source=1&gclid=CjwKCAjw-O6zBhASEiwAOHeGxc2R1b6YV-JdXY6fKP2lNCNxKxVjqrTfTU2Z186x8MYx19B98ZUzExoC67gQAvD_BwE" "Mozilla/5.0 (Linux; Android 10; K) AppleWebKit/537.36 (KHTML, like Gecko) Chrome/126.0.0.0 Mobile Safari/537.36"
37.234.34.139 - - [26/Jun/2024:18:08:25 +0200] "GET /storage/media/mazda_valtogombok-3.jpg HTTP/1.1" 200 132437 "https://royaltuning.hu/public/hu/termekkategoria/valtogombok-valtoszoknyak/mazda?gad_source=1&gclid=CjwKCAjw-O6zBhASEiwAOHeGxc2R1b6YV-JdXY6fKP2lNCNxKxVjqrTfTU2Z186x8MYx19B98ZUzExoC67gQAvD_BwE" "Mozilla/5.0 (Linux; Android 10; K) AppleWebKit/537.36 (KHTML, like Gecko) Chrome/126.0.0.0 Mobile Safari/537.36"
37.234.34.139 - - [26/Jun/2024:18:08:25 +0200] "GET /storage/media/mazda_valtogomb_3_6_cx-8.jpg HTTP/1.1" 200 126711 "https://royaltuning.hu/public/hu/termekkategoria/valtogombok-valtoszoknyak/mazda?gad_source=1&gclid=CjwKCAjw-O6zBhASEiwAOHeGxc2R1b6YV-JdXY6fKP2lNCNxKxVjqrTfTU2Z186x8MYx19B98ZUzExoC67gQAvD_BwE" "Mozilla/5.0 (Linux; Android 10; K) AppleWebKit/537.36 (KHTML, like Gecko) Chrome/126.0.0.0 Mobile Safari/537.36"
37.234.34.139 - - [26/Jun/2024:18:08:25 +0200] "GET /storage/media/mazda_valtogomb_6sebesseges-1.jpg HTTP/1.1" 200 58544 "https://royaltuning.hu/public/hu/termekkategoria/valtogombok-valtoszoknyak/mazda?gad_source=1&gclid=CjwKCAjw-O6zBhASEiwAOHeGxc2R1b6YV-JdXY6fKP2lNCNxKxVjqrTfTU2Z186x8MYx19B98ZUzExoC67gQAvD_BwE" "Mozilla/5.0 (Linux; Android 10; K) AppleWebKit/537.36 (KHTML, like Gecko) Chrome/126.0.0.0 Mobile Safari/537.36"
37.234.34.139 - - [26/Jun/2024:18:08:25 +0200] "GET /storage/media/mazda_valtogomb_6sebesseges-1-1.jpg HTTP/1.1" 200 43478 "https://royaltuning.hu/public/hu/termekkategoria/valtogombok-valtoszoknyak/mazda?gad_source=1&gclid=CjwKCAjw-O6zBhASEiwAOHeGxc2R1b6YV-JdXY6fKP2lNCNxKxVjqrTfTU2Z186x8MYx19B98ZUzExoC67gQAvD_BwE" "Mozilla/5.0 (Linux; Android 10; K) AppleWebKit/537.36 (KHTML, like Gecko) Chrome/126.0.0.0 Mobile Safari/537.36"
37.234.34.139 - - [26/Jun/2024:18:08:25 +0200] "GET /storage/media/unverzalis_valtogomb-2.jpg HTTP/1.1" 200 121730 "https://royaltuning.hu/public/hu/termekkategoria/valtogombok-valtoszoknyak/mazda?gad_source=1&gclid=CjwKCAjw-O6zBhASEiwAOHeGxc2R1b6YV-JdXY6fKP2lNCNxKxVjqrTfTU2Z186x8MYx19B98ZUzExoC67gQAvD_BwE" "Mozilla/5.0 (Linux; Android 10; K) AppleWebKit/537.36 (KHTML, like Gecko) Chrome/126.0.0.0 Mobile Safari/537.36"
37.234.34.139 - - [26/Jun/2024:18:08:25 +0200] "GET /storage/media/valtogobm_univerzalis-1.jpg HTTP/1.1" 200 25287 "https://royaltuning.hu/public/hu/termekkategoria/valtogombok-valtoszoknyak/mazda?gad_source=1&gclid=CjwKCAjw-O6zBhASEiwAOHeGxc2R1b6YV-JdXY6fKP2lNCNxKxVjqrTfTU2Z186x8MYx19B98ZUzExoC67gQAvD_BwE" "Mozilla/5.0 (Linux; Android 10; K) AppleWebKit/537.36 (KHTML, like Gecko) Chrome/126.0.0.0 Mobile Safari/537.36"
37.234.34.139 - - [26/Jun/2024:18:08:26 +0200] "GET /storage/media/valtogobm_univerzalis_.jpg HTTP/1.1" 200 51973 "https://royaltuning.hu/public/hu/termekkategoria/valtogombok-valtoszoknyak/mazda?gad_source=1&gclid=CjwKCAjw-O6zBhASEiwAOHeGxc2R1b6YV-JdXY6fKP2lNCNxKxVjqrTfTU2Z186x8MYx19B98ZUzExoC67gQAvD_BwE" "Mozilla/5.0 (Linux; Android 10; K) AppleWebKit/537.36 (KHTML, like Gecko) Chrome/126.0.0.0 Mobile Safari/537.36"
37.234.34.139 - - [26/Jun/2024:18:08:25 +0200] "GET /storage/media/mazda_cx_valtogomb_automata-2.jpg HTTP/1.1" 200 273617 "https://royaltuning.hu/public/hu/termekkategoria/valtogombok-valtoszoknyak/mazda?gad_source=1&gclid=CjwKCAjw-O6zBhASEiwAOHeGxc2R1b6YV-JdXY6fKP2lNCNxKxVjqrTfTU2Z186x8MYx19B98ZUzExoC67gQAvD_BwE" "Mozilla/5.0 (Linux; Android 10; K) AppleWebKit/537.36 (KHTML, like Gecko) Chrome/126.0.0.0 Mobile Safari/537.36"
124.243.132.118 - - [26/Jun/2024:18:08:27 +0200] "GET /public/termek/pro-grip-tankpad?add-to-cart=4486 HTTP/1.1" 302 237 "-" "Mozilla/5.0 (Windows NT 10.0; Win64; x64) AppleWebKit/537.36 (KHTML, like Gecko) Chrome/101.0.4951.64 Safari/537.36 Edg/101.0.1210.47"
37.234.34.139 - - [26/Jun/2024:18:08:28 +0200] "GET /storage/media/c0t7luzASFx7EVSpbCjKOjfFo89DRMqzfBVMmmvt.png HTTP/1.1" 200 18256 "https://royaltuning.hu/public/hu/termekkategoria/valtogombok-valtoszoknyak/mazda?gad_source=1&gclid=CjwKCAjw-O6zBhASEiwAOHeGxc2R1b6YV-JdXY6fKP2lNCNxKxVjqrTfTU2Z186x8MYx19B98ZUzExoC67gQAvD_BwE" "Mozilla/5.0 (Linux; Android 10; K) AppleWebKit/537.36 (KHTML, like Gecko) Chrome/126.0.0.0 Mobile Safari/537.36"
66.249.70.160 - - [26/Jun/2024:18:08:29 +0200] "GET /wp-content/uploads/2020/06/alfa_romeo_valtogomb_6sebesseges-100x100.jpg HTTP/1.1" 200 2473 "-" "Googlebot-Image/1.0"
213.180.203.64 - - [26/Jun/2024:18:08:29 +0200] "GET /public/termek/kormany-kapcsolo?add-to-cart=7863 HTTP/1.1" 302 238 "-" "Mozilla/5.0 (compatible; YandexBot/3.0; +http://yandex.com/bots)"
124.243.132.118 - - [26/Jun/2024:18:08:29 +0200] "GET /public/hu/termek/pro-grip-tankpad?add-to-cart=4486 HTTP/1.1" 200 46490 "-" "Mozilla/5.0 (Windows NT 10.0; Win64; x64) AppleWebKit/537.36 (KHTML, like Gecko) Chrome/101.0.4951.64 Safari/537.36 Edg/101.0.1210.47"
5.255.231.86 - - [26/Jun/2024:18:08:30 +0200] "GET /public/hu/termek/kormany-kapcsolo?add-to-cart=7863 HTTP/1.1" 200 43627 "-" "Mozilla/5.0 (compatible; YandexBot/3.0; +http://yandex.com/bots)"
37.76.52.203 - - [26/Jun/2024:18:08:41 +0200] "GET /termekkategoria/motoros-kiegeszitok/ledes-indexek-lampak/?gad_source=1&gclid=CjwKCAjw-O6zBhASEiwAOHeGxdG7Id7CnGtHfOnVxNryJ2peTFMNtQFwPmVLUqzMYhQB33RicIYV_BoCzz0QAvD_BwE HTTP/1.1" 301 413 "https://www.google.hu/" "Mozilla/5.0 (iPhone; CPU iPhone OS 17_5_1 like Mac OS X) AppleWebKit/605.1.15 (KHTML, like Gecko) Version/17.5 Mobile/15E148 Safari/604.1"
37.76.52.203 - - [26/Jun/2024:18:08:42 +0200] "GET /public/termekkategoria/motoros-kiegeszitok/ledes-indexek-lampak?gad_source=1&gclid=CjwKCAjw-O6zBhASEiwAOHeGxdG7Id7CnGtHfOnVxNryJ2peTFMNtQFwPmVLUqzMYhQB33RicIYV_BoCzz0QAvD_BwE HTTP/1.1" 302 357 "https://www.google.hu/" "Mozilla/5.0 (iPhone; CPU iPhone OS 17_5_1 like Mac OS X) AppleWebKit/605.1.15 (KHTML, like Gecko) Version/17.5 Mobile/15E148 Safari/604.1"
37.76.52.203 - - [26/Jun/2024:18:08:42 +0200] "GET /public/hu/termekkategoria/motoros-kiegeszitok/ledes-indexek-lampak?gad_source=1&gclid=CjwKCAjw-O6zBhASEiwAOHeGxdG7Id7CnGtHfOnVxNryJ2peTFMNtQFwPmVLUqzMYhQB33RicIYV_BoCzz0QAvD_BwE HTTP/1.1" 200 42961 "https://www.google.hu/" "Mozilla/5.0 (iPhone; CPU iPhone OS 17_5_1 like Mac OS X) AppleWebKit/605.1.15 (KHTML, like Gecko) Version/17.5 Mobile/15E148 Safari/604.1"
37.76.52.203 - - [26/Jun/2024:18:08:43 +0200] "GET /public/themes/storefront/public/css/app.css?v=3.1.0 HTTP/1.1" 200 72700 "https://www.royaltuning.hu/public/hu/termekkategoria/motoros-kiegeszitok/ledes-indexek-lampak?gad_source=1&gclid=CjwKCAjw-O6zBhASEiwAOHeGxdG7Id7CnGtHfOnVxNryJ2peTFMNtQFwPmVLUqzMYhQB33RicIYV_BoCzz0QAvD_BwE" "Mozilla/5.0 (iPhone; CPU iPhone OS 17_5_1 like Mac OS X) AppleWebKit/605.1.15 (KHTML, like Gecko) Version/17.5 Mobile/15E148 Safari/604.1"
37.76.52.203 - - [26/Jun/2024:18:08:43 +0200] "GET /public/vendor/cookie-consent/css/cookie-consent.css HTTP/1.1" 200 990 "https://www.royaltuning.hu/public/hu/termekkategoria/motoros-kiegeszitok/ledes-indexek-lampak?gad_source=1&gclid=CjwKCAjw-O6zBhASEiwAOHeGxdG7Id7CnGtHfOnVxNryJ2peTFMNtQFwPmVLUqzMYhQB33RicIYV_BoCzz0QAvD_BwE" "Mozilla/5.0 (iPhone; CPU iPhone OS 17_5_1 like Mac OS X) AppleWebKit/605.1.15 (KHTML, like Gecko) Version/17.5 Mobile/15E148 Safari/604.1"
37.76.52.203 - - [26/Jun/2024:18:08:43 +0200] "GET /public/vendor/cookie-consent/js/cookie-consent.js HTTP/1.1" 200 11136 "https://www.royaltuning.hu/public/hu/termekkategoria/motoros-kiegeszitok/ledes-indexek-lampak?gad_source=1&gclid=CjwKCAjw-O6zBhASEiwAOHeGxdG7Id7CnGtHfOnVxNryJ2peTFMNtQFwPmVLUqzMYhQB33RicIYV_BoCzz0QAvD_BwE" "Mozilla/5.0 (iPhone; CPU iPhone OS 17_5_1 like Mac OS X) AppleWebKit/605.1.15 (KHTML, like Gecko) Version/17.5 Mobile/15E148 Safari/604.1"
37.76.52.203 - - [26/Jun/2024:18:08:43 +0200] "GET /public/themes/storefront/public/fonts/la-solid-900.woff2 HTTP/1.1" 200 96652 "https://www.royaltuning.hu/public/hu/termekkategoria/motoros-kiegeszitok/ledes-indexek-lampak?gad_source=1&gclid=CjwKCAjw-O6zBhASEiwAOHeGxdG7Id7CnGtHfOnVxNryJ2peTFMNtQFwPmVLUqzMYhQB33RicIYV_BoCzz0QAvD_BwE" "Mozilla/5.0 (iPhone; CPU iPhone OS 17_5_1 like Mac OS X) AppleWebKit/605.1.15 (KHTML, like Gecko) Version/17.5 Mobile/15E148 Safari/604.1"
37.76.52.203 - - [26/Jun/2024:18:08:43 +0200] "GET /public/themes/storefront/public/fonts/la-brands-400.woff2 HTTP/1.1" 200 84805 "https://www.royaltuning.hu/public/hu/termekkategoria/motoros-kiegeszitok/ledes-indexek-lampak?gad_source=1&gclid=CjwKCAjw-O6zBhASEiwAOHeGxdG7Id7CnGtHfOnVxNryJ2peTFMNtQFwPmVLUqzMYhQB33RicIYV_BoCzz0QAvD_BwE" "Mozilla/5.0 (iPhone; CPU iPhone OS 17_5_1 like Mac OS X) AppleWebKit/605.1.15 (KHTML, like Gecko) Version/17.5 Mobile/15E148 Safari/604.1"
37.76.52.203 - - [26/Jun/2024:18:08:43 +0200] "GET /public/themes/storefront/public/fonts/la-regular-400.woff2 HTTP/1.1" 200 12923 "https://www.royaltuning.hu/public/hu/termekkategoria/motoros-kiegeszitok/ledes-indexek-lampak?gad_source=1&gclid=CjwKCAjw-O6zBhASEiwAOHeGxdG7Id7CnGtHfOnVxNryJ2peTFMNtQFwPmVLUqzMYhQB33RicIYV_BoCzz0QAvD_BwE" "Mozilla/5.0 (iPhone; CPU iPhone OS 17_5_1 like Mac OS X) AppleWebKit/605.1.15 (KHTML, like Gecko) Version/17.5 Mobile/15E148 Safari/604.1"
37.76.52.203 - - [26/Jun/2024:18:08:43 +0200] "GET /public/themes/storefront/public/images/arrow-black.png HTTP/1.1" 200 221 "https://www.royaltuning.hu/public/hu/termekkategoria/motoros-kiegeszitok/ledes-indexek-lampak?gad_source=1&gclid=CjwKCAjw-O6zBhASEiwAOHeGxdG7Id7CnGtHfOnVxNryJ2peTFMNtQFwPmVLUqzMYhQB33RicIYV_BoCzz0QAvD_BwE" "Mozilla/5.0 (iPhone; CPU iPhone OS 17_5_1 like Mac OS X) AppleWebKit/605.1.15 (KHTML, like Gecko) Version/17.5 Mobile/15E148 Safari/604.1"
37.76.52.203 - - [26/Jun/2024:18:08:43 +0200] "GET /public/themes/storefront/public/js/app.js?v=3.1.0 HTTP/1.1" 200 979893 "https://www.royaltuning.hu/public/hu/termekkategoria/motoros-kiegeszitok/ledes-indexek-lampak?gad_source=1&gclid=CjwKCAjw-O6zBhASEiwAOHeGxdG7Id7CnGtHfOnVxNryJ2peTFMNtQFwPmVLUqzMYhQB33RicIYV_BoCzz0QAvD_BwE" "Mozilla/5.0 (iPhone; CPU iPhone OS 17_5_1 like Mac OS X) AppleWebKit/605.1.15 (KHTML, like Gecko) Version/17.5 Mobile/15E148 Safari/604.1"
37.76.52.203 - - [26/Jun/2024:18:08:44 +0200] "GET /public/hu/shop?query=&brand=&category=ledes-indexek-lampak&tag=&fromPrice=0&toPrice=114990&sort=alphabetic&perPage=30&page=1 HTTP/1.1" 200 1436 "https://www.royaltuning.hu/public/hu/termekkategoria/motoros-kiegeszitok/ledes-indexek-lampak?gad_source=1&gclid=CjwKCAjw-O6zBhASEiwAOHeGxdG7Id7CnGtHfOnVxNryJ2peTFMNtQFwPmVLUqzMYhQB33RicIYV_BoCzz0QAvD_BwE" "Mozilla/5.0 (iPhone; CPU iPhone OS 17_5_1 like Mac OS X) AppleWebKit/605.1.15 (KHTML, like Gecko) Version/17.5 Mobile/15E148 Safari/604.1"
37.76.52.203 - - [26/Jun/2024:18:08:44 +0200] "GET /storage/media/QnwWLqTYXYZBt0pnYYPSgh13vMZ3Tq8bqmOE5u0D.webp HTTP/1.1" 200 43302 "https://www.royaltuning.hu/" "Mozilla/5.0 (iPhone; CPU iPhone OS 17_5_1 like Mac OS X) AppleWebKit/605.1.15 (KHTML, like Gecko) Version/17.5 Mobile/15E148 Safari/604.1"
37.76.52.203 - - [26/Jun/2024:18:08:44 +0200] "GET /storage/media/U9NkjU7v6Z3urgm3cZoyB4B52Rf1RDn0nbyFiAJw.jpg HTTP/1.1" 304 - "https://www.royaltuning.hu/" "Mozilla/5.0 (iPhone; CPU iPhone OS 17_5_1 like Mac OS X) AppleWebKit/605.1.15 (KHTML, like Gecko) Version/17.5 Mobile/15E148 Safari/604.1"
37.76.52.203 - - [26/Jun/2024:18:08:44 +0200] "GET /storage/media/paGdgnfacATylUWhvUeUZGv1GIKiGXmdYwZR20nd.jpg HTTP/1.1" 304 - "https://www.royaltuning.hu/" "Mozilla/5.0 (iPhone; CPU iPhone OS 17_5_1 like Mac OS X) AppleWebKit/605.1.15 (KHTML, like Gecko) Version/17.5 Mobile/15E148 Safari/604.1"
37.76.52.203 - - [26/Jun/2024:18:08:44 +0200] "GET /storage/media/motor_menetfeny_iranyjelzo-1.jpg HTTP/1.1" 200 61001 "https://www.royaltuning.hu/" "Mozilla/5.0 (iPhone; CPU iPhone OS 17_5_1 like Mac OS X) AppleWebKit/605.1.15 (KHTML, like Gecko) Version/17.5 Mobile/15E148 Safari/604.1"
37.76.52.203 - - [26/Jun/2024:18:08:44 +0200] "GET /storage/media/motor_index-1.jpg HTTP/1.1" 200 19147 "https://www.royaltuning.hu/" "Mozilla/5.0 (iPhone; CPU iPhone OS 17_5_1 like Mac OS X) AppleWebKit/605.1.15 (KHTML, like Gecko) Version/17.5 Mobile/15E148 Safari/604.1"
37.76.52.203 - - [26/Jun/2024:18:08:44 +0200] "GET /storage/media/motor_index-2.jpg HTTP/1.1" 200 23675 "https://www.royaltuning.hu/" "Mozilla/5.0 (iPhone; CPU iPhone OS 17_5_1 like Mac OS X) AppleWebKit/605.1.15 (KHTML, like Gecko) Version/17.5 Mobile/15E148 Safari/604.1"
37.76.52.203 - - [26/Jun/2024:18:08:44 +0200] "GET /storage/media/WuAbnJ3F19P7m8ckhRvBz1XVn9ovSqVCdlDdRtKv.jpg HTTP/1.1" 200 274140 "https://www.royaltuning.hu/" "Mozilla/5.0 (iPhone; CPU iPhone OS 17_5_1 like Mac OS X) AppleWebKit/605.1.15 (KHTML, like Gecko) Version/17.5 Mobile/15E148 Safari/604.1"
37.76.52.203 - - [26/Jun/2024:18:08:44 +0200] "GET /storage/media/motor_ledes_index-1-1.jpg HTTP/1.1" 200 101750 "https://www.royaltuning.hu/" "Mozilla/5.0 (iPhone; CPU iPhone OS 17_5_1 like Mac OS X) AppleWebKit/605.1.15 (KHTML, like Gecko) Version/17.5 Mobile/15E148 Safari/604.1"
37.76.52.203 - - [26/Jun/2024:18:08:44 +0200] "GET /storage/media/led_motor_index-1.jpg HTTP/1.1" 200 58733 "https://www.royaltuning.hu/" "Mozilla/5.0 (iPhone; CPU iPhone OS 17_5_1 like Mac OS X) AppleWebKit/605.1.15 (KHTML, like Gecko) Version/17.5 Mobile/15E148 Safari/604.1"
37.76.52.203 - - [26/Jun/2024:18:08:44 +0200] "GET /storage/media/motor_led_index_menetfeny.jpg HTTP/1.1" 200 208577 "https://www.royaltuning.hu/" "Mozilla/5.0 (iPhone; CPU iPhone OS 17_5_1 like Mac OS X) AppleWebKit/605.1.15 (KHTML, like Gecko) Version/17.5 Mobile/15E148 Safari/604.1"
37.76.52.203 - - [26/Jun/2024:18:08:45 +0200] "GET /storage/media/futofenyes_motor_index.jpg HTTP/1.1" 200 155319 "https://www.royaltuning.hu/" "Mozilla/5.0 (iPhone; CPU iPhone OS 17_5_1 like Mac OS X) AppleWebKit/605.1.15 (KHTML, like Gecko) Version/17.5 Mobile/15E148 Safari/604.1"
37.76.52.203 - - [26/Jun/2024:18:08:45 +0200] "GET /storage/media/zTdJDwdSsCNSvJi9K4gBVppOmVdqtNoAZ8rbqvcd.jpg HTTP/1.1" 200 255268 "https://www.royaltuning.hu/" "Mozilla/5.0 (iPhone; CPU iPhone OS 17_5_1 like Mac OS X) AppleWebKit/605.1.15 (KHTML, like Gecko) Version/17.5 Mobile/15E148 Safari/604.1"
159.148.128.245 - - [26/Jun/2024:18:08:45 +0200] "GET / HTTP/1.1" 302 197 "-" "Mozilla/5.0 (Windows NT 10.0; Win64; x64) AppleWebKit/537.36 (KHTML, like Gecko) Chrome/117.0.0.0 Safari/537.36"
185.221.143.50 - - [26/Jun/2024:18:08:46 +0200] "GET /termekkategoria/menetfenyekvilagitas-technika/emeltfenyu-halogen-izzok/?utm_source=facebook&utm_medium=cpc&utm_campaign=emelt_h1&utm_content=1&fbclid=IwZXh0bgNhZW0BMAABHWrp-ouVhlVJzP9hGdYJgilykN8AWU7hy-eoXETVwHqRrIm9x6QwPnsR3w_aem_lsNYJ1OCjCFJmUf-PgVpdw&utm_id=23852086930760017&utm_term=23862233967630017 HTTP/1.1" 301 566 "http://m.facebook.com/" "Mozilla/5.0 (Linux; Android 12; SM-A415F Build/SP1A.210812.016; wv) AppleWebKit/537.36 (KHTML, like Gecko) Version/4.0 Chrome/126.0.6478.103 Mobile Safari/537.36 [FB_IAB/FB4A;FBAV/469.2.0.51.80;]"
185.221.143.50 - - [26/Jun/2024:18:08:46 +0200] "GET /public/termekkategoria/menetfenyekvilagitas-technika/emeltfenyu-halogen-izzok?utm_source=facebook&utm_medium=cpc&utm_campaign=emelt_h1&utm_content=1&fbclid=IwZXh0bgNhZW0BMAABHWrp-ouVhlVJzP9hGdYJgilykN8AWU7hy-eoXETVwHqRrIm9x6QwPnsR3w_aem_lsNYJ1OCjCFJmUf-PgVpdw&utm_id=23852086930760017&utm_term=23862233967630017 HTTP/1.1" 302 447 "http://m.facebook.com/" "Mozilla/5.0 (Linux; Android 12; SM-A415F Build/SP1A.210812.016; wv) AppleWebKit/537.36 (KHTML, like Gecko) Version/4.0 Chrome/126.0.6478.103 Mobile Safari/537.36 [FB_IAB/FB4A;FBAV/469.2.0.51.80;]"
159.148.128.245 - - [26/Jun/2024:18:08:46 +0200] "GET /hu HTTP/1.1" 200 32936 "-" "Mozilla/5.0 (Windows NT 10.0; Win64; x64) AppleWebKit/537.36 (KHTML, like Gecko) Chrome/117.0.0.0 Safari/537.36"
66.249.70.160 - - [26/Jun/2024:18:08:46 +0200] "GET /public/index.php/hu HTTP/1.1" 200 33126 "-" "Mozilla/5.0 (Linux; Android 6.0.1; Nexus 5X Build/MMB29P) AppleWebKit/537.36 (KHTML, like Gecko) Chrome/125.0.6422.175 Mobile Safari/537.36 (compatible; Googlebot/2.1; +http://www.google.com/bot.html)"
185.221.143.50 - - [26/Jun/2024:18:08:46 +0200] "GET /public/hu/termekkategoria/menetfenyekvilagitas-technika/emeltfenyu-halogen-izzok?fbclid=IwZXh0bgNhZW0BMAABHWrp-ouVhlVJzP9hGdYJgilykN8AWU7hy-eoXETVwHqRrIm9x6QwPnsR3w_aem_lsNYJ1OCjCFJmUf-PgVpdw&utm_campaign=emelt_h1&utm_content=1&utm_id=23852086930760017&utm_medium=cpc&utm_source=facebook&utm_term=23862233967630017 HTTP/1.1" 200 43482 "http://m.facebook.com/" "Mozilla/5.0 (Linux; Android 12; SM-A415F Build/SP1A.210812.016; wv) AppleWebKit/537.36 (KHTML, like Gecko) Version/4.0 Chrome/126.0.6478.103 Mobile Safari/537.36 [FB_IAB/FB4A;FBAV/469.2.0.51.80;]"
