69.63.184.19 - - [26/Jun/2024:18:01:30 +0200] "GET /public/vendor/cookie-consent/js/cookie-consent.js HTTP/1.1" 200 11136 "https://royaltuning.hu/public/hu/termek/opel-vectra-c-valtoszoknya?fbclid=IwZXh0bgNhZW0CMTEAAR2uGosAynYrpIbWHE1d1cyvc2uc5BAH8ABeMhjwElTSwfQCqwJMGzMOA64_aem_H98rExZ2pkZolobFUiITcA" "facebookexternalhit/1.1 (+http://www.facebook.com/externalhit_uatext.php)"
69.63.184.2 - - [26/Jun/2024:18:01:30 +0200] "GET /storage/media/c0t7luzASFx7EVSpbCjKOjfFo89DRMqzfBVMmmvt.png HTTP/1.1" 200 18256 "https://royaltuning.hu/public/hu/termek/opel-vectra-c-valtoszoknya?fbclid=IwZXh0bgNhZW0CMTEAAR2uGosAynYrpIbWHE1d1cyvc2uc5BAH8ABeMhjwElTSwfQCqwJMGzMOA64_aem_H98rExZ2pkZolobFUiITcA" "facebookexternalhit/1.1 (+http://www.facebook.com/externalhit_uatext.php)"
69.63.184.19 - - [26/Jun/2024:18:01:30 +0200] "GET /wp-content/uploads/2021/11/opel_vectra_c_valtoszoknya-1.jpg HTTP/1.1" 200 8199 "https://royaltuning.hu/public/hu/termek/opel-vectra-c-valtoszoknya?fbclid=IwZXh0bgNhZW0CMTEAAR2uGosAynYrpIbWHE1d1cyvc2uc5BAH8ABeMhjwElTSwfQCqwJMGzMOA64_aem_H98rExZ2pkZolobFUiITcA" "facebookexternalhit/1.1 (+http://www.facebook.com/externalhit_uatext.php)"
69.63.184.19 - - [26/Jun/2024:18:01:31 +0200] "GET /public/hu/products/7075/reviews?page=1 HTTP/1.1" 200 235 "https://royaltuning.hu/public/hu/termek/opel-vectra-c-valtoszoknya?fbclid=IwZXh0bgNhZW0CMTEAAR2uGosAynYrpIbWHE1d1cyvc2uc5BAH8ABeMhjwElTSwfQCqwJMGzMOA64_aem_H98rExZ2pkZolobFUiITcA" "facebookexternalhit/1.1 (+http://www.facebook.com/externalhit_uatext.php)"
69.63.184.2 - - [26/Jun/2024:18:01:31 +0200] "GET /public/themes/storefront/public/fonts/la-solid-900.woff2 HTTP/1.1" 200 96652 "https://royaltuning.hu/public/themes/storefront/public/css/app.css?v=3.1.0" "facebookexternalhit/1.1 (+http://www.facebook.com/externalhit_uatext.php)"
69.63.184.4 - - [26/Jun/2024:18:01:31 +0200] "GET /public/themes/storefront/public/fonts/la-regular-400.woff2 HTTP/1.1" 200 12923 "https://royaltuning.hu/public/themes/storefront/public/css/app.css?v=3.1.0" "facebookexternalhit/1.1 (+http://www.facebook.com/externalhit_uatext.php)"
69.63.184.4 - - [26/Jun/2024:18:01:32 +0200] "GET /public/themes/storefront/public/css/ajax-loader.gif HTTP/1.1" 200 4178 "https://royaltuning.hu/public/themes/storefront/public/css/app.css?v=3.1.0" "facebookexternalhit/1.1 (+http://www.facebook.com/externalhit_uatext.php)"
69.63.184.2 - - [26/Jun/2024:18:01:32 +0200] "GET /public/themes/storefront/public/fonts/la-brands-400.woff2 HTTP/1.1" 200 84805 "https://royaltuning.hu/public/themes/storefront/public/css/app.css?v=3.1.0" "facebookexternalhit/1.1 (+http://www.facebook.com/externalhit_uatext.php)"
69.63.184.2 - - [26/Jun/2024:18:01:32 +0200] "GET /public/themes/storefront/public/images/arrow-black.png HTTP/1.1" 200 221 "https://royaltuning.hu/public/themes/storefront/public/css/app.css?v=3.1.0" "facebookexternalhit/1.1 (+http://www.facebook.com/externalhit_uatext.php)"
69.63.184.19 - - [26/Jun/2024:18:01:31 +0200] "GET /public/captcha/image?_=1498126493 HTTP/1.1" 200 4090 "https://royaltuning.hu/public/hu/termek/opel-vectra-c-valtoszoknya?fbclid=IwZXh0bgNhZW0CMTEAAR2uGosAynYrpIbWHE1d1cyvc2uc5BAH8ABeMhjwElTSwfQCqwJMGzMOA64_aem_H98rExZ2pkZolobFUiITcA" "facebookexternalhit/1.1 (+http://www.facebook.com/externalhit_uatext.php)"
17.241.227.113 - - [26/Jun/2024:18:01:31 +0200] "GET /hu/termekkategoria/karbon-es-karosszeria-foliak HTTP/1.1" 200 40826 "-" "Mozilla/5.0 (Macintosh; Intel Mac OS X 10_15_7) AppleWebKit/605.1.15 (KHTML, like Gecko) Version/17.4 Safari/605.1.15 (Applebot/0.1; +http://www.apple.com/go/applebot)"
69.63.184.2 - - [26/Jun/2024:18:01:32 +0200] "GET /storage/media/opel_kulcshaz_3gombos-1.jpg HTTP/1.1" 200 98772 "https://royaltuning.hu/public/hu/termek/opel-vectra-c-valtoszoknya?fbclid=IwZXh0bgNhZW0CMTEAAR2uGosAynYrpIbWHE1d1cyvc2uc5BAH8ABeMhjwElTSwfQCqwJMGzMOA64_aem_H98rExZ2pkZolobFUiITcA" "facebookexternalhit/1.1 (+http://www.facebook.com/externalhit_uatext.php)"
69.63.184.19 - - [26/Jun/2024:18:01:32 +0200] "GET /storage/media/LR8IfEu8TFdtixq0lkK2SomaSuyRv02mO7hPPjoL.jpg HTTP/1.1" 200 86609 "https://royaltuning.hu/public/hu/termek/opel-vectra-c-valtoszoknya?fbclid=IwZXh0bgNhZW0CMTEAAR2uGosAynYrpIbWHE1d1cyvc2uc5BAH8ABeMhjwElTSwfQCqwJMGzMOA64_aem_H98rExZ2pkZolobFUiITcA" "facebookexternalhit/1.1 (+http://www.facebook.com/externalhit_uatext.php)"
69.63.184.2 - - [26/Jun/2024:18:01:33 +0200] "GET /storage/media/opel_valtogomb_5sebesseges-1.jpg HTTP/1.1" 200 47914 "https://royaltuning.hu/public/hu/termek/opel-vectra-c-valtoszoknya?fbclid=IwZXh0bgNhZW0CMTEAAR2uGosAynYrpIbWHE1d1cyvc2uc5BAH8ABeMhjwElTSwfQCqwJMGzMOA64_aem_H98rExZ2pkZolobFUiITcA" "facebookexternalhit/1.1 (+http://www.facebook.com/externalhit_uatext.php)"
69.63.184.19 - - [26/Jun/2024:18:01:33 +0200] "GET /storage/media/opel_valtogomb_6_sebesseges-3-1.jpg HTTP/1.1" 200 311126 "https://royaltuning.hu/public/hu/termek/opel-vectra-c-valtoszoknya?fbclid=IwZXh0bgNhZW0CMTEAAR2uGosAynYrpIbWHE1d1cyvc2uc5BAH8ABeMhjwElTSwfQCqwJMGzMOA64_aem_H98rExZ2pkZolobFUiITcA" "facebookexternalhit/1.1 (+http://www.facebook.com/externalhit_uatext.php)"
69.63.184.2 - - [26/Jun/2024:18:01:33 +0200] "GET /storage/media/opel_vectra_c_valtoszoknya_valtogomb.jpg HTTP/1.1" 200 49441 "https://royaltuning.hu/public/hu/termek/opel-vectra-c-valtoszoknya?fbclid=IwZXh0bgNhZW0CMTEAAR2uGosAynYrpIbWHE1d1cyvc2uc5BAH8ABeMhjwElTSwfQCqwJMGzMOA64_aem_H98rExZ2pkZolobFUiITcA" "facebookexternalhit/1.1 (+http://www.facebook.com/externalhit_uatext.php)"
66.249.70.160 - - [26/Jun/2024:18:01:33 +0200] "GET /hu/termek/ellenallas-ledes-indexhez HTTP/1.1" 200 40803 "-" "Mozilla/5.0 (compatible; Googlebot/2.1; +http://www.google.com/bot.html)"
66.249.70.160 - - [26/Jun/2024:18:01:33 +0200] "GET /hu/termek/ellenallas-ledes-indexhez HTTP/1.1" 200 40804 "-" "Mozilla/5.0 (Linux; Android 6.0.1; Nexus 5X Build/MMB29P) AppleWebKit/537.36 (KHTML, like Gecko) Chrome/99.0.4844.84 Mobile Safari/537.36 (compatible; Googlebot/2.1; +http://www.google.com/bot.html)"
158.220.122.17 - - [26/Jun/2024:18:01:38 +0200] "GET /public/hu/cart?_wpnonce=5a095d53f8&remove_item=04a1bf2d968f1ce381cf1f9184a807a9 HTTP/1.1" 200 36710 "-" "Mozilla/5.0 (compatible; MJ12bot/v1.4.8; http://mj12bot.com/)"
77.234.67.72 - - [26/Jun/2024:18:01:45 +0200] "GET /public/termekkategoria/xenon-szettek?gad_source=1&gclid=CjwKCAjw-O6zBhASEiwAOHeGxXezjU7Ww3HYAXWxigLDsP8DqWwvXt-z2HoLfGTmOVe1Ths0eg31_BoCm1UQAvD_BwE HTTP/1.1" 302 330 "https://www.google.com/" "Mozilla/5.0 (Linux; Android 10; K) AppleWebKit/537.36 (KHTML, like Gecko) Chrome/126.0.0.0 Mobile Safari/537.36"
77.234.67.72 - - [26/Jun/2024:18:01:45 +0200] "GET /public/hu/termekkategoria/xenon-szettek?gad_source=1&gclid=CjwKCAjw-O6zBhASEiwAOHeGxXezjU7Ww3HYAXWxigLDsP8DqWwvXt-z2HoLfGTmOVe1Ths0eg31_BoCm1UQAvD_BwE HTTP/1.1" 200 43047 "https://www.google.com/" "Mozilla/5.0 (Linux; Android 10; K) AppleWebKit/537.36 (KHTML, like Gecko) Chrome/126.0.0.0 Mobile Safari/537.36"
77.234.67.72 - - [26/Jun/2024:18:01:47 +0200] "GET /public/hu/shop?query=&brand=&category=xenon-szettek&tag=&fromPrice=0&toPrice=114990&sort=alphabetic&perPage=30&page=1 HTTP/1.1" 200 2604 "https://royaltuning.hu/public/hu/termekkategoria/xenon-szettek?gad_source=1&gclid=CjwKCAjw-O6zBhASEiwAOHeGxXezjU7Ww3HYAXWxigLDsP8DqWwvXt-z2HoLfGTmOVe1Ths0eg31_BoCm1UQAvD_BwE" "Mozilla/5.0 (Linux; Android 10; K) AppleWebKit/537.36 (KHTML, like Gecko) Chrome/126.0.0.0 Mobile Safari/537.36"
66.249.64.228 - - [26/Jun/2024:18:01:47 +0200] "GET /captcha/image?_=1225920051?_= HTTP/1.1" 200 4868 "-" "Mozilla/5.0 (Linux; Android 6.0.1; Nexus 5X Build/MMB29P) AppleWebKit/537.36 (KHTML, like Gecko) Chrome/125.0.6422.175 Mobile Safari/537.36 (compatible; Googlebot/2.1; +http://www.google.com/bot.html)"
66.249.64.8 - - [26/Jun/2024:18:01:49 +0200] "GET /en/termekkategoria/kulcshazak/rover-kulcshaz HTTP/1.1" 200 42482 "-" "Mozilla/5.0 (Linux; Android 6.0.1; Nexus 5X Build/MMB29P) AppleWebKit/537.36 (KHTML, like Gecko) Chrome/125.0.6422.175 Mobile Safari/537.36 (compatible; Googlebot/2.1; +http://www.google.com/bot.html)"
66.249.64.9 - - [26/Jun/2024:18:01:50 +0200] "GET /captcha/image?_=879841688?_= HTTP/1.1" 200 7105 "-" "Mozilla/5.0 (Linux; Android 6.0.1; Nexus 5X Build/MMB29P) AppleWebKit/537.36 (KHTML, like Gecko) Chrome/125.0.6422.175 Mobile Safari/537.36 (compatible; Googlebot/2.1; +http://www.google.com/bot.html)"
66.249.70.160 - - [26/Jun/2024:18:01:51 +0200] "GET /wp-content/uploads/2021/11/7fd867fb5069c791e8725f41e050c3f8-500x500.jpg HTTP/1.1" 304 - "-" "Googlebot-Image/1.0"
66.249.64.8 - - [26/Jun/2024:18:01:52 +0200] "GET /en/shop?query=&brand=&category=rover-kulcshaz&tag=&fromPrice=0&toPrice=114990&sort=alphabetic&perPage=30&page=1 HTTP/1.1" 200 934 "https://oldshop.royaltuning.hu/en/termekkategoria/kulcshazak/rover-kulcshaz" "Mozilla/5.0 (Linux; Android 6.0.1; Nexus 5X Build/MMB29P) AppleWebKit/537.36 (KHTML, like Gecko) Chrome/125.0.6422.154 Mobile Safari/537.36 (compatible; Googlebot/2.1; +http://www.google.com/bot.html)"
17.241.75.117 - - [26/Jun/2024:18:01:54 +0200] "GET /wp-content/uploads/2021/11/H1_ledes_izzo-1.jpg HTTP/1.1" 200 128058 "-" "Mozilla/5.0 (Macintosh; Intel Mac OS X 10_15_7) AppleWebKit/605.1.15 (KHTML, like Gecko) Version/17.4 Safari/605.1.15 (Applebot/0.1; +http://www.apple.com/go/applebot)"
94.44.118.95 - - [26/Jun/2024:18:01:55 +0200] "GET /termekkategoria/kulcshazak/opel-kulcshaz/ HTTP/1.1" 301 278 "https://royaltuning.hu/hu/termek/opel-corsa-c-valtogomb-valtoszoknya-es-kezifekszoknya?gad_source=1" "Mozilla/5.0 (Linux; Android 10; K) AppleWebKit/537.36 (KHTML, like Gecko) Chrome/126.0.0.0 Mobile Safari/537.36"
94.44.118.95 - - [26/Jun/2024:18:01:55 +0200] "GET /public/termekkategoria/kulcshazak/opel-kulcshaz HTTP/1.1" 302 231 "https://royaltuning.hu/hu/termek/opel-corsa-c-valtogomb-valtoszoknya-es-kezifekszoknya?gad_source=1" "Mozilla/5.0 (Linux; Android 10; K) AppleWebKit/537.36 (KHTML, like Gecko) Chrome/126.0.0.0 Mobile Safari/537.36"
52.167.144.24 - - [26/Jun/2024:18:01:56 +0200] "GET /public/termekkategoria/ledes-izzok/t15-w16w-izzok HTTP/1.1" 302 235 "-" "Mozilla/5.0 AppleWebKit/537.36 (KHTML, like Gecko; compatible; bingbot/2.0; +http://www.bing.com/bingbot.htm) Chrome/116.0.1938.76 Safari/537.36"
94.44.118.95 - - [26/Jun/2024:18:01:56 +0200] "GET /public/hu/termekkategoria/kulcshazak/opel-kulcshaz HTTP/1.1" 200 42788 "https://royaltuning.hu/hu/termek/opel-corsa-c-valtogomb-valtoszoknya-es-kezifekszoknya?gad_source=1" "Mozilla/5.0 (Linux; Android 10; K) AppleWebKit/537.36 (KHTML, like Gecko) Chrome/126.0.0.0 Mobile Safari/537.36"
94.44.118.95 - - [26/Jun/2024:18:01:57 +0200] "GET /public/themes/storefront/public/css/app.css?v=3.1.0 HTTP/1.1" 200 72700 "https://royaltuning.hu/public/hu/termekkategoria/kulcshazak/opel-kulcshaz" "Mozilla/5.0 (Linux; Android 10; K) AppleWebKit/537.36 (KHTML, like Gecko) Chrome/126.0.0.0 Mobile Safari/537.36"
94.44.118.95 - - [26/Jun/2024:18:01:57 +0200] "GET /public/vendor/cookie-consent/css/cookie-consent.css HTTP/1.1" 200 990 "https://royaltuning.hu/public/hu/termekkategoria/kulcshazak/opel-kulcshaz" "Mozilla/5.0 (Linux; Android 10; K) AppleWebKit/537.36 (KHTML, like Gecko) Chrome/126.0.0.0 Mobile Safari/537.36"
94.44.118.95 - - [26/Jun/2024:18:01:57 +0200] "GET /public/themes/storefront/public/images/arrow-black.png HTTP/1.1" 200 221 "https://royaltuning.hu/public/themes/storefront/public/css/app.css?v=3.1.0" "Mozilla/5.0 (Linux; Android 10; K) AppleWebKit/537.36 (KHTML, like Gecko) Chrome/126.0.0.0 Mobile Safari/537.36"
94.44.118.95 - - [26/Jun/2024:18:01:57 +0200] "GET /public/themes/storefront/public/fonts/la-solid-900.woff2 HTTP/1.1" 200 96652 "https://royaltuning.hu/public/themes/storefront/public/css/app.css?v=3.1.0" "Mozilla/5.0 (Linux; Android 10; K) AppleWebKit/537.36 (KHTML, like Gecko) Chrome/126.0.0.0 Mobile Safari/537.36"
94.44.118.95 - - [26/Jun/2024:18:01:57 +0200] "GET /public/themes/storefront/public/fonts/la-brands-400.woff2 HTTP/1.1" 200 84805 "https://royaltuning.hu/public/themes/storefront/public/css/app.css?v=3.1.0" "Mozilla/5.0 (Linux; Android 10; K) AppleWebKit/537.36 (KHTML, like Gecko) Chrome/126.0.0.0 Mobile Safari/537.36"
52.167.144.24 - - [26/Jun/2024:18:01:56 +0200] "GET /public/hu/termekkategoria/ledes-izzok/t15-w16w-izzok HTTP/1.1" 200 42533 "-" "Mozilla/5.0 AppleWebKit/537.36 (KHTML, like Gecko; compatible; bingbot/2.0; +http://www.bing.com/bingbot.htm) Chrome/116.0.1938.76 Safari/537.36"
94.44.118.95 - - [26/Jun/2024:18:01:57 +0200] "GET /public/themes/storefront/public/js/app.js?v=3.1.0 HTTP/1.1" 200 979893 "https://royaltuning.hu/public/hu/termekkategoria/kulcshazak/opel-kulcshaz" "Mozilla/5.0 (Linux; Android 10; K) AppleWebKit/537.36 (KHTML, like Gecko) Chrome/126.0.0.0 Mobile Safari/537.36"
94.44.118.95 - - [26/Jun/2024:18:01:58 +0200] "GET /storage/media/paGdgnfacATylUWhvUeUZGv1GIKiGXmdYwZR20nd.jpg HTTP/1.1" 304 - "https://royaltuning.hu/public/hu/termekkategoria/kulcshazak/opel-kulcshaz" "Mozilla/5.0 (Linux; Android 10; K) AppleWebKit/537.36 (KHTML, like Gecko) Chrome/126.0.0.0 Mobile Safari/537.36"
94.44.118.95 - - [26/Jun/2024:18:01:58 +0200] "GET /storage/media/QnwWLqTYXYZBt0pnYYPSgh13vMZ3Tq8bqmOE5u0D.webp HTTP/1.1" 304 - "https://royaltuning.hu/public/hu/termekkategoria/kulcshazak/opel-kulcshaz" "Mozilla/5.0 (Linux; Android 10; K) AppleWebKit/537.36 (KHTML, like Gecko) Chrome/126.0.0.0 Mobile Safari/537.36"
94.44.118.95 - - [26/Jun/2024:18:01:58 +0200] "GET /storage/media/U9NkjU7v6Z3urgm3cZoyB4B52Rf1RDn0nbyFiAJw.jpg HTTP/1.1" 304 - "https://royaltuning.hu/public/hu/termekkategoria/kulcshazak/opel-kulcshaz" "Mozilla/5.0 (Linux; Android 10; K) AppleWebKit/537.36 (KHTML, like Gecko) Chrome/126.0.0.0 Mobile Safari/537.36"
94.44.118.95 - - [26/Jun/2024:18:01:58 +0200] "GET /storage/media/zTdJDwdSsCNSvJi9K4gBVppOmVdqtNoAZ8rbqvcd.jpg HTTP/1.1" 304 - "https://royaltuning.hu/public/hu/termekkategoria/kulcshazak/opel-kulcshaz" "Mozilla/5.0 (Linux; Android 10; K) AppleWebKit/537.36 (KHTML, like Gecko) Chrome/126.0.0.0 Mobile Safari/537.36"
94.44.118.95 - - [26/Jun/2024:18:01:58 +0200] "GET /public/hu/shop?query=&brand=&category=opel-kulcshaz&tag=&fromPrice=0&toPrice=114990&sort=alphabetic&perPage=30&page=1 HTTP/1.1" 200 1968 "https://royaltuning.hu/public/hu/termekkategoria/kulcshazak/opel-kulcshaz" "Mozilla/5.0 (Linux; Android 10; K) AppleWebKit/537.36 (KHTML, like Gecko) Chrome/126.0.0.0 Mobile Safari/537.36"
94.44.118.95 - - [26/Jun/2024:18:01:58 +0200] "GET /storage/media/opel_bicskakulcs_2gombos-4-1.jpg HTTP/1.1" 200 56737 "https://royaltuning.hu/public/hu/termekkategoria/kulcshazak/opel-kulcshaz" "Mozilla/5.0 (Linux; Android 10; K) AppleWebKit/537.36 (KHTML, like Gecko) Chrome/126.0.0.0 Mobile Safari/537.36"
94.44.118.95 - - [26/Jun/2024:18:01:58 +0200] "GET /storage/media/opel_bicskakulcs_2gombos_astra_H-1.jpg HTTP/1.1" 200 32486 "https://royaltuning.hu/public/hu/termekkategoria/kulcshazak/opel-kulcshaz" "Mozilla/5.0 (Linux; Android 10; K) AppleWebKit/537.36 (KHTML, like Gecko) Chrome/126.0.0.0 Mobile Safari/537.36"
94.44.118.95 - - [26/Jun/2024:18:01:58 +0200] "GET /storage/media/opel_kulcs_javito_keszlet-1.jpg HTTP/1.1" 200 83033 "https://royaltuning.hu/public/hu/termekkategoria/kulcshazak/opel-kulcshaz" "Mozilla/5.0 (Linux; Android 10; K) AppleWebKit/537.36 (KHTML, like Gecko) Chrome/126.0.0.0 Mobile Safari/537.36"
94.44.118.95 - - [26/Jun/2024:18:01:58 +0200] "GET /storage/media/opel_bicskakulcs_3gombos_astra_H-1.jpg HTTP/1.1" 200 40326 "https://royaltuning.hu/public/hu/termekkategoria/kulcshazak/opel-kulcshaz" "Mozilla/5.0 (Linux; Android 10; K) AppleWebKit/537.36 (KHTML, like Gecko) Chrome/126.0.0.0 Mobile Safari/537.36"
94.44.118.95 - - [26/Jun/2024:18:01:58 +0200] "GET /storage/media/opel_bicskakulcs_elektronika-1.jpg HTTP/1.1" 200 75103 "https://royaltuning.hu/public/hu/termekkategoria/kulcshazak/opel-kulcshaz" "Mozilla/5.0 (Linux; Android 10; K) AppleWebKit/537.36 (KHTML, like Gecko) Chrome/126.0.0.0 Mobile Safari/537.36"
94.44.118.95 - - [26/Jun/2024:18:01:58 +0200] "GET /storage/media/opel_bicskakulcs_3gombos-1.jpg HTTP/1.1" 200 56770 "https://royaltuning.hu/public/hu/termekkategoria/kulcshazak/opel-kulcshaz" "Mozilla/5.0 (Linux; Android 10; K) AppleWebKit/537.36 (KHTML, like Gecko) Chrome/126.0.0.0 Mobile Safari/537.36"
94.44.118.95 - - [26/Jun/2024:18:01:58 +0200] "GET /storage/media/opel_kulcs_javito_keszlet_gombos.jpg HTTP/1.1" 200 92757 "https://royaltuning.hu/public/hu/termekkategoria/kulcshazak/opel-kulcshaz" "Mozilla/5.0 (Linux; Android 10; K) AppleWebKit/537.36 (KHTML, like Gecko) Chrome/126.0.0.0 Mobile Safari/537.36"
94.44.118.95 - - [26/Jun/2024:18:01:58 +0200] "GET /storage/media/opel_bicskakulcs_5gombos-1.jpg HTTP/1.1" 200 66873 "https://royaltuning.hu/public/hu/termekkategoria/kulcshazak/opel-kulcshaz" "Mozilla/5.0 (Linux; Android 10; K) AppleWebKit/537.36 (KHTML, like Gecko) Chrome/126.0.0.0 Mobile Safari/537.36"
94.44.118.95 - - [26/Jun/2024:18:01:58 +0200] "GET /storage/media/opel_bicskakulcs_4gombos-1.jpg HTTP/1.1" 200 65806 "https://royaltuning.hu/public/hu/termekkategoria/kulcshazak/opel-kulcshaz" "Mozilla/5.0 (Linux; Android 10; K) AppleWebKit/537.36 (KHTML, like Gecko) Chrome/126.0.0.0 Mobile Safari/537.36"
94.44.118.95 - - [26/Jun/2024:18:01:58 +0200] "GET /storage/media/opelbetet.jpg HTTP/1.1" 200 136518 "https://royaltuning.hu/public/hu/termekkategoria/kulcshazak/opel-kulcshaz" "Mozilla/5.0 (Linux; Android 10; K) AppleWebKit/537.36 (KHTML, like Gecko) Chrome/126.0.0.0 Mobile Safari/537.36"
94.44.118.95 - - [26/Jun/2024:18:01:58 +0200] "GET /storage/media/opel_kulcshaz_vivaro_movano-1.jpg HTTP/1.1" 200 29450 "https://royaltuning.hu/public/hu/termekkategoria/kulcshazak/opel-kulcshaz" "Mozilla/5.0 (Linux; Android 10; K) AppleWebKit/537.36 (KHTML, like Gecko) Chrome/126.0.0.0 Mobile Safari/537.36"
94.44.118.95 - - [26/Jun/2024:18:01:58 +0200] "GET /storage/media/saab_kulcshaz-4.jpg HTTP/1.1" 200 323969 "https://royaltuning.hu/public/hu/termekkategoria/kulcshazak/opel-kulcshaz" "Mozilla/5.0 (Linux; Android 10; K) AppleWebKit/537.36 (KHTML, like Gecko) Chrome/126.0.0.0 Mobile Safari/537.36"
94.44.118.95 - - [26/Jun/2024:18:01:58 +0200] "GET /storage/media/opel_vivaro_kulcs_javito_keszlet.jpg HTTP/1.1" 200 83745 "https://royaltuning.hu/public/hu/termekkategoria/kulcshazak/opel-kulcshaz" "Mozilla/5.0 (Linux; Android 10; K) AppleWebKit/537.36 (KHTML, like Gecko) Chrome/126.0.0.0 Mobile Safari/537.36"
94.44.118.95 - - [26/Jun/2024:18:01:59 +0200] "GET /storage/media/opel_kulcshaz_2gombos-1.jpg HTTP/1.1" 200 66383 "https://royaltuning.hu/public/hu/termekkategoria/kulcshazak/opel-kulcshaz" "Mozilla/5.0 (Linux; Android 10; K) AppleWebKit/537.36 (KHTML, like Gecko) Chrome/126.0.0.0 Mobile Safari/537.36"
94.44.118.95 - - [26/Jun/2024:18:01:59 +0200] "GET /storage/media/opel3g.jpg HTTP/1.1" 200 58277 "https://royaltuning.hu/public/hu/termekkategoria/kulcshazak/opel-kulcshaz" "Mozilla/5.0 (Linux; Android 10; K) AppleWebKit/537.36 (KHTML, like Gecko) Chrome/126.0.0.0 Mobile Safari/537.36"
94.44.118.95 - - [26/Jun/2024:18:01:59 +0200] "GET /storage/media/opel_kulcshaz_3gombos-1.jpg HTTP/1.1" 200 98772 "https://royaltuning.hu/public/hu/termekkategoria/kulcshazak/opel-kulcshaz" "Mozilla/5.0 (Linux; Android 10; K) AppleWebKit/537.36 (KHTML, like Gecko) Chrome/126.0.0.0 Mobile Safari/537.36"
94.44.118.95 - - [26/Jun/2024:18:01:59 +0200] "GET /storage/media/opel2g.jpg HTTP/1.1" 200 42199 "https://royaltuning.hu/public/hu/termekkategoria/kulcshazak/opel-kulcshaz" "Mozilla/5.0 (Linux; Android 10; K) AppleWebKit/537.36 (KHTML, like Gecko) Chrome/126.0.0.0 Mobile Safari/537.36"
94.44.118.95 - - [26/Jun/2024:18:01:59 +0200] "GET /storage/media/IaGYYMhV9dA4anqh2PGvy7pV7FGlfX7vGhW0avNc.jpg HTTP/1.1" 200 77893 "https://royaltuning.hu/public/hu/termekkategoria/kulcshazak/opel-kulcshaz" "Mozilla/5.0 (Linux; Android 10; K) AppleWebKit/537.36 (KHTML, like Gecko) Chrome/126.0.0.0 Mobile Safari/537.36"
94.44.118.95 - - [26/Jun/2024:18:01:59 +0200] "GET /storage/media/K8g50COsJ8B3qul3wcf4vhsIT0tEKitJWV4uEAHk.jpg HTTP/1.1" 200 72041 "https://royaltuning.hu/public/hu/termekkategoria/kulcshazak/opel-kulcshaz" "Mozilla/5.0 (Linux; Android 10; K) AppleWebKit/537.36 (KHTML, like Gecko) Chrome/126.0.0.0 Mobile Safari/537.36"
66.249.70.160 - - [26/Jun/2024:18:02:01 +0200] "GET /wp-content/uploads/2021/11/p21w_led-1-500x500.jpg HTTP/1.1" 304 - "-" "Googlebot-Image/1.0"
66.249.70.160 - - [26/Jun/2024:18:01:59 +0200] "GET /public/hu/termekkategoriak HTTP/1.1" 200 36760 "-" "Mozilla/5.0 (Linux; Android 6.0.1; Nexus 5X Build/MMB29P) AppleWebKit/537.36 (KHTML, like Gecko) Chrome/125.0.6422.175 Mobile Safari/537.36 (compatible; Googlebot/2.1; +http://www.google.com/bot.html)"
66.249.70.160 - - [26/Jun/2024:18:02:02 +0200] "GET /public/hu/termekkategoriak HTTP/1.1" 200 36761 "-" "Mozilla/5.0 (Linux; Android 6.0.1; Nexus 5X Build/MMB29P) AppleWebKit/537.36 (KHTML, like Gecko) Chrome/125.0.6422.175 Mobile Safari/537.36 (compatible; Googlebot/2.1; +http://www.google.com/bot.html)"
66.249.70.160 - - [26/Jun/2024:18:02:03 +0200] "GET /hu/termek/suzuki-valtogomb-5sebesseges-swift-sx4-alto-menetes-felfogatassal HTTP/1.1" 200 43235 "-" "Mozilla/5.0 (compatible; Googlebot/2.1; +http://www.google.com/bot.html)"
66.249.70.160 - - [26/Jun/2024:18:02:05 +0200] "GET /public/termek/capa-antenna-feher HTTP/1.1" 302 218 "-" "Mozilla/5.0 (Linux; Android 6.0.1; Nexus 5X Build/MMB29P) AppleWebKit/537.36 (KHTML, like Gecko) Chrome/125.0.6422.175 Mobile Safari/537.36 (compatible; Googlebot/2.1; +http://www.google.com/bot.html)"
37.191.9.189 - - [26/Jun/2024:18:02:04 +0200] "GET /hu/termek/h4-led-izzo-2db-4300k HTTP/1.1" 200 45955 "https://royaltuning.hu/hu/termekkategoria/h4-izzok" "Mozilla/5.0 (Windows NT 10.0; Win64; x64; rv:127.0) Gecko/20100101 Firefox/127.0"
37.191.9.189 - - [26/Jun/2024:18:02:05 +0200] "GET /storage/media/h4_led_izzo_4300K_szinhomerseklet-3.jpg HTTP/1.1" 200 170172 "https://royaltuning.hu/hu/termek/h4-led-izzo-2db-4300k" "Mozilla/5.0 (Windows NT 10.0; Win64; x64; rv:127.0) Gecko/20100101 Firefox/127.0"
37.191.9.189 - - [26/Jun/2024:18:02:05 +0200] "GET /storage/media/h4_led_izzo_4300K_szinhomerseklet-5.jpg HTTP/1.1" 200 164251 "https://royaltuning.hu/hu/termek/h4-led-izzo-2db-4300k" "Mozilla/5.0 (Windows NT 10.0; Win64; x64; rv:127.0) Gecko/20100101 Firefox/127.0"
37.191.9.189 - - [26/Jun/2024:18:02:05 +0200] "GET /storage/media/h4_led_izzo_4300K_szinhomerseklet-4.jpg HTTP/1.1" 200 168057 "https://royaltuning.hu/hu/termek/h4-led-izzo-2db-4300k" "Mozilla/5.0 (Windows NT 10.0; Win64; x64; rv:127.0) Gecko/20100101 Firefox/127.0"
37.191.9.189 - - [26/Jun/2024:18:02:05 +0200] "GET /storage/media/h4_led_izzo_4300K_szinhomerseklet-2.jpg HTTP/1.1" 200 195696 "https://royaltuning.hu/hu/termek/h4-led-izzo-2db-4300k" "Mozilla/5.0 (Windows NT 10.0; Win64; x64; rv:127.0) Gecko/20100101 Firefox/127.0"
37.191.9.189 - - [26/Jun/2024:18:02:05 +0200] "GET /storage/media/4300k_szinhomersekletu_izzo.jpg HTTP/1.1" 200 197832 "https://royaltuning.hu/hu/termek/h4-led-izzo-2db-4300k" "Mozilla/5.0 (Windows NT 10.0; Win64; x64; rv:127.0) Gecko/20100101 Firefox/127.0"
37.191.9.189 - - [26/Jun/2024:18:02:06 +0200] "GET /wp-content/uploads/2022/12/4300k_szinhomersekletu_izzo.jpg HTTP/1.1" 200 197832 "https://royaltuning.hu/hu/termek/h4-led-izzo-2db-4300k" "Mozilla/5.0 (Windows NT 10.0; Win64; x64; rv:127.0) Gecko/20100101 Firefox/127.0"
37.191.9.189 - - [26/Jun/2024:18:02:06 +0200] "GET /wp-content/uploads/2023/11/h4_led_izzo_4300K_szinhomerseklet-5.jpg HTTP/1.1" 200 164251 "https://royaltuning.hu/hu/termek/h4-led-izzo-2db-4300k" "Mozilla/5.0 (Windows NT 10.0; Win64; x64; rv:127.0) Gecko/20100101 Firefox/127.0"
37.191.9.189 - - [26/Jun/2024:18:02:06 +0200] "GET /wp-content/uploads/2021/05/H4_LED_IZZO-2.jpg HTTP/1.1" 200 18827 "https://royaltuning.hu/hu/termek/h4-led-izzo-2db-4300k" "Mozilla/5.0 (Windows NT 10.0; Win64; x64; rv:127.0) Gecko/20100101 Firefox/127.0"
37.191.9.189 - - [26/Jun/2024:18:02:06 +0200] "GET /hu/products/228731/reviews?page=1 HTTP/1.1" 200 233 "https://royaltuning.hu/hu/termek/h4-led-izzo-2db-4300k" "Mozilla/5.0 (Windows NT 10.0; Win64; x64; rv:127.0) Gecko/20100101 Firefox/127.0"
66.249.70.160 - - [26/Jun/2024:18:02:05 +0200] "GET /public/hu/termek/capa-antenna-feher HTTP/1.1" 200 45491 "-" "Mozilla/5.0 (Linux; Android 6.0.1; Nexus 5X Build/MMB29P) AppleWebKit/537.36 (KHTML, like Gecko) Chrome/125.0.6422.175 Mobile Safari/537.36 (compatible; Googlebot/2.1; +http://www.google.com/bot.html)"
37.191.9.189 - - [26/Jun/2024:18:02:05 +0200] "GET /captcha/image?_=272193497 HTTP/1.1" 200 6370 "https://royaltuning.hu/hu/termek/h4-led-izzo-2db-4300k" "Mozilla/5.0 (Windows NT 10.0; Win64; x64; rv:127.0) Gecko/20100101 Firefox/127.0"
66.249.70.160 - - [26/Jun/2024:18:02:09 +0200] "GET /hu/aszf HTTP/1.1" 200 32121 "-" "Mozilla/5.0 (Linux; Android 6.0.1; Nexus 5X Build/MMB29P) AppleWebKit/537.36 (KHTML, like Gecko) Chrome/125.0.6422.175 Mobile Safari/537.36 (compatible; Googlebot/2.1; +http://www.google.com/bot.html)"
94.44.118.95 - - [26/Jun/2024:18:02:11 +0200] "GET /public/hu/termek/opel-bicskakulcsh-2gombos-javito-keszlet HTTP/1.1" 200 44127 "https://royaltuning.hu/public/hu/termekkategoria/kulcshazak/opel-kulcshaz" "Mozilla/5.0 (Linux; Android 10; K) AppleWebKit/537.36 (KHTML, like Gecko) Chrome/126.0.0.0 Mobile Safari/537.36"
94.44.118.95 - - [26/Jun/2024:18:02:12 +0200] "GET /storage/media/opel_bicskakulcs_2gombos-1.jpg HTTP/1.1" 200 76013 "https://royaltuning.hu/public/hu/termek/opel-bicskakulcsh-2gombos-javito-keszlet" "Mozilla/5.0 (Linux; Android 10; K) AppleWebKit/537.36 (KHTML, like Gecko) Chrome/126.0.0.0 Mobile Safari/537.36"
94.44.118.95 - - [26/Jun/2024:18:02:12 +0200] "GET /storage/media/udvM8cS3xE5AjAcIzrH7hluYNoKhFoij1XmqSI7N.jpg HTTP/1.1" 200 86087 "https://royaltuning.hu/public/hu/termek/opel-bicskakulcsh-2gombos-javito-keszlet" "Mozilla/5.0 (Linux; Android 10; K) AppleWebKit/537.36 (KHTML, like Gecko) Chrome/126.0.0.0 Mobile Safari/537.36"
94.44.118.95 - - [26/Jun/2024:18:02:12 +0200] "GET /storage/media/opel_bicskakulcs.jpg HTTP/1.1" 200 76816 "https://royaltuning.hu/public/hu/termek/opel-bicskakulcsh-2gombos-javito-keszlet" "Mozilla/5.0 (Linux; Android 10; K) AppleWebKit/537.36 (KHTML, like Gecko) Chrome/126.0.0.0 Mobile Safari/537.36"
94.44.118.95 - - [26/Jun/2024:18:02:12 +0200] "GET /public/themes/storefront/public/fonts/la-regular-400.woff2 HTTP/1.1" 200 12923 "https://royaltuning.hu/public/themes/storefront/public/css/app.css?v=3.1.0" "Mozilla/5.0 (Linux; Android 10; K) AppleWebKit/537.36 (KHTML, like Gecko) Chrome/126.0.0.0 Mobile Safari/537.36"
94.44.118.95 - - [26/Jun/2024:18:02:12 +0200] "GET /public/hu/products/203214/reviews?page=1 HTTP/1.1" 200 236 "https://royaltuning.hu/public/hu/termek/opel-bicskakulcsh-2gombos-javito-keszlet" "Mozilla/5.0 (Linux; Android 10; K) AppleWebKit/537.36 (KHTML, like Gecko) Chrome/126.0.0.0 Mobile Safari/537.36"
94.44.118.95 - - [26/Jun/2024:18:02:12 +0200] "GET /public/themes/storefront/public/js/flatpickr.js?v=3.1.0 HTTP/1.1" 200 65517 "https://royaltuning.hu/public/hu/termek/opel-bicskakulcsh-2gombos-javito-keszlet" "Mozilla/5.0 (Linux; Android 10; K) AppleWebKit/537.36 (KHTML, like Gecko) Chrome/126.0.0.0 Mobile Safari/537.36"
94.44.118.95 - - [26/Jun/2024:18:02:12 +0200] "GET /public/themes/storefront/public/css/ajax-loader.gif HTTP/1.1" 200 4178 "https://royaltuning.hu/public/themes/storefront/public/css/app.css?v=3.1.0" "Mozilla/5.0 (Linux; Android 10; K) AppleWebKit/537.36 (KHTML, like Gecko) Chrome/126.0.0.0 Mobile Safari/537.36"
94.44.118.95 - - [26/Jun/2024:18:02:12 +0200] "GET /public/captcha/image?_=1770827183 HTTP/1.1" 200 4592 "https://royaltuning.hu/public/hu/termek/opel-bicskakulcsh-2gombos-javito-keszlet" "Mozilla/5.0 (Linux; Android 10; K) AppleWebKit/537.36 (KHTML, like Gecko) Chrome/126.0.0.0 Mobile Safari/537.36"
66.249.70.160 - - [26/Jun/2024:18:02:13 +0200] "GET /public/themes/storefront/public/js/app.js?v=3.1.0 HTTP/1.1" 200 979893 "https://royaltuning.hu/public/hu/termek/capa-antenna-feher" "Mozilla/5.0 (Linux; Android 6.0.1; Nexus 5X Build/MMB29P) AppleWebKit/537.36 (KHTML, like Gecko) Chrome/125.0.6422.154 Mobile Safari/537.36 (compatible; Googlebot/2.1; +http://www.google.com/bot.html)"
66.249.70.160 - - [26/Jun/2024:18:02:14 +0200] "GET /public/hu/products/7312/reviews?page=1 HTTP/1.1" 200 236 "https://royaltuning.hu/public/hu/termek/capa-antenna-feher" "Mozilla/5.0 (Linux; Android 6.0.1; Nexus 5X Build/MMB29P) AppleWebKit/537.36 (KHTML, like Gecko) Chrome/125.0.6422.154 Mobile Safari/537.36 (compatible; Googlebot/2.1; +http://www.google.com/bot.html)"
46.139.88.175 - - [26/Jun/2024:18:02:14 +0200] "GET /hu/termek/opel-corsa-c-kezifekszoknya HTTP/1.1" 200 49520 "https://royaltuning.hu/hu/termekkategoria/valtogombok-valtoszoknyak/opel-valtogombok-valtoszoknyak" "Mozilla/5.0 (Windows NT 10.0; Win64; x64) AppleWebKit/537.36 (KHTML, like Gecko) Chrome/126.0.0.0 Safari/537.36"
46.139.88.175 - - [26/Jun/2024:18:02:15 +0200] "GET /storage/media/opel_corsa_c_kezifek_szoknya-4.jpg HTTP/1.1" 200 7841 "https://royaltuning.hu/hu/termek/opel-corsa-c-kezifekszoknya" "Mozilla/5.0 (Windows NT 10.0; Win64; x64) AppleWebKit/537.36 (KHTML, like Gecko) Chrome/126.0.0.0 Safari/537.36"
46.139.88.175 - - [26/Jun/2024:18:02:15 +0200] "GET /storage/media/opel_corsa_c_kezifek_szoknya-3.jpg HTTP/1.1" 200 9863 "https://royaltuning.hu/hu/termek/opel-corsa-c-kezifekszoknya" "Mozilla/5.0 (Windows NT 10.0; Win64; x64) AppleWebKit/537.36 (KHTML, like Gecko) Chrome/126.0.0.0 Safari/537.36"
46.139.88.175 - - [26/Jun/2024:18:02:15 +0200] "GET /storage/media/opel_corsa_c_kezifek_szoknya-2.jpg HTTP/1.1" 200 8896 "https://royaltuning.hu/hu/termek/opel-corsa-c-kezifekszoknya" "Mozilla/5.0 (Windows NT 10.0; Win64; x64) AppleWebKit/537.36 (KHTML, like Gecko) Chrome/126.0.0.0 Safari/537.36"
46.139.88.175 - - [26/Jun/2024:18:02:15 +0200] "GET /wp-content/uploads/2020/12/opel_corsa_c_kezifekszoknya.jpg HTTP/1.1" 200 74857 "https://royaltuning.hu/hu/termek/opel-corsa-c-kezifekszoknya" "Mozilla/5.0 (Windows NT 10.0; Win64; x64) AppleWebKit/537.36 (KHTML, like Gecko) Chrome/126.0.0.0 Safari/537.36"
46.139.88.175 - - [26/Jun/2024:18:02:15 +0200] "GET /wp-content/uploads/2021/11/opel_corsa_c_kezifek_szoknya-1.jpg HTTP/1.1" 200 7803 "https://royaltuning.hu/hu/termek/opel-corsa-c-kezifekszoknya" "Mozilla/5.0 (Windows NT 10.0; Win64; x64) AppleWebKit/537.36 (KHTML, like Gecko) Chrome/126.0.0.0 Safari/537.36"
46.139.88.175 - - [26/Jun/2024:18:02:15 +0200] "GET /wp-content/uploads/2020/08/opel_corsa_c_kezifek_szoknya-3.jpg HTTP/1.1" 200 9863 "https://royaltuning.hu/hu/termek/opel-corsa-c-kezifekszoknya" "Mozilla/5.0 (Windows NT 10.0; Win64; x64) AppleWebKit/537.36 (KHTML, like Gecko) Chrome/126.0.0.0 Safari/537.36"
46.139.88.175 - - [26/Jun/2024:18:02:15 +0200] "GET /hu/products/7071/reviews?page=1 HTTP/1.1" 200 229 "https://royaltuning.hu/hu/termek/opel-corsa-c-kezifekszoknya" "Mozilla/5.0 (Windows NT 10.0; Win64; x64) AppleWebKit/537.36 (KHTML, like Gecko) Chrome/126.0.0.0 Safari/537.36"
46.139.88.175 - - [26/Jun/2024:18:02:15 +0200] "GET /captcha/image?_=1857705800 HTTP/1.1" 200 4221 "https://royaltuning.hu/hu/termek/opel-corsa-c-kezifekszoknya" "Mozilla/5.0 (Windows NT 10.0; Win64; x64) AppleWebKit/537.36 (KHTML, like Gecko) Chrome/126.0.0.0 Safari/537.36"
46.139.88.175 - - [26/Jun/2024:18:02:17 +0200] "GET /hu/termek/opel-corsa-c-kezifekszoknya HTTP/1.1" 200 49516 "https://royaltuning.hu/hu/termekkategoria/valtogombok-valtoszoknyak/opel-valtogombok-valtoszoknyak" "Mozilla/5.0 (Windows NT 10.0; Win64; x64) AppleWebKit/537.36 (KHTML, like Gecko) Chrome/126.0.0.0 Safari/537.36"
46.139.88.175 - - [26/Jun/2024:18:02:18 +0200] "GET /hu/products/7071/reviews?page=1 HTTP/1.1" 200 229 "https://royaltuning.hu/hu/termek/opel-corsa-c-kezifekszoknya" "Mozilla/5.0 (Windows NT 10.0; Win64; x64) AppleWebKit/537.36 (KHTML, like Gecko) Chrome/126.0.0.0 Safari/537.36"
66.249.70.161 - - [26/Jun/2024:18:02:18 +0200] "GET /captcha/image?_=1456912254?_= HTTP/1.1" 200 5435 "-" "Mozilla/5.0 (Linux; Android 6.0.1; Nexus 5X Build/MMB29P) AppleWebKit/537.36 (KHTML, like Gecko) Chrome/125.0.6422.175 Mobile Safari/537.36 (compatible; Googlebot/2.1; +http://www.google.com/bot.html)"
31.13.103.113 - - [26/Jun/2024:18:02:19 +0200] "GET /wp-content/uploads/2021/06/renault_hibakod_olvaso-1.jpg HTTP/1.1" 200 144077 "-" "facebookexternalhit/1.1 (+http://www.facebook.com/externalhit_uatext.php)"
46.139.88.175 - - [26/Jun/2024:18:02:18 +0200] "GET /captcha/image?_=686109127 HTTP/1.1" 200 4069 "https://royaltuning.hu/hu/termek/opel-corsa-c-kezifekszoknya" "Mozilla/5.0 (Windows NT 10.0; Win64; x64) AppleWebKit/537.36 (KHTML, like Gecko) Chrome/126.0.0.0 Safari/537.36"
66.249.70.161 - - [26/Jun/2024:18:02:19 +0200] "GET /wp-content/uploads/2020/06/T10_led_izzo-2-1-500x500.jpg HTTP/1.1" 304 - "-" "Googlebot-Image/1.0"
110.238.104.161 - - [26/Jun/2024:18:02:27 +0200] "GET /Radio-kiszedo-villa-Clarion-d1072.htm HTTP/1.1" 302 232 "-" "Mozilla/5.0 (Windows NT 10.0; Win64; x64) AppleWebKit/537.36 (KHTML, like Gecko) Chrome/107.0.0.0 Safari/537.36"
66.249.70.160 - - [26/Jun/2024:18:02:32 +0200] "GET /public/hu/products/7894/reviews?page=1 HTTP/1.1" 200 236 "https://royaltuning.hu/public/hu/termek/endoszkop-kamera-microsusb-es-usb-2m" "Mozilla/5.0 (Linux; Android 6.0.1; Nexus 5X Build/MMB29P) AppleWebKit/537.36 (KHTML, like Gecko) Chrome/125.0.6422.154 Mobile Safari/537.36 (compatible; Googlebot/2.1; +http://www.google.com/bot.html)"
110.238.104.161 - - [26/Jun/2024:18:02:31 +0200] "GET /hu/Radio-kiszedo-villa-Clarion-d1072.htm HTTP/1.1" 200 31022 "-" "Mozilla/5.0 (Windows NT 10.0; Win64; x64) AppleWebKit/537.36 (KHTML, like Gecko) Chrome/107.0.0.0 Safari/537.36"
17.241.219.204 - - [26/Jun/2024:18:02:33 +0200] "GET /public/termek/subaru-valtogomb-5sebesseges HTTP/1.1" 302 228 "-" "Mozilla/5.0 (Macintosh; Intel Mac OS X 10_15_7) AppleWebKit/605.1.15 (KHTML, like Gecko) Version/17.4 Safari/605.1.15 (Applebot/0.1; +http://www.apple.com/go/applebot)"
17.241.219.204 - - [26/Jun/2024:18:02:33 +0200] "GET /public/hu/termek/subaru-valtogomb-5sebesseges HTTP/1.1" 200 43213 "-" "Mozilla/5.0 (Macintosh; Intel Mac OS X 10_15_7) AppleWebKit/605.1.15 (KHTML, like Gecko) Version/17.4 Safari/605.1.15 (Applebot/0.1; +http://www.apple.com/go/applebot)"
5.38.159.140 - - [26/Jun/2024:18:02:35 +0200] "GET /termekkategoria/kulcshazak/?gad_source=1&gclid=CjwKCAjw-O6zBhASEiwAOHeGxXVrhwmyYjNh0ne1RmUAhSa5RWd6XBlZ1hoGZRfGQ5dbigPUW9_KmxoCFKcQAvD_BwE HTTP/1.1" 301 379 "https://www.google.com/" "Mozilla/5.0 (Linux; Android 10; K) AppleWebKit/537.36 (KHTML, like Gecko) Chrome/126.0.0.0 Mobile Safari/537.36"
5.38.159.140 - - [26/Jun/2024:18:02:35 +0200] "GET /public/termekkategoria/kulcshazak?gad_source=1&gclid=CjwKCAjw-O6zBhASEiwAOHeGxXVrhwmyYjNh0ne1RmUAhSa5RWd6XBlZ1hoGZRfGQ5dbigPUW9_KmxoCFKcQAvD_BwE HTTP/1.1" 302 330 "https://www.google.com/" "Mozilla/5.0 (Linux; Android 10; K) AppleWebKit/537.36 (KHTML, like Gecko) Chrome/126.0.0.0 Mobile Safari/537.36"
66.249.70.161 - - [26/Jun/2024:18:02:35 +0200] "GET /wp-content/uploads/2020/06/skoda_fabia_valtogomb_valtoszoknya-3-1.jpg HTTP/1.1" 200 11326 "-" "Googlebot-Image/1.0"
5.38.159.140 - - [26/Jun/2024:18:02:35 +0200] "GET /public/hu/termekkategoria/kulcshazak?gad_source=1&gclid=CjwKCAjw-O6zBhASEiwAOHeGxXVrhwmyYjNh0ne1RmUAhSa5RWd6XBlZ1hoGZRfGQ5dbigPUW9_KmxoCFKcQAvD_BwE HTTP/1.1" 200 44990 "https://www.google.com/" "Mozilla/5.0 (Linux; Android 10; K) AppleWebKit/537.36 (KHTML, like Gecko) Chrome/126.0.0.0 Mobile Safari/537.36"
5.38.159.140 - - [26/Jun/2024:18:02:36 +0200] "GET /public/vendor/cookie-consent/css/cookie-consent.css HTTP/1.1" 200 990 "https://royaltuning.hu/public/hu/termekkategoria/kulcshazak?gad_source=1&gclid=CjwKCAjw-O6zBhASEiwAOHeGxXVrhwmyYjNh0ne1RmUAhSa5RWd6XBlZ1hoGZRfGQ5dbigPUW9_KmxoCFKcQAvD_BwE" "Mozilla/5.0 (Linux; Android 10; K) AppleWebKit/537.36 (KHTML, like Gecko) Chrome/126.0.0.0 Mobile Safari/537.36"
5.38.159.140 - - [26/Jun/2024:18:02:36 +0200] "GET /storage/media/rpiKsmcVc59LwHHydMWZkR91adM4KGiqcvvmbod4.png HTTP/1.1" 200 17070 "https://royaltuning.hu/public/hu/termekkategoria/kulcshazak?gad_source=1&gclid=CjwKCAjw-O6zBhASEiwAOHeGxXVrhwmyYjNh0ne1RmUAhSa5RWd6XBlZ1hoGZRfGQ5dbigPUW9_KmxoCFKcQAvD_BwE" "Mozilla/5.0 (Linux; Android 10; K) AppleWebKit/537.36 (KHTML, like Gecko) Chrome/126.0.0.0 Mobile Safari/537.36"
5.38.159.140 - - [26/Jun/2024:18:02:36 +0200] "GET /storage/media/alfa_romeo.jpg HTTP/1.1" 200 39184 "https://royaltuning.hu/public/hu/termekkategoria/kulcshazak?gad_source=1&gclid=CjwKCAjw-O6zBhASEiwAOHeGxXVrhwmyYjNh0ne1RmUAhSa5RWd6XBlZ1hoGZRfGQ5dbigPUW9_KmxoCFKcQAvD_BwE" "Mozilla/5.0 (Linux; Android 10; K) AppleWebKit/537.36 (KHTML, like Gecko) Chrome/126.0.0.0 Mobile Safari/537.36"
5.38.159.140 - - [26/Jun/2024:18:02:36 +0200] "GET /public/themes/storefront/public/css/app.css?v=3.1.0 HTTP/1.1" 200 72700 "https://royaltuning.hu/public/hu/termekkategoria/kulcshazak?gad_source=1&gclid=CjwKCAjw-O6zBhASEiwAOHeGxXVrhwmyYjNh0ne1RmUAhSa5RWd6XBlZ1hoGZRfGQ5dbigPUW9_KmxoCFKcQAvD_BwE" "Mozilla/5.0 (Linux; Android 10; K) AppleWebKit/537.36 (KHTML, like Gecko) Chrome/126.0.0.0 Mobile Safari/537.36"
5.38.159.140 - - [26/Jun/2024:18:02:36 +0200] "GET /storage/media/audi.jpg HTTP/1.1" 200 6393 "https://royaltuning.hu/public/hu/termekkategoria/kulcshazak?gad_source=1&gclid=CjwKCAjw-O6zBhASEiwAOHeGxXVrhwmyYjNh0ne1RmUAhSa5RWd6XBlZ1hoGZRfGQ5dbigPUW9_KmxoCFKcQAvD_BwE" "Mozilla/5.0 (Linux; Android 10; K) AppleWebKit/537.36 (KHTML, like Gecko) Chrome/126.0.0.0 Mobile Safari/537.36"
5.38.159.140 - - [26/Jun/2024:18:02:36 +0200] "GET /storage/media/bmw.jpg HTTP/1.1" 200 10342 "https://royaltuning.hu/public/hu/termekkategoria/kulcshazak?gad_source=1&gclid=CjwKCAjw-O6zBhASEiwAOHeGxXVrhwmyYjNh0ne1RmUAhSa5RWd6XBlZ1hoGZRfGQ5dbigPUW9_KmxoCFKcQAvD_BwE" "Mozilla/5.0 (Linux; Android 10; K) AppleWebKit/537.36 (KHTML, like Gecko) Chrome/126.0.0.0 Mobile Safari/537.36"
5.38.159.140 - - [26/Jun/2024:18:02:36 +0200] "GET /storage/media/chevrolet.jpg HTTP/1.1" 200 5916 "https://royaltuning.hu/public/hu/termekkategoria/kulcshazak?gad_source=1&gclid=CjwKCAjw-O6zBhASEiwAOHeGxXVrhwmyYjNh0ne1RmUAhSa5RWd6XBlZ1hoGZRfGQ5dbigPUW9_KmxoCFKcQAvD_BwE" "Mozilla/5.0 (Linux; Android 10; K) AppleWebKit/537.36 (KHTML, like Gecko) Chrome/126.0.0.0 Mobile Safari/537.36"
5.38.159.140 - - [26/Jun/2024:18:02:36 +0200] "GET /public/vendor/cookie-consent/js/cookie-consent.js HTTP/1.1" 200 11136 "https://royaltuning.hu/public/hu/termekkategoria/kulcshazak?gad_source=1&gclid=CjwKCAjw-O6zBhASEiwAOHeGxXVrhwmyYjNh0ne1RmUAhSa5RWd6XBlZ1hoGZRfGQ5dbigPUW9_KmxoCFKcQAvD_BwE" "Mozilla/5.0 (Linux; Android 10; K) AppleWebKit/537.36 (KHTML, like Gecko) Chrome/126.0.0.0 Mobile Safari/537.36"
5.38.159.140 - - [26/Jun/2024:18:02:36 +0200] "GET /storage/media/chrysler.gif HTTP/1.1" 200 4485 "https://royaltuning.hu/public/hu/termekkategoria/kulcshazak?gad_source=1&gclid=CjwKCAjw-O6zBhASEiwAOHeGxXVrhwmyYjNh0ne1RmUAhSa5RWd6XBlZ1hoGZRfGQ5dbigPUW9_KmxoCFKcQAvD_BwE" "Mozilla/5.0 (Linux; Android 10; K) AppleWebKit/537.36 (KHTML, like Gecko) Chrome/126.0.0.0 Mobile Safari/537.36"
5.38.159.140 - - [26/Jun/2024:18:02:36 +0200] "GET /storage/media/dacia.gif HTTP/1.1" 200 16597 "https://royaltuning.hu/public/hu/termekkategoria/kulcshazak?gad_source=1&gclid=CjwKCAjw-O6zBhASEiwAOHeGxXVrhwmyYjNh0ne1RmUAhSa5RWd6XBlZ1hoGZRfGQ5dbigPUW9_KmxoCFKcQAvD_BwE" "Mozilla/5.0 (Linux; Android 10; K) AppleWebKit/537.36 (KHTML, like Gecko) Chrome/126.0.0.0 Mobile Safari/537.36"
5.38.159.140 - - [26/Jun/2024:18:02:36 +0200] "GET /storage/media/citroen.jpg HTTP/1.1" 200 9215 "https://royaltuning.hu/public/hu/termekkategoria/kulcshazak?gad_source=1&gclid=CjwKCAjw-O6zBhASEiwAOHeGxXVrhwmyYjNh0ne1RmUAhSa5RWd6XBlZ1hoGZRfGQ5dbigPUW9_KmxoCFKcQAvD_BwE" "Mozilla/5.0 (Linux; Android 10; K) AppleWebKit/537.36 (KHTML, like Gecko) Chrome/126.0.0.0 Mobile Safari/537.36"
5.38.159.140 - - [26/Jun/2024:18:02:36 +0200] "GET /public/themes/storefront/public/fonts/la-solid-900.woff2 HTTP/1.1" 200 96652 "https://royaltuning.hu/public/themes/storefront/public/css/app.css?v=3.1.0" "Mozilla/5.0 (Linux; Android 10; K) AppleWebKit/537.36 (KHTML, like Gecko) Chrome/126.0.0.0 Mobile Safari/537.36"
5.38.159.140 - - [26/Jun/2024:18:02:36 +0200] "GET /storage/media/cr2032_elem-1.jpg HTTP/1.1" 200 32178 "https://royaltuning.hu/public/hu/termekkategoria/kulcshazak?gad_source=1&gclid=CjwKCAjw-O6zBhASEiwAOHeGxXVrhwmyYjNh0ne1RmUAhSa5RWd6XBlZ1hoGZRfGQ5dbigPUW9_KmxoCFKcQAvD_BwE" "Mozilla/5.0 (Linux; Android 10; K) AppleWebKit/537.36 (KHTML, like Gecko) Chrome/126.0.0.0 Mobile Safari/537.36"
5.38.159.140 - - [26/Jun/2024:18:02:36 +0200] "GET /public/themes/storefront/public/images/arrow-black.png HTTP/1.1" 200 221 "https://royaltuning.hu/public/themes/storefront/public/css/app.css?v=3.1.0" "Mozilla/5.0 (Linux; Android 10; K) AppleWebKit/537.36 (KHTML, like Gecko) Chrome/126.0.0.0 Mobile Safari/537.36"
5.38.159.140 - - [26/Jun/2024:18:02:36 +0200] "GET /public/themes/storefront/public/js/app.js?v=3.1.0 HTTP/1.1" 200 979893 "https://royaltuning.hu/public/hu/termekkategoria/kulcshazak?gad_source=1&gclid=CjwKCAjw-O6zBhASEiwAOHeGxXVrhwmyYjNh0ne1RmUAhSa5RWd6XBlZ1hoGZRfGQ5dbigPUW9_KmxoCFKcQAvD_BwE" "Mozilla/5.0 (Linux; Android 10; K) AppleWebKit/537.36 (KHTML, like Gecko) Chrome/126.0.0.0 Mobile Safari/537.36"
5.38.159.140 - - [26/Jun/2024:18:02:36 +0200] "GET /storage/media/fiat.jpg HTTP/1.1" 200 18763 "https://royaltuning.hu/public/hu/termekkategoria/kulcshazak?gad_source=1&gclid=CjwKCAjw-O6zBhASEiwAOHeGxXVrhwmyYjNh0ne1RmUAhSa5RWd6XBlZ1hoGZRfGQ5dbigPUW9_KmxoCFKcQAvD_BwE" "Mozilla/5.0 (Linux; Android 10; K) AppleWebKit/537.36 (KHTML, like Gecko) Chrome/126.0.0.0 Mobile Safari/537.36"
5.38.159.140 - - [26/Jun/2024:18:02:36 +0200] "GET /public/themes/storefront/public/fonts/la-brands-400.woff2 HTTP/1.1" 200 84805 "https://royaltuning.hu/public/themes/storefront/public/css/app.css?v=3.1.0" "Mozilla/5.0 (Linux; Android 10; K) AppleWebKit/537.36 (KHTML, like Gecko) Chrome/126.0.0.0 Mobile Safari/537.36"
5.38.159.140 - - [26/Jun/2024:18:02:36 +0200] "GET /storage/media/ford.jpg HTTP/1.1" 200 8657 "https://royaltuning.hu/public/hu/termekkategoria/kulcshazak?gad_source=1&gclid=CjwKCAjw-O6zBhASEiwAOHeGxXVrhwmyYjNh0ne1RmUAhSa5RWd6XBlZ1hoGZRfGQ5dbigPUW9_KmxoCFKcQAvD_BwE" "Mozilla/5.0 (Linux; Android 10; K) AppleWebKit/537.36 (KHTML, like Gecko) Chrome/126.0.0.0 Mobile Safari/537.36"
5.38.159.140 - - [26/Jun/2024:18:02:36 +0200] "GET /storage/media/honda.jpg HTTP/1.1" 200 9210 "https://royaltuning.hu/public/hu/termekkategoria/kulcshazak?gad_source=1&gclid=CjwKCAjw-O6zBhASEiwAOHeGxXVrhwmyYjNh0ne1RmUAhSa5RWd6XBlZ1hoGZRfGQ5dbigPUW9_KmxoCFKcQAvD_BwE" "Mozilla/5.0 (Linux; Android 10; K) AppleWebKit/537.36 (KHTML, like Gecko) Chrome/126.0.0.0 Mobile Safari/537.36"
5.38.159.140 - - [26/Jun/2024:18:02:37 +0200] "GET /storage/media/iveco.jpg HTTP/1.1" 200 4645 "https://royaltuning.hu/public/hu/termekkategoria/kulcshazak?gad_source=1&gclid=CjwKCAjw-O6zBhASEiwAOHeGxXVrhwmyYjNh0ne1RmUAhSa5RWd6XBlZ1hoGZRfGQ5dbigPUW9_KmxoCFKcQAvD_BwE" "Mozilla/5.0 (Linux; Android 10; K) AppleWebKit/537.36 (KHTML, like Gecko) Chrome/126.0.0.0 Mobile Safari/537.36"
5.38.159.140 - - [26/Jun/2024:18:02:37 +0200] "GET /storage/media/hyundai.jpg HTTP/1.1" 200 9185 "https://royaltuning.hu/public/hu/termekkategoria/kulcshazak?gad_source=1&gclid=CjwKCAjw-O6zBhASEiwAOHeGxXVrhwmyYjNh0ne1RmUAhSa5RWd6XBlZ1hoGZRfGQ5dbigPUW9_KmxoCFKcQAvD_BwE" "Mozilla/5.0 (Linux; Android 10; K) AppleWebKit/537.36 (KHTML, like Gecko) Chrome/126.0.0.0 Mobile Safari/537.36"
5.38.159.140 - - [26/Jun/2024:18:02:37 +0200] "GET /storage/media/kia.jpg HTTP/1.1" 200 11630 "https://royaltuning.hu/public/hu/termekkategoria/kulcshazak?gad_source=1&gclid=CjwKCAjw-O6zBhASEiwAOHeGxXVrhwmyYjNh0ne1RmUAhSa5RWd6XBlZ1hoGZRfGQ5dbigPUW9_KmxoCFKcQAvD_BwE" "Mozilla/5.0 (Linux; Android 10; K) AppleWebKit/537.36 (KHTML, like Gecko) Chrome/126.0.0.0 Mobile Safari/537.36"
5.38.159.140 - - [26/Jun/2024:18:02:37 +0200] "GET /storage/media/lada.jpg HTTP/1.1" 200 25117 "https://royaltuning.hu/public/hu/termekkategoria/kulcshazak?gad_source=1&gclid=CjwKCAjw-O6zBhASEiwAOHeGxXVrhwmyYjNh0ne1RmUAhSa5RWd6XBlZ1hoGZRfGQ5dbigPUW9_KmxoCFKcQAvD_BwE" "Mozilla/5.0 (Linux; Android 10; K) AppleWebKit/537.36 (KHTML, like Gecko) Chrome/126.0.0.0 Mobile Safari/537.36"
5.38.159.140 - - [26/Jun/2024:18:02:37 +0200] "GET /storage/media/lancia.jpg HTTP/1.1" 200 10653 "https://royaltuning.hu/public/hu/termekkategoria/kulcshazak?gad_source=1&gclid=CjwKCAjw-O6zBhASEiwAOHeGxXVrhwmyYjNh0ne1RmUAhSa5RWd6XBlZ1hoGZRfGQ5dbigPUW9_KmxoCFKcQAvD_BwE" "Mozilla/5.0 (Linux; Android 10; K) AppleWebKit/537.36 (KHTML, like Gecko) Chrome/126.0.0.0 Mobile Safari/537.36"
5.38.159.140 - - [26/Jun/2024:18:02:37 +0200] "GET /storage/media/mazda.jpg HTTP/1.1" 200 10887 "https://royaltuning.hu/public/hu/termekkategoria/kulcshazak?gad_source=1&gclid=CjwKCAjw-O6zBhASEiwAOHeGxXVrhwmyYjNh0ne1RmUAhSa5RWd6XBlZ1hoGZRfGQ5dbigPUW9_KmxoCFKcQAvD_BwE" "Mozilla/5.0 (Linux; Android 10; K) AppleWebKit/537.36 (KHTML, like Gecko) Chrome/126.0.0.0 Mobile Safari/537.36"
5.38.159.140 - - [26/Jun/2024:18:02:37 +0200] "GET /storage/media/mercedes.jpg HTTP/1.1" 200 5410 "https://royaltuning.hu/public/hu/termekkategoria/kulcshazak?gad_source=1&gclid=CjwKCAjw-O6zBhASEiwAOHeGxXVrhwmyYjNh0ne1RmUAhSa5RWd6XBlZ1hoGZRfGQ5dbigPUW9_KmxoCFKcQAvD_BwE" "Mozilla/5.0 (Linux; Android 10; K) AppleWebKit/537.36 (KHTML, like Gecko) Chrome/126.0.0.0 Mobile Safari/537.36"
5.38.159.140 - - [26/Jun/2024:18:02:37 +0200] "GET /storage/media/2%C3%A9rint.jpg HTTP/1.1" 200 43011 "https://royaltuning.hu/public/hu/termekkategoria/kulcshazak?gad_source=1&gclid=CjwKCAjw-O6zBhASEiwAOHeGxXVrhwmyYjNh0ne1RmUAhSa5RWd6XBlZ1hoGZRfGQ5dbigPUW9_KmxoCFKcQAvD_BwE" "Mozilla/5.0 (Linux; Android 10; K) AppleWebKit/537.36 (KHTML, like Gecko) Chrome/126.0.0.0 Mobile Safari/537.36"
5.38.159.140 - - [26/Jun/2024:18:02:37 +0200] "GET /storage/media/mini.jpg HTTP/1.1" 200 5115 "https://royaltuning.hu/public/hu/termekkategoria/kulcshazak?gad_source=1&gclid=CjwKCAjw-O6zBhASEiwAOHeGxXVrhwmyYjNh0ne1RmUAhSa5RWd6XBlZ1hoGZRfGQ5dbigPUW9_KmxoCFKcQAvD_BwE" "Mozilla/5.0 (Linux; Android 10; K) AppleWebKit/537.36 (KHTML, like Gecko) Chrome/126.0.0.0 Mobile Safari/537.36"
5.38.159.140 - - [26/Jun/2024:18:02:37 +0200] "GET /storage/media/nissan.jpg HTTP/1.1" 200 11648 "https://royaltuning.hu/public/hu/termekkategoria/kulcshazak?gad_source=1&gclid=CjwKCAjw-O6zBhASEiwAOHeGxXVrhwmyYjNh0ne1RmUAhSa5RWd6XBlZ1hoGZRfGQ5dbigPUW9_KmxoCFKcQAvD_BwE" "Mozilla/5.0 (Linux; Android 10; K) AppleWebKit/537.36 (KHTML, like Gecko) Chrome/126.0.0.0 Mobile Safari/537.36"
5.38.159.140 - - [26/Jun/2024:18:02:37 +0200] "GET /storage/media/mitsubishi.jpg HTTP/1.1" 200 4179 "https://royaltuning.hu/public/hu/termekkategoria/kulcshazak?gad_source=1&gclid=CjwKCAjw-O6zBhASEiwAOHeGxXVrhwmyYjNh0ne1RmUAhSa5RWd6XBlZ1hoGZRfGQ5dbigPUW9_KmxoCFKcQAvD_BwE" "Mozilla/5.0 (Linux; Android 10; K) AppleWebKit/537.36 (KHTML, like Gecko) Chrome/126.0.0.0 Mobile Safari/537.36"
5.38.159.140 - - [26/Jun/2024:18:02:37 +0200] "GET /storage/media/opel.jpg HTTP/1.1" 200 9928 "https://royaltuning.hu/public/hu/termekkategoria/kulcshazak?gad_source=1&gclid=CjwKCAjw-O6zBhASEiwAOHeGxXVrhwmyYjNh0ne1RmUAhSa5RWd6XBlZ1hoGZRfGQ5dbigPUW9_KmxoCFKcQAvD_BwE" "Mozilla/5.0 (Linux; Android 10; K) AppleWebKit/537.36 (KHTML, like Gecko) Chrome/126.0.0.0 Mobile Safari/537.36"
5.38.159.140 - - [26/Jun/2024:18:02:37 +0200] "GET /storage/media/peugeot.jpg HTTP/1.1" 200 9633 "https://royaltuning.hu/public/hu/termekkategoria/kulcshazak?gad_source=1&gclid=CjwKCAjw-O6zBhASEiwAOHeGxXVrhwmyYjNh0ne1RmUAhSa5RWd6XBlZ1hoGZRfGQ5dbigPUW9_KmxoCFKcQAvD_BwE" "Mozilla/5.0 (Linux; Android 10; K) AppleWebKit/537.36 (KHTML, like Gecko) Chrome/126.0.0.0 Mobile Safari/537.36"
5.38.159.140 - - [26/Jun/2024:18:02:37 +0200] "GET /storage/media/renault.jpg HTTP/1.1" 200 6831 "https://royaltuning.hu/public/hu/termekkategoria/kulcshazak?gad_source=1&gclid=CjwKCAjw-O6zBhASEiwAOHeGxXVrhwmyYjNh0ne1RmUAhSa5RWd6XBlZ1hoGZRfGQ5dbigPUW9_KmxoCFKcQAvD_BwE" "Mozilla/5.0 (Linux; Android 10; K) AppleWebKit/537.36 (KHTML, like Gecko) Chrome/126.0.0.0 Mobile Safari/537.36"
5.38.159.140 - - [26/Jun/2024:18:02:37 +0200] "GET /storage/media/saab.jpg HTTP/1.1" 200 19810 "https://royaltuning.hu/public/hu/termekkategoria/kulcshazak?gad_source=1&gclid=CjwKCAjw-O6zBhASEiwAOHeGxXVrhwmyYjNh0ne1RmUAhSa5RWd6XBlZ1hoGZRfGQ5dbigPUW9_KmxoCFKcQAvD_BwE" "Mozilla/5.0 (Linux; Android 10; K) AppleWebKit/537.36 (KHTML, like Gecko) Chrome/126.0.0.0 Mobile Safari/537.36"
5.38.159.140 - - [26/Jun/2024:18:02:37 +0200] "GET /storage/media/seat.jpg HTTP/1.1" 200 9675 "https://royaltuning.hu/public/hu/termekkategoria/kulcshazak?gad_source=1&gclid=CjwKCAjw-O6zBhASEiwAOHeGxXVrhwmyYjNh0ne1RmUAhSa5RWd6XBlZ1hoGZRfGQ5dbigPUW9_KmxoCFKcQAvD_BwE" "Mozilla/5.0 (Linux; Android 10; K) AppleWebKit/537.36 (KHTML, like Gecko) Chrome/126.0.0.0 Mobile Safari/537.36"
5.38.159.140 - - [26/Jun/2024:18:02:37 +0200] "GET /storage/media/smart.jpg HTTP/1.1" 200 13267 "https://royaltuning.hu/public/hu/termekkategoria/kulcshazak?gad_source=1&gclid=CjwKCAjw-O6zBhASEiwAOHeGxXVrhwmyYjNh0ne1RmUAhSa5RWd6XBlZ1hoGZRfGQ5dbigPUW9_KmxoCFKcQAvD_BwE" "Mozilla/5.0 (Linux; Android 10; K) AppleWebKit/537.36 (KHTML, like Gecko) Chrome/126.0.0.0 Mobile Safari/537.36"
5.38.159.140 - - [26/Jun/2024:18:02:37 +0200] "GET /storage/media/rover.png HTTP/1.1" 200 193833 "https://royaltuning.hu/public/hu/termekkategoria/kulcshazak?gad_source=1&gclid=CjwKCAjw-O6zBhASEiwAOHeGxXVrhwmyYjNh0ne1RmUAhSa5RWd6XBlZ1hoGZRfGQ5dbigPUW9_KmxoCFKcQAvD_BwE" "Mozilla/5.0 (Linux; Android 10; K) AppleWebKit/537.36 (KHTML, like Gecko) Chrome/126.0.0.0 Mobile Safari/537.36"
5.38.159.140 - - [26/Jun/2024:18:02:37 +0200] "GET /storage/media/Skoda.jpg HTTP/1.1" 200 5742 "https://royaltuning.hu/public/hu/termekkategoria/kulcshazak?gad_source=1&gclid=CjwKCAjw-O6zBhASEiwAOHeGxXVrhwmyYjNh0ne1RmUAhSa5RWd6XBlZ1hoGZRfGQ5dbigPUW9_KmxoCFKcQAvD_BwE" "Mozilla/5.0 (Linux; Android 10; K) AppleWebKit/537.36 (KHTML, like Gecko) Chrome/126.0.0.0 Mobile Safari/537.36"
