176.77.158.153 - - [26/Jun/2024:18:03:29 +0200] "GET /storage/media/alfa_romeo_valtogomb_6sebesseges_piror_varrassal.jpg HTTP/1.1" 200 45125 "https://royaltuning.hu/public/hu/termekkategoria/valtogombok-valtoszoknyak" "Mozilla/5.0 (iPhone; CPU iPhone OS 17_5_1 like Mac OS X) AppleWebKit/605.1.15 (KHTML, like Gecko) Version/17.5 Mobile/15E148 Safari/604.1"
176.77.158.153 - - [26/Jun/2024:18:03:29 +0200] "GET /storage/media/audi_a3_valtoszoknya_valtogomb-1.jpg HTTP/1.1" 200 124045 "https://royaltuning.hu/public/hu/termekkategoria/valtogombok-valtoszoknyak" "Mozilla/5.0 (iPhone; CPU iPhone OS 17_5_1 like Mac OS X) AppleWebKit/605.1.15 (KHTML, like Gecko) Version/17.5 Mobile/15E148 Safari/604.1"
176.77.158.153 - - [26/Jun/2024:18:03:29 +0200] "GET /storage/media/audi_a3_valtogomb-1.jpg HTTP/1.1" 200 217787 "https://royaltuning.hu/public/hu/termekkategoria/valtogombok-valtoszoknyak" "Mozilla/5.0 (iPhone; CPU iPhone OS 17_5_1 like Mac OS X) AppleWebKit/605.1.15 (KHTML, like Gecko) Version/17.5 Mobile/15E148 Safari/604.1"
176.77.158.153 - - [26/Jun/2024:18:03:29 +0200] "GET /storage/media/alfa_romeo_159_valtogomb_5sebesseges-2.jpg HTTP/1.1" 200 11480 "https://royaltuning.hu/public/hu/termekkategoria/valtogombok-valtoszoknyak" "Mozilla/5.0 (iPhone; CPU iPhone OS 17_5_1 like Mac OS X) AppleWebKit/605.1.15 (KHTML, like Gecko) Version/17.5 Mobile/15E148 Safari/604.1"
176.77.158.153 - - [26/Jun/2024:18:03:29 +0200] "GET /storage/media/audi_valtogomb_vastag-5.jpg HTTP/1.1" 200 149195 "https://royaltuning.hu/public/hu/termekkategoria/valtogombok-valtoszoknyak" "Mozilla/5.0 (iPhone; CPU iPhone OS 17_5_1 like Mac OS X) AppleWebKit/605.1.15 (KHTML, like Gecko) Version/17.5 Mobile/15E148 Safari/604.1"
176.77.158.153 - - [26/Jun/2024:18:03:29 +0200] "GET /storage/media/alfa_romeo_159_valtogomb_6sebesseges.jpg HTTP/1.1" 200 12071 "https://royaltuning.hu/public/hu/termekkategoria/valtogombok-valtoszoknyak" "Mozilla/5.0 (iPhone; CPU iPhone OS 17_5_1 like Mac OS X) AppleWebKit/605.1.15 (KHTML, like Gecko) Version/17.5 Mobile/15E148 Safari/604.1"
176.77.158.153 - - [26/Jun/2024:18:03:29 +0200] "GET /storage/media/alfa_romeo_valtogomb_gt_147_156_166-4.jpg HTTP/1.1" 200 194076 "https://royaltuning.hu/public/hu/termekkategoria/valtogombok-valtoszoknyak" "Mozilla/5.0 (iPhone; CPU iPhone OS 17_5_1 like Mac OS X) AppleWebKit/605.1.15 (KHTML, like Gecko) Version/17.5 Mobile/15E148 Safari/604.1"
176.77.158.153 - - [26/Jun/2024:18:03:29 +0200] "GET /storage/media/alfa_romeo_valtogomb_6sebesseges-3.jpg HTTP/1.1" 200 12059 "https://royaltuning.hu/public/hu/termekkategoria/valtogombok-valtoszoknyak" "Mozilla/5.0 (iPhone; CPU iPhone OS 17_5_1 like Mac OS X) AppleWebKit/605.1.15 (KHTML, like Gecko) Version/17.5 Mobile/15E148 Safari/604.1"
176.77.158.153 - - [26/Jun/2024:18:03:29 +0200] "GET /storage/media/alfa_romeo_valtogomb_gt_147_156_166-1.jpg HTTP/1.1" 200 229900 "https://royaltuning.hu/public/hu/termekkategoria/valtogombok-valtoszoknyak" "Mozilla/5.0 (iPhone; CPU iPhone OS 17_5_1 like Mac OS X) AppleWebKit/605.1.15 (KHTML, like Gecko) Version/17.5 Mobile/15E148 Safari/604.1"
176.77.158.153 - - [26/Jun/2024:18:03:29 +0200] "GET /storage/media/alfa_romeo_159_kezifekszoknya_piros_varrassal.jpg HTTP/1.1" 200 22250 "https://royaltuning.hu/public/hu/termekkategoria/valtogombok-valtoszoknyak" "Mozilla/5.0 (iPhone; CPU iPhone OS 17_5_1 like Mac OS X) AppleWebKit/605.1.15 (KHTML, like Gecko) Version/17.5 Mobile/15E148 Safari/604.1"
176.77.158.153 - - [26/Jun/2024:18:03:29 +0200] "GET /storage/media/audi_a3_valtoszoknya_valtogomb-1-scaled.jpg HTTP/1.1" 200 212576 "https://royaltuning.hu/public/hu/termekkategoria/valtogombok-valtoszoknyak" "Mozilla/5.0 (iPhone; CPU iPhone OS 17_5_1 like Mac OS X) AppleWebKit/605.1.15 (KHTML, like Gecko) Version/17.5 Mobile/15E148 Safari/604.1"
176.77.158.153 - - [26/Jun/2024:18:03:29 +0200] "GET /storage/media/audi_a3_8l_valtoszoknya_6_sebesseges-1.jpg HTTP/1.1" 200 238897 "https://royaltuning.hu/public/hu/termekkategoria/valtogombok-valtoszoknyak" "Mozilla/5.0 (iPhone; CPU iPhone OS 17_5_1 like Mac OS X) AppleWebKit/605.1.15 (KHTML, like Gecko) Version/17.5 Mobile/15E148 Safari/604.1"
176.77.158.153 - - [26/Jun/2024:18:03:29 +0200] "GET /storage/media/audi_a4_valtoszoknya_kerettel-1.jpg HTTP/1.1" 200 62728 "https://royaltuning.hu/public/hu/termekkategoria/valtogombok-valtoszoknyak" "Mozilla/5.0 (iPhone; CPU iPhone OS 17_5_1 like Mac OS X) AppleWebKit/605.1.15 (KHTML, like Gecko) Version/17.5 Mobile/15E148 Safari/604.1"
176.77.158.153 - - [26/Jun/2024:18:03:30 +0200] "GET /storage/media/alfa_romeo_159_valtoszoknya_piros_varrassal_ups.jpg HTTP/1.1" 200 122859 "https://royaltuning.hu/public/hu/termekkategoria/valtogombok-valtoszoknyak" "Mozilla/5.0 (iPhone; CPU iPhone OS 17_5_1 like Mac OS X) AppleWebKit/605.1.15 (KHTML, like Gecko) Version/17.5 Mobile/15E148 Safari/604.1"
176.77.158.153 - - [26/Jun/2024:18:03:30 +0200] "GET /storage/media/audi_valtogomb_es_valtoszoknya_6sebesseges-1.jpg HTTP/1.1" 200 41708 "https://royaltuning.hu/public/hu/termekkategoria/valtogombok-valtoszoknyak" "Mozilla/5.0 (iPhone; CPU iPhone OS 17_5_1 like Mac OS X) AppleWebKit/605.1.15 (KHTML, like Gecko) Version/17.5 Mobile/15E148 Safari/604.1"
176.77.158.153 - - [26/Jun/2024:18:03:30 +0200] "GET /storage/media/alfa_romeo_gulietta_valtogomb-1.jpg HTTP/1.1" 200 24415 "https://royaltuning.hu/public/hu/termekkategoria/valtogombok-valtoszoknyak" "Mozilla/5.0 (iPhone; CPU iPhone OS 17_5_1 like Mac OS X) AppleWebKit/605.1.15 (KHTML, like Gecko) Version/17.5 Mobile/15E148 Safari/604.1"
176.77.158.153 - - [26/Jun/2024:18:03:30 +0200] "GET /storage/media/alfa_romeo_valtogomb_gt_147_156_166-2.jpg HTTP/1.1" 200 295509 "https://royaltuning.hu/public/hu/termekkategoria/valtogombok-valtoszoknyak" "Mozilla/5.0 (iPhone; CPU iPhone OS 17_5_1 like Mac OS X) AppleWebKit/605.1.15 (KHTML, like Gecko) Version/17.5 Mobile/15E148 Safari/604.1"
176.77.158.153 - - [26/Jun/2024:18:03:30 +0200] "GET /storage/media/alfa_romeo_159_kezifekszoknya.jpg HTTP/1.1" 200 19622 "https://royaltuning.hu/public/hu/termekkategoria/valtogombok-valtoszoknyak" "Mozilla/5.0 (iPhone; CPU iPhone OS 17_5_1 like Mac OS X) AppleWebKit/605.1.15 (KHTML, like Gecko) Version/17.5 Mobile/15E148 Safari/604.1"
176.77.158.153 - - [26/Jun/2024:18:03:30 +0200] "GET /storage/media/alfa_romeo_156_valtoszoknya.jpg HTTP/1.1" 200 25649 "https://royaltuning.hu/public/hu/termekkategoria/valtogombok-valtoszoknyak" "Mozilla/5.0 (iPhone; CPU iPhone OS 17_5_1 like Mac OS X) AppleWebKit/605.1.15 (KHTML, like Gecko) Version/17.5 Mobile/15E148 Safari/604.1"
176.77.158.153 - - [26/Jun/2024:18:03:30 +0200] "GET /storage/media/dacia.gif HTTP/1.1" 200 16597 "https://royaltuning.hu/public/hu/termekkategoria/valtogombok-valtoszoknyak" "Mozilla/5.0 (iPhone; CPU iPhone OS 17_5_1 like Mac OS X) AppleWebKit/605.1.15 (KHTML, like Gecko) Version/17.5 Mobile/15E148 Safari/604.1"
176.77.158.153 - - [26/Jun/2024:18:03:30 +0200] "GET /storage/media/fiat.jpg HTTP/1.1" 200 18763 "https://royaltuning.hu/public/hu/termekkategoria/valtogombok-valtoszoknyak" "Mozilla/5.0 (iPhone; CPU iPhone OS 17_5_1 like Mac OS X) AppleWebKit/605.1.15 (KHTML, like Gecko) Version/17.5 Mobile/15E148 Safari/604.1"
176.77.158.153 - - [26/Jun/2024:18:03:30 +0200] "GET /storage/media/daewoo_valtogombok.png HTTP/1.1" 200 286076 "https://royaltuning.hu/public/hu/termekkategoria/valtogombok-valtoszoknyak" "Mozilla/5.0 (iPhone; CPU iPhone OS 17_5_1 like Mac OS X) AppleWebKit/605.1.15 (KHTML, like Gecko) Version/17.5 Mobile/15E148 Safari/604.1"
176.77.158.153 - - [26/Jun/2024:18:03:30 +0200] "GET /storage/media/honda.jpg HTTP/1.1" 200 9210 "https://royaltuning.hu/public/hu/termekkategoria/valtogombok-valtoszoknyak" "Mozilla/5.0 (iPhone; CPU iPhone OS 17_5_1 like Mac OS X) AppleWebKit/605.1.15 (KHTML, like Gecko) Version/17.5 Mobile/15E148 Safari/604.1"
176.77.158.153 - - [26/Jun/2024:18:03:30 +0200] "GET /storage/media/ford.jpg HTTP/1.1" 200 8657 "https://royaltuning.hu/public/hu/termekkategoria/valtogombok-valtoszoknyak" "Mozilla/5.0 (iPhone; CPU iPhone OS 17_5_1 like Mac OS X) AppleWebKit/605.1.15 (KHTML, like Gecko) Version/17.5 Mobile/15E148 Safari/604.1"
176.77.158.153 - - [26/Jun/2024:18:03:30 +0200] "GET /storage/media/iveco.jpg HTTP/1.1" 200 4645 "https://royaltuning.hu/public/hu/termekkategoria/valtogombok-valtoszoknyak" "Mozilla/5.0 (iPhone; CPU iPhone OS 17_5_1 like Mac OS X) AppleWebKit/605.1.15 (KHTML, like Gecko) Version/17.5 Mobile/15E148 Safari/604.1"
176.77.158.153 - - [26/Jun/2024:18:03:30 +0200] "GET /storage/media/hyundai.jpg HTTP/1.1" 200 9185 "https://royaltuning.hu/public/hu/termekkategoria/valtogombok-valtoszoknyak" "Mozilla/5.0 (iPhone; CPU iPhone OS 17_5_1 like Mac OS X) AppleWebKit/605.1.15 (KHTML, like Gecko) Version/17.5 Mobile/15E148 Safari/604.1"
176.77.158.153 - - [26/Jun/2024:18:03:30 +0200] "GET /storage/media/kia.jpg HTTP/1.1" 200 11630 "https://royaltuning.hu/public/hu/termekkategoria/valtogombok-valtoszoknyak" "Mozilla/5.0 (iPhone; CPU iPhone OS 17_5_1 like Mac OS X) AppleWebKit/605.1.15 (KHTML, like Gecko) Version/17.5 Mobile/15E148 Safari/604.1"
176.77.158.153 - - [26/Jun/2024:18:03:30 +0200] "GET /storage/media/lada.jpg HTTP/1.1" 200 25117 "https://royaltuning.hu/public/hu/termekkategoria/valtogombok-valtoszoknyak" "Mozilla/5.0 (iPhone; CPU iPhone OS 17_5_1 like Mac OS X) AppleWebKit/605.1.15 (KHTML, like Gecko) Version/17.5 Mobile/15E148 Safari/604.1"
176.77.158.153 - - [26/Jun/2024:18:03:30 +0200] "GET /storage/media/mercedes.jpg HTTP/1.1" 200 5410 "https://royaltuning.hu/public/hu/termekkategoria/valtogombok-valtoszoknyak" "Mozilla/5.0 (iPhone; CPU iPhone OS 17_5_1 like Mac OS X) AppleWebKit/605.1.15 (KHTML, like Gecko) Version/17.5 Mobile/15E148 Safari/604.1"
176.77.158.153 - - [26/Jun/2024:18:03:30 +0200] "GET /storage/media/lexus.jpg HTTP/1.1" 200 5811 "https://royaltuning.hu/public/hu/termekkategoria/valtogombok-valtoszoknyak" "Mozilla/5.0 (iPhone; CPU iPhone OS 17_5_1 like Mac OS X) AppleWebKit/605.1.15 (KHTML, like Gecko) Version/17.5 Mobile/15E148 Safari/604.1"
176.77.158.153 - - [26/Jun/2024:18:03:30 +0200] "GET /storage/media/lancia.jpg HTTP/1.1" 200 10653 "https://royaltuning.hu/public/hu/termekkategoria/valtogombok-valtoszoknyak" "Mozilla/5.0 (iPhone; CPU iPhone OS 17_5_1 like Mac OS X) AppleWebKit/605.1.15 (KHTML, like Gecko) Version/17.5 Mobile/15E148 Safari/604.1"
176.77.158.153 - - [26/Jun/2024:18:03:30 +0200] "GET /storage/media/mazda.jpg HTTP/1.1" 200 10887 "https://royaltuning.hu/public/hu/termekkategoria/valtogombok-valtoszoknyak" "Mozilla/5.0 (iPhone; CPU iPhone OS 17_5_1 like Mac OS X) AppleWebKit/605.1.15 (KHTML, like Gecko) Version/17.5 Mobile/15E148 Safari/604.1"
176.77.158.153 - - [26/Jun/2024:18:03:30 +0200] "GET /storage/media/mini.jpg HTTP/1.1" 200 5115 "https://royaltuning.hu/public/hu/termekkategoria/valtogombok-valtoszoknyak" "Mozilla/5.0 (iPhone; CPU iPhone OS 17_5_1 like Mac OS X) AppleWebKit/605.1.15 (KHTML, like Gecko) Version/17.5 Mobile/15E148 Safari/604.1"
176.77.158.153 - - [26/Jun/2024:18:03:30 +0200] "GET /storage/media/opel.jpg HTTP/1.1" 200 9928 "https://royaltuning.hu/public/hu/termekkategoria/valtogombok-valtoszoknyak" "Mozilla/5.0 (iPhone; CPU iPhone OS 17_5_1 like Mac OS X) AppleWebKit/605.1.15 (KHTML, like Gecko) Version/17.5 Mobile/15E148 Safari/604.1"
176.77.158.153 - - [26/Jun/2024:18:03:30 +0200] "GET /storage/media/nissan.jpg HTTP/1.1" 200 11648 "https://royaltuning.hu/public/hu/termekkategoria/valtogombok-valtoszoknyak" "Mozilla/5.0 (iPhone; CPU iPhone OS 17_5_1 like Mac OS X) AppleWebKit/605.1.15 (KHTML, like Gecko) Version/17.5 Mobile/15E148 Safari/604.1"
176.77.158.153 - - [26/Jun/2024:18:03:30 +0200] "GET /storage/media/peugeot.jpg HTTP/1.1" 200 9633 "https://royaltuning.hu/public/hu/termekkategoria/valtogombok-valtoszoknyak" "Mozilla/5.0 (iPhone; CPU iPhone OS 17_5_1 like Mac OS X) AppleWebKit/605.1.15 (KHTML, like Gecko) Version/17.5 Mobile/15E148 Safari/604.1"
176.77.158.153 - - [26/Jun/2024:18:03:30 +0200] "GET /storage/media/mitsubishi.jpg HTTP/1.1" 200 4179 "https://royaltuning.hu/public/hu/termekkategoria/valtogombok-valtoszoknyak" "Mozilla/5.0 (iPhone; CPU iPhone OS 17_5_1 like Mac OS X) AppleWebKit/605.1.15 (KHTML, like Gecko) Version/17.5 Mobile/15E148 Safari/604.1"
176.77.158.153 - - [26/Jun/2024:18:03:30 +0200] "GET /storage/media/renault.jpg HTTP/1.1" 200 6831 "https://royaltuning.hu/public/hu/termekkategoria/valtogombok-valtoszoknyak" "Mozilla/5.0 (iPhone; CPU iPhone OS 17_5_1 like Mac OS X) AppleWebKit/605.1.15 (KHTML, like Gecko) Version/17.5 Mobile/15E148 Safari/604.1"
176.77.158.153 - - [26/Jun/2024:18:03:30 +0200] "GET /storage/media/seat.jpg HTTP/1.1" 200 9675 "https://royaltuning.hu/public/hu/termekkategoria/valtogombok-valtoszoknyak" "Mozilla/5.0 (iPhone; CPU iPhone OS 17_5_1 like Mac OS X) AppleWebKit/605.1.15 (KHTML, like Gecko) Version/17.5 Mobile/15E148 Safari/604.1"
176.77.158.153 - - [26/Jun/2024:18:03:30 +0200] "GET /storage/media/saab.jpg HTTP/1.1" 200 19810 "https://royaltuning.hu/public/hu/termekkategoria/valtogombok-valtoszoknyak" "Mozilla/5.0 (iPhone; CPU iPhone OS 17_5_1 like Mac OS X) AppleWebKit/605.1.15 (KHTML, like Gecko) Version/17.5 Mobile/15E148 Safari/604.1"
176.77.158.153 - - [26/Jun/2024:18:03:30 +0200] "GET /storage/media/smart.jpg HTTP/1.1" 200 13267 "https://royaltuning.hu/public/hu/termekkategoria/valtogombok-valtoszoknyak" "Mozilla/5.0 (iPhone; CPU iPhone OS 17_5_1 like Mac OS X) AppleWebKit/605.1.15 (KHTML, like Gecko) Version/17.5 Mobile/15E148 Safari/604.1"
176.77.158.153 - - [26/Jun/2024:18:03:30 +0200] "GET /storage/media/Skoda.jpg HTTP/1.1" 200 5742 "https://royaltuning.hu/public/hu/termekkategoria/valtogombok-valtoszoknyak" "Mozilla/5.0 (iPhone; CPU iPhone OS 17_5_1 like Mac OS X) AppleWebKit/605.1.15 (KHTML, like Gecko) Version/17.5 Mobile/15E148 Safari/604.1"
176.77.158.153 - - [26/Jun/2024:18:03:30 +0200] "GET /storage/media/subaru.jpg HTTP/1.1" 200 15124 "https://royaltuning.hu/public/hu/termekkategoria/valtogombok-valtoszoknyak" "Mozilla/5.0 (iPhone; CPU iPhone OS 17_5_1 like Mac OS X) AppleWebKit/605.1.15 (KHTML, like Gecko) Version/17.5 Mobile/15E148 Safari/604.1"
176.77.158.153 - - [26/Jun/2024:18:03:30 +0200] "GET /storage/media/volkswagen.jpg HTTP/1.1" 200 27760 "https://royaltuning.hu/public/hu/termekkategoria/valtogombok-valtoszoknyak" "Mozilla/5.0 (iPhone; CPU iPhone OS 17_5_1 like Mac OS X) AppleWebKit/605.1.15 (KHTML, like Gecko) Version/17.5 Mobile/15E148 Safari/604.1"
176.77.158.153 - - [26/Jun/2024:18:03:30 +0200] "GET /storage/media/unvierzalis_valtogomb.jpg HTTP/1.1" 200 2771 "https://royaltuning.hu/public/hu/termekkategoria/valtogombok-valtoszoknyak" "Mozilla/5.0 (iPhone; CPU iPhone OS 17_5_1 like Mac OS X) AppleWebKit/605.1.15 (KHTML, like Gecko) Version/17.5 Mobile/15E148 Safari/604.1"
176.77.158.153 - - [26/Jun/2024:18:03:30 +0200] "GET /storage/media/toyota.jpg HTTP/1.1" 200 13315 "https://royaltuning.hu/public/hu/termekkategoria/valtogombok-valtoszoknyak" "Mozilla/5.0 (iPhone; CPU iPhone OS 17_5_1 like Mac OS X) AppleWebKit/605.1.15 (KHTML, like Gecko) Version/17.5 Mobile/15E148 Safari/604.1"
176.77.158.153 - - [26/Jun/2024:18:03:30 +0200] "GET /storage/media/suzuki.jpg HTTP/1.1" 200 5285 "https://royaltuning.hu/public/hu/termekkategoria/valtogombok-valtoszoknyak" "Mozilla/5.0 (iPhone; CPU iPhone OS 17_5_1 like Mac OS X) AppleWebKit/605.1.15 (KHTML, like Gecko) Version/17.5 Mobile/15E148 Safari/604.1"
176.77.158.153 - - [26/Jun/2024:18:03:30 +0200] "GET /storage/media/volvo-1.jpg HTTP/1.1" 200 21743 "https://royaltuning.hu/public/hu/termekkategoria/valtogombok-valtoszoknyak" "Mozilla/5.0 (iPhone; CPU iPhone OS 17_5_1 like Mac OS X) AppleWebKit/605.1.15 (KHTML, like Gecko) Version/17.5 Mobile/15E148 Safari/604.1"
176.77.158.153 - - [26/Jun/2024:18:03:30 +0200] "GET /public/hu/termekkategoria/alfa-romeo-valtogombok-valtoszoknyak HTTP/1.1" 200 42856 "https://royaltuning.hu/public/hu/termekkategoria/valtogombok-valtoszoknyak" "Mozilla/5.0 (iPhone; CPU iPhone OS 17_5_1 like Mac OS X) AppleWebKit/605.1.15 (KHTML, like Gecko) Version/17.5 Mobile/15E148 Safari/604.1"
176.77.158.153 - - [26/Jun/2024:18:03:32 +0200] "GET /public/hu/shop?query=&brand=&category=alfa-romeo-valtogombok-valtoszoknyak&tag=&fromPrice=0&toPrice=114990&sort=alphabetic&perPage=30&page=1 HTTP/1.1" 200 1971 "https://royaltuning.hu/public/hu/termekkategoria/alfa-romeo-valtogombok-valtoszoknyak" "Mozilla/5.0 (iPhone; CPU iPhone OS 17_5_1 like Mac OS X) AppleWebKit/605.1.15 (KHTML, like Gecko) Version/17.5 Mobile/15E148 Safari/604.1"
176.77.158.153 - - [26/Jun/2024:18:03:32 +0200] "GET /storage/media/unverzalis_valtogomb-2.jpg HTTP/1.1" 200 121730 "https://royaltuning.hu/public/hu/termekkategoria/alfa-romeo-valtogombok-valtoszoknyak" "Mozilla/5.0 (iPhone; CPU iPhone OS 17_5_1 like Mac OS X) AppleWebKit/605.1.15 (KHTML, like Gecko) Version/17.5 Mobile/15E148 Safari/604.1"
176.77.158.153 - - [26/Jun/2024:18:03:32 +0200] "GET /storage/media/valtogobm_univerzalis_.jpg HTTP/1.1" 200 51973 "https://royaltuning.hu/public/hu/termekkategoria/alfa-romeo-valtogombok-valtoszoknyak" "Mozilla/5.0 (iPhone; CPU iPhone OS 17_5_1 like Mac OS X) AppleWebKit/605.1.15 (KHTML, like Gecko) Version/17.5 Mobile/15E148 Safari/604.1"
176.77.158.153 - - [26/Jun/2024:18:03:32 +0200] "GET /storage/media/valtogobm_univerzalis-1.jpg HTTP/1.1" 200 25287 "https://royaltuning.hu/public/hu/termekkategoria/alfa-romeo-valtogombok-valtoszoknyak" "Mozilla/5.0 (iPhone; CPU iPhone OS 17_5_1 like Mac OS X) AppleWebKit/605.1.15 (KHTML, like Gecko) Version/17.5 Mobile/15E148 Safari/604.1"
66.249.70.160 - - [26/Jun/2024:18:03:37 +0200] "GET /termek/xenon-trafo-89034934 HTTP/1.1" 302 220 "-" "Mozilla/5.0 (Linux; Android 6.0.1; Nexus 5X Build/MMB29P) AppleWebKit/537.36 (KHTML, like Gecko) Chrome/125.0.6422.175 Mobile Safari/537.36 (compatible; Googlebot/2.1; +http://www.google.com/bot.html)"
66.249.70.160 - - [26/Jun/2024:18:03:37 +0200] "GET /hu/termek/xenon-trafo-89034934 HTTP/1.1" 200 42024 "-" "Mozilla/5.0 (Linux; Android 6.0.1; Nexus 5X Build/MMB29P) AppleWebKit/537.36 (KHTML, like Gecko) Chrome/125.0.6422.175 Mobile Safari/537.36 (compatible; Googlebot/2.1; +http://www.google.com/bot.html)"
66.249.64.36 - - [26/Jun/2024:18:03:38 +0200] "GET /themes/storefront/public/js/app.js?v=3.1.0 HTTP/1.1" 200 979893 "https://royaltuning.hu/hu/termek/hydrowax-autosampon-csomag" "Mozilla/5.0 AppleWebKit/537.36 (KHTML, like Gecko; compatible; Googlebot/2.1; +http://www.google.com/bot.html) Chrome/125.0.6422.154 Safari/537.36"
66.249.64.35 - - [26/Jun/2024:18:03:40 +0200] "GET /captcha/image?_=2114453048?_= HTTP/1.1" 200 4365 "-" "Mozilla/5.0 (Linux; Android 6.0.1; Nexus 5X Build/MMB29P) AppleWebKit/537.36 (KHTML, like Gecko) Chrome/125.0.6422.175 Mobile Safari/537.36 (compatible; Googlebot/2.1; +http://www.google.com/bot.html)"
66.249.70.160 - - [26/Jun/2024:18:03:44 +0200] "GET /hu/products/95469/reviews?page=1 HTTP/1.1" 200 232 "https://royaltuning.hu/hu/termek/hydrowax-autosampon-csomag" "Mozilla/5.0 AppleWebKit/537.36 (KHTML, like Gecko; compatible; Googlebot/2.1; +http://www.google.com/bot.html) Chrome/125.0.6422.154 Safari/537.36"
66.249.70.160 - - [26/Jun/2024:18:03:45 +0200] "GET /termek/nissan-valtogomb-6-sebesseges/ HTTP/1.1" 301 274 "-" "Mozilla/5.0 (Linux; Android 6.0.1; Nexus 5X Build/MMB29P) AppleWebKit/537.36 (KHTML, like Gecko) Chrome/125.0.6422.175 Mobile Safari/537.36 (compatible; Googlebot/2.1; +http://www.google.com/bot.html)"
94.21.206.27 - - [26/Jun/2024:18:03:43 +0200] "GET /hu/termekkategoria/nyari-autos-termekek HTTP/1.1" 200 41522 "https://royaltuning.hu/hu/termek/autos-napellenzo" "Mozilla/5.0 (Linux; Android 10; K) AppleWebKit/537.36 (KHTML, like Gecko) Chrome/126.0.0.0 Mobile Safari/537.36"
94.21.206.27 - - [26/Jun/2024:18:03:45 +0200] "GET /storage/media/QnwWLqTYXYZBt0pnYYPSgh13vMZ3Tq8bqmOE5u0D.webp HTTP/1.1" 200 43302 "https://royaltuning.hu/hu/termekkategoria/nyari-autos-termekek" "Mozilla/5.0 (Linux; Android 10; K) AppleWebKit/537.36 (KHTML, like Gecko) Chrome/126.0.0.0 Mobile Safari/537.36"
94.21.206.27 - - [26/Jun/2024:18:03:45 +0200] "GET /storage/media/paGdgnfacATylUWhvUeUZGv1GIKiGXmdYwZR20nd.jpg HTTP/1.1" 200 34330 "https://royaltuning.hu/hu/termekkategoria/nyari-autos-termekek" "Mozilla/5.0 (Linux; Android 10; K) AppleWebKit/537.36 (KHTML, like Gecko) Chrome/126.0.0.0 Mobile Safari/537.36"
94.21.206.27 - - [26/Jun/2024:18:03:45 +0200] "GET /storage/media/U9NkjU7v6Z3urgm3cZoyB4B52Rf1RDn0nbyFiAJw.jpg HTTP/1.1" 200 80343 "https://royaltuning.hu/hu/termekkategoria/nyari-autos-termekek" "Mozilla/5.0 (Linux; Android 10; K) AppleWebKit/537.36 (KHTML, like Gecko) Chrome/126.0.0.0 Mobile Safari/537.36"
94.21.206.27 - - [26/Jun/2024:18:03:45 +0200] "GET /storage/media/zTdJDwdSsCNSvJi9K4gBVppOmVdqtNoAZ8rbqvcd.jpg HTTP/1.1" 200 255268 "https://royaltuning.hu/hu/termekkategoria/nyari-autos-termekek" "Mozilla/5.0 (Linux; Android 10; K) AppleWebKit/537.36 (KHTML, like Gecko) Chrome/126.0.0.0 Mobile Safari/537.36"
94.21.206.27 - - [26/Jun/2024:18:03:45 +0200] "GET /storage/media/WuAbnJ3F19P7m8ckhRvBz1XVn9ovSqVCdlDdRtKv.jpg HTTP/1.1" 200 274140 "https://royaltuning.hu/hu/termekkategoria/nyari-autos-termekek" "Mozilla/5.0 (Linux; Android 10; K) AppleWebKit/537.36 (KHTML, like Gecko) Chrome/126.0.0.0 Mobile Safari/537.36"
94.21.206.27 - - [26/Jun/2024:18:03:45 +0200] "GET /hu/shop?query=&brand=&category=nyari-autos-termekek&tag=&fromPrice=0&toPrice=114990&sort=alphabetic&perPage=30&page=1 HTTP/1.1" 200 1924 "https://royaltuning.hu/hu/termekkategoria/nyari-autos-termekek" "Mozilla/5.0 (Linux; Android 10; K) AppleWebKit/537.36 (KHTML, like Gecko) Chrome/126.0.0.0 Mobile Safari/537.36"
94.21.206.27 - - [26/Jun/2024:18:03:45 +0200] "GET /storage/media/ablak_sotetito_folia_15.jpg HTTP/1.1" 200 38520 "https://royaltuning.hu/hu/termekkategoria/nyari-autos-termekek" "Mozilla/5.0 (Linux; Android 10; K) AppleWebKit/537.36 (KHTML, like Gecko) Chrome/126.0.0.0 Mobile Safari/537.36"
94.21.206.27 - - [26/Jun/2024:18:03:45 +0200] "GET /storage/media/ablak_sotetito_folia_5-1.jpg HTTP/1.1" 200 53448 "https://royaltuning.hu/hu/termekkategoria/nyari-autos-termekek" "Mozilla/5.0 (Linux; Android 10; K) AppleWebKit/537.36 (KHTML, like Gecko) Chrome/126.0.0.0 Mobile Safari/537.36"
94.21.206.27 - - [26/Jun/2024:18:03:45 +0200] "GET /storage/media/ablak_sotetito_folia_60.jpg HTTP/1.1" 200 38709 "https://royaltuning.hu/hu/termekkategoria/nyari-autos-termekek" "Mozilla/5.0 (Linux; Android 10; K) AppleWebKit/537.36 (KHTML, like Gecko) Chrome/126.0.0.0 Mobile Safari/537.36"
94.21.206.27 - - [26/Jun/2024:18:03:45 +0200] "GET /storage/media/ablak_sotetito_folia_25-.jpg HTTP/1.1" 200 56145 "https://royaltuning.hu/hu/termekkategoria/nyari-autos-termekek" "Mozilla/5.0 (Linux; Android 10; K) AppleWebKit/537.36 (KHTML, like Gecko) Chrome/126.0.0.0 Mobile Safari/537.36"
94.21.206.27 - - [26/Jun/2024:18:03:45 +0200] "GET /storage/media/autos_napszemuveg-1.jpg HTTP/1.1" 200 29424 "https://royaltuning.hu/hu/termekkategoria/nyari-autos-termekek" "Mozilla/5.0 (Linux; Android 10; K) AppleWebKit/537.36 (KHTML, like Gecko) Chrome/126.0.0.0 Mobile Safari/537.36"
94.21.206.27 - - [26/Jun/2024:18:03:45 +0200] "GET /storage/media/autos_napellenzo_ablakra-1.jpg HTTP/1.1" 200 127553 "https://royaltuning.hu/hu/termekkategoria/nyari-autos-termekek" "Mozilla/5.0 (Linux; Android 10; K) AppleWebKit/537.36 (KHTML, like Gecko) Chrome/126.0.0.0 Mobile Safari/537.36"
94.21.206.27 - - [26/Jun/2024:18:03:45 +0200] "GET /storage/media/napszemuveg_szemuvegtarto_csomag.jpg HTTP/1.1" 200 97264 "https://royaltuning.hu/hu/termekkategoria/nyari-autos-termekek" "Mozilla/5.0 (Linux; Android 10; K) AppleWebKit/537.36 (KHTML, like Gecko) Chrome/126.0.0.0 Mobile Safari/537.36"
94.21.206.27 - - [26/Jun/2024:18:03:45 +0200] "GET /storage/media/csomagter_rendezo-1-1.jpg HTTP/1.1" 200 38366 "https://royaltuning.hu/hu/termekkategoria/nyari-autos-termekek" "Mozilla/5.0 (Linux; Android 10; K) AppleWebKit/537.36 (KHTML, like Gecko) Chrome/126.0.0.0 Mobile Safari/537.36"
94.21.206.27 - - [26/Jun/2024:18:03:45 +0200] "GET /storage/media/csomagter_rendezo_xl-1.jpg HTTP/1.1" 200 173017 "https://royaltuning.hu/hu/termekkategoria/nyari-autos-termekek" "Mozilla/5.0 (Linux; Android 10; K) AppleWebKit/537.36 (KHTML, like Gecko) Chrome/126.0.0.0 Mobile Safari/537.36"
94.21.206.27 - - [26/Jun/2024:18:03:45 +0200] "GET /storage/media/csomagter_rendezo-2.jpg HTTP/1.1" 200 243233 "https://royaltuning.hu/hu/termekkategoria/nyari-autos-termekek" "Mozilla/5.0 (Linux; Android 10; K) AppleWebKit/537.36 (KHTML, like Gecko) Chrome/126.0.0.0 Mobile Safari/537.36"
94.21.206.27 - - [26/Jun/2024:18:03:45 +0200] "GET /storage/media/iMgMqKkij7cdsS4SAKH3adJmliII3cJmbWPHybf8.jpg HTTP/1.1" 200 206529 "https://royaltuning.hu/hu/termekkategoria/nyari-autos-termekek" "Mozilla/5.0 (Linux; Android 10; K) AppleWebKit/537.36 (KHTML, like Gecko) Chrome/126.0.0.0 Mobile Safari/537.36"
94.21.206.27 - - [26/Jun/2024:18:03:45 +0200] "GET /storage/media/klima_tisztito_spray_.jpg HTTP/1.1" 200 23397 "https://royaltuning.hu/hu/termekkategoria/nyari-autos-termekek" "Mozilla/5.0 (Linux; Android 10; K) AppleWebKit/537.36 (KHTML, like Gecko) Chrome/126.0.0.0 Mobile Safari/537.36"
94.21.206.27 - - [26/Jun/2024:18:03:45 +0200] "GET /storage/media/autos_szemuvegtarto-1.jpg HTTP/1.1" 200 144891 "https://royaltuning.hu/hu/termekkategoria/nyari-autos-termekek" "Mozilla/5.0 (Linux; Android 10; K) AppleWebKit/537.36 (KHTML, like Gecko) Chrome/126.0.0.0 Mobile Safari/537.36"
94.21.206.27 - - [26/Jun/2024:18:03:45 +0200] "GET /storage/media/klimabomba.jpg HTTP/1.1" 200 54967 "https://royaltuning.hu/hu/termekkategoria/nyari-autos-termekek" "Mozilla/5.0 (Linux; Android 10; K) AppleWebKit/537.36 (KHTML, like Gecko) Chrome/126.0.0.0 Mobile Safari/537.36"
94.21.206.27 - - [26/Jun/2024:18:03:45 +0200] "GET /storage/media/klima_tisztito_spray.jpg HTTP/1.1" 200 23505 "https://royaltuning.hu/hu/termekkategoria/nyari-autos-termekek" "Mozilla/5.0 (Linux; Android 10; K) AppleWebKit/537.36 (KHTML, like Gecko) Chrome/126.0.0.0 Mobile Safari/537.36"
66.249.70.160 - - [26/Jun/2024:18:03:49 +0200] "GET /wp-content/uploads/2021/11/alfa_romeo_valtogomb-1-100x100.jpg HTTP/1.1" 200 2439 "-" "Googlebot-Image/1.0"
52.167.144.209 - - [26/Jun/2024:18:03:50 +0200] "GET /public/termek/renault-kulcs-szar-fekete HTTP/1.1" 302 229 "-" "Mozilla/5.0 AppleWebKit/537.36 (KHTML, like Gecko; compatible; bingbot/2.0; +http://www.bing.com/bingbot.htm) Chrome/116.0.1938.76 Safari/537.36"
176.77.158.153 - - [26/Jun/2024:18:03:50 +0200] "GET /public/hu/termek/alfa-romeo-147-valtogomb-es-valtoszoknya HTTP/1.1" 200 44355 "https://royaltuning.hu/public/hu/termekkategoria/alfa-romeo-valtogombok-valtoszoknyak" "Mozilla/5.0 (iPhone; CPU iPhone OS 17_5_1 like Mac OS X) AppleWebKit/605.1.15 (KHTML, like Gecko) Version/17.5 Mobile/15E148 Safari/604.1"
176.77.158.153 - - [26/Jun/2024:18:03:51 +0200] "GET /storage/media/c0t7luzASFx7EVSpbCjKOjfFo89DRMqzfBVMmmvt.png HTTP/1.1" 200 18256 "https://royaltuning.hu/public/hu/termek/alfa-romeo-147-valtogomb-es-valtoszoknya" "Mozilla/5.0 (iPhone; CPU iPhone OS 17_5_1 like Mac OS X) AppleWebKit/605.1.15 (KHTML, like Gecko) Version/17.5 Mobile/15E148 Safari/604.1"
176.77.158.153 - - [26/Jun/2024:18:03:51 +0200] "GET /public/hu/products/26208/reviews?page=1 HTTP/1.1" 200 237 "https://royaltuning.hu/public/hu/termek/alfa-romeo-147-valtogomb-es-valtoszoknya" "Mozilla/5.0 (iPhone; CPU iPhone OS 17_5_1 like Mac OS X) AppleWebKit/605.1.15 (KHTML, like Gecko) Version/17.5 Mobile/15E148 Safari/604.1"
52.167.144.209 - - [26/Jun/2024:18:03:50 +0200] "GET /public/hu/termek/renault-kulcs-szar-fekete HTTP/1.1" 200 41611 "-" "Mozilla/5.0 AppleWebKit/537.36 (KHTML, like Gecko; compatible; bingbot/2.0; +http://www.bing.com/bingbot.htm) Chrome/116.0.1938.76 Safari/537.36"
66.249.70.163 - - [26/Jun/2024:18:03:50 +0200] "GET /en/termek/opel-astra-h-valtogomb-es-szoknya-6-seb HTTP/1.1" 200 45618 "-" "Mozilla/5.0 (Linux; Android 6.0.1; Nexus 5X Build/MMB29P) AppleWebKit/537.36 (KHTML, like Gecko) Chrome/125.0.6422.175 Mobile Safari/537.36 (compatible; Googlebot/2.1; +http://www.google.com/bot.html)"
176.77.158.153 - - [26/Jun/2024:18:03:51 +0200] "GET /public/captcha/image?_=1008888773 HTTP/1.1" 200 4726 "https://royaltuning.hu/public/hu/termek/alfa-romeo-147-valtogomb-es-valtoszoknya" "Mozilla/5.0 (iPhone; CPU iPhone OS 17_5_1 like Mac OS X) AppleWebKit/605.1.15 (KHTML, like Gecko) Version/17.5 Mobile/15E148 Safari/604.1"
66.249.70.160 - - [26/Jun/2024:18:03:52 +0200] "GET /public/termek/nissan-valtogomb-6-sebesseges HTTP/1.1" 302 231 "-" "Mozilla/5.0 (Linux; Android 6.0.1; Nexus 5X Build/MMB29P) AppleWebKit/537.36 (KHTML, like Gecko) Chrome/125.0.6422.175 Mobile Safari/537.36 (compatible; Googlebot/2.1; +http://www.google.com/bot.html)"
94.21.206.27 - - [26/Jun/2024:18:03:53 +0200] "GET /hu/termek/autos-napellenzo-napernyo-szelvedore HTTP/1.1" 200 39384 "https://royaltuning.hu/hu/termekkategoria/nyari-autos-termekek" "Mozilla/5.0 (Linux; Android 10; K) AppleWebKit/537.36 (KHTML, like Gecko) Chrome/126.0.0.0 Mobile Safari/537.36"
66.249.64.35 - - [26/Jun/2024:18:03:53 +0200] "GET /en/termek/kiegeszito-visszapillanto-tukor-2db HTTP/1.1" 200 45571 "-" "Mozilla/5.0 (Linux; Android 6.0.1; Nexus 5X Build/MMB29P) AppleWebKit/537.36 (KHTML, like Gecko) Chrome/125.0.6422.175 Mobile Safari/537.36 (compatible; Googlebot/2.1; +http://www.google.com/bot.html)"
94.21.206.27 - - [26/Jun/2024:18:03:54 +0200] "GET /storage/media/hetry8BNjpVLkVw2zxC99Xset6zKK5jZOnn0ZP1s.jpg HTTP/1.1" 200 151421 "https://royaltuning.hu/hu/termek/autos-napellenzo-napernyo-szelvedore" "Mozilla/5.0 (Linux; Android 10; K) AppleWebKit/537.36 (KHTML, like Gecko) Chrome/126.0.0.0 Mobile Safari/537.36"
94.21.206.27 - - [26/Jun/2024:18:03:54 +0200] "GET /storage/media/1yaegZWSPTQ2miUSnPe0we4DxPjG5QZCgF2icOeC.jpg HTTP/1.1" 200 164713 "https://royaltuning.hu/hu/termek/autos-napellenzo-napernyo-szelvedore" "Mozilla/5.0 (Linux; Android 10; K) AppleWebKit/537.36 (KHTML, like Gecko) Chrome/126.0.0.0 Mobile Safari/537.36"
94.21.206.27 - - [26/Jun/2024:18:03:54 +0200] "GET /storage/media/aQK3usAwilm019UwIoKUKn92tJfanYeaH5uCWEuf.jpg HTTP/1.1" 200 162557 "https://royaltuning.hu/hu/termek/autos-napellenzo-napernyo-szelvedore" "Mozilla/5.0 (Linux; Android 10; K) AppleWebKit/537.36 (KHTML, like Gecko) Chrome/126.0.0.0 Mobile Safari/537.36"
94.21.206.27 - - [26/Jun/2024:18:03:54 +0200] "GET /storage/media/weuf2gsQM9v4jNX4G4sM6rQXdkiV6fpRR527wjD7.jpg HTTP/1.1" 200 104539 "https://royaltuning.hu/hu/termek/autos-napellenzo-napernyo-szelvedore" "Mozilla/5.0 (Linux; Android 10; K) AppleWebKit/537.36 (KHTML, like Gecko) Chrome/126.0.0.0 Mobile Safari/537.36"
94.21.206.27 - - [26/Jun/2024:18:03:54 +0200] "GET /storage/media/7ZM2pgE4OADWAB2Sk1AqPwqgD7boa0ad6BvAl6cl.jpg HTTP/1.1" 200 163291 "https://royaltuning.hu/hu/termek/autos-napellenzo-napernyo-szelvedore" "Mozilla/5.0 (Linux; Android 10; K) AppleWebKit/537.36 (KHTML, like Gecko) Chrome/126.0.0.0 Mobile Safari/537.36"
94.21.206.27 - - [26/Jun/2024:18:03:54 +0200] "GET /hu/products/238613/reviews?page=1 HTTP/1.1" 200 234 "https://royaltuning.hu/hu/termek/autos-napellenzo-napernyo-szelvedore" "Mozilla/5.0 (Linux; Android 10; K) AppleWebKit/537.36 (KHTML, like Gecko) Chrome/126.0.0.0 Mobile Safari/537.36"
94.21.206.27 - - [26/Jun/2024:18:03:54 +0200] "GET /captcha/image?_=1280666218 HTTP/1.1" 200 6078 "https://royaltuning.hu/hu/termek/autos-napellenzo-napernyo-szelvedore" "Mozilla/5.0 (Linux; Android 10; K) AppleWebKit/537.36 (KHTML, like Gecko) Chrome/126.0.0.0 Mobile Safari/537.36"
66.249.64.226 - - [26/Jun/2024:18:03:55 +0200] "GET /captcha/image?_=85642451?_= HTTP/1.1" 200 5218 "-" "Mozilla/5.0 (Linux; Android 6.0.1; Nexus 5X Build/MMB29P) AppleWebKit/537.36 (KHTML, like Gecko) Chrome/125.0.6422.175 Mobile Safari/537.36 (compatible; Googlebot/2.1; +http://www.google.com/bot.html)"
66.249.64.226 - - [26/Jun/2024:18:03:56 +0200] "GET /termek/chevrolet-aveo-valtogomb HTTP/1.1" 302 223 "-" "Mozilla/5.0 (Linux; Android 6.0.1; Nexus 5X Build/MMB29P) AppleWebKit/537.36 (KHTML, like Gecko) Chrome/125.0.6422.175 Mobile Safari/537.36 (compatible; Googlebot/2.1; +http://www.google.com/bot.html)"
66.249.70.160 - - [26/Jun/2024:18:03:55 +0200] "GET /captcha/image?_=1515085404?_= HTTP/1.1" 200 5747 "-" "Googlebot-Image/1.0"
66.249.64.226 - - [26/Jun/2024:18:03:57 +0200] "GET /hu/termek/chevrolet-aveo-valtogomb HTTP/1.1" 200 43902 "-" "Mozilla/5.0 (Linux; Android 6.0.1; Nexus 5X Build/MMB29P) AppleWebKit/537.36 (KHTML, like Gecko) Chrome/125.0.6422.175 Mobile Safari/537.36 (compatible; Googlebot/2.1; +http://www.google.com/bot.html)"
66.249.70.162 - - [26/Jun/2024:18:03:58 +0200] "GET /themes/storefront/public/js/app.js?v=3.1.0 HTTP/1.1" 200 979893 "https://newshop.royaltuning.hu/en/termek/opel-astra-h-valtogomb-es-szoknya-6-seb" "Mozilla/5.0 (Linux; Android 6.0.1; Nexus 5X Build/MMB29P) AppleWebKit/537.36 (KHTML, like Gecko) Chrome/125.0.6422.154 Mobile Safari/537.36 (compatible; Googlebot/2.1; +http://www.google.com/bot.html)"
66.249.70.160 - - [26/Jun/2024:18:03:59 +0200] "GET /public/hu/termek/nissan-valtogomb-6-sebesseges HTTP/1.1" 200 45218 "-" "Mozilla/5.0 (Linux; Android 6.0.1; Nexus 5X Build/MMB29P) AppleWebKit/537.36 (KHTML, like Gecko) Chrome/125.0.6422.175 Mobile Safari/537.36 (compatible; Googlebot/2.1; +http://www.google.com/bot.html)"
66.249.70.160 - - [26/Jun/2024:18:04:01 +0200] "GET /termek/honda-civic-valtogomb/ HTTP/1.1" 301 266 "-" "Mozilla/5.0 (Linux; Android 6.0.1; Nexus 5X Build/MMB29P) AppleWebKit/537.36 (KHTML, like Gecko) Chrome/125.0.6422.175 Mobile Safari/537.36 (compatible; Googlebot/2.1; +http://www.google.com/bot.html)"
66.249.64.35 - - [26/Jun/2024:18:04:02 +0200] "GET /public/en/termek/sport-kipufogoveg-csapott-oval HTTP/1.1" 200 39635 "-" "Mozilla/5.0 (Linux; Android 6.0.1; Nexus 5X Build/MMB29P) AppleWebKit/537.36 (KHTML, like Gecko) Chrome/125.0.6422.175 Mobile Safari/537.36 (compatible; Googlebot/2.1; +http://www.google.com/bot.html)"
66.249.70.163 - - [26/Jun/2024:18:04:04 +0200] "GET /en/products/6435/reviews?page=1 HTTP/1.1" 200 238 "https://newshop.royaltuning.hu/en/termek/opel-astra-h-valtogomb-es-szoknya-6-seb" "Mozilla/5.0 (Linux; Android 6.0.1; Nexus 5X Build/MMB29P) AppleWebKit/537.36 (KHTML, like Gecko) Chrome/125.0.6422.154 Mobile Safari/537.36 (compatible; Googlebot/2.1; +http://www.google.com/bot.html)"
66.249.70.163 - - [26/Jun/2024:18:04:03 +0200] "GET /en/termek/kerekapolo-alap-csomag HTTP/1.1" 200 44754 "-" "Mozilla/5.0 (Linux; Android 6.0.1; Nexus 5X Build/MMB29P) AppleWebKit/537.36 (KHTML, like Gecko) Chrome/125.0.6422.175 Mobile Safari/537.36 (compatible; Googlebot/2.1; +http://www.google.com/bot.html)"
66.249.70.160 - - [26/Jun/2024:18:04:04 +0200] "GET /public/termek/honda-civic-valtogomb HTTP/1.1" 302 222 "-" "Mozilla/5.0 (Linux; Android 6.0.1; Nexus 5X Build/MMB29P) AppleWebKit/537.36 (KHTML, like Gecko) Chrome/125.0.6422.175 Mobile Safari/537.36 (compatible; Googlebot/2.1; +http://www.google.com/bot.html)"
17.246.19.174 - - [26/Jun/2024:18:04:05 +0200] "GET /public/hu/products/18373/reviews?page=1 HTTP/1.1" 200 236 "https://royaltuning.hu/public/hu/termek/nissan-qashqai-valtoszoknya" "Mozilla/5.0 (Macintosh; Intel Mac OS X 10_15_7) AppleWebKit/605.1.15 (KHTML, like Gecko) Version/17.4 Safari/605.1.15 (Applebot/0.1; +http://www.apple.com/go/applebot)"
66.249.70.160 - - [26/Jun/2024:18:04:07 +0200] "GET /public/captcha/image?_=1466430525?_= HTTP/1.1" 200 6888 "-" "Mozilla/5.0 (Linux; Android 6.0.1; Nexus 5X Build/MMB29P) AppleWebKit/537.36 (KHTML, like Gecko) Chrome/125.0.6422.175 Mobile Safari/537.36 (compatible; Googlebot/2.1; +http://www.google.com/bot.html)"
66.249.70.160 - - [26/Jun/2024:18:04:08 +0200] "GET /public/hu/products/123348/reviews?page=1 HTTP/1.1" 200 237 "https://royaltuning.hu/public/hu/termek/nissan-valtogomb-6-sebesseges" "Mozilla/5.0 (Linux; Android 6.0.1; Nexus 5X Build/MMB29P) AppleWebKit/537.36 (KHTML, like Gecko) Chrome/125.0.6422.154 Mobile Safari/537.36 (compatible; Googlebot/2.1; +http://www.google.com/bot.html)"
66.249.70.162 - - [26/Jun/2024:18:04:09 +0200] "GET /en/products/95653/reviews?page=1 HTTP/1.1" 200 239 "https://newshop.royaltuning.hu/en/termek/kerekapolo-alap-csomag" "Mozilla/5.0 (Linux; Android 6.0.1; Nexus 5X Build/MMB29P) AppleWebKit/537.36 (KHTML, like Gecko) Chrome/125.0.6422.154 Mobile Safari/537.36 (compatible; Googlebot/2.1; +http://www.google.com/bot.html)"
66.249.70.160 - - [26/Jun/2024:18:04:11 +0200] "GET /public/hu/termek/honda-civic-valtogomb HTTP/1.1" 200 43676 "-" "Mozilla/5.0 (Linux; Android 6.0.1; Nexus 5X Build/MMB29P) AppleWebKit/537.36 (KHTML, like Gecko) Chrome/125.0.6422.175 Mobile Safari/537.36 (compatible; Googlebot/2.1; +http://www.google.com/bot.html)"
94.44.118.95 - - [26/Jun/2024:18:04:12 +0200] "GET /public/hu/termek/opel-kulcshaz HTTP/1.1" 200 44846 "https://royaltuning.hu/public/hu/termekkategoria/kulcshazak/opel-kulcshaz" "Mozilla/5.0 (Linux; Android 10; K) AppleWebKit/537.36 (KHTML, like Gecko) Chrome/126.0.0.0 Mobile Safari/537.36"
94.44.118.95 - - [26/Jun/2024:18:04:14 +0200] "GET /storage/media/opel_kulcsha_meriva-5.jpg HTTP/1.1" 200 33018 "https://royaltuning.hu/public/hu/termek/opel-kulcshaz" "Mozilla/5.0 (Linux; Android 10; K) AppleWebKit/537.36 (KHTML, like Gecko) Chrome/126.0.0.0 Mobile Safari/537.36"
94.44.118.95 - - [26/Jun/2024:18:04:14 +0200] "GET /storage/media/opel_kulcsha_meriva-2.jpg HTTP/1.1" 200 35640 "https://royaltuning.hu/public/hu/termek/opel-kulcshaz" "Mozilla/5.0 (Linux; Android 10; K) AppleWebKit/537.36 (KHTML, like Gecko) Chrome/126.0.0.0 Mobile Safari/537.36"
94.44.118.95 - - [26/Jun/2024:18:04:14 +0200] "GET /wp-content/uploads/2020/03/opel_kulcsha_meriva-3-500x500.jpg HTTP/1.1" 200 15134 "https://royaltuning.hu/public/hu/termek/opel-kulcshaz" "Mozilla/5.0 (Linux; Android 10; K) AppleWebKit/537.36 (KHTML, like Gecko) Chrome/126.0.0.0 Mobile Safari/537.36"
94.44.118.95 - - [26/Jun/2024:18:04:14 +0200] "GET /public/hu/products/4391/reviews?page=1 HTTP/1.1" 200 235 "https://royaltuning.hu/public/hu/termek/opel-kulcshaz" "Mozilla/5.0 (Linux; Android 10; K) AppleWebKit/537.36 (KHTML, like Gecko) Chrome/126.0.0.0 Mobile Safari/537.36"
94.44.118.95 - - [26/Jun/2024:18:04:14 +0200] "GET /wp-content/uploads/2020/06/opel_kulcsha_meriva-5.jpg HTTP/1.1" 200 33018 "https://royaltuning.hu/public/hu/termek/opel-kulcshaz" "Mozilla/5.0 (Linux; Android 10; K) AppleWebKit/537.36 (KHTML, like Gecko) Chrome/126.0.0.0 Mobile Safari/537.36"
212.102.99.197 - - [26/Jun/2024:18:04:13 +0200] "GET /public/hu/termek/opel-kulcshaz-2gombos-javito-keszlet HTTP/1.1" 200 44347 "https://royaltuning.hu/public/hu/termekkategoria/opel-kulcshaz" "Mozilla/5.0 (iPhone; CPU iPhone OS 17_5_1 like Mac OS X) AppleWebKit/605.1.15 (KHTML, like Gecko) Version/17.5 Mobile/15E148 Safari/604.1"
212.102.99.197 - - [26/Jun/2024:18:04:14 +0200] "GET /storage/media/opel_kulcshaz-4.jpg HTTP/1.1" 200 25725 "https://royaltuning.hu/public/hu/termek/opel-kulcshaz-2gombos-javito-keszlet" "Mozilla/5.0 (iPhone; CPU iPhone OS 17_5_1 like Mac OS X) AppleWebKit/605.1.15 (KHTML, like Gecko) Version/17.5 Mobile/15E148 Safari/604.1"
212.102.99.197 - - [26/Jun/2024:18:04:14 +0200] "GET /storage/media/opel_kulcshaz_3gombos-3.jpg HTTP/1.1" 200 60116 "https://royaltuning.hu/public/hu/termek/opel-kulcshaz-2gombos-javito-keszlet" "Mozilla/5.0 (iPhone; CPU iPhone OS 17_5_1 like Mac OS X) AppleWebKit/605.1.15 (KHTML, like Gecko) Version/17.5 Mobile/15E148 Safari/604.1"
66.249.64.36 - - [26/Jun/2024:18:04:13 +0200] "GET /captcha/image?_=1458989717?_= HTTP/1.1" 200 5670 "-" "Mozilla/5.0 (Linux; Android 6.0.1; Nexus 5X Build/MMB29P) AppleWebKit/537.36 (KHTML, like Gecko) Chrome/125.0.6422.175 Mobile Safari/537.36 (compatible; Googlebot/2.1; +http://www.google.com/bot.html)"
212.102.99.197 - - [26/Jun/2024:18:04:14 +0200] "GET /storage/media/opel_kulcshaz-3.jpg HTTP/1.1" 200 18671 "https://royaltuning.hu/public/hu/termek/opel-kulcshaz-2gombos-javito-keszlet" "Mozilla/5.0 (iPhone; CPU iPhone OS 17_5_1 like Mac OS X) AppleWebKit/605.1.15 (KHTML, like Gecko) Version/17.5 Mobile/15E148 Safari/604.1"
212.102.99.197 - - [26/Jun/2024:18:04:14 +0200] "GET /public/hu/products/5237/reviews?page=1 HTTP/1.1" 200 236 "https://royaltuning.hu/public/hu/termek/opel-kulcshaz-2gombos-javito-keszlet" "Mozilla/5.0 (iPhone; CPU iPhone OS 17_5_1 like Mac OS X) AppleWebKit/605.1.15 (KHTML, like Gecko) Version/17.5 Mobile/15E148 Safari/604.1"
94.44.118.95 - - [26/Jun/2024:18:04:14 +0200] "GET /public/captcha/image?_=1103497919 HTTP/1.1" 200 4452 "https://royaltuning.hu/public/hu/termek/opel-kulcshaz" "Mozilla/5.0 (Linux; Android 10; K) AppleWebKit/537.36 (KHTML, like Gecko) Chrome/126.0.0.0 Mobile Safari/537.36"
212.102.99.197 - - [26/Jun/2024:18:04:14 +0200] "GET /public/captcha/image?_=2014729888 HTTP/1.1" 200 4011 "https://royaltuning.hu/public/hu/termek/opel-kulcshaz-2gombos-javito-keszlet" "Mozilla/5.0 (iPhone; CPU iPhone OS 17_5_1 like Mac OS X) AppleWebKit/605.1.15 (KHTML, like Gecko) Version/17.5 Mobile/15E148 Safari/604.1"
66.249.70.160 - - [26/Jun/2024:18:04:17 +0200] "GET /wp-content/uploads/2020/10/autos_karacsonyi_dekoracio-2-500x500.jpg HTTP/1.1" 200 16604 "-" "Googlebot-Image/1.0"
66.249.70.160 - - [26/Jun/2024:18:04:18 +0200] "GET /wp-content/uploads/2021/11/toyota_avensis_valtoszoknya-2.jpg HTTP/1.1" 200 57271 "-" "Googlebot-Image/1.0"
66.249.70.160 - - [26/Jun/2024:18:04:19 +0200] "GET /storage/media/LR8IfEu8TFdtixq0lkK2SomaSuyRv02mO7hPPjoL.jpg HTTP/1.1" 304 - "-" "Googlebot-Image/1.0"
66.249.70.160 - - [26/Jun/2024:18:04:20 +0200] "GET /wp-content/uploads/2020/12/univerzalis_valtogomb-6-100x100.jpg HTTP/1.1" 200 1565 "-" "Googlebot-Image/1.0"
17.241.219.166 - - [26/Jun/2024:18:04:21 +0200] "GET /themes/storefront/public/css/app.css?v=3.1.0 HTTP/1.1" 200 72700 "https://www.royaltuning.hu/hu/termekkategoria/autosamponok" "Mozilla/5.0 (Macintosh; Intel Mac OS X 10_15_7) AppleWebKit/605.1.15 (KHTML, like Gecko) Version/17.4 Safari/605.1.15 (Applebot/0.1; +http://www.apple.com/go/applebot)"
66.249.70.160 - - [26/Jun/2024:18:04:21 +0200] "GET /wp-content/uploads/2020/06/mazda_bicskakulcs_2gombos-3-100x100.jpg HTTP/1.1" 200 1738 "-" "Googlebot-Image/1.0"
17.241.75.98 - - [26/Jun/2024:18:04:21 +0200] "GET /vendor/cookie-consent/css/cookie-consent.css HTTP/1.1" 200 990 "https://www.royaltuning.hu/hu/termekkategoria/autosamponok" "Mozilla/5.0 (Macintosh; Intel Mac OS X 10_15_7) AppleWebKit/605.1.15 (KHTML, like Gecko) Version/17.4 Safari/605.1.15 (Applebot/0.1; +http://www.apple.com/go/applebot)"
66.249.70.160 - - [26/Jun/2024:18:04:22 +0200] "GET /wp-content/uploads/2020/06/opel_insignia_astra_J_Zafira_Tourer_valtogomb_6sebessges-1-100x100.jpg HTTP/1.1" 200 2084 "-" "Googlebot-Image/1.0"
17.241.75.162 - - [26/Jun/2024:18:04:22 +0200] "GET /themes/storefront/public/js/app.js?v=3.1.0 HTTP/1.1" 200 979893 "https://www.royaltuning.hu/hu/termekkategoria/autosamponok" "Mozilla/5.0 (Macintosh; Intel Mac OS X 10_15_7) AppleWebKit/605.1.15 (KHTML, like Gecko) Version/17.4 Safari/605.1.15 (Applebot/0.1; +http://www.apple.com/go/applebot)"
17.241.219.110 - - [26/Jun/2024:18:04:22 +0200] "GET /vendor/cookie-consent/js/cookie-consent.js HTTP/1.1" 200 11136 "https://www.royaltuning.hu/hu/termekkategoria/autosamponok" "Mozilla/5.0 (Macintosh; Intel Mac OS X 10_15_7) AppleWebKit/605.1.15 (KHTML, like Gecko) Version/17.4 Safari/605.1.15 (Applebot/0.1; +http://www.apple.com/go/applebot)"
66.249.70.160 - - [26/Jun/2024:18:04:23 +0200] "GET /wp-content/uploads/2021/11/mercedes_w211_automata_valtogomb_elegance-3.jpg HTTP/1.1" 200 38629 "-" "Googlebot-Image/1.0"
66.249.70.160 - - [26/Jun/2024:18:04:24 +0200] "GET /wp-content/uploads/2023/09/bay_15_p21w_led_feher-2-500x500.jpg HTTP/1.1" 200 23021 "-" "Googlebot-Image/1.0"
17.241.219.110 - - [26/Jun/2024:18:04:25 +0200] "GET /hu/shop?query=&brand=&category=autosamponok&tag=&fromPrice=0&toPrice=114990&sort=alphabetic&perPage=30&page=1 HTTP/1.1" 200 1355 "https://www.royaltuning.hu/hu/termekkategoria/autosamponok" "Mozilla/5.0 (Macintosh; Intel Mac OS X 10_15_7) AppleWebKit/605.1.15 (KHTML, like Gecko) Version/17.4 Safari/605.1.15 (Applebot/0.1; +http://www.apple.com/go/applebot)"
66.249.70.160 - - [26/Jun/2024:18:04:28 +0200] "GET /captcha/image?_=90291807 HTTP/1.1" 200 6212 "-" "Googlebot-Image/1.0"
46.139.88.175 - - [26/Jun/2024:18:04:31 +0200] "GET /hu/termekkategoria/szerszamok HTTP/1.1" 200 40524 "https://royaltuning.hu/hu/termekkategoriak" "Mozilla/5.0 (Windows NT 10.0; Win64; x64) AppleWebKit/537.36 (KHTML, like Gecko) Chrome/126.0.0.0 Safari/537.36"
46.139.88.175 - - [26/Jun/2024:18:04:32 +0200] "GET /hu/shop?query=&brand=&category=szerszamok&tag=&fromPrice=0&toPrice=114990&sort=alphabetic&perPage=30&page=1 HTTP/1.1" 200 2615 "https://royaltuning.hu/hu/termekkategoria/szerszamok" "Mozilla/5.0 (Windows NT 10.0; Win64; x64) AppleWebKit/537.36 (KHTML, like Gecko) Chrome/126.0.0.0 Safari/537.36"
46.139.88.175 - - [26/Jun/2024:18:04:33 +0200] "GET /storage/media/ablaktorlo_javito-1.jpg HTTP/1.1" 200 71328 "https://royaltuning.hu/hu/termekkategoria/szerszamok" "Mozilla/5.0 (Windows NT 10.0; Win64; x64) AppleWebKit/537.36 (KHTML, like Gecko) Chrome/126.0.0.0 Safari/537.36"
46.139.88.175 - - [26/Jun/2024:18:04:33 +0200] "GET /storage/media/csapfej-4.jpg HTTP/1.1" 200 72381 "https://royaltuning.hu/hu/termekkategoria/szerszamok" "Mozilla/5.0 (Windows NT 10.0; Win64; x64) AppleWebKit/537.36 (KHTML, like Gecko) Chrome/126.0.0.0 Safari/537.36"
46.139.88.175 - - [26/Jun/2024:18:04:33 +0200] "GET /storage/media/alufelni_javito_keszlet-1.jpg HTTP/1.1" 200 61682 "https://royaltuning.hu/hu/termekkategoria/szerszamok" "Mozilla/5.0 (Windows NT 10.0; Win64; x64) AppleWebKit/537.36 (KHTML, like Gecko) Chrome/126.0.0.0 Safari/537.36"
46.139.88.175 - - [26/Jun/2024:18:04:33 +0200] "GET /storage/media/furoba_foghato_kefe_polirozo_szett-2.jpg HTTP/1.1" 200 90054 "https://royaltuning.hu/hu/termekkategoria/szerszamok" "Mozilla/5.0 (Windows NT 10.0; Win64; x64) AppleWebKit/537.36 (KHTML, like Gecko) Chrome/126.0.0.0 Safari/537.36"
46.139.88.175 - - [26/Jun/2024:18:04:33 +0200] "GET /storage/media/vagokes_keszlet.jpg HTTP/1.1" 200 20539 "https://royaltuning.hu/hu/termekkategoria/szerszamok" "Mozilla/5.0 (Windows NT 10.0; Win64; x64) AppleWebKit/537.36 (KHTML, like Gecko) Chrome/126.0.0.0 Safari/537.36"
46.139.88.175 - - [26/Jun/2024:18:04:33 +0200] "GET /storage/media/folyadekszivattyu_furohoz-1.jpg HTTP/1.1" 200 101637 "https://royaltuning.hu/hu/termekkategoria/szerszamok" "Mozilla/5.0 (Windows NT 10.0; Win64; x64) AppleWebKit/537.36 (KHTML, like Gecko) Chrome/126.0.0.0 Safari/537.36"
46.139.88.175 - - [26/Jun/2024:18:04:33 +0200] "GET /storage/media/furoba_foghato_tisztito_szett-1.jpg HTTP/1.1" 200 105141 "https://royaltuning.hu/hu/termekkategoria/szerszamok" "Mozilla/5.0 (Windows NT 10.0; Win64; x64) AppleWebKit/537.36 (KHTML, like Gecko) Chrome/126.0.0.0 Safari/537.36"
46.139.88.175 - - [26/Jun/2024:18:04:33 +0200] "GET /storage/media/furoba_foghato_kefe_surolo-1.jpg HTTP/1.1" 200 89755 "https://royaltuning.hu/hu/termekkategoria/szerszamok" "Mozilla/5.0 (Windows NT 10.0; Win64; x64) AppleWebKit/537.36 (KHTML, like Gecko) Chrome/126.0.0.0 Safari/537.36"
46.139.88.175 - - [26/Jun/2024:18:04:33 +0200] "GET /storage/media/karpit_tisztito_csomagok.jpg HTTP/1.1" 200 214369 "https://royaltuning.hu/hu/termekkategoria/szerszamok" "Mozilla/5.0 (Windows NT 10.0; Win64; x64) AppleWebKit/537.36 (KHTML, like Gecko) Chrome/126.0.0.0 Safari/537.36"
46.139.88.175 - - [26/Jun/2024:18:04:33 +0200] "GET /storage/media/vedoszalag_textil-1.jpg HTTP/1.1" 200 89205 "https://royaltuning.hu/hu/termekkategoria/szerszamok" "Mozilla/5.0 (Windows NT 10.0; Win64; x64) AppleWebKit/537.36 (KHTML, like Gecko) Chrome/126.0.0.0 Safari/537.36"
46.139.88.175 - - [26/Jun/2024:18:04:33 +0200] "GET /storage/media/gazforraszto_ceruza-1.jpg HTTP/1.1" 200 137617 "https://royaltuning.hu/hu/termekkategoria/szerszamok" "Mozilla/5.0 (Windows NT 10.0; Win64; x64) AppleWebKit/537.36 (KHTML, like Gecko) Chrome/126.0.0.0 Safari/537.36"
46.139.88.175 - - [26/Jun/2024:18:04:33 +0200] "GET /storage/media/holegfuvo_kezi_mini-6.jpg HTTP/1.1" 200 161247 "https://royaltuning.hu/hu/termekkategoria/szerszamok" "Mozilla/5.0 (Windows NT 10.0; Win64; x64) AppleWebKit/537.36 (KHTML, like Gecko) Chrome/126.0.0.0 Safari/537.36"
46.139.88.175 - - [26/Jun/2024:18:04:33 +0200] "GET /storage/media/holegfuvo_hozsugorcso_keszlet.jpg HTTP/1.1" 200 243548 "https://royaltuning.hu/hu/termekkategoria/szerszamok" "Mozilla/5.0 (Windows NT 10.0; Win64; x64) AppleWebKit/537.36 (KHTML, like Gecko) Chrome/126.0.0.0 Safari/537.36"
46.139.88.175 - - [26/Jun/2024:18:04:33 +0200] "GET /storage/media/stift_kiuto_bicskakulcs-1.jpg HTTP/1.1" 200 103916 "https://royaltuning.hu/hu/termekkategoria/szerszamok" "Mozilla/5.0 (Windows NT 10.0; Win64; x64) AppleWebKit/537.36 (KHTML, like Gecko) Chrome/126.0.0.0 Safari/537.36"
46.139.88.175 - - [26/Jun/2024:18:04:33 +0200] "GET /storage/media/furogep_adapter_L_alaku-1.jpg HTTP/1.1" 200 19431 "https://royaltuning.hu/hu/termekkategoria/szerszamok" "Mozilla/5.0 (Windows NT 10.0; Win64; x64) AppleWebKit/537.36 (KHTML, like Gecko) Chrome/126.0.0.0 Safari/537.36"
46.139.88.175 - - [26/Jun/2024:18:04:33 +0200] "GET /storage/media/magneses_kiszedo-1.jpg HTTP/1.1" 200 32865 "https://royaltuning.hu/hu/termekkategoria/szerszamok" "Mozilla/5.0 (Windows NT 10.0; Win64; x64) AppleWebKit/537.36 (KHTML, like Gecko) Chrome/126.0.0.0 Safari/537.36"
46.139.88.175 - - [26/Jun/2024:18:04:33 +0200] "GET /storage/media/marofej_profilmaro_keszlet-1.jpg HTTP/1.1" 200 62993 "https://royaltuning.hu/hu/termekkategoria/szerszamok" "Mozilla/5.0 (Windows NT 10.0; Win64; x64) AppleWebKit/537.36 (KHTML, like Gecko) Chrome/126.0.0.0 Safari/537.36"
