84.2.88.130 - - [26/Jun/2024:17:59:26 +0200] "GET /storage/media/paGdgnfacATylUWhvUeUZGv1GIKiGXmdYwZR20nd.jpg HTTP/1.1" 200 34330 "https://royaltuning.hu/hu/termekkategoria/ba15s-p21w-izzok" "Mozilla/5.0 (Macintosh; Intel Mac OS X 10_15_7) AppleWebKit/537.36 (KHTML, like Gecko) Chrome/116.0.0.0 Safari/537.36"
84.2.88.130 - - [26/Jun/2024:17:59:26 +0200] "GET /storage/media/QnwWLqTYXYZBt0pnYYPSgh13vMZ3Tq8bqmOE5u0D.webp HTTP/1.1" 200 43302 "https://royaltuning.hu/hu/termekkategoria/ba15s-p21w-izzok" "Mozilla/5.0 (Macintosh; Intel Mac OS X 10_15_7) AppleWebKit/537.36 (KHTML, like Gecko) Chrome/116.0.0.0 Safari/537.36"
84.2.88.130 - - [26/Jun/2024:17:59:26 +0200] "GET /storage/media/zTdJDwdSsCNSvJi9K4gBVppOmVdqtNoAZ8rbqvcd.jpg HTTP/1.1" 200 255268 "https://royaltuning.hu/hu/termekkategoria/ba15s-p21w-izzok" "Mozilla/5.0 (Macintosh; Intel Mac OS X 10_15_7) AppleWebKit/537.36 (KHTML, like Gecko) Chrome/116.0.0.0 Safari/537.36"
84.2.88.130 - - [26/Jun/2024:17:59:26 +0200] "GET /storage/media/U9NkjU7v6Z3urgm3cZoyB4B52Rf1RDn0nbyFiAJw.jpg HTTP/1.1" 200 80343 "https://royaltuning.hu/hu/termekkategoria/ba15s-p21w-izzok" "Mozilla/5.0 (Macintosh; Intel Mac OS X 10_15_7) AppleWebKit/537.36 (KHTML, like Gecko) Chrome/116.0.0.0 Safari/537.36"
84.2.88.130 - - [26/Jun/2024:17:59:26 +0200] "GET /storage/media/WuAbnJ3F19P7m8ckhRvBz1XVn9ovSqVCdlDdRtKv.jpg HTTP/1.1" 200 274140 "https://royaltuning.hu/hu/termekkategoria/ba15s-p21w-izzok" "Mozilla/5.0 (Macintosh; Intel Mac OS X 10_15_7) AppleWebKit/537.36 (KHTML, like Gecko) Chrome/116.0.0.0 Safari/537.36"
84.2.88.130 - - [26/Jun/2024:17:59:26 +0200] "GET /hu/shop?query=&brand=&category=ba15s-p21w-izzok&tag=&fromPrice=0&toPrice=114990&sort=alphabetic&perPage=30&page=1 HTTP/1.1" 200 2353 "https://royaltuning.hu/hu/termekkategoria/ba15s-p21w-izzok" "Mozilla/5.0 (Macintosh; Intel Mac OS X 10_15_7) AppleWebKit/537.36 (KHTML, like Gecko) Chrome/116.0.0.0 Safari/537.36"
84.2.88.130 - - [26/Jun/2024:17:59:26 +0200] "GET /themes/storefront/public/fonts/la-brands-400.woff2 HTTP/1.1" 200 84805 "https://royaltuning.hu/themes/storefront/public/css/app.css?v=3.1.0" "Mozilla/5.0 (Macintosh; Intel Mac OS X 10_15_7) AppleWebKit/537.36 (KHTML, like Gecko) Chrome/116.0.0.0 Safari/537.36"
37.76.44.143 - - [26/Jun/2024:17:59:24 +0200] "GET /storage/media/LR8IfEu8TFdtixq0lkK2SomaSuyRv02mO7hPPjoL.jpg HTTP/1.1" 200 86609 "https://royaltuning.hu/hu?gad_source=1&gclid=CjwKCAjw-O6zBhASEiwAOHeGxdnbg4eGmQVPf5QCtH59i00ozNH-2qsSKmPE30Z05XrULgwmSreLphoCFzIQAvD_BwE" "Mozilla/5.0 (iPhone; CPU iPhone OS 17_5 like Mac OS X) AppleWebKit/605.1.15 (KHTML, like Gecko) GSA/321.1.642804631 Mobile/15E148 Safari/604.1"
84.2.88.130 - - [26/Jun/2024:17:59:26 +0200] "GET /storage/media/ba15s_led_izzo-1.jpg HTTP/1.1" 200 42488 "https://royaltuning.hu/hu/termekkategoria/ba15s-p21w-izzok" "Mozilla/5.0 (Macintosh; Intel Mac OS X 10_15_7) AppleWebKit/537.36 (KHTML, like Gecko) Chrome/116.0.0.0 Safari/537.36"
84.2.88.130 - - [26/Jun/2024:17:59:26 +0200] "GET /storage/media/legjobb_p21w_led-1.jpg HTTP/1.1" 200 338086 "https://royaltuning.hu/hu/termekkategoria/ba15s-p21w-izzok" "Mozilla/5.0 (Macintosh; Intel Mac OS X 10_15_7) AppleWebKit/537.36 (KHTML, like Gecko) Chrome/116.0.0.0 Safari/537.36"
84.2.88.130 - - [26/Jun/2024:17:59:26 +0200] "GET /storage/media/ba15s_21W_led_izzo-1.jpg HTTP/1.1" 200 82274 "https://royaltuning.hu/hu/termekkategoria/ba15s-p21w-izzok" "Mozilla/5.0 (Macintosh; Intel Mac OS X 10_15_7) AppleWebKit/537.36 (KHTML, like Gecko) Chrome/116.0.0.0 Safari/537.36"
84.2.88.130 - - [26/Jun/2024:17:59:26 +0200] "GET /storage/media/p21w_led_izzo-1.jpg HTTP/1.1" 200 184840 "https://royaltuning.hu/hu/termekkategoria/ba15s-p21w-izzok" "Mozilla/5.0 (Macintosh; Intel Mac OS X 10_15_7) AppleWebKit/537.36 (KHTML, like Gecko) Chrome/116.0.0.0 Safari/537.36"
84.2.88.130 - - [26/Jun/2024:17:59:26 +0200] "GET /storage/media/led_tolatolampa_izzo-1.jpg HTTP/1.1" 200 188405 "https://royaltuning.hu/hu/termekkategoria/ba15s-p21w-izzok" "Mozilla/5.0 (Macintosh; Intel Mac OS X 10_15_7) AppleWebKit/537.36 (KHTML, like Gecko) Chrome/116.0.0.0 Safari/537.36"
84.2.88.130 - - [26/Jun/2024:17:59:26 +0200] "GET /storage/media/ba15s_led_izzo_legjobb-1.jpg HTTP/1.1" 200 185371 "https://royaltuning.hu/hu/termekkategoria/ba15s-p21w-izzok" "Mozilla/5.0 (Macintosh; Intel Mac OS X 10_15_7) AppleWebKit/537.36 (KHTML, like Gecko) Chrome/116.0.0.0 Safari/537.36"
84.2.88.130 - - [26/Jun/2024:17:59:26 +0200] "GET /storage/media/p21w_led-1.jpg HTTP/1.1" 200 190675 "https://royaltuning.hu/hu/termekkategoria/ba15s-p21w-izzok" "Mozilla/5.0 (Macintosh; Intel Mac OS X 10_15_7) AppleWebKit/537.36 (KHTML, like Gecko) Chrome/116.0.0.0 Safari/537.36"
84.2.88.130 - - [26/Jun/2024:17:59:26 +0200] "GET /storage/media/led_izzo_canbusos-1.jpg HTTP/1.1" 200 17595 "https://royaltuning.hu/hu/termekkategoria/ba15s-p21w-izzok" "Mozilla/5.0 (Macintosh; Intel Mac OS X 10_15_7) AppleWebKit/537.36 (KHTML, like Gecko) Chrome/116.0.0.0 Safari/537.36"
84.2.88.130 - - [26/Jun/2024:17:59:26 +0200] "GET /storage/media/ba15s_led_izzo-1-1.jpg HTTP/1.1" 200 137504 "https://royaltuning.hu/hu/termekkategoria/ba15s-p21w-izzok" "Mozilla/5.0 (Macintosh; Intel Mac OS X 10_15_7) AppleWebKit/537.36 (KHTML, like Gecko) Chrome/116.0.0.0 Safari/537.36"
84.2.88.130 - - [26/Jun/2024:17:59:26 +0200] "GET /storage/media/helyzetjelzo_led_izzo-4-1.jpg HTTP/1.1" 200 22214 "https://royaltuning.hu/hu/termekkategoria/ba15s-p21w-izzok" "Mozilla/5.0 (Macintosh; Intel Mac OS X 10_15_7) AppleWebKit/537.36 (KHTML, like Gecko) Chrome/116.0.0.0 Safari/537.36"
84.2.88.130 - - [26/Jun/2024:17:59:26 +0200] "GET /storage/media/ba15s_21w_ledes_izzo_feher-1.jpg HTTP/1.1" 200 111914 "https://royaltuning.hu/hu/termekkategoria/ba15s-p21w-izzok" "Mozilla/5.0 (Macintosh; Intel Mac OS X 10_15_7) AppleWebKit/537.36 (KHTML, like Gecko) Chrome/116.0.0.0 Safari/537.36"
84.2.88.130 - - [26/Jun/2024:17:59:26 +0200] "GET /storage/media/led_izzo_menetfeny_iranyjelzo-1.jpg HTTP/1.1" 200 164001 "https://royaltuning.hu/hu/termekkategoria/ba15s-p21w-izzok" "Mozilla/5.0 (Macintosh; Intel Mac OS X 10_15_7) AppleWebKit/537.36 (KHTML, like Gecko) Chrome/116.0.0.0 Safari/537.36"
84.2.88.130 - - [26/Jun/2024:17:59:26 +0200] "GET /storage/media/p21w_led_izzo_sarga-1.jpg HTTP/1.1" 200 203646 "https://royaltuning.hu/hu/termekkategoria/ba15s-p21w-izzok" "Mozilla/5.0 (Macintosh; Intel Mac OS X 10_15_7) AppleWebKit/537.36 (KHTML, like Gecko) Chrome/116.0.0.0 Safari/537.36"
84.2.88.130 - - [26/Jun/2024:17:59:27 +0200] "GET /storage/media/ba15S_led_izzo_sarga.jpg HTTP/1.1" 200 43768 "https://royaltuning.hu/hu/termekkategoria/ba15s-p21w-izzok" "Mozilla/5.0 (Macintosh; Intel Mac OS X 10_15_7) AppleWebKit/537.36 (KHTML, like Gecko) Chrome/116.0.0.0 Safari/537.36"
84.2.88.130 - - [26/Jun/2024:17:59:27 +0200] "GET /storage/media/led_izzo_canbusos_sarga-1.jpg HTTP/1.1" 200 18529 "https://royaltuning.hu/hu/termekkategoria/ba15s-p21w-izzok" "Mozilla/5.0 (Macintosh; Intel Mac OS X 10_15_7) AppleWebKit/537.36 (KHTML, like Gecko) Chrome/116.0.0.0 Safari/537.36"
84.2.88.130 - - [26/Jun/2024:17:59:27 +0200] "GET /storage/media/ba15s_led_izzo_legjobb-4-1.jpg HTTP/1.1" 200 202572 "https://royaltuning.hu/hu/termekkategoria/ba15s-p21w-izzok" "Mozilla/5.0 (Macintosh; Intel Mac OS X 10_15_7) AppleWebKit/537.36 (KHTML, like Gecko) Chrome/116.0.0.0 Safari/537.36"
84.2.88.130 - - [26/Jun/2024:17:59:27 +0200] "GET /storage/media/ba15S_led_izzo_piros.jpg HTTP/1.1" 200 44101 "https://royaltuning.hu/hu/termekkategoria/ba15s-p21w-izzok" "Mozilla/5.0 (Macintosh; Intel Mac OS X 10_15_7) AppleWebKit/537.36 (KHTML, like Gecko) Chrome/116.0.0.0 Safari/537.36"
84.2.88.130 - - [26/Jun/2024:17:59:27 +0200] "GET /storage/media/ba15s_led_izzo_piros_eros-1.jpg HTTP/1.1" 200 205233 "https://royaltuning.hu/hu/termekkategoria/ba15s-p21w-izzok" "Mozilla/5.0 (Macintosh; Intel Mac OS X 10_15_7) AppleWebKit/537.36 (KHTML, like Gecko) Chrome/116.0.0.0 Safari/537.36"
84.2.88.130 - - [26/Jun/2024:17:59:27 +0200] "GET /storage/media/index_led_izzo.jpg HTTP/1.1" 200 23299 "https://royaltuning.hu/hu/termekkategoria/ba15s-p21w-izzok" "Mozilla/5.0 (Macintosh; Intel Mac OS X 10_15_7) AppleWebKit/537.36 (KHTML, like Gecko) Chrome/116.0.0.0 Safari/537.36"
84.2.88.130 - - [26/Jun/2024:17:59:27 +0200] "GET /storage/media/p21w_led_izzo_piros-1.jpg HTTP/1.1" 200 203904 "https://royaltuning.hu/hu/termekkategoria/ba15s-p21w-izzok" "Mozilla/5.0 (Macintosh; Intel Mac OS X 10_15_7) AppleWebKit/537.36 (KHTML, like Gecko) Chrome/116.0.0.0 Safari/537.36"
84.2.88.130 - - [26/Jun/2024:17:59:27 +0200] "GET /storage/media/a4YmzXlZByNPBYtKVscYbAt1UW2whFNbFD4w2XDy.jpg HTTP/1.1" 200 141034 "https://royaltuning.hu/hu/termekkategoria/ba15s-p21w-izzok" "Mozilla/5.0 (Macintosh; Intel Mac OS X 10_15_7) AppleWebKit/537.36 (KHTML, like Gecko) Chrome/116.0.0.0 Safari/537.36"
84.2.88.130 - - [26/Jun/2024:17:59:27 +0200] "GET /storage/media/ATvhuu3AYAcxIVJaz30JP5Omifkj70DagJ8FzZ1b.jpg HTTP/1.1" 200 141034 "https://royaltuning.hu/hu/termekkategoria/ba15s-p21w-izzok" "Mozilla/5.0 (Macintosh; Intel Mac OS X 10_15_7) AppleWebKit/537.36 (KHTML, like Gecko) Chrome/116.0.0.0 Safari/537.36"
84.2.88.130 - - [26/Jun/2024:17:59:28 +0200] "GET /storage/media/c0t7luzASFx7EVSpbCjKOjfFo89DRMqzfBVMmmvt.png HTTP/1.1" 200 18256 "https://royaltuning.hu/hu/termekkategoria/ba15s-p21w-izzok" "Mozilla/5.0 (Macintosh; Intel Mac OS X 10_15_7) AppleWebKit/537.36 (KHTML, like Gecko) Chrome/116.0.0.0 Safari/537.36"
40.77.188.117 - - [26/Jun/2024:17:59:29 +0200] "GET /captcha/image?_=1371590292 HTTP/1.1" 200 5585 "-" "Mozilla/5.0 AppleWebKit/537.36 (KHTML, like Gecko; compatible; bingbot/2.0; +http://www.bing.com/bingbot.htm) Chrome/100.0.4896.127 Safari/537.36"
37.76.44.143 - - [26/Jun/2024:17:59:27 +0200] "GET /storage/media/z6b3YArpND2pqh91u7mTeQ48hwVLCxI7nAi0RssX.png HTTP/1.1" 200 166165 "https://royaltuning.hu/hu?gad_source=1&gclid=CjwKCAjw-O6zBhASEiwAOHeGxdnbg4eGmQVPf5QCtH59i00ozNH-2qsSKmPE30Z05XrULgwmSreLphoCFzIQAvD_BwE" "Mozilla/5.0 (iPhone; CPU iPhone OS 17_5 like Mac OS X) AppleWebKit/605.1.15 (KHTML, like Gecko) GSA/321.1.642804631 Mobile/15E148 Safari/604.1"
37.76.44.143 - - [26/Jun/2024:17:59:12 +0200] "GET /themes/storefront/public/js/app.js?v=3.1.0 HTTP/1.1" 200 817706 "https://royaltuning.hu/hu?gad_source=1&gclid=CjwKCAjw-O6zBhASEiwAOHeGxdnbg4eGmQVPf5QCtH59i00ozNH-2qsSKmPE30Z05XrULgwmSreLphoCFzIQAvD_BwE" "Mozilla/5.0 (iPhone; CPU iPhone OS 17_5 like Mac OS X) AppleWebKit/605.1.15 (KHTML, like Gecko) GSA/321.1.642804631 Mobile/15E148 Safari/604.1"
37.76.44.143 - - [26/Jun/2024:17:59:32 +0200] "GET /hu HTTP/1.1" 200 32932 "https://royaltuning.hu/hu?gad_source=1&gclid=CjwKCAjw-O6zBhASEiwAOHeGxdnbg4eGmQVPf5QCtH59i00ozNH-2qsSKmPE30Z05XrULgwmSreLphoCFzIQAvD_BwE" "Mozilla/5.0 (iPhone; CPU iPhone OS 17_5 like Mac OS X) AppleWebKit/605.1.15 (KHTML, like Gecko) GSA/321.1.642804631 Mobile/15E148 Safari/604.1"
40.77.190.102 - - [26/Jun/2024:17:59:35 +0200] "GET /hu/products/5062/reviews?page=1 HTTP/1.1" 200 570 "-" "Mozilla/5.0 AppleWebKit/537.36 (KHTML, like Gecko; compatible; bingbot/2.0; +http://www.bing.com/bingbot.htm) Chrome/100.0.4896.127 Safari/537.36"
66.249.70.160 - - [26/Jun/2024:17:59:36 +0200] "GET /termek/borapolo-es-regeneralo-szer HTTP/1.1" 302 223 "-" "Mozilla/5.0 (compatible; Googlebot/2.1; +http://www.google.com/bot.html)"
37.76.44.143 - - [26/Jun/2024:17:59:34 +0200] "GET /storage/media/m0Z1UihTihN7fxZAO9Hy0mRqZEXGvaCpnpWDRc5X.png HTTP/1.1" 200 147631 "https://royaltuning.hu/hu" "Mozilla/5.0 (iPhone; CPU iPhone OS 17_5 like Mac OS X) AppleWebKit/605.1.15 (KHTML, like Gecko) GSA/321.1.642804631 Mobile/15E148 Safari/604.1"
37.76.44.143 - - [26/Jun/2024:17:59:34 +0200] "GET /storage/media/z6b3YArpND2pqh91u7mTeQ48hwVLCxI7nAi0RssX.png HTTP/1.1" 200 166165 "https://royaltuning.hu/hu" "Mozilla/5.0 (iPhone; CPU iPhone OS 17_5 like Mac OS X) AppleWebKit/605.1.15 (KHTML, like Gecko) GSA/321.1.642804631 Mobile/15E148 Safari/604.1"
66.249.64.226 - - [26/Jun/2024:17:59:40 +0200] "GET /captcha/image?_=1539742145?_= HTTP/1.1" 200 5960 "-" "Mozilla/5.0 (Linux; Android 6.0.1; Nexus 5X Build/MMB29P) AppleWebKit/537.36 (KHTML, like Gecko) Chrome/125.0.6422.175 Mobile Safari/537.36 (compatible; Googlebot/2.1; +http://www.google.com/bot.html)"
66.249.70.160 - - [26/Jun/2024:17:59:41 +0200] "GET /hu/termek/borapolo-es-regeneralo-szer HTTP/1.1" 200 43916 "-" "Mozilla/5.0 (compatible; Googlebot/2.1; +http://www.google.com/bot.html)"
46.139.88.175 - - [26/Jun/2024:17:59:41 +0200] "GET /hu/termek/opel-kulcs-javito-keszlet HTTP/1.1" 200 44211 "https://royaltuning.hu/hu/termekkategoria/kulcshazak/opel-kulcshaz" "Mozilla/5.0 (Windows NT 10.0; Win64; x64) AppleWebKit/537.36 (KHTML, like Gecko) Chrome/126.0.0.0 Safari/537.36"
46.139.88.175 - - [26/Jun/2024:17:59:42 +0200] "GET /storage/media/opel_kulcsha_meriva-3.jpg HTTP/1.1" 200 33092 "https://royaltuning.hu/hu/termek/opel-kulcs-javito-keszlet" "Mozilla/5.0 (Windows NT 10.0; Win64; x64) AppleWebKit/537.36 (KHTML, like Gecko) Chrome/126.0.0.0 Safari/537.36"
46.139.88.175 - - [26/Jun/2024:17:59:42 +0200] "GET /storage/media/opel_kulcsha_meriva-4.jpg HTTP/1.1" 200 36620 "https://royaltuning.hu/hu/termek/opel-kulcs-javito-keszlet" "Mozilla/5.0 (Windows NT 10.0; Win64; x64) AppleWebKit/537.36 (KHTML, like Gecko) Chrome/126.0.0.0 Safari/537.36"
46.139.88.175 - - [26/Jun/2024:17:59:42 +0200] "GET /hu/products/5197/reviews?page=1 HTTP/1.1" 200 231 "https://royaltuning.hu/hu/termek/opel-kulcs-javito-keszlet" "Mozilla/5.0 (Windows NT 10.0; Win64; x64) AppleWebKit/537.36 (KHTML, like Gecko) Chrome/126.0.0.0 Safari/537.36"
46.139.88.175 - - [26/Jun/2024:17:59:42 +0200] "GET /captcha/image?_=853906962 HTTP/1.1" 200 4076 "https://royaltuning.hu/hu/termek/opel-kulcs-javito-keszlet" "Mozilla/5.0 (Windows NT 10.0; Win64; x64) AppleWebKit/537.36 (KHTML, like Gecko) Chrome/126.0.0.0 Safari/537.36"
66.249.64.227 - - [26/Jun/2024:17:59:42 +0200] "GET /hu/termekkategoria/autos-kulcstartok HTTP/1.1" 200 41378 "-" "Mozilla/5.0 (Linux; Android 6.0.1; Nexus 5X Build/MMB29P) AppleWebKit/537.36 (KHTML, like Gecko) Chrome/125.0.6422.175 Mobile Safari/537.36 (compatible; Googlebot/2.1; +http://www.google.com/bot.html)"
54.36.148.0 - - [26/Jun/2024:17:59:42 +0200] "GET /public/hu/termekkategoria/felni-es-gumi-tisztito-csomagok HTTP/1.1" 200 41894 "-" "Mozilla/5.0 (compatible; AhrefsBot/7.0; +http://ahrefs.com/robot/)"
66.249.70.160 - - [26/Jun/2024:17:59:43 +0200] "GET /hu/termek/citroen-kulcshaz-pattintos HTTP/1.1" 200 44079 "-" "Mozilla/5.0 (Linux; Android 6.0.1; Nexus 5X Build/MMB29P) AppleWebKit/537.36 (KHTML, like Gecko) Chrome/125.0.6422.175 Mobile Safari/537.36 (compatible; Googlebot/2.1; +http://www.google.com/bot.html)"
66.249.64.9 - - [26/Jun/2024:17:59:44 +0200] "GET /hu/termek/ledes-hatso-menetfeny-szett-udvozlofeny-es-futofenyes-index-funkcioval-2db HTTP/1.1" 200 46248 "-" "Mozilla/5.0 (Linux; Android 6.0.1; Nexus 5X Build/MMB29P) AppleWebKit/537.36 (KHTML, like Gecko) Chrome/125.0.6422.175 Mobile Safari/537.36 (compatible; Googlebot/2.1; +http://www.google.com/bot.html)"
66.249.64.37 - - [26/Jun/2024:17:59:45 +0200] "GET /themes/storefront/public/js/app.js?v=3.1.0 HTTP/1.1" 200 979893 "https://royaltuning.hu/hu/termek/borapolo-es-regeneralo-szer" "Mozilla/5.0 AppleWebKit/537.36 (KHTML, like Gecko; compatible; Googlebot/2.1; +http://www.google.com/bot.html) Chrome/125.0.6422.154 Safari/537.36"
37.76.44.143 - - [26/Jun/2024:17:59:44 +0200] "GET /storage/media/Nq47okDNXkthggOpGBcyiCsFcR5MAbRnpCiGHKa1.png HTTP/1.1" 200 155315 "https://royaltuning.hu/hu" "Mozilla/5.0 (iPhone; CPU iPhone OS 17_5 like Mac OS X) AppleWebKit/605.1.15 (KHTML, like Gecko) GSA/321.1.642804631 Mobile/15E148 Safari/604.1"
37.191.9.189 - - [26/Jun/2024:17:59:46 +0200] "GET /hu/termekkategoria/h4-izzok HTTP/1.1" 200 42392 "https://royaltuning.hu/hu" "Mozilla/5.0 (Windows NT 10.0; Win64; x64; rv:127.0) Gecko/20100101 Firefox/127.0"
37.191.9.189 - - [26/Jun/2024:17:59:47 +0200] "GET /hu/shop?query=&brand=&category=h4-izzok&tag=&fromPrice=0&toPrice=114990&sort=alphabetic&perPage=30&page=1 HTTP/1.1" 200 1862 "https://royaltuning.hu/hu/termekkategoria/h4-izzok" "Mozilla/5.0 (Windows NT 10.0; Win64; x64; rv:127.0) Gecko/20100101 Firefox/127.0"
37.191.9.189 - - [26/Jun/2024:17:59:47 +0200] "GET /storage/media/h4_canbus_adapter-1.jpg HTTP/1.1" 200 44066 "https://royaltuning.hu/hu/termekkategoria/h4-izzok" "Mozilla/5.0 (Windows NT 10.0; Win64; x64; rv:127.0) Gecko/20100101 Firefox/127.0"
37.191.9.189 - - [26/Jun/2024:17:59:47 +0200] "GET /storage/media/h4_led_24v-1.jpg HTTP/1.1" 200 229006 "https://royaltuning.hu/hu/termekkategoria/h4-izzok" "Mozilla/5.0 (Windows NT 10.0; Win64; x64; rv:127.0) Gecko/20100101 Firefox/127.0"
37.191.9.189 - - [26/Jun/2024:17:59:47 +0200] "GET /storage/media/H4_LED_IZZO-2.jpg HTTP/1.1" 200 18827 "https://royaltuning.hu/hu/termekkategoria/h4-izzok" "Mozilla/5.0 (Windows NT 10.0; Win64; x64; rv:127.0) Gecko/20100101 Firefox/127.0"
37.191.9.189 - - [26/Jun/2024:17:59:47 +0200] "GET /storage/media/h4_canbus_ellenallas_ledhez_terheles_adapter-1.jpg HTTP/1.1" 200 202935 "https://royaltuning.hu/hu/termekkategoria/h4-izzok" "Mozilla/5.0 (Windows NT 10.0; Win64; x64; rv:127.0) Gecko/20100101 Firefox/127.0"
37.191.9.189 - - [26/Jun/2024:17:59:47 +0200] "GET /storage/media/h4_led_izzo_3000k_kadmiumsarga_feny-1.jpg HTTP/1.1" 200 201591 "https://royaltuning.hu/hu/termekkategoria/h4-izzok" "Mozilla/5.0 (Windows NT 10.0; Win64; x64; rv:127.0) Gecko/20100101 Firefox/127.0"
37.191.9.189 - - [26/Jun/2024:17:59:47 +0200] "GET /storage/media/motor_led_izzo-4.jpg HTTP/1.1" 200 15581 "https://royaltuning.hu/hu/termekkategoria/h4-izzok" "Mozilla/5.0 (Windows NT 10.0; Win64; x64; rv:127.0) Gecko/20100101 Firefox/127.0"
37.191.9.189 - - [26/Jun/2024:17:59:47 +0200] "GET /storage/media/h4_led_izzo_4300K_szinhomerseklet-1.jpg HTTP/1.1" 200 205436 "https://royaltuning.hu/hu/termekkategoria/h4-izzok" "Mozilla/5.0 (Windows NT 10.0; Win64; x64; rv:127.0) Gecko/20100101 Firefox/127.0"
37.191.9.189 - - [26/Jun/2024:17:59:47 +0200] "GET /storage/media/h4_led_izzo-1-2.jpg HTTP/1.1" 200 247570 "https://royaltuning.hu/hu/termekkategoria/h4-izzok" "Mozilla/5.0 (Windows NT 10.0; Win64; x64; rv:127.0) Gecko/20100101 Firefox/127.0"
37.191.9.189 - - [26/Jun/2024:17:59:47 +0200] "GET /storage/media/h4_led_izzo_motorhoz-1.jpg HTTP/1.1" 200 133124 "https://royaltuning.hu/hu/termekkategoria/h4-izzok" "Mozilla/5.0 (Windows NT 10.0; Win64; x64; rv:127.0) Gecko/20100101 Firefox/127.0"
37.191.9.189 - - [26/Jun/2024:17:59:47 +0200] "GET /storage/media/jew2SAjkjjCm2bdJV0jxpFYuSHdYlGngOKHHAC7s.jpg HTTP/1.1" 200 37229 "https://royaltuning.hu/hu/termekkategoria/h4-izzok" "Mozilla/5.0 (Windows NT 10.0; Win64; x64; rv:127.0) Gecko/20100101 Firefox/127.0"
37.191.9.189 - - [26/Jun/2024:17:59:47 +0200] "GET /storage/media/legjobb_h4_led_izzo-1.jpg HTTP/1.1" 200 325798 "https://royaltuning.hu/hu/termekkategoria/h4-izzok" "Mozilla/5.0 (Windows NT 10.0; Win64; x64; rv:127.0) Gecko/20100101 Firefox/127.0"
176.3.4.124 - - [26/Jun/2024:17:59:47 +0200] "GET /public/hu HTTP/1.1" 200 33055 "-" "Mozilla/5.0 (Macintosh; Intel Mac OS X 10_15_7) AppleWebKit/537.36 (KHTML, like Gecko) Chrome/126.0.0.0 Safari/537.36"
37.191.9.189 - - [26/Jun/2024:17:59:48 +0200] "GET /storage/media/h4_led_izzo_motorba-1.jpg HTTP/1.1" 200 114560 "https://royaltuning.hu/hu/termekkategoria/h4-izzok" "Mozilla/5.0 (Windows NT 10.0; Win64; x64; rv:127.0) Gecko/20100101 Firefox/127.0"
37.191.9.189 - - [26/Jun/2024:17:59:48 +0200] "GET /storage/media/H4_led_auto_izzo_feher-1.jpg HTTP/1.1" 200 202211 "https://royaltuning.hu/hu/termekkategoria/h4-izzok" "Mozilla/5.0 (Windows NT 10.0; Win64; x64; rv:127.0) Gecko/20100101 Firefox/127.0"
37.76.44.143 - - [26/Jun/2024:17:59:47 +0200] "GET /storage/media/02qewcDn11X96OlRe0JZ4zExTNS44KQ9M11CWdhO.png HTTP/1.1" 200 115304 "https://royaltuning.hu/hu" "Mozilla/5.0 (iPhone; CPU iPhone OS 17_5 like Mac OS X) AppleWebKit/605.1.15 (KHTML, like Gecko) GSA/321.1.642804631 Mobile/15E148 Safari/604.1"
176.3.4.124 - - [26/Jun/2024:17:59:48 +0200] "GET /public/hu/storefront/flash-sale-products HTTP/1.1" 200 743 "https://royaltuning.hu/public/hu" "Mozilla/5.0 (Macintosh; Intel Mac OS X 10_15_7) AppleWebKit/537.36 (KHTML, like Gecko) Chrome/126.0.0.0 Safari/537.36"
176.3.4.124 - - [26/Jun/2024:17:59:48 +0200] "GET /public/hu/storefront/vertical-products/1 HTTP/1.1" 200 1807 "https://royaltuning.hu/public/hu" "Mozilla/5.0 (Macintosh; Intel Mac OS X 10_15_7) AppleWebKit/537.36 (KHTML, like Gecko) Chrome/126.0.0.0 Safari/537.36"
176.3.4.124 - - [26/Jun/2024:17:59:48 +0200] "GET /public/hu/storefront/vertical-products/2 HTTP/1.1" 200 1528 "https://royaltuning.hu/public/hu" "Mozilla/5.0 (Macintosh; Intel Mac OS X 10_15_7) AppleWebKit/537.36 (KHTML, like Gecko) Chrome/126.0.0.0 Safari/537.36"
176.3.4.124 - - [26/Jun/2024:17:59:48 +0200] "GET /public/hu/storefront/vertical-products/3 HTTP/1.1" 200 1470 "https://royaltuning.hu/public/hu" "Mozilla/5.0 (Macintosh; Intel Mac OS X 10_15_7) AppleWebKit/537.36 (KHTML, like Gecko) Chrome/126.0.0.0 Safari/537.36"
176.3.4.124 - - [26/Jun/2024:17:59:48 +0200] "GET /public/hu/storefront/featured-categories/1/products HTTP/1.1" 200 1714 "https://royaltuning.hu/public/hu" "Mozilla/5.0 (Macintosh; Intel Mac OS X 10_15_7) AppleWebKit/537.36 (KHTML, like Gecko) Chrome/126.0.0.0 Safari/537.36"
176.3.4.124 - - [26/Jun/2024:17:59:48 +0200] "GET /public/hu/storefront/tab-products/sections/2/tabs/1 HTTP/1.1" 200 1482 "https://royaltuning.hu/public/hu" "Mozilla/5.0 (Macintosh; Intel Mac OS X 10_15_7) AppleWebKit/537.36 (KHTML, like Gecko) Chrome/126.0.0.0 Safari/537.36"
176.3.4.124 - - [26/Jun/2024:17:59:48 +0200] "GET /undefined HTTP/1.1" 302 204 "https://royaltuning.hu/public/hu" "Mozilla/5.0 (Macintosh; Intel Mac OS X 10_15_7) AppleWebKit/537.36 (KHTML, like Gecko) Chrome/126.0.0.0 Safari/537.36"
176.3.4.124 - - [26/Jun/2024:17:59:48 +0200] "GET /hu/undefined HTTP/1.1" 200 30951 "https://royaltuning.hu/public/hu" "Mozilla/5.0 (Macintosh; Intel Mac OS X 10_15_7) AppleWebKit/537.36 (KHTML, like Gecko) Chrome/126.0.0.0 Safari/537.36"
37.76.44.143 - - [26/Jun/2024:17:59:50 +0200] "GET /storage/media/kqaBWwYSm5MKbfAj4m9WaRUN5jRuSOaDcKSmDByJ.png HTTP/1.1" 200 96367 "https://royaltuning.hu/hu" "Mozilla/5.0 (iPhone; CPU iPhone OS 17_5 like Mac OS X) AppleWebKit/605.1.15 (KHTML, like Gecko) GSA/321.1.642804631 Mobile/15E148 Safari/604.1"
37.76.44.143 - - [26/Jun/2024:17:59:52 +0200] "GET /storage/media/feketito_krem_autoapolas-4.jpg HTTP/1.1" 200 59354 "https://royaltuning.hu/hu" "Mozilla/5.0 (iPhone; CPU iPhone OS 17_5 like Mac OS X) AppleWebKit/605.1.15 (KHTML, like Gecko) GSA/321.1.642804631 Mobile/15E148 Safari/604.1"
37.76.44.143 - - [26/Jun/2024:17:59:52 +0200] "GET /storage/media/B6Oclc3ejXCp8Y7EzBha78TeOmUK8jKPQQfMNQOT.jpg HTTP/1.1" 200 85760 "https://royaltuning.hu/hu" "Mozilla/5.0 (iPhone; CPU iPhone OS 17_5 like Mac OS X) AppleWebKit/605.1.15 (KHTML, like Gecko) GSA/321.1.642804631 Mobile/15E148 Safari/604.1"
37.76.44.143 - - [26/Jun/2024:17:59:34 +0200] "GET /themes/storefront/public/js/app.js?v=3.1.0 HTTP/1.1" 200 979893 "https://royaltuning.hu/hu" "Mozilla/5.0 (iPhone; CPU iPhone OS 17_5 like Mac OS X) AppleWebKit/605.1.15 (KHTML, like Gecko) GSA/321.1.642804631 Mobile/15E148 Safari/604.1"
37.76.44.143 - - [26/Jun/2024:17:59:59 +0200] "GET /storage/media/JcwKrbYgw2GtfMD1NUmFRGLyEU31uJYXMenxZotb.jpg HTTP/1.1" 200 78471 "https://royaltuning.hu/hu" "Mozilla/5.0 (iPhone; CPU iPhone OS 17_5 like Mac OS X) AppleWebKit/605.1.15 (KHTML, like Gecko) GSA/321.1.642804631 Mobile/15E148 Safari/604.1"
37.76.44.143 - - [26/Jun/2024:17:59:59 +0200] "GET /hu/storefront/vertical-products/2 HTTP/1.1" 200 1528 "https://royaltuning.hu/hu" "Mozilla/5.0 (iPhone; CPU iPhone OS 17_5 like Mac OS X) AppleWebKit/605.1.15 (KHTML, like Gecko) GSA/321.1.642804631 Mobile/15E148 Safari/604.1"
37.76.44.143 - - [26/Jun/2024:17:59:59 +0200] "GET /hu/storefront/flash-sale-products HTTP/1.1" 200 743 "https://royaltuning.hu/hu" "Mozilla/5.0 (iPhone; CPU iPhone OS 17_5 like Mac OS X) AppleWebKit/605.1.15 (KHTML, like Gecko) GSA/321.1.642804631 Mobile/15E148 Safari/604.1"
37.76.44.143 - - [26/Jun/2024:17:59:59 +0200] "GET /hu/storefront/vertical-products/3 HTTP/1.1" 200 1470 "https://royaltuning.hu/hu" "Mozilla/5.0 (iPhone; CPU iPhone OS 17_5 like Mac OS X) AppleWebKit/605.1.15 (KHTML, like Gecko) GSA/321.1.642804631 Mobile/15E148 Safari/604.1"
37.76.44.143 - - [26/Jun/2024:17:59:59 +0200] "GET /hu/storefront/featured-categories/1/products HTTP/1.1" 200 1714 "https://royaltuning.hu/hu" "Mozilla/5.0 (iPhone; CPU iPhone OS 17_5 like Mac OS X) AppleWebKit/605.1.15 (KHTML, like Gecko) GSA/321.1.642804631 Mobile/15E148 Safari/604.1"
37.76.44.143 - - [26/Jun/2024:18:00:00 +0200] "GET /hu/storefront/tab-products/sections/2/tabs/1 HTTP/1.1" 200 1482 "https://royaltuning.hu/hu" "Mozilla/5.0 (iPhone; CPU iPhone OS 17_5 like Mac OS X) AppleWebKit/605.1.15 (KHTML, like Gecko) GSA/321.1.642804631 Mobile/15E148 Safari/604.1"
37.76.44.143 - - [26/Jun/2024:18:00:00 +0200] "GET /hu/storefront/vertical-products/1 HTTP/1.1" 200 1807 "https://royaltuning.hu/hu" "Mozilla/5.0 (iPhone; CPU iPhone OS 17_5 like Mac OS X) AppleWebKit/605.1.15 (KHTML, like Gecko) GSA/321.1.642804631 Mobile/15E148 Safari/604.1"
37.76.44.143 - - [26/Jun/2024:18:00:00 +0200] "GET /themes/storefront/public/css/fonts/slick.woff HTTP/1.1" 200 1343 "https://royaltuning.hu/hu?gad_source=1&gclid=CjwKCAjw-O6zBhASEiwAOHeGxdnbg4eGmQVPf5QCtH59i00ozNH-2qsSKmPE30Z05XrULgwmSreLphoCFzIQAvD_BwE" "Mozilla/5.0 (iPhone; CPU iPhone OS 17_5 like Mac OS X) AppleWebKit/605.1.15 (KHTML, like Gecko) GSA/321.1.642804631 Mobile/15E148 Safari/604.1"
37.76.44.143 - - [26/Jun/2024:18:00:01 +0200] "GET /storage/media/5LsjKYn98M7iBeG1rGBQtNhIhWr870EXL0JNI2r5.jpg HTTP/1.1" 200 22464 "https://royaltuning.hu/hu" "Mozilla/5.0 (iPhone; CPU iPhone OS 17_5 like Mac OS X) AppleWebKit/605.1.15 (KHTML, like Gecko) GSA/321.1.642804631 Mobile/15E148 Safari/604.1"
37.76.44.143 - - [26/Jun/2024:18:00:01 +0200] "GET /storage/media/peugeot_kulcshaz.jpg HTTP/1.1" 200 38893 "https://royaltuning.hu/hu" "Mozilla/5.0 (iPhone; CPU iPhone OS 17_5 like Mac OS X) AppleWebKit/605.1.15 (KHTML, like Gecko) GSA/321.1.642804631 Mobile/15E148 Safari/604.1"
37.76.44.143 - - [26/Jun/2024:18:00:01 +0200] "GET /storage/media/citroen_bicskakulcs_3gombos-1-2.jpg HTTP/1.1" 200 42128 "https://royaltuning.hu/hu" "Mozilla/5.0 (iPhone; CPU iPhone OS 17_5 like Mac OS X) AppleWebKit/605.1.15 (KHTML, like Gecko) GSA/321.1.642804631 Mobile/15E148 Safari/604.1"
37.76.44.143 - - [26/Jun/2024:18:00:02 +0200] "GET /storage/media/fiat_kulcshaz-2.jpg HTTP/1.1" 200 70958 "https://royaltuning.hu/hu" "Mozilla/5.0 (iPhone; CPU iPhone OS 17_5 like Mac OS X) AppleWebKit/605.1.15 (KHTML, like Gecko) GSA/321.1.642804631 Mobile/15E148 Safari/604.1"
37.76.44.143 - - [26/Jun/2024:18:00:02 +0200] "GET /storage/media/opel_kulcshaz.jpg HTTP/1.1" 200 43300 "https://royaltuning.hu/hu" "Mozilla/5.0 (iPhone; CPU iPhone OS 17_5 like Mac OS X) AppleWebKit/605.1.15 (KHTML, like Gecko) GSA/321.1.642804631 Mobile/15E148 Safari/604.1"
37.76.44.143 - - [26/Jun/2024:18:00:04 +0200] "GET /storage/media/opel_kulcsha_meriva.jpg HTTP/1.1" 200 43520 "https://royaltuning.hu/hu" "Mozilla/5.0 (iPhone; CPU iPhone OS 17_5 like Mac OS X) AppleWebKit/605.1.15 (KHTML, like Gecko) GSA/321.1.642804631 Mobile/15E148 Safari/604.1"
37.76.44.143 - - [26/Jun/2024:18:00:05 +0200] "GET /storage/media/bm1.jpg HTTP/1.1" 200 49412 "https://royaltuning.hu/hu" "Mozilla/5.0 (iPhone; CPU iPhone OS 17_5 like Mac OS X) AppleWebKit/605.1.15 (KHTML, like Gecko) GSA/321.1.642804631 Mobile/15E148 Safari/604.1"
213.253.198.108 - - [26/Jun/2024:18:00:09 +0200] "GET /termekkategoria/xenon-szettek/?gad_source=1&gclid=EAIaIQobChMIx8XvyNH5hgMVARmiAx2bzgTjEAAYAiAAEgJMgPD_BwE HTTP/1.1" 301 346 "https://www.google.com/" "Mozilla/5.0 (iPhone; CPU iPhone OS 17_5 like Mac OS X) AppleWebKit/605.1.15 (KHTML, like Gecko)  Mobile/15E148 Safari/604.1"
213.253.198.108 - - [26/Jun/2024:18:00:09 +0200] "GET /public/termekkategoria/xenon-szettek?gad_source=1&gclid=EAIaIQobChMIx8XvyNH5hgMVARmiAx2bzgTjEAAYAiAAEgJMgPD_BwE HTTP/1.1" 302 302 "https://www.google.com/" "Mozilla/5.0 (iPhone; CPU iPhone OS 17_5 like Mac OS X) AppleWebKit/605.1.15 (KHTML, like Gecko)  Mobile/15E148 Safari/604.1"
104.28.129.33 - - [26/Jun/2024:18:00:09 +0200] "GET /wp-content/uploads/2022/02/cropped-royaltuning_logo_512-1.png HTTP/1.1" 200 9918 "-" "Mozilla/5.0"
213.253.198.108 - - [26/Jun/2024:18:00:09 +0200] "GET /public/hu/termekkategoria/xenon-szettek?gad_source=1&gclid=EAIaIQobChMIx8XvyNH5hgMVARmiAx2bzgTjEAAYAiAAEgJMgPD_BwE HTTP/1.1" 200 43013 "https://www.google.com/" "Mozilla/5.0 (iPhone; CPU iPhone OS 17_5 like Mac OS X) AppleWebKit/605.1.15 (KHTML, like Gecko)  Mobile/15E148 Safari/604.1"
213.253.198.108 - - [26/Jun/2024:18:00:11 +0200] "GET /public/vendor/cookie-consent/css/cookie-consent.css HTTP/1.1" 200 990 "https://royaltuning.hu/public/hu/termekkategoria/xenon-szettek?gad_source=1&gclid=EAIaIQobChMIx8XvyNH5hgMVARmiAx2bzgTjEAAYAiAAEgJMgPD_BwE" "Mozilla/5.0 (iPhone; CPU iPhone OS 17_5 like Mac OS X) AppleWebKit/605.1.15 (KHTML, like Gecko)  Mobile/15E148 Safari/604.1"
213.253.198.108 - - [26/Jun/2024:18:00:11 +0200] "GET /public/themes/storefront/public/css/app.css?v=3.1.0 HTTP/1.1" 200 72700 "https://royaltuning.hu/public/hu/termekkategoria/xenon-szettek?gad_source=1&gclid=EAIaIQobChMIx8XvyNH5hgMVARmiAx2bzgTjEAAYAiAAEgJMgPD_BwE" "Mozilla/5.0 (iPhone; CPU iPhone OS 17_5 like Mac OS X) AppleWebKit/605.1.15 (KHTML, like Gecko)  Mobile/15E148 Safari/604.1"
37.76.44.143 - - [26/Jun/2024:18:00:11 +0200] "GET /hu/suggestions?query=H HTTP/1.1" 200 970 "https://royaltuning.hu/hu" "Mozilla/5.0 (iPhone; CPU iPhone OS 17_5 like Mac OS X) AppleWebKit/605.1.15 (KHTML, like Gecko) GSA/321.1.642804631 Mobile/15E148 Safari/604.1"
213.253.198.108 - - [26/Jun/2024:18:00:11 +0200] "GET /public/vendor/cookie-consent/js/cookie-consent.js HTTP/1.1" 200 11136 "https://royaltuning.hu/public/hu/termekkategoria/xenon-szettek?gad_source=1&gclid=EAIaIQobChMIx8XvyNH5hgMVARmiAx2bzgTjEAAYAiAAEgJMgPD_BwE" "Mozilla/5.0 (iPhone; CPU iPhone OS 17_5 like Mac OS X) AppleWebKit/605.1.15 (KHTML, like Gecko)  Mobile/15E148 Safari/604.1"
213.253.198.108 - - [26/Jun/2024:18:00:11 +0200] "GET /storage/media/rpiKsmcVc59LwHHydMWZkR91adM4KGiqcvvmbod4.png HTTP/1.1" 200 17070 "https://royaltuning.hu/public/hu/termekkategoria/xenon-szettek?gad_source=1&gclid=EAIaIQobChMIx8XvyNH5hgMVARmiAx2bzgTjEAAYAiAAEgJMgPD_BwE" "Mozilla/5.0 (iPhone; CPU iPhone OS 17_5 like Mac OS X) AppleWebKit/605.1.15 (KHTML, like Gecko)  Mobile/15E148 Safari/604.1"
213.253.198.108 - - [26/Jun/2024:18:00:11 +0200] "GET /public/themes/storefront/public/fonts/la-brands-400.woff2 HTTP/1.1" 200 84805 "https://royaltuning.hu/public/hu/termekkategoria/xenon-szettek?gad_source=1&gclid=EAIaIQobChMIx8XvyNH5hgMVARmiAx2bzgTjEAAYAiAAEgJMgPD_BwE" "Mozilla/5.0 (iPhone; CPU iPhone OS 17_5 like Mac OS X) AppleWebKit/605.1.15 (KHTML, like Gecko)  Mobile/15E148 Safari/604.1"
213.253.198.108 - - [26/Jun/2024:18:00:11 +0200] "GET /public/themes/storefront/public/fonts/la-solid-900.woff2 HTTP/1.1" 200 96652 "https://royaltuning.hu/public/hu/termekkategoria/xenon-szettek?gad_source=1&gclid=EAIaIQobChMIx8XvyNH5hgMVARmiAx2bzgTjEAAYAiAAEgJMgPD_BwE" "Mozilla/5.0 (iPhone; CPU iPhone OS 17_5 like Mac OS X) AppleWebKit/605.1.15 (KHTML, like Gecko)  Mobile/15E148 Safari/604.1"
37.76.44.143 - - [26/Jun/2024:18:00:11 +0200] "GET /hu/suggestions?query=H%20 HTTP/1.1" 200 970 "https://royaltuning.hu/hu" "Mozilla/5.0 (iPhone; CPU iPhone OS 17_5 like Mac OS X) AppleWebKit/605.1.15 (KHTML, like Gecko) GSA/321.1.642804631 Mobile/15E148 Safari/604.1"
213.253.198.108 - - [26/Jun/2024:18:00:11 +0200] "GET /public/themes/storefront/public/fonts/la-regular-400.woff2 HTTP/1.1" 200 12923 "https://royaltuning.hu/public/hu/termekkategoria/xenon-szettek?gad_source=1&gclid=EAIaIQobChMIx8XvyNH5hgMVARmiAx2bzgTjEAAYAiAAEgJMgPD_BwE" "Mozilla/5.0 (iPhone; CPU iPhone OS 17_5 like Mac OS X) AppleWebKit/605.1.15 (KHTML, like Gecko)  Mobile/15E148 Safari/604.1"
213.253.198.108 - - [26/Jun/2024:18:00:12 +0200] "GET /public/themes/storefront/public/images/arrow-black.png HTTP/1.1" 200 221 "https://royaltuning.hu/public/hu/termekkategoria/xenon-szettek?gad_source=1&gclid=EAIaIQobChMIx8XvyNH5hgMVARmiAx2bzgTjEAAYAiAAEgJMgPD_BwE" "Mozilla/5.0 (iPhone; CPU iPhone OS 17_5 like Mac OS X) AppleWebKit/605.1.15 (KHTML, like Gecko)  Mobile/15E148 Safari/604.1"
37.76.32.78 - - [26/Jun/2024:18:00:12 +0200] "GET /order-received/thank-you/?key=wc_order_YqKV4RJLsX1Gz&order_id=221838 HTTP/1.1" 301 309 "https://royaltuning.hu/checkout/" "Mozilla/5.0 (Linux; Android 10; K) AppleWebKit/537.36 (KHTML, like Gecko) Chrome/126.0.0.0 Mobile Safari/537.36"
37.76.44.143 - - [26/Jun/2024:18:00:12 +0200] "GET /hu/suggestions?query=H%20ast HTTP/1.1" 200 59 "https://royaltuning.hu/hu" "Mozilla/5.0 (iPhone; CPU iPhone OS 17_5 like Mac OS X) AppleWebKit/605.1.15 (KHTML, like Gecko) GSA/321.1.642804631 Mobile/15E148 Safari/604.1"
213.253.198.108 - - [26/Jun/2024:18:00:11 +0200] "GET /public/themes/storefront/public/js/app.js?v=3.1.0 HTTP/1.1" 200 979893 "https://royaltuning.hu/public/hu/termekkategoria/xenon-szettek?gad_source=1&gclid=EAIaIQobChMIx8XvyNH5hgMVARmiAx2bzgTjEAAYAiAAEgJMgPD_BwE" "Mozilla/5.0 (iPhone; CPU iPhone OS 17_5 like Mac OS X) AppleWebKit/605.1.15 (KHTML, like Gecko)  Mobile/15E148 Safari/604.1"
37.76.44.143 - - [26/Jun/2024:18:00:12 +0200] "GET /hu/suggestions?query=H%20astra HTTP/1.1" 200 59 "https://royaltuning.hu/hu" "Mozilla/5.0 (iPhone; CPU iPhone OS 17_5 like Mac OS X) AppleWebKit/605.1.15 (KHTML, like Gecko) GSA/321.1.642804631 Mobile/15E148 Safari/604.1"
213.253.198.108 - - [26/Jun/2024:18:00:12 +0200] "GET /storage/media/h1_xenon_izzo.jpg HTTP/1.1" 200 18243 "https://royaltuning.hu/public/hu/termekkategoria/xenon-szettek?gad_source=1&gclid=EAIaIQobChMIx8XvyNH5hgMVARmiAx2bzgTjEAAYAiAAEgJMgPD_BwE" "Mozilla/5.0 (iPhone; CPU iPhone OS 17_5 like Mac OS X) AppleWebKit/605.1.15 (KHTML, like Gecko)  Mobile/15E148 Safari/604.1"
37.76.44.143 - - [26/Jun/2024:18:00:12 +0200] "GET /hu/suggestions?query=H%20as HTTP/1.1" 200 59 "https://royaltuning.hu/hu" "Mozilla/5.0 (iPhone; CPU iPhone OS 17_5 like Mac OS X) AppleWebKit/605.1.15 (KHTML, like Gecko) GSA/321.1.642804631 Mobile/15E148 Safari/604.1"
213.253.198.108 - - [26/Jun/2024:18:00:12 +0200] "GET /storage/media/h8_h9_h11_xenon_szett-1.jpg HTTP/1.1" 200 56333 "https://royaltuning.hu/public/hu/termekkategoria/xenon-szettek?gad_source=1&gclid=EAIaIQobChMIx8XvyNH5hgMVARmiAx2bzgTjEAAYAiAAEgJMgPD_BwE" "Mozilla/5.0 (iPhone; CPU iPhone OS 17_5 like Mac OS X) AppleWebKit/605.1.15 (KHTML, like Gecko)  Mobile/15E148 Safari/604.1"
37.76.44.143 - - [26/Jun/2024:18:00:12 +0200] "GET /hu/suggestions?query=H%20astr HTTP/1.1" 200 59 "https://royaltuning.hu/hu" "Mozilla/5.0 (iPhone; CPU iPhone OS 17_5 like Mac OS X) AppleWebKit/605.1.15 (KHTML, like Gecko) GSA/321.1.642804631 Mobile/15E148 Safari/604.1"
37.76.44.143 - - [26/Jun/2024:18:00:12 +0200] "GET /hu/suggestions?query=H%20astra%20%C3%B6n HTTP/1.1" 200 59 "https://royaltuning.hu/hu" "Mozilla/5.0 (iPhone; CPU iPhone OS 17_5 like Mac OS X) AppleWebKit/605.1.15 (KHTML, like Gecko) GSA/321.1.642804631 Mobile/15E148 Safari/604.1"
37.76.44.143 - - [26/Jun/2024:18:00:13 +0200] "GET /hu/suggestions?query=H%20astra%20%C3%B6ni HTTP/1.1" 200 59 "https://royaltuning.hu/hu" "Mozilla/5.0 (iPhone; CPU iPhone OS 17_5 like Mac OS X) AppleWebKit/605.1.15 (KHTML, like Gecko) GSA/321.1.642804631 Mobile/15E148 Safari/604.1"
37.76.44.143 - - [26/Jun/2024:18:00:13 +0200] "GET /hu/suggestions?query=H%20astra%20%C3%B6nin HTTP/1.1" 200 59 "https://royaltuning.hu/hu" "Mozilla/5.0 (iPhone; CPU iPhone OS 17_5 like Mac OS X) AppleWebKit/605.1.15 (KHTML, like Gecko) GSA/321.1.642804631 Mobile/15E148 Safari/604.1"
37.76.44.143 - - [26/Jun/2024:18:00:13 +0200] "GET /hu/suggestions?query=H%20astra%20%C3%B6nind HTTP/1.1" 200 59 "https://royaltuning.hu/hu" "Mozilla/5.0 (iPhone; CPU iPhone OS 17_5 like Mac OS X) AppleWebKit/605.1.15 (KHTML, like Gecko) GSA/321.1.642804631 Mobile/15E148 Safari/604.1"
37.76.44.143 - - [26/Jun/2024:18:00:13 +0200] "GET /hu/suggestions?query=H%20astra%20%C3%B6 HTTP/1.1" 200 59 "https://royaltuning.hu/hu" "Mozilla/5.0 (iPhone; CPU iPhone OS 17_5 like Mac OS X) AppleWebKit/605.1.15 (KHTML, like Gecko) GSA/321.1.642804631 Mobile/15E148 Safari/604.1"
37.76.44.143 - - [26/Jun/2024:18:00:13 +0200] "GET /hu/suggestions?query=H%20a HTTP/1.1" 200 314 "https://royaltuning.hu/hu" "Mozilla/5.0 (iPhone; CPU iPhone OS 17_5 like Mac OS X) AppleWebKit/605.1.15 (KHTML, like Gecko) GSA/321.1.642804631 Mobile/15E148 Safari/604.1"
37.76.32.78 - - [26/Jun/2024:18:00:12 +0200] "GET /public/order-received/thank-you?key=wc_order_YqKV4RJLsX1Gz&order_id=221838 HTTP/1.1" 200 31028 "https://royaltuning.hu/checkout/" "Mozilla/5.0 (Linux; Android 10; K) AppleWebKit/537.36 (KHTML, like Gecko) Chrome/126.0.0.0 Mobile Safari/537.36"
37.76.44.143 - - [26/Jun/2024:18:00:13 +0200] "GET /hu/suggestions?query=H%20astra%20%C3%B6nind%C3%AD HTTP/1.1" 200 59 "https://royaltuning.hu/hu" "Mozilla/5.0 (iPhone; CPU iPhone OS 17_5 like Mac OS X) AppleWebKit/605.1.15 (KHTML, like Gecko) GSA/321.1.642804631 Mobile/15E148 Safari/604.1"
213.253.198.108 - - [26/Jun/2024:18:00:13 +0200] "GET /storage/media/xenon_trafo-2.jpg HTTP/1.1" 200 91451 "https://royaltuning.hu/public/hu/termekkategoria/xenon-szettek?gad_source=1&gclid=EAIaIQobChMIx8XvyNH5hgMVARmiAx2bzgTjEAAYAiAAEgJMgPD_BwE" "Mozilla/5.0 (iPhone; CPU iPhone OS 17_5 like Mac OS X) AppleWebKit/605.1.15 (KHTML, like Gecko)  Mobile/15E148 Safari/604.1"
37.76.44.143 - - [26/Jun/2024:18:00:13 +0200] "GET /hu/suggestions?query=H%20astra%20%C3%B6nind%C3%ADt HTTP/1.1" 200 59 "https://royaltuning.hu/hu" "Mozilla/5.0 (iPhone; CPU iPhone OS 17_5 like Mac OS X) AppleWebKit/605.1.15 (KHTML, like Gecko) GSA/321.1.642804631 Mobile/15E148 Safari/604.1"
37.76.44.143 - - [26/Jun/2024:18:00:13 +0200] "GET /storage/media/renault_nyerskulcs_laguna-1.jpg HTTP/1.1" 200 53458 "https://royaltuning.hu/hu" "Mozilla/5.0 (iPhone; CPU iPhone OS 17_5 like Mac OS X) AppleWebKit/605.1.15 (KHTML, like Gecko) GSA/321.1.642804631 Mobile/15E148 Safari/604.1"
213.253.198.108 - - [26/Jun/2024:18:00:13 +0200] "GET /storage/media/LR8IfEu8TFdtixq0lkK2SomaSuyRv02mO7hPPjoL.jpg HTTP/1.1" 200 86609 "https://royaltuning.hu/public/hu/termekkategoria/xenon-szettek?gad_source=1&gclid=EAIaIQobChMIx8XvyNH5hgMVARmiAx2bzgTjEAAYAiAAEgJMgPD_BwE" "Mozilla/5.0 (iPhone; CPU iPhone OS 17_5 like Mac OS X) AppleWebKit/605.1.15 (KHTML, like Gecko)  Mobile/15E148 Safari/604.1"
37.76.44.143 - - [26/Jun/2024:18:00:13 +0200] "GET /hu/suggestions?query=H%20astra%20 HTTP/1.1" 200 59 "https://royaltuning.hu/hu" "Mozilla/5.0 (iPhone; CPU iPhone OS 17_5 like Mac OS X) AppleWebKit/605.1.15 (KHTML, like Gecko) GSA/321.1.642804631 Mobile/15E148 Safari/604.1"
37.76.32.78 - - [26/Jun/2024:18:00:13 +0200] "GET /public/vendor/cookie-consent/css/cookie-consent.css HTTP/1.1" 200 990 "https://royaltuning.hu/public/order-received/thank-you?key=wc_order_YqKV4RJLsX1Gz&order_id=221838" "Mozilla/5.0 (Linux; Android 10; K) AppleWebKit/537.36 (KHTML, like Gecko) Chrome/126.0.0.0 Mobile Safari/537.36"
37.76.32.78 - - [26/Jun/2024:18:00:13 +0200] "GET /public/themes/storefront/public/css/app.css?v=3.1.0 HTTP/1.1" 200 72700 "https://royaltuning.hu/public/order-received/thank-you?key=wc_order_YqKV4RJLsX1Gz&order_id=221838" "Mozilla/5.0 (Linux; Android 10; K) AppleWebKit/537.36 (KHTML, like Gecko) Chrome/126.0.0.0 Mobile Safari/537.36"
37.76.44.143 - - [26/Jun/2024:18:00:13 +0200] "GET /hu/suggestions?query=H%20astra%20%C3%B6nind%C3%ADt%C3%B3 HTTP/1.1" 200 59 "https://royaltuning.hu/hu" "Mozilla/5.0 (iPhone; CPU iPhone OS 17_5 like Mac OS X) AppleWebKit/605.1.15 (KHTML, like Gecko) GSA/321.1.642804631 Mobile/15E148 Safari/604.1"
37.76.44.143 - - [26/Jun/2024:18:00:13 +0200] "GET /hu/suggestions?query=O HTTP/1.1" 200 565 "https://royaltuning.hu/hu" "Mozilla/5.0 (iPhone; CPU iPhone OS 17_5 like Mac OS X) AppleWebKit/605.1.15 (KHTML, like Gecko) GSA/321.1.642804631 Mobile/15E148 Safari/604.1"
94.248.240.228 - - [26/Jun/2024:18:00:13 +0200] "GET /order-received/thank-you/?key=lG_LBocx_lbtW4IpogB1qk&order_id=590362 HTTP/1.1" 301 309 "https://www.google.com/" "Mozilla/5.0 (Linux; Android 10; K) AppleWebKit/537.36 (KHTML, like Gecko) SamsungBrowser/25.0 Chrome/121.0.0.0 Mobile Safari/537.36"
37.76.44.143 - - [26/Jun/2024:18:00:13 +0200] "GET /storage/media/citroen_kulcshaz_.jpg HTTP/1.1" 200 38893 "https://royaltuning.hu/hu" "Mozilla/5.0 (iPhone; CPU iPhone OS 17_5 like Mac OS X) AppleWebKit/605.1.15 (KHTML, like Gecko) GSA/321.1.642804631 Mobile/15E148 Safari/604.1"
213.253.198.108 - - [26/Jun/2024:18:00:13 +0200] "GET /storage/media/paGdgnfacATylUWhvUeUZGv1GIKiGXmdYwZR20nd.jpg HTTP/1.1" 200 34330 "https://royaltuning.hu/public/hu/termekkategoria/xenon-szettek?gad_source=1&gclid=EAIaIQobChMIx8XvyNH5hgMVARmiAx2bzgTjEAAYAiAAEgJMgPD_BwE" "Mozilla/5.0 (iPhone; CPU iPhone OS 17_5 like Mac OS X) AppleWebKit/605.1.15 (KHTML, like Gecko)  Mobile/15E148 Safari/604.1"
37.76.32.78 - - [26/Jun/2024:18:00:13 +0200] "GET /storage/media/rpiKsmcVc59LwHHydMWZkR91adM4KGiqcvvmbod4.png HTTP/1.1" 200 17070 "https://royaltuning.hu/public/order-received/thank-you?key=wc_order_YqKV4RJLsX1Gz&order_id=221838" "Mozilla/5.0 (Linux; Android 10; K) AppleWebKit/537.36 (KHTML, like Gecko) Chrome/126.0.0.0 Mobile Safari/537.36"
213.253.198.108 - - [26/Jun/2024:18:00:13 +0200] "GET /storage/media/U9NkjU7v6Z3urgm3cZoyB4B52Rf1RDn0nbyFiAJw.jpg HTTP/1.1" 200 80343 "https://royaltuning.hu/public/hu/termekkategoria/xenon-szettek?gad_source=1&gclid=EAIaIQobChMIx8XvyNH5hgMVARmiAx2bzgTjEAAYAiAAEgJMgPD_BwE" "Mozilla/5.0 (iPhone; CPU iPhone OS 17_5 like Mac OS X) AppleWebKit/605.1.15 (KHTML, like Gecko)  Mobile/15E148 Safari/604.1"
213.253.198.108 - - [26/Jun/2024:18:00:13 +0200] "GET /public/hu/shop?query=&brand=&category=xenon-szettek&tag=&fromPrice=0&toPrice=114990&sort=alphabetic&perPage=30&page=1 HTTP/1.1" 200 2604 "https://royaltuning.hu/public/hu/termekkategoria/xenon-szettek?gad_source=1&gclid=EAIaIQobChMIx8XvyNH5hgMVARmiAx2bzgTjEAAYAiAAEgJMgPD_BwE" "Mozilla/5.0 (iPhone; CPU iPhone OS 17_5 like Mac OS X) AppleWebKit/605.1.15 (KHTML, like Gecko)  Mobile/15E148 Safari/604.1"
37.76.32.78 - - [26/Jun/2024:18:00:13 +0200] "GET /public/themes/storefront/public/images/404.svg HTTP/1.1" 200 7818 "https://royaltuning.hu/public/order-received/thank-you?key=wc_order_YqKV4RJLsX1Gz&order_id=221838" "Mozilla/5.0 (Linux; Android 10; K) AppleWebKit/537.36 (KHTML, like Gecko) Chrome/126.0.0.0 Mobile Safari/537.36"
213.253.198.108 - - [26/Jun/2024:18:00:13 +0200] "GET /storage/media/QnwWLqTYXYZBt0pnYYPSgh13vMZ3Tq8bqmOE5u0D.webp HTTP/1.1" 200 43302 "https://royaltuning.hu/public/hu/termekkategoria/xenon-szettek?gad_source=1&gclid=EAIaIQobChMIx8XvyNH5hgMVARmiAx2bzgTjEAAYAiAAEgJMgPD_BwE" "Mozilla/5.0 (iPhone; CPU iPhone OS 17_5 like Mac OS X) AppleWebKit/605.1.15 (KHTML, like Gecko)  Mobile/15E148 Safari/604.1"
37.76.32.78 - - [26/Jun/2024:18:00:14 +0200] "GET /storage/media/LR8IfEu8TFdtixq0lkK2SomaSuyRv02mO7hPPjoL.jpg HTTP/1.1" 200 86609 "https://royaltuning.hu/public/order-received/thank-you?key=wc_order_YqKV4RJLsX1Gz&order_id=221838" "Mozilla/5.0 (Linux; Android 10; K) AppleWebKit/537.36 (KHTML, like Gecko) Chrome/126.0.0.0 Mobile Safari/537.36"
37.76.44.143 - - [26/Jun/2024:17:59:59 +0200] "GET /storage/media/rWMIvJCUyfSq4SdNOIjuaj9H4zOFzrO53BxNcCwO.png HTTP/1.1" 200 448822 "https://royaltuning.hu/hu" "Mozilla/5.0 (iPhone; CPU iPhone OS 17_5 like Mac OS X) AppleWebKit/605.1.15 (KHTML, like Gecko) GSA/321.1.642804631 Mobile/15E148 Safari/604.1"
37.76.32.78 - - [26/Jun/2024:18:00:14 +0200] "GET /public/vendor/cookie-consent/js/cookie-consent.js HTTP/1.1" 200 11136 "https://royaltuning.hu/public/order-received/thank-you?key=wc_order_YqKV4RJLsX1Gz&order_id=221838" "Mozilla/5.0 (Linux; Android 10; K) AppleWebKit/537.36 (KHTML, like Gecko) Chrome/126.0.0.0 Mobile Safari/537.36"
213.253.198.108 - - [26/Jun/2024:18:00:14 +0200] "GET /storage/media/h4_xenon_szett_canbusos.jpg HTTP/1.1" 200 127656 "https://royaltuning.hu/public/hu/termekkategoria/xenon-szettek?gad_source=1&gclid=EAIaIQobChMIx8XvyNH5hgMVARmiAx2bzgTjEAAYAiAAEgJMgPD_BwE" "Mozilla/5.0 (iPhone; CPU iPhone OS 17_5 like Mac OS X) AppleWebKit/605.1.15 (KHTML, like Gecko)  Mobile/15E148 Safari/604.1"
213.253.198.108 - - [26/Jun/2024:18:00:13 +0200] "GET /storage/media/zTdJDwdSsCNSvJi9K4gBVppOmVdqtNoAZ8rbqvcd.jpg HTTP/1.1" 200 255268 "https://royaltuning.hu/public/hu/termekkategoria/xenon-szettek?gad_source=1&gclid=EAIaIQobChMIx8XvyNH5hgMVARmiAx2bzgTjEAAYAiAAEgJMgPD_BwE" "Mozilla/5.0 (iPhone; CPU iPhone OS 17_5 like Mac OS X) AppleWebKit/605.1.15 (KHTML, like Gecko)  Mobile/15E148 Safari/604.1"
37.76.32.78 - - [26/Jun/2024:18:00:14 +0200] "GET /public/themes/storefront/public/fonts/la-solid-900.woff2 HTTP/1.1" 200 96652 "https://royaltuning.hu/public/themes/storefront/public/css/app.css?v=3.1.0" "Mozilla/5.0 (Linux; Android 10; K) AppleWebKit/537.36 (KHTML, like Gecko) Chrome/126.0.0.0 Mobile Safari/537.36"
37.76.32.78 - - [26/Jun/2024:18:00:14 +0200] "GET /public/themes/storefront/public/images/arrow-black.png HTTP/1.1" 200 221 "https://royaltuning.hu/public/themes/storefront/public/css/app.css?v=3.1.0" "Mozilla/5.0 (Linux; Android 10; K) AppleWebKit/537.36 (KHTML, like Gecko) Chrome/126.0.0.0 Mobile Safari/537.36"
37.76.32.78 - - [26/Jun/2024:18:00:14 +0200] "GET /public/themes/storefront/public/js/app.js?v=3.1.0 HTTP/1.1" 200 979893 "https://royaltuning.hu/public/order-received/thank-you?key=wc_order_YqKV4RJLsX1Gz&order_id=221838" "Mozilla/5.0 (Linux; Android 10; K) AppleWebKit/537.36 (KHTML, like Gecko) Chrome/126.0.0.0 Mobile Safari/537.36"
213.253.198.108 - - [26/Jun/2024:18:00:14 +0200] "GET /storage/media/D1S_xenon_izzo.jpg HTTP/1.1" 200 69865 "https://royaltuning.hu/public/hu/termekkategoria/xenon-szettek?gad_source=1&gclid=EAIaIQobChMIx8XvyNH5hgMVARmiAx2bzgTjEAAYAiAAEgJMgPD_BwE" "Mozilla/5.0 (iPhone; CPU iPhone OS 17_5 like Mac OS X) AppleWebKit/605.1.15 (KHTML, like Gecko)  Mobile/15E148 Safari/604.1"
37.76.32.78 - - [26/Jun/2024:18:00:14 +0200] "GET /public/themes/storefront/public/fonts/la-brands-400.woff2 HTTP/1.1" 200 84805 "https://royaltuning.hu/public/themes/storefront/public/css/app.css?v=3.1.0" "Mozilla/5.0 (Linux; Android 10; K) AppleWebKit/537.36 (KHTML, like Gecko) Chrome/126.0.0.0 Mobile Safari/537.36"
94.248.240.228 - - [26/Jun/2024:18:00:14 +0200] "GET /public/order-received/thank-you?key=lG_LBocx_lbtW4IpogB1qk&order_id=590362 HTTP/1.1" 200 31031 "https://www.google.com/" "Mozilla/5.0 (Linux; Android 10; K) AppleWebKit/537.36 (KHTML, like Gecko) SamsungBrowser/25.0 Chrome/121.0.0.0 Mobile Safari/537.36"
37.76.44.143 - - [26/Jun/2024:18:00:14 +0200] "GET /hu/shop?query=H%20astra%20%C3%B6nind%C3%ADt%C3%B3 HTTP/1.1" 200 40633 "https://royaltuning.hu/hu" "Mozilla/5.0 (iPhone; CPU iPhone OS 17_5 like Mac OS X) AppleWebKit/605.1.15 (KHTML, like Gecko) GSA/321.1.642804631 Mobile/15E148 Safari/604.1"
94.248.240.228 - - [26/Jun/2024:18:00:16 +0200] "GET /public/vendor/cookie-consent/css/cookie-consent.css HTTP/1.1" 200 990 "https://royaltuning.hu/public/order-received/thank-you?key=lG_LBocx_lbtW4IpogB1qk&order_id=590362" "Mozilla/5.0 (Linux; Android 10; K) AppleWebKit/537.36 (KHTML, like Gecko) SamsungBrowser/25.0 Chrome/121.0.0.0 Mobile Safari/537.36"
94.248.240.228 - - [26/Jun/2024:18:00:16 +0200] "GET /public/themes/storefront/public/images/404.svg HTTP/1.1" 200 7818 "https://royaltuning.hu/public/order-received/thank-you?key=lG_LBocx_lbtW4IpogB1qk&order_id=590362" "Mozilla/5.0 (Linux; Android 10; K) AppleWebKit/537.36 (KHTML, like Gecko) SamsungBrowser/25.0 Chrome/121.0.0.0 Mobile Safari/537.36"
94.248.240.228 - - [26/Jun/2024:18:00:16 +0200] "GET /public/themes/storefront/public/css/app.css?v=3.1.0 HTTP/1.1" 200 72700 "https://royaltuning.hu/public/order-received/thank-you?key=lG_LBocx_lbtW4IpogB1qk&order_id=590362" "Mozilla/5.0 (Linux; Android 10; K) AppleWebKit/537.36 (KHTML, like Gecko) SamsungBrowser/25.0 Chrome/121.0.0.0 Mobile Safari/537.36"
94.248.240.228 - - [26/Jun/2024:18:00:16 +0200] "GET /storage/media/rpiKsmcVc59LwHHydMWZkR91adM4KGiqcvvmbod4.png HTTP/1.1" 200 17070 "https://royaltuning.hu/public/order-received/thank-you?key=lG_LBocx_lbtW4IpogB1qk&order_id=590362" "Mozilla/5.0 (Linux; Android 10; K) AppleWebKit/537.36 (KHTML, like Gecko) SamsungBrowser/25.0 Chrome/121.0.0.0 Mobile Safari/537.36"
213.253.198.108 - - [26/Jun/2024:18:00:16 +0200] "GET /storage/media/h7_xenon_szett_4300K.jpg HTTP/1.1" 200 130265 "https://royaltuning.hu/public/hu/termekkategoria/xenon-szettek?gad_source=1&gclid=EAIaIQobChMIx8XvyNH5hgMVARmiAx2bzgTjEAAYAiAAEgJMgPD_BwE" "Mozilla/5.0 (iPhone; CPU iPhone OS 17_5 like Mac OS X) AppleWebKit/605.1.15 (KHTML, like Gecko)  Mobile/15E148 Safari/604.1"
213.253.198.108 - - [26/Jun/2024:18:00:16 +0200] "GET /storage/media/h8_h9_h11_xenon_szett_6000K.jpg HTTP/1.1" 200 127656 "https://royaltuning.hu/public/hu/termekkategoria/xenon-szettek?gad_source=1&gclid=EAIaIQobChMIx8XvyNH5hgMVARmiAx2bzgTjEAAYAiAAEgJMgPD_BwE" "Mozilla/5.0 (iPhone; CPU iPhone OS 17_5 like Mac OS X) AppleWebKit/605.1.15 (KHTML, like Gecko)  Mobile/15E148 Safari/604.1"
37.76.44.143 - - [26/Jun/2024:18:00:16 +0200] "GET /storage/media/QnwWLqTYXYZBt0pnYYPSgh13vMZ3Tq8bqmOE5u0D.webp HTTP/1.1" 200 43302 "https://royaltuning.hu/hu/shop?query=H%20astra%20%C3%B6nind%C3%ADt%C3%B3" "Mozilla/5.0 (iPhone; CPU iPhone OS 17_5 like Mac OS X) AppleWebKit/605.1.15 (KHTML, like Gecko) GSA/321.1.642804631 Mobile/15E148 Safari/604.1"
