94.44.253.218 - - [26/Jun/2024:17:52:01 +0200] "GET /public/hu/shop?query=&brand=&category=lampafoliak&tag=&fromPrice=0&toPrice=114990&sort=alphabetic&perPage=30&page=1 HTTP/1.1" 200 2535 "https://royaltuning.hu/public/hu/termekkategoria/foliak-felnicsikok-matricak/lampafoliak?utm_source=facebook.com&utm_campaign=forgalom_-_kep_2022_aprilis_01&utm_medium=cpm&utm_content=lampafolia4&fbclid=IwZXh0bgNhZW0BMAABHa2FRWfrHaF36zlvpxXjHlMrAXuqE0ctvsZt7A9Vu35f0PgdvBNT8UTicg_aem_Uhhiqjz6bPYThOF0u2pIZA&utm_id=23846529397470017&utm_term=23850155805410017" "Mozilla/5.0 (Linux; Android 10; MAR-LX1A Build/HUAWEIMAR-L21A; wv) AppleWebKit/537.36 (KHTML, like Gecko) Version/4.0 Chrome/126.0.6478.47 Mobile Safari/537.36 [FB_IAB/FB4A;FBAV/468.1.0.56.78;]"
94.44.253.218 - - [26/Jun/2024:17:52:01 +0200] "GET /storage/media/zTdJDwdSsCNSvJi9K4gBVppOmVdqtNoAZ8rbqvcd.jpg HTTP/1.1" 200 255268 "https://royaltuning.hu/public/hu/termekkategoria/foliak-felnicsikok-matricak/lampafoliak?utm_source=facebook.com&utm_campaign=forgalom_-_kep_2022_aprilis_01&utm_medium=cpm&utm_content=lampafolia4&fbclid=IwZXh0bgNhZW0BMAABHa2FRWfrHaF36zlvpxXjHlMrAXuqE0ctvsZt7A9Vu35f0PgdvBNT8UTicg_aem_Uhhiqjz6bPYThOF0u2pIZA&utm_id=23846529397470017&utm_term=23850155805410017" "Mozilla/5.0 (Linux; Android 10; MAR-LX1A Build/HUAWEIMAR-L21A; wv) AppleWebKit/537.36 (KHTML, like Gecko) Version/4.0 Chrome/126.0.6478.47 Mobile Safari/537.36 [FB_IAB/FB4A;FBAV/468.1.0.56.78;]"
94.44.253.218 - - [26/Jun/2024:17:52:02 +0200] "GET /storage/media/WuAbnJ3F19P7m8ckhRvBz1XVn9ovSqVCdlDdRtKv.jpg HTTP/1.1" 200 274140 "https://royaltuning.hu/public/hu/termekkategoria/foliak-felnicsikok-matricak/lampafoliak?utm_source=facebook.com&utm_campaign=forgalom_-_kep_2022_aprilis_01&utm_medium=cpm&utm_content=lampafolia4&fbclid=IwZXh0bgNhZW0BMAABHa2FRWfrHaF36zlvpxXjHlMrAXuqE0ctvsZt7A9Vu35f0PgdvBNT8UTicg_aem_Uhhiqjz6bPYThOF0u2pIZA&utm_id=23846529397470017&utm_term=23850155805410017" "Mozilla/5.0 (Linux; Android 10; MAR-LX1A Build/HUAWEIMAR-L21A; wv) AppleWebKit/537.36 (KHTML, like Gecko) Version/4.0 Chrome/126.0.6478.47 Mobile Safari/537.36 [FB_IAB/FB4A;FBAV/468.1.0.56.78;]"
94.44.253.218 - - [26/Jun/2024:17:52:02 +0200] "GET /storage/media/atlatszo_lampafolia-4.jpg HTTP/1.1" 200 51563 "https://royaltuning.hu/public/hu/termekkategoria/foliak-felnicsikok-matricak/lampafoliak?utm_source=facebook.com&utm_campaign=forgalom_-_kep_2022_aprilis_01&utm_medium=cpm&utm_content=lampafolia4&fbclid=IwZXh0bgNhZW0BMAABHa2FRWfrHaF36zlvpxXjHlMrAXuqE0ctvsZt7A9Vu35f0PgdvBNT8UTicg_aem_Uhhiqjz6bPYThOF0u2pIZA&utm_id=23846529397470017&utm_term=23850155805410017" "Mozilla/5.0 (Linux; Android 10; MAR-LX1A Build/HUAWEIMAR-L21A; wv) AppleWebKit/537.36 (KHTML, like Gecko) Version/4.0 Chrome/126.0.6478.47 Mobile Safari/537.36 [FB_IAB/FB4A;FBAV/468.1.0.56.78;]"
94.44.253.218 - - [26/Jun/2024:17:52:02 +0200] "GET /storage/media/fenyszoro_felujito_csomag.jpg HTTP/1.1" 200 21662 "https://royaltuning.hu/public/hu/termekkategoria/foliak-felnicsikok-matricak/lampafoliak?utm_source=facebook.com&utm_campaign=forgalom_-_kep_2022_aprilis_01&utm_medium=cpm&utm_content=lampafolia4&fbclid=IwZXh0bgNhZW0BMAABHa2FRWfrHaF36zlvpxXjHlMrAXuqE0ctvsZt7A9Vu35f0PgdvBNT8UTicg_aem_Uhhiqjz6bPYThOF0u2pIZA&utm_id=23846529397470017&utm_term=23850155805410017" "Mozilla/5.0 (Linux; Android 10; MAR-LX1A Build/HUAWEIMAR-L21A; wv) AppleWebKit/537.36 (KHTML, like Gecko) Version/4.0 Chrome/126.0.6478.47 Mobile Safari/537.36 [FB_IAB/FB4A;FBAV/468.1.0.56.78;]"
94.44.253.218 - - [26/Jun/2024:17:52:02 +0200] "GET /storage/media/autolampa_polirozo_keszlet-1.jpg HTTP/1.1" 200 75153 "https://royaltuning.hu/public/hu/termekkategoria/foliak-felnicsikok-matricak/lampafoliak?utm_source=facebook.com&utm_campaign=forgalom_-_kep_2022_aprilis_01&utm_medium=cpm&utm_content=lampafolia4&fbclid=IwZXh0bgNhZW0BMAABHa2FRWfrHaF36zlvpxXjHlMrAXuqE0ctvsZt7A9Vu35f0PgdvBNT8UTicg_aem_Uhhiqjz6bPYThOF0u2pIZA&utm_id=23846529397470017&utm_term=23850155805410017" "Mozilla/5.0 (Linux; Android 10; MAR-LX1A Build/HUAWEIMAR-L21A; wv) AppleWebKit/537.36 (KHTML, like Gecko) Version/4.0 Chrome/126.0.6478.47 Mobile Safari/537.36 [FB_IAB/FB4A;FBAV/468.1.0.56.78;]"
94.44.253.218 - - [26/Jun/2024:17:52:02 +0200] "GET /storage/media/matt_lampafoliak.jpg HTTP/1.1" 200 39562 "https://royaltuning.hu/public/hu/termekkategoria/foliak-felnicsikok-matricak/lampafoliak?utm_source=facebook.com&utm_campaign=forgalom_-_kep_2022_aprilis_01&utm_medium=cpm&utm_content=lampafolia4&fbclid=IwZXh0bgNhZW0BMAABHa2FRWfrHaF36zlvpxXjHlMrAXuqE0ctvsZt7A9Vu35f0PgdvBNT8UTicg_aem_Uhhiqjz6bPYThOF0u2pIZA&utm_id=23846529397470017&utm_term=23850155805410017" "Mozilla/5.0 (Linux; Android 10; MAR-LX1A Build/HUAWEIMAR-L21A; wv) AppleWebKit/537.36 (KHTML, like Gecko) Version/4.0 Chrome/126.0.6478.47 Mobile Safari/537.36 [FB_IAB/FB4A;FBAV/468.1.0.56.78;]"
94.44.253.218 - - [26/Jun/2024:17:52:02 +0200] "GET /storage/media/fust_lampafolia-1-1.jpg HTTP/1.1" 200 42896 "https://royaltuning.hu/public/hu/termekkategoria/foliak-felnicsikok-matricak/lampafoliak?utm_source=facebook.com&utm_campaign=forgalom_-_kep_2022_aprilis_01&utm_medium=cpm&utm_content=lampafolia4&fbclid=IwZXh0bgNhZW0BMAABHa2FRWfrHaF36zlvpxXjHlMrAXuqE0ctvsZt7A9Vu35f0PgdvBNT8UTicg_aem_Uhhiqjz6bPYThOF0u2pIZA&utm_id=23846529397470017&utm_term=23850155805410017" "Mozilla/5.0 (Linux; Android 10; MAR-LX1A Build/HUAWEIMAR-L21A; wv) AppleWebKit/537.36 (KHTML, like Gecko) Version/4.0 Chrome/126.0.6478.47 Mobile Safari/537.36 [FB_IAB/FB4A;FBAV/468.1.0.56.78;]"
94.44.253.218 - - [26/Jun/2024:17:52:02 +0200] "GET /storage/media/kameleon_lampafolia-1.jpg HTTP/1.1" 200 145141 "https://royaltuning.hu/public/hu/termekkategoria/foliak-felnicsikok-matricak/lampafoliak?utm_source=facebook.com&utm_campaign=forgalom_-_kep_2022_aprilis_01&utm_medium=cpm&utm_content=lampafolia4&fbclid=IwZXh0bgNhZW0BMAABHa2FRWfrHaF36zlvpxXjHlMrAXuqE0ctvsZt7A9Vu35f0PgdvBNT8UTicg_aem_Uhhiqjz6bPYThOF0u2pIZA&utm_id=23846529397470017&utm_term=23850155805410017" "Mozilla/5.0 (Linux; Android 10; MAR-LX1A Build/HUAWEIMAR-L21A; wv) AppleWebKit/537.36 (KHTML, like Gecko) Version/4.0 Chrome/126.0.6478.47 Mobile Safari/537.36 [FB_IAB/FB4A;FBAV/468.1.0.56.78;]"
94.44.253.218 - - [26/Jun/2024:17:52:02 +0200] "GET /storage/media/kek_lampafolia-1.jpg HTTP/1.1" 200 85030 "https://royaltuning.hu/public/hu/termekkategoria/foliak-felnicsikok-matricak/lampafoliak?utm_source=facebook.com&utm_campaign=forgalom_-_kep_2022_aprilis_01&utm_medium=cpm&utm_content=lampafolia4&fbclid=IwZXh0bgNhZW0BMAABHa2FRWfrHaF36zlvpxXjHlMrAXuqE0ctvsZt7A9Vu35f0PgdvBNT8UTicg_aem_Uhhiqjz6bPYThOF0u2pIZA&utm_id=23846529397470017&utm_term=23850155805410017" "Mozilla/5.0 (Linux; Android 10; MAR-LX1A Build/HUAWEIMAR-L21A; wv) AppleWebKit/537.36 (KHTML, like Gecko) Version/4.0 Chrome/126.0.6478.47 Mobile Safari/537.36 [FB_IAB/FB4A;FBAV/468.1.0.56.78;]"
94.44.253.218 - - [26/Jun/2024:17:52:02 +0200] "GET /storage/media/lampa_folia_narancssarga-1.jpg HTTP/1.1" 200 142079 "https://royaltuning.hu/public/hu/termekkategoria/foliak-felnicsikok-matricak/lampafoliak?utm_source=facebook.com&utm_campaign=forgalom_-_kep_2022_aprilis_01&utm_medium=cpm&utm_content=lampafolia4&fbclid=IwZXh0bgNhZW0BMAABHa2FRWfrHaF36zlvpxXjHlMrAXuqE0ctvsZt7A9Vu35f0PgdvBNT8UTicg_aem_Uhhiqjz6bPYThOF0u2pIZA&utm_id=23846529397470017&utm_term=23850155805410017" "Mozilla/5.0 (Linux; Android 10; MAR-LX1A Build/HUAWEIMAR-L21A; wv) AppleWebKit/537.36 (KHTML, like Gecko) Version/4.0 Chrome/126.0.6478.47 Mobile Safari/537.36 [FB_IAB/FB4A;FBAV/468.1.0.56.78;]"
17.241.219.100 - - [26/Jun/2024:17:52:02 +0200] "GET /termek/iveco-daily-bicskakulcs/ HTTP/1.1" 301 268 "-" "Mozilla/5.0 (Macintosh; Intel Mac OS X 10_15_7) AppleWebKit/605.1.15 (KHTML, like Gecko) Version/17.4 Safari/605.1.15 (Applebot/0.1; +http://www.apple.com/go/applebot)"
94.44.253.218 - - [26/Jun/2024:17:52:02 +0200] "GET /storage/media/bRDWPCN4V8UfNsfxRmbNtNof7xmSbju2fclLOpfF.jpg HTTP/1.1" 200 44728 "https://royaltuning.hu/public/hu/termekkategoria/foliak-felnicsikok-matricak/lampafoliak?utm_source=facebook.com&utm_campaign=forgalom_-_kep_2022_aprilis_01&utm_medium=cpm&utm_content=lampafolia4&fbclid=IwZXh0bgNhZW0BMAABHa2FRWfrHaF36zlvpxXjHlMrAXuqE0ctvsZt7A9Vu35f0PgdvBNT8UTicg_aem_Uhhiqjz6bPYThOF0u2pIZA&utm_id=23846529397470017&utm_term=23850155805410017" "Mozilla/5.0 (Linux; Android 10; MAR-LX1A Build/HUAWEIMAR-L21A; wv) AppleWebKit/537.36 (KHTML, like Gecko) Version/4.0 Chrome/126.0.6478.47 Mobile Safari/537.36 [FB_IAB/FB4A;FBAV/468.1.0.56.78;]"
94.44.253.218 - - [26/Jun/2024:17:52:02 +0200] "GET /storage/media/UEBr0YttCy58BZpUwozROx7fZIwhCLLJCtnAvo25.jpg HTTP/1.1" 200 44435 "https://royaltuning.hu/public/hu/termekkategoria/foliak-felnicsikok-matricak/lampafoliak?utm_source=facebook.com&utm_campaign=forgalom_-_kep_2022_aprilis_01&utm_medium=cpm&utm_content=lampafolia4&fbclid=IwZXh0bgNhZW0BMAABHa2FRWfrHaF36zlvpxXjHlMrAXuqE0ctvsZt7A9Vu35f0PgdvBNT8UTicg_aem_Uhhiqjz6bPYThOF0u2pIZA&utm_id=23846529397470017&utm_term=23850155805410017" "Mozilla/5.0 (Linux; Android 10; MAR-LX1A Build/HUAWEIMAR-L21A; wv) AppleWebKit/537.36 (KHTML, like Gecko) Version/4.0 Chrome/126.0.6478.47 Mobile Safari/537.36 [FB_IAB/FB4A;FBAV/468.1.0.56.78;]"
94.44.253.218 - - [26/Jun/2024:17:52:02 +0200] "GET /storage/media/90nNpAkrqtbtNHxCuoTxIZrUhUNJSGPQFrkZ6oAt.jpg HTTP/1.1" 200 52067 "https://royaltuning.hu/public/hu/termekkategoria/foliak-felnicsikok-matricak/lampafoliak?utm_source=facebook.com&utm_campaign=forgalom_-_kep_2022_aprilis_01&utm_medium=cpm&utm_content=lampafolia4&fbclid=IwZXh0bgNhZW0BMAABHa2FRWfrHaF36zlvpxXjHlMrAXuqE0ctvsZt7A9Vu35f0PgdvBNT8UTicg_aem_Uhhiqjz6bPYThOF0u2pIZA&utm_id=23846529397470017&utm_term=23850155805410017" "Mozilla/5.0 (Linux; Android 10; MAR-LX1A Build/HUAWEIMAR-L21A; wv) AppleWebKit/537.36 (KHTML, like Gecko) Version/4.0 Chrome/126.0.6478.47 Mobile Safari/537.36 [FB_IAB/FB4A;FBAV/468.1.0.56.78;]"
17.241.219.100 - - [26/Jun/2024:17:52:02 +0200] "GET /public/termek/iveco-daily-bicskakulcs HTTP/1.1" 302 223 "-" "Mozilla/5.0 (Macintosh; Intel Mac OS X 10_15_7) AppleWebKit/605.1.15 (KHTML, like Gecko) Version/17.4 Safari/605.1.15 (Applebot/0.1; +http://www.apple.com/go/applebot)"
94.44.253.218 - - [26/Jun/2024:17:52:03 +0200] "GET /storage/media/c0t7luzASFx7EVSpbCjKOjfFo89DRMqzfBVMmmvt.png HTTP/1.1" 200 18256 "https://royaltuning.hu/public/hu/termekkategoria/foliak-felnicsikok-matricak/lampafoliak?utm_source=facebook.com&utm_campaign=forgalom_-_kep_2022_aprilis_01&utm_medium=cpm&utm_content=lampafolia4&fbclid=IwZXh0bgNhZW0BMAABHa2FRWfrHaF36zlvpxXjHlMrAXuqE0ctvsZt7A9Vu35f0PgdvBNT8UTicg_aem_Uhhiqjz6bPYThOF0u2pIZA&utm_id=23846529397470017&utm_term=23850155805410017" "Mozilla/5.0 (Linux; Android 10; MAR-LX1A Build/HUAWEIMAR-L21A; wv) AppleWebKit/537.36 (KHTML, like Gecko) Version/4.0 Chrome/126.0.6478.47 Mobile Safari/537.36 [FB_IAB/FB4A;FBAV/468.1.0.56.78;]"
66.249.70.161 - - [26/Jun/2024:17:52:04 +0200] "GET /termek/suzuki-valtogomb-5sebesseges-swift-sx4-alto-menetes-felfogatassal HTTP/1.1" 302 251 "-" "Mozilla/5.0 (compatible; Googlebot/2.1; +http://www.google.com/bot.html)"
17.241.219.100 - - [26/Jun/2024:17:52:03 +0200] "GET /public/hu/termek/iveco-daily-bicskakulcs HTTP/1.1" 200 42499 "-" "Mozilla/5.0 (Macintosh; Intel Mac OS X 10_15_7) AppleWebKit/605.1.15 (KHTML, like Gecko) Version/17.4 Safari/605.1.15 (Applebot/0.1; +http://www.apple.com/go/applebot)"
66.249.70.160 - - [26/Jun/2024:17:52:05 +0200] "GET /termek/suzuki-valtogomb-5sebesseges-swift-sx4-alto-menetes-felfogatassal HTTP/1.1" 302 251 "-" "Mozilla/5.0 (compatible; Googlebot/2.1; +http://www.google.com/bot.html)"
66.249.70.160 - - [26/Jun/2024:17:52:05 +0200] "GET /hu/termek/suzuki-valtogomb-5sebesseges-swift-sx4-alto-menetes-felfogatassal HTTP/1.1" 200 43230 "-" "Mozilla/5.0 (compatible; Googlebot/2.1; +http://www.google.com/bot.html)"
66.249.70.162 - - [26/Jun/2024:17:52:07 +0200] "GET /hu/termek/suzuki-valtogomb-5sebesseges-swift-sx4-alto-menetes-felfogatassal HTTP/1.1" 200 43237 "-" "Mozilla/5.0 (compatible; Googlebot/2.1; +http://www.google.com/bot.html)"
87.229.33.169 - - [26/Jun/2024:17:52:07 +0200] "GET /public/hu/termekkategoria/h4-izzok HTTP/1.1" 200 42608 "https://www.royaltuning.hu/public/hu/termekkategoria/ledes-izzok?gad_source=1&gclid=CjwKCAjw-O6zBhASEiwAOHeGxcHO28HLYT46N18NKPa4og_YqcWLEYVAdNakYavVWvVR7om2J2PYQhoCw0MQAvD_BwE" "Mozilla/5.0 (Linux; Android 10; K) AppleWebKit/537.36 (KHTML, like Gecko) Chrome/126.0.0.0 Mobile Safari/537.36"
87.229.33.169 - - [26/Jun/2024:17:52:10 +0200] "GET /public/hu/shop?query=&brand=&category=h4-izzok&tag=&fromPrice=0&toPrice=114990&sort=alphabetic&perPage=30&page=1 HTTP/1.1" 200 1873 "https://www.royaltuning.hu/public/hu/termekkategoria/h4-izzok" "Mozilla/5.0 (Linux; Android 10; K) AppleWebKit/537.36 (KHTML, like Gecko) Chrome/126.0.0.0 Mobile Safari/537.36"
87.229.33.169 - - [26/Jun/2024:17:52:10 +0200] "GET /storage/media/h4_canbus_adapter-1.jpg HTTP/1.1" 200 44066 "https://www.royaltuning.hu/" "Mozilla/5.0 (Linux; Android 10; K) AppleWebKit/537.36 (KHTML, like Gecko) Chrome/126.0.0.0 Mobile Safari/537.36"
87.229.33.169 - - [26/Jun/2024:17:52:10 +0200] "GET /storage/media/H4_LED_IZZO-2.jpg HTTP/1.1" 200 18827 "https://www.royaltuning.hu/" "Mozilla/5.0 (Linux; Android 10; K) AppleWebKit/537.36 (KHTML, like Gecko) Chrome/126.0.0.0 Mobile Safari/537.36"
87.229.33.169 - - [26/Jun/2024:17:52:10 +0200] "GET /storage/media/motor_led_izzo-4.jpg HTTP/1.1" 200 15581 "https://www.royaltuning.hu/" "Mozilla/5.0 (Linux; Android 10; K) AppleWebKit/537.36 (KHTML, like Gecko) Chrome/126.0.0.0 Mobile Safari/537.36"
87.229.33.169 - - [26/Jun/2024:17:52:10 +0200] "GET /storage/media/h4_led_izzo_motorhoz-1.jpg HTTP/1.1" 200 133124 "https://www.royaltuning.hu/" "Mozilla/5.0 (Linux; Android 10; K) AppleWebKit/537.36 (KHTML, like Gecko) Chrome/126.0.0.0 Mobile Safari/537.36"
87.229.33.169 - - [26/Jun/2024:17:52:10 +0200] "GET /storage/media/h4_led_izzo_3000k_kadmiumsarga_feny-1.jpg HTTP/1.1" 200 201591 "https://www.royaltuning.hu/" "Mozilla/5.0 (Linux; Android 10; K) AppleWebKit/537.36 (KHTML, like Gecko) Chrome/126.0.0.0 Mobile Safari/537.36"
87.229.33.169 - - [26/Jun/2024:17:52:10 +0200] "GET /storage/media/h4_led_izzo_4300K_szinhomerseklet-1.jpg HTTP/1.1" 200 205436 "https://www.royaltuning.hu/" "Mozilla/5.0 (Linux; Android 10; K) AppleWebKit/537.36 (KHTML, like Gecko) Chrome/126.0.0.0 Mobile Safari/537.36"
213.225.14.58 - - [26/Jun/2024:17:52:10 +0200] "GET /public/hu/termek/hod-halogen-izzo-h1-foglalattal-emelt-fenyerovel-12v HTTP/1.1" 200 43836 "https://royaltuning.hu/public/hu/termekkategoria/h1-izzok-emeltfenyu-halogen-izzok" "Mozilla/5.0 (Linux; Android 14; SM-A136B Build/UP1A.231005.007; wv) AppleWebKit/537.36 (KHTML, like Gecko) Version/4.0 Chrome/126.0.6478.71 Mobile Safari/537.36 [FB_IAB/FB4A;FBAV/469.2.0.51.80;]"
87.229.33.169 - - [26/Jun/2024:17:52:11 +0200] "GET /storage/media/jew2SAjkjjCm2bdJV0jxpFYuSHdYlGngOKHHAC7s.jpg HTTP/1.1" 200 37229 "https://www.royaltuning.hu/" "Mozilla/5.0 (Linux; Android 10; K) AppleWebKit/537.36 (KHTML, like Gecko) Chrome/126.0.0.0 Mobile Safari/537.36"
87.229.33.169 - - [26/Jun/2024:17:52:10 +0200] "GET /storage/media/h4_led_24v-1.jpg HTTP/1.1" 200 229006 "https://www.royaltuning.hu/" "Mozilla/5.0 (Linux; Android 10; K) AppleWebKit/537.36 (KHTML, like Gecko) Chrome/126.0.0.0 Mobile Safari/537.36"
213.225.14.58 - - [26/Jun/2024:17:52:11 +0200] "GET /storage/media/auto_izzo-1.jpg HTTP/1.1" 200 20841 "https://royaltuning.hu/public/hu/termek/hod-halogen-izzo-h1-foglalattal-emelt-fenyerovel-12v" "Mozilla/5.0 (Linux; Android 14; SM-A136B Build/UP1A.231005.007; wv) AppleWebKit/537.36 (KHTML, like Gecko) Version/4.0 Chrome/126.0.6478.71 Mobile Safari/537.36 [FB_IAB/FB4A;FBAV/469.2.0.51.80;]"
213.225.14.58 - - [26/Jun/2024:17:52:11 +0200] "GET /storage/media/Hvrqr7hnMRajGrPD3l00P42HR87sZ5pvVSwlpFLb.jpg HTTP/1.1" 200 61079 "https://royaltuning.hu/public/hu/termek/hod-halogen-izzo-h1-foglalattal-emelt-fenyerovel-12v" "Mozilla/5.0 (Linux; Android 14; SM-A136B Build/UP1A.231005.007; wv) AppleWebKit/537.36 (KHTML, like Gecko) Version/4.0 Chrome/126.0.6478.71 Mobile Safari/537.36 [FB_IAB/FB4A;FBAV/469.2.0.51.80;]"
87.229.33.169 - - [26/Jun/2024:17:52:11 +0200] "GET /storage/media/h4_led_izzo_motorba-1.jpg HTTP/1.1" 200 114560 "https://www.royaltuning.hu/" "Mozilla/5.0 (Linux; Android 10; K) AppleWebKit/537.36 (KHTML, like Gecko) Chrome/126.0.0.0 Mobile Safari/537.36"
213.225.14.58 - - [26/Jun/2024:17:52:11 +0200] "GET /public/hu/products/6012/reviews?page=1 HTTP/1.1" 200 235 "https://royaltuning.hu/public/hu/termek/hod-halogen-izzo-h1-foglalattal-emelt-fenyerovel-12v" "Mozilla/5.0 (Linux; Android 14; SM-A136B Build/UP1A.231005.007; wv) AppleWebKit/537.36 (KHTML, like Gecko) Version/4.0 Chrome/126.0.6478.71 Mobile Safari/537.36 [FB_IAB/FB4A;FBAV/469.2.0.51.80;]"
87.229.33.169 - - [26/Jun/2024:17:52:11 +0200] "GET /storage/media/legjobb_h4_led_izzo-1.jpg HTTP/1.1" 200 325798 "https://www.royaltuning.hu/" "Mozilla/5.0 (Linux; Android 10; K) AppleWebKit/537.36 (KHTML, like Gecko) Chrome/126.0.0.0 Mobile Safari/537.36"
87.229.33.169 - - [26/Jun/2024:17:52:10 +0200] "GET /storage/media/h4_canbus_ellenallas_ledhez_terheles_adapter-1.jpg HTTP/1.1" 200 202935 "https://www.royaltuning.hu/" "Mozilla/5.0 (Linux; Android 10; K) AppleWebKit/537.36 (KHTML, like Gecko) Chrome/126.0.0.0 Mobile Safari/537.36"
87.229.33.169 - - [26/Jun/2024:17:52:10 +0200] "GET /storage/media/h4_led_izzo-1-2.jpg HTTP/1.1" 200 247570 "https://www.royaltuning.hu/" "Mozilla/5.0 (Linux; Android 10; K) AppleWebKit/537.36 (KHTML, like Gecko) Chrome/126.0.0.0 Mobile Safari/537.36"
87.229.33.169 - - [26/Jun/2024:17:52:11 +0200] "GET /storage/media/H4_led_auto_izzo_feher-1.jpg HTTP/1.1" 200 202211 "https://www.royaltuning.hu/" "Mozilla/5.0 (Linux; Android 10; K) AppleWebKit/537.36 (KHTML, like Gecko) Chrome/126.0.0.0 Mobile Safari/537.36"
213.225.14.58 - - [26/Jun/2024:17:52:11 +0200] "GET /public/captcha/image?_=1536271729 HTTP/1.1" 200 6425 "https://royaltuning.hu/public/hu/termek/hod-halogen-izzo-h1-foglalattal-emelt-fenyerovel-12v" "Mozilla/5.0 (Linux; Android 14; SM-A136B Build/UP1A.231005.007; wv) AppleWebKit/537.36 (KHTML, like Gecko) Version/4.0 Chrome/126.0.6478.71 Mobile Safari/537.36 [FB_IAB/FB4A;FBAV/469.2.0.51.80;]"
17.241.227.217 - - [26/Jun/2024:17:52:13 +0200] "GET /storage/media/ford_valtogomb_automata-3.jpg HTTP/1.1" 200 533908 "-" "Mozilla/5.0 (Macintosh; Intel Mac OS X 10_15_7) AppleWebKit/605.1.15 (KHTML, like Gecko) Version/17.4 Safari/605.1.15 (Applebot/0.1; +http://www.apple.com/go/applebot)"
46.139.88.175 - - [26/Jun/2024:17:52:14 +0200] "GET /hu/termekkategoria/kulcshazak/opel-kulcshaz HTTP/1.1" 200 42660 "https://royaltuning.hu/hu/termekkategoriak" "Mozilla/5.0 (Windows NT 10.0; Win64; x64) AppleWebKit/537.36 (KHTML, like Gecko) Chrome/126.0.0.0 Safari/537.36"
46.139.88.175 - - [26/Jun/2024:17:52:15 +0200] "GET /hu/shop?query=&brand=&category=opel-kulcshaz&tag=&fromPrice=0&toPrice=114990&sort=alphabetic&perPage=30&page=1 HTTP/1.1" 200 1962 "https://royaltuning.hu/hu/termekkategoria/kulcshazak/opel-kulcshaz" "Mozilla/5.0 (Windows NT 10.0; Win64; x64) AppleWebKit/537.36 (KHTML, like Gecko) Chrome/126.0.0.0 Safari/537.36"
46.139.88.175 - - [26/Jun/2024:17:52:15 +0200] "GET /storage/media/opel_bicskakulcs_2gombos-4-1.jpg HTTP/1.1" 200 56737 "https://royaltuning.hu/hu/termekkategoria/kulcshazak/opel-kulcshaz" "Mozilla/5.0 (Windows NT 10.0; Win64; x64) AppleWebKit/537.36 (KHTML, like Gecko) Chrome/126.0.0.0 Safari/537.36"
46.139.88.175 - - [26/Jun/2024:17:52:15 +0200] "GET /storage/media/opel_bicskakulcs_2gombos_astra_H-1.jpg HTTP/1.1" 200 32486 "https://royaltuning.hu/hu/termekkategoria/kulcshazak/opel-kulcshaz" "Mozilla/5.0 (Windows NT 10.0; Win64; x64) AppleWebKit/537.36 (KHTML, like Gecko) Chrome/126.0.0.0 Safari/537.36"
46.139.88.175 - - [26/Jun/2024:17:52:15 +0200] "GET /storage/media/opel_bicskakulcs_3gombos-1.jpg HTTP/1.1" 200 56770 "https://royaltuning.hu/hu/termekkategoria/kulcshazak/opel-kulcshaz" "Mozilla/5.0 (Windows NT 10.0; Win64; x64) AppleWebKit/537.36 (KHTML, like Gecko) Chrome/126.0.0.0 Safari/537.36"
46.139.88.175 - - [26/Jun/2024:17:52:15 +0200] "GET /storage/media/opel_bicskakulcs_elektronika-1.jpg HTTP/1.1" 200 75103 "https://royaltuning.hu/hu/termekkategoria/kulcshazak/opel-kulcshaz" "Mozilla/5.0 (Windows NT 10.0; Win64; x64) AppleWebKit/537.36 (KHTML, like Gecko) Chrome/126.0.0.0 Safari/537.36"
46.139.88.175 - - [26/Jun/2024:17:52:15 +0200] "GET /storage/media/opel_kulcs_javito_keszlet-1.jpg HTTP/1.1" 200 83033 "https://royaltuning.hu/hu/termekkategoria/kulcshazak/opel-kulcshaz" "Mozilla/5.0 (Windows NT 10.0; Win64; x64) AppleWebKit/537.36 (KHTML, like Gecko) Chrome/126.0.0.0 Safari/537.36"
46.139.88.175 - - [26/Jun/2024:17:52:15 +0200] "GET /storage/media/opel_bicskakulcs_3gombos_astra_H-1.jpg HTTP/1.1" 200 40326 "https://royaltuning.hu/hu/termekkategoria/kulcshazak/opel-kulcshaz" "Mozilla/5.0 (Windows NT 10.0; Win64; x64) AppleWebKit/537.36 (KHTML, like Gecko) Chrome/126.0.0.0 Safari/537.36"
46.139.88.175 - - [26/Jun/2024:17:52:15 +0200] "GET /storage/media/opel_kulcs_javito_keszlet_gombos.jpg HTTP/1.1" 200 92757 "https://royaltuning.hu/hu/termekkategoria/kulcshazak/opel-kulcshaz" "Mozilla/5.0 (Windows NT 10.0; Win64; x64) AppleWebKit/537.36 (KHTML, like Gecko) Chrome/126.0.0.0 Safari/537.36"
46.139.88.175 - - [26/Jun/2024:17:52:15 +0200] "GET /storage/media/opel_bicskakulcs_5gombos-1.jpg HTTP/1.1" 200 66873 "https://royaltuning.hu/hu/termekkategoria/kulcshazak/opel-kulcshaz" "Mozilla/5.0 (Windows NT 10.0; Win64; x64) AppleWebKit/537.36 (KHTML, like Gecko) Chrome/126.0.0.0 Safari/537.36"
46.139.88.175 - - [26/Jun/2024:17:52:15 +0200] "GET /storage/media/opel_bicskakulcs_4gombos-1.jpg HTTP/1.1" 200 65806 "https://royaltuning.hu/hu/termekkategoria/kulcshazak/opel-kulcshaz" "Mozilla/5.0 (Windows NT 10.0; Win64; x64) AppleWebKit/537.36 (KHTML, like Gecko) Chrome/126.0.0.0 Safari/537.36"
46.139.88.175 - - [26/Jun/2024:17:52:15 +0200] "GET /storage/media/opelbetet.jpg HTTP/1.1" 200 136518 "https://royaltuning.hu/hu/termekkategoria/kulcshazak/opel-kulcshaz" "Mozilla/5.0 (Windows NT 10.0; Win64; x64) AppleWebKit/537.36 (KHTML, like Gecko) Chrome/126.0.0.0 Safari/537.36"
46.139.88.175 - - [26/Jun/2024:17:52:16 +0200] "GET /storage/media/opel_kulcshaz_vivaro_movano-1.jpg HTTP/1.1" 200 29450 "https://royaltuning.hu/hu/termekkategoria/kulcshazak/opel-kulcshaz" "Mozilla/5.0 (Windows NT 10.0; Win64; x64) AppleWebKit/537.36 (KHTML, like Gecko) Chrome/126.0.0.0 Safari/537.36"
46.139.88.175 - - [26/Jun/2024:17:52:16 +0200] "GET /storage/media/saab_kulcshaz-4.jpg HTTP/1.1" 200 323969 "https://royaltuning.hu/hu/termekkategoria/kulcshazak/opel-kulcshaz" "Mozilla/5.0 (Windows NT 10.0; Win64; x64) AppleWebKit/537.36 (KHTML, like Gecko) Chrome/126.0.0.0 Safari/537.36"
46.139.88.175 - - [26/Jun/2024:17:52:16 +0200] "GET /storage/media/opel_vivaro_kulcs_javito_keszlet.jpg HTTP/1.1" 200 83745 "https://royaltuning.hu/hu/termekkategoria/kulcshazak/opel-kulcshaz" "Mozilla/5.0 (Windows NT 10.0; Win64; x64) AppleWebKit/537.36 (KHTML, like Gecko) Chrome/126.0.0.0 Safari/537.36"
46.139.88.175 - - [26/Jun/2024:17:52:16 +0200] "GET /storage/media/opel_kulcshaz_2gombos-1.jpg HTTP/1.1" 200 66383 "https://royaltuning.hu/hu/termekkategoria/kulcshazak/opel-kulcshaz" "Mozilla/5.0 (Windows NT 10.0; Win64; x64) AppleWebKit/537.36 (KHTML, like Gecko) Chrome/126.0.0.0 Safari/537.36"
46.139.88.175 - - [26/Jun/2024:17:52:16 +0200] "GET /storage/media/opel2g.jpg HTTP/1.1" 200 42199 "https://royaltuning.hu/hu/termekkategoria/kulcshazak/opel-kulcshaz" "Mozilla/5.0 (Windows NT 10.0; Win64; x64) AppleWebKit/537.36 (KHTML, like Gecko) Chrome/126.0.0.0 Safari/537.36"
46.139.88.175 - - [26/Jun/2024:17:52:16 +0200] "GET /storage/media/opel3g.jpg HTTP/1.1" 200 58277 "https://royaltuning.hu/hu/termekkategoria/kulcshazak/opel-kulcshaz" "Mozilla/5.0 (Windows NT 10.0; Win64; x64) AppleWebKit/537.36 (KHTML, like Gecko) Chrome/126.0.0.0 Safari/537.36"
46.139.88.175 - - [26/Jun/2024:17:52:16 +0200] "GET /storage/media/opel_kulcshaz_3gombos-1.jpg HTTP/1.1" 200 98772 "https://royaltuning.hu/hu/termekkategoria/kulcshazak/opel-kulcshaz" "Mozilla/5.0 (Windows NT 10.0; Win64; x64) AppleWebKit/537.36 (KHTML, like Gecko) Chrome/126.0.0.0 Safari/537.36"
46.139.88.175 - - [26/Jun/2024:17:52:16 +0200] "GET /storage/media/IaGYYMhV9dA4anqh2PGvy7pV7FGlfX7vGhW0avNc.jpg HTTP/1.1" 200 77893 "https://royaltuning.hu/hu/termekkategoria/kulcshazak/opel-kulcshaz" "Mozilla/5.0 (Windows NT 10.0; Win64; x64) AppleWebKit/537.36 (KHTML, like Gecko) Chrome/126.0.0.0 Safari/537.36"
46.139.88.175 - - [26/Jun/2024:17:52:16 +0200] "GET /storage/media/K8g50COsJ8B3qul3wcf4vhsIT0tEKitJWV4uEAHk.jpg HTTP/1.1" 200 72041 "https://royaltuning.hu/hu/termekkategoria/kulcshazak/opel-kulcshaz" "Mozilla/5.0 (Windows NT 10.0; Win64; x64) AppleWebKit/537.36 (KHTML, like Gecko) Chrome/126.0.0.0 Safari/537.36"
52.70.240.171 - - [26/Jun/2024:17:52:17 +0200] "GET /storage/media/BMW_e46_valtogomb.jpg HTTP/1.1" 200 24870 "-" "Mozilla/5.0 (Macintosh; Intel Mac OS X 10_10_1) AppleWebKit/600.2.5 (KHTML, like Gecko) Version/8.0.2 Safari/600.2.5 (Amazonbot/0.1; +https://developer.amazon.com/support/amazonbot)"
37.76.4.246 - - [26/Jun/2024:17:52:21 +0200] "GET /wp-content/uploads/2020/06/opel_valtogomb_csere-1.jpg HTTP/1.1" 200 110883 "https://www.google.com/" "Mozilla/5.0 (Linux; Android 14; SM-A236B Build/UP1A.231005.007; wv) AppleWebKit/537.36 (KHTML, like Gecko) Version/4.0 Chrome/125.0.6422.186 Mobile Safari/537.36 GoogleApp/15.22.32.28.arm64"
94.44.253.218 - - [26/Jun/2024:17:52:26 +0200] "GET /public/hu/termek/kameleon-lampafolia HTTP/1.1" 200 47172 "https://royaltuning.hu/public/hu/termekkategoria/foliak-felnicsikok-matricak/lampafoliak?utm_source=facebook.com&utm_campaign=forgalom_-_kep_2022_aprilis_01&utm_medium=cpm&utm_content=lampafolia4&fbclid=IwZXh0bgNhZW0BMAABHa2FRWfrHaF36zlvpxXjHlMrAXuqE0ctvsZt7A9Vu35f0PgdvBNT8UTicg_aem_Uhhiqjz6bPYThOF0u2pIZA&utm_id=23846529397470017&utm_term=23850155805410017" "Mozilla/5.0 (Linux; Android 10; MAR-LX1A Build/HUAWEIMAR-L21A; wv) AppleWebKit/537.36 (KHTML, like Gecko) Version/4.0 Chrome/126.0.6478.47 Mobile Safari/537.36 [FB_IAB/FB4A;FBAV/468.1.0.56.78;]"
66.249.64.228 - - [26/Jun/2024:17:52:27 +0200] "GET /captcha/image?_=294992408?_= HTTP/1.1" 200 4620 "-" "Mozilla/5.0 (Linux; Android 6.0.1; Nexus 5X Build/MMB29P) AppleWebKit/537.36 (KHTML, like Gecko) Chrome/125.0.6422.175 Mobile Safari/537.36 (compatible; Googlebot/2.1; +http://www.google.com/bot.html)"
94.44.253.218 - - [26/Jun/2024:17:52:28 +0200] "GET /storage/media/kameleon_lampafolia-2.jpg HTTP/1.1" 200 39466 "https://royaltuning.hu/public/hu/termek/kameleon-lampafolia" "Mozilla/5.0 (Linux; Android 10; MAR-LX1A Build/HUAWEIMAR-L21A; wv) AppleWebKit/537.36 (KHTML, like Gecko) Version/4.0 Chrome/126.0.6478.47 Mobile Safari/537.36 [FB_IAB/FB4A;FBAV/468.1.0.56.78;]"
94.44.253.218 - - [26/Jun/2024:17:52:28 +0200] "GET /storage/media/kameleon_lampafolia.jpg HTTP/1.1" 200 130041 "https://royaltuning.hu/public/hu/termek/kameleon-lampafolia" "Mozilla/5.0 (Linux; Android 10; MAR-LX1A Build/HUAWEIMAR-L21A; wv) AppleWebKit/537.36 (KHTML, like Gecko) Version/4.0 Chrome/126.0.6478.47 Mobile Safari/537.36 [FB_IAB/FB4A;FBAV/468.1.0.56.78;]"
94.44.253.218 - - [26/Jun/2024:17:52:28 +0200] "GET /public/themes/storefront/public/fonts/la-regular-400.woff2 HTTP/1.1" 200 12923 "https://royaltuning.hu/public/themes/storefront/public/css/app.css?v=3.1.0" "Mozilla/5.0 (Linux; Android 10; MAR-LX1A Build/HUAWEIMAR-L21A; wv) AppleWebKit/537.36 (KHTML, like Gecko) Version/4.0 Chrome/126.0.6478.47 Mobile Safari/537.36 [FB_IAB/FB4A;FBAV/468.1.0.56.78;]"
94.44.253.218 - - [26/Jun/2024:17:52:28 +0200] "GET /public/themes/storefront/public/js/flatpickr.js?v=3.1.0 HTTP/1.1" 200 65517 "https://royaltuning.hu/public/hu/termek/kameleon-lampafolia" "Mozilla/5.0 (Linux; Android 10; MAR-LX1A Build/HUAWEIMAR-L21A; wv) AppleWebKit/537.36 (KHTML, like Gecko) Version/4.0 Chrome/126.0.6478.47 Mobile Safari/537.36 [FB_IAB/FB4A;FBAV/468.1.0.56.78;]"
94.44.253.218 - - [26/Jun/2024:17:52:28 +0200] "GET /storage/media/kameleon_lampafolia-3.jpg HTTP/1.1" 200 69948 "https://royaltuning.hu/public/hu/termek/kameleon-lampafolia" "Mozilla/5.0 (Linux; Android 10; MAR-LX1A Build/HUAWEIMAR-L21A; wv) AppleWebKit/537.36 (KHTML, like Gecko) Version/4.0 Chrome/126.0.6478.47 Mobile Safari/537.36 [FB_IAB/FB4A;FBAV/468.1.0.56.78;]"
94.44.253.218 - - [26/Jun/2024:17:52:28 +0200] "GET /storage/media/kameleon_lampafolia-1.png HTTP/1.1" 200 814944 "https://royaltuning.hu/public/hu/termek/kameleon-lampafolia" "Mozilla/5.0 (Linux; Android 10; MAR-LX1A Build/HUAWEIMAR-L21A; wv) AppleWebKit/537.36 (KHTML, like Gecko) Version/4.0 Chrome/126.0.6478.47 Mobile Safari/537.36 [FB_IAB/FB4A;FBAV/468.1.0.56.78;]"
94.44.253.218 - - [26/Jun/2024:17:52:29 +0200] "GET /public/hu/products/5066/reviews?page=1 HTTP/1.1" 200 235 "https://royaltuning.hu/public/hu/termek/kameleon-lampafolia" "Mozilla/5.0 (Linux; Android 10; MAR-LX1A Build/HUAWEIMAR-L21A; wv) AppleWebKit/537.36 (KHTML, like Gecko) Version/4.0 Chrome/126.0.6478.47 Mobile Safari/537.36 [FB_IAB/FB4A;FBAV/468.1.0.56.78;]"
94.44.253.218 - - [26/Jun/2024:17:52:28 +0200] "GET /storage/media/lampafolia_felrakasa-2.jpg HTTP/1.1" 200 633213 "https://royaltuning.hu/public/hu/termek/kameleon-lampafolia" "Mozilla/5.0 (Linux; Android 10; MAR-LX1A Build/HUAWEIMAR-L21A; wv) AppleWebKit/537.36 (KHTML, like Gecko) Version/4.0 Chrome/126.0.6478.47 Mobile Safari/537.36 [FB_IAB/FB4A;FBAV/468.1.0.56.78;]"
94.44.253.218 - - [26/Jun/2024:17:52:29 +0200] "GET /public/themes/storefront/public/css/ajax-loader.gif HTTP/1.1" 200 4178 "https://royaltuning.hu/public/themes/storefront/public/css/app.css?v=3.1.0" "Mozilla/5.0 (Linux; Android 10; MAR-LX1A Build/HUAWEIMAR-L21A; wv) AppleWebKit/537.36 (KHTML, like Gecko) Version/4.0 Chrome/126.0.6478.47 Mobile Safari/537.36 [FB_IAB/FB4A;FBAV/468.1.0.56.78;]"
94.44.253.218 - - [26/Jun/2024:17:52:28 +0200] "GET /storage/media/lampafolia_felrakasa-1.jpg HTTP/1.1" 200 604573 "https://royaltuning.hu/public/hu/termek/kameleon-lampafolia" "Mozilla/5.0 (Linux; Android 10; MAR-LX1A Build/HUAWEIMAR-L21A; wv) AppleWebKit/537.36 (KHTML, like Gecko) Version/4.0 Chrome/126.0.6478.47 Mobile Safari/537.36 [FB_IAB/FB4A;FBAV/468.1.0.56.78;]"
66.249.64.9 - - [26/Jun/2024:17:52:28 +0200] "GET /en/termek/osram-cool-blue-intense-nextgen-5000k-100-h7-55w-2db HTTP/1.1" 200 44304 "-" "Mozilla/5.0 (Linux; Android 6.0.1; Nexus 5X Build/MMB29P) AppleWebKit/537.36 (KHTML, like Gecko) Chrome/125.0.6422.175 Mobile Safari/537.36 (compatible; Googlebot/2.1; +http://www.google.com/bot.html)"
94.44.253.218 - - [26/Jun/2024:17:52:29 +0200] "GET /public/themes/storefront/public/css/fonts/slick.woff HTTP/1.1" 200 1343 "https://royaltuning.hu/public/themes/storefront/public/css/app.css?v=3.1.0" "Mozilla/5.0 (Linux; Android 10; MAR-LX1A Build/HUAWEIMAR-L21A; wv) AppleWebKit/537.36 (KHTML, like Gecko) Version/4.0 Chrome/126.0.6478.47 Mobile Safari/537.36 [FB_IAB/FB4A;FBAV/468.1.0.56.78;]"
94.44.253.218 - - [26/Jun/2024:17:52:29 +0200] "GET /storage/media/zsiroldo_spray_.jpg HTTP/1.1" 200 82575 "https://royaltuning.hu/public/hu/termek/kameleon-lampafolia" "Mozilla/5.0 (Linux; Android 10; MAR-LX1A Build/HUAWEIMAR-L21A; wv) AppleWebKit/537.36 (KHTML, like Gecko) Version/4.0 Chrome/126.0.6478.47 Mobile Safari/537.36 [FB_IAB/FB4A;FBAV/468.1.0.56.78;]"
94.44.253.218 - - [26/Jun/2024:17:52:29 +0200] "GET /storage/media/vagokes_keszlet.jpg HTTP/1.1" 200 20539 "https://royaltuning.hu/public/hu/termek/kameleon-lampafolia" "Mozilla/5.0 (Linux; Android 10; MAR-LX1A Build/HUAWEIMAR-L21A; wv) AppleWebKit/537.36 (KHTML, like Gecko) Version/4.0 Chrome/126.0.6478.47 Mobile Safari/537.36 [FB_IAB/FB4A;FBAV/468.1.0.56.78;]"
94.44.253.218 - - [26/Jun/2024:17:52:28 +0200] "GET /public/captcha/image?_=357550672 HTTP/1.1" 200 5915 "https://royaltuning.hu/public/hu/termek/kameleon-lampafolia" "Mozilla/5.0 (Linux; Android 10; MAR-LX1A Build/HUAWEIMAR-L21A; wv) AppleWebKit/537.36 (KHTML, like Gecko) Version/4.0 Chrome/126.0.6478.47 Mobile Safari/537.36 [FB_IAB/FB4A;FBAV/468.1.0.56.78;]"
94.44.253.218 - - [26/Jun/2024:17:52:29 +0200] "GET /storage/media/autofolia_telepito_keszlet-1.jpg HTTP/1.1" 200 145911 "https://royaltuning.hu/public/hu/termek/kameleon-lampafolia" "Mozilla/5.0 (Linux; Android 10; MAR-LX1A Build/HUAWEIMAR-L21A; wv) AppleWebKit/537.36 (KHTML, like Gecko) Version/4.0 Chrome/126.0.6478.47 Mobile Safari/537.36 [FB_IAB/FB4A;FBAV/468.1.0.56.78;]"
66.249.64.8 - - [26/Jun/2024:17:52:30 +0200] "GET /captcha/image?_=1119094698?_= HTTP/1.1" 200 6094 "-" "Mozilla/5.0 (Linux; Android 6.0.1; Nexus 5X Build/MMB29P) AppleWebKit/537.36 (KHTML, like Gecko) Chrome/125.0.6422.175 Mobile Safari/537.36 (compatible; Googlebot/2.1; +http://www.google.com/bot.html)"
66.249.64.9 - - [26/Jun/2024:17:52:31 +0200] "GET /en/products/207701/reviews?page=1 HTTP/1.1" 200 239 "https://oldshop.royaltuning.hu/en/termek/osram-cool-blue-intense-nextgen-5000k-100-h7-55w-2db" "Mozilla/5.0 (Linux; Android 6.0.1; Nexus 5X Build/MMB29P) AppleWebKit/537.36 (KHTML, like Gecko) Chrome/125.0.6422.154 Mobile Safari/537.36 (compatible; Googlebot/2.1; +http://www.google.com/bot.html)"
46.139.88.175 - - [26/Jun/2024:17:52:39 +0200] "GET /hu/termekkategoria/polirozas-karceltavolitas/horpadas-javito-keszletek HTTP/1.1" 200 40798 "https://royaltuning.hu/hu/termekkategoriak" "Mozilla/5.0 (Windows NT 10.0; Win64; x64) AppleWebKit/537.36 (KHTML, like Gecko) Chrome/126.0.0.0 Safari/537.36"
46.139.88.175 - - [26/Jun/2024:17:52:41 +0200] "GET /hu/shop?query=&brand=&category=horpadas-javito-keszletek&tag=&fromPrice=0&toPrice=114990&sort=alphabetic&perPage=30&page=1 HTTP/1.1" 200 612 "https://royaltuning.hu/hu/termekkategoria/polirozas-karceltavolitas/horpadas-javito-keszletek" "Mozilla/5.0 (Windows NT 10.0; Win64; x64) AppleWebKit/537.36 (KHTML, like Gecko) Chrome/126.0.0.0 Safari/537.36"
46.139.88.175 - - [26/Jun/2024:17:52:41 +0200] "GET /storage/media/horpadasjavito_szett-1.jpg HTTP/1.1" 200 82901 "https://royaltuning.hu/hu/termekkategoria/polirozas-karceltavolitas/horpadas-javito-keszletek" "Mozilla/5.0 (Windows NT 10.0; Win64; x64) AppleWebKit/537.36 (KHTML, like Gecko) Chrome/126.0.0.0 Safari/537.36"
176.3.4.124 - - [26/Jun/2024:17:52:40 +0200] "GET /public/hu HTTP/1.1" 200 33109 "-" "Mozilla/5.0 (Macintosh; Intel Mac OS X 10_15_7) AppleWebKit/537.36 (KHTML, like Gecko) Chrome/126.0.0.0 Safari/537.36"
176.3.4.124 - - [26/Jun/2024:17:52:41 +0200] "GET /public/hu/storefront/flash-sale-products HTTP/1.1" 200 743 "https://royaltuning.hu/public/hu" "Mozilla/5.0 (Macintosh; Intel Mac OS X 10_15_7) AppleWebKit/537.36 (KHTML, like Gecko) Chrome/126.0.0.0 Safari/537.36"
176.3.4.124 - - [26/Jun/2024:17:52:41 +0200] "GET /public/hu/storefront/vertical-products/1 HTTP/1.1" 200 1807 "https://royaltuning.hu/public/hu" "Mozilla/5.0 (Macintosh; Intel Mac OS X 10_15_7) AppleWebKit/537.36 (KHTML, like Gecko) Chrome/126.0.0.0 Safari/537.36"
176.3.4.124 - - [26/Jun/2024:17:52:41 +0200] "GET /public/hu/storefront/vertical-products/2 HTTP/1.1" 200 1528 "https://royaltuning.hu/public/hu" "Mozilla/5.0 (Macintosh; Intel Mac OS X 10_15_7) AppleWebKit/537.36 (KHTML, like Gecko) Chrome/126.0.0.0 Safari/537.36"
176.3.4.124 - - [26/Jun/2024:17:52:41 +0200] "GET /public/hu/storefront/featured-categories/1/products HTTP/1.1" 200 1714 "https://royaltuning.hu/public/hu" "Mozilla/5.0 (Macintosh; Intel Mac OS X 10_15_7) AppleWebKit/537.36 (KHTML, like Gecko) Chrome/126.0.0.0 Safari/537.36"
176.3.4.124 - - [26/Jun/2024:17:52:41 +0200] "GET /public/hu/storefront/vertical-products/3 HTTP/1.1" 200 1470 "https://royaltuning.hu/public/hu" "Mozilla/5.0 (Macintosh; Intel Mac OS X 10_15_7) AppleWebKit/537.36 (KHTML, like Gecko) Chrome/126.0.0.0 Safari/537.36"
176.3.4.124 - - [26/Jun/2024:17:52:41 +0200] "GET /undefined HTTP/1.1" 302 204 "https://royaltuning.hu/public/hu" "Mozilla/5.0 (Macintosh; Intel Mac OS X 10_15_7) AppleWebKit/537.36 (KHTML, like Gecko) Chrome/126.0.0.0 Safari/537.36"
176.3.4.124 - - [26/Jun/2024:17:52:41 +0200] "GET /public/hu/storefront/tab-products/sections/2/tabs/1 HTTP/1.1" 200 1482 "https://royaltuning.hu/public/hu" "Mozilla/5.0 (Macintosh; Intel Mac OS X 10_15_7) AppleWebKit/537.36 (KHTML, like Gecko) Chrome/126.0.0.0 Safari/537.36"
176.3.4.124 - - [26/Jun/2024:17:52:41 +0200] "GET /hu/undefined HTTP/1.1" 200 31005 "https://royaltuning.hu/public/hu" "Mozilla/5.0 (Macintosh; Intel Mac OS X 10_15_7) AppleWebKit/537.36 (KHTML, like Gecko) Chrome/126.0.0.0 Safari/537.36"
84.225.189.192 - - [26/Jun/2024:17:52:43 +0200] "GET /hu/termek/canbus-hiba-torlo-h7-csatlakozoval HTTP/1.1" 200 41533 "https://royaltuning.hu/hu/shop?query=H7%20led%20canbus" "Mozilla/5.0 (Linux; Android 10; K) AppleWebKit/537.36 (KHTML, like Gecko) Chrome/126.0.0.0 Mobile Safari/537.36"
84.225.189.192 - - [26/Jun/2024:17:52:44 +0200] "GET /storage/media/h7_canbus_adapter-4.jpg HTTP/1.1" 200 26802 "https://royaltuning.hu/hu/termek/canbus-hiba-torlo-h7-csatlakozoval" "Mozilla/5.0 (Linux; Android 10; K) AppleWebKit/537.36 (KHTML, like Gecko) Chrome/126.0.0.0 Mobile Safari/537.36"
84.225.189.192 - - [26/Jun/2024:17:52:44 +0200] "GET /storage/media/h7_canbus_adapter-3.jpg HTTP/1.1" 200 25375 "https://royaltuning.hu/hu/termek/canbus-hiba-torlo-h7-csatlakozoval" "Mozilla/5.0 (Linux; Android 10; K) AppleWebKit/537.36 (KHTML, like Gecko) Chrome/126.0.0.0 Mobile Safari/537.36"
84.225.189.192 - - [26/Jun/2024:17:52:44 +0200] "GET /storage/media/h7_canbus_adapter-2.jpg HTTP/1.1" 200 24122 "https://royaltuning.hu/hu/termek/canbus-hiba-torlo-h7-csatlakozoval" "Mozilla/5.0 (Linux; Android 10; K) AppleWebKit/537.36 (KHTML, like Gecko) Chrome/126.0.0.0 Mobile Safari/537.36"
176.77.143.185 - - [26/Jun/2024:17:52:44 +0200] "GET /storage/media/c0t7luzASFx7EVSpbCjKOjfFo89DRMqzfBVMmmvt.png HTTP/1.1" 200 18256 "https://royaltuning.hu/hu/termek/canbus-hiba-torlo-h7-csatlakozoval" "Mozilla/5.0 (Linux; Android 10; K) AppleWebKit/537.36 (KHTML, like Gecko) Chrome/126.0.0.0 Mobile Safari/537.36"
84.225.189.192 - - [26/Jun/2024:17:52:44 +0200] "GET /themes/storefront/public/js/flatpickr.js?v=3.1.0 HTTP/1.1" 200 65517 "https://royaltuning.hu/hu/termek/canbus-hiba-torlo-h7-csatlakozoval" "Mozilla/5.0 (Linux; Android 10; K) AppleWebKit/537.36 (KHTML, like Gecko) Chrome/126.0.0.0 Mobile Safari/537.36"
84.225.189.192 - - [26/Jun/2024:17:52:45 +0200] "GET /wp-content/uploads/2020/06/kiegett_izzo_hibajel-500x500.jpg HTTP/1.1" 200 8644 "https://royaltuning.hu/hu/termek/canbus-hiba-torlo-h7-csatlakozoval" "Mozilla/5.0 (Linux; Android 10; K) AppleWebKit/537.36 (KHTML, like Gecko) Chrome/126.0.0.0 Mobile Safari/537.36"
176.77.143.185 - - [26/Jun/2024:17:52:45 +0200] "GET /wp-content/uploads/2021/11/h7_canbus_adapter-3-1024x680.jpg HTTP/1.1" 200 23874 "https://royaltuning.hu/hu/termek/canbus-hiba-torlo-h7-csatlakozoval" "Mozilla/5.0 (Linux; Android 10; K) AppleWebKit/537.36 (KHTML, like Gecko) Chrome/126.0.0.0 Mobile Safari/537.36"
84.225.189.192 - - [26/Jun/2024:17:52:45 +0200] "GET /wp-content/uploads/2021/11/h7_canbus_adapter-4-1024x680.jpg HTTP/1.1" 200 24392 "https://royaltuning.hu/hu/termek/canbus-hiba-torlo-h7-csatlakozoval" "Mozilla/5.0 (Linux; Android 10; K) AppleWebKit/537.36 (KHTML, like Gecko) Chrome/126.0.0.0 Mobile Safari/537.36"
176.77.143.185 - - [26/Jun/2024:17:52:45 +0200] "GET /hu/products/7596/reviews?page=1 HTTP/1.1" 200 234 "https://royaltuning.hu/hu/termek/canbus-hiba-torlo-h7-csatlakozoval" "Mozilla/5.0 (Linux; Android 10; K) AppleWebKit/537.36 (KHTML, like Gecko) Chrome/126.0.0.0 Mobile Safari/537.36"
84.225.189.192 - - [26/Jun/2024:17:52:45 +0200] "GET /themes/storefront/public/fonts/la-regular-400.woff2 HTTP/1.1" 200 12923 "https://royaltuning.hu/themes/storefront/public/css/app.css?v=3.1.0" "Mozilla/5.0 (Linux; Android 10; K) AppleWebKit/537.36 (KHTML, like Gecko) Chrome/126.0.0.0 Mobile Safari/537.36"
84.225.189.192 - - [26/Jun/2024:17:52:45 +0200] "GET /themes/storefront/public/css/ajax-loader.gif HTTP/1.1" 200 4178 "https://royaltuning.hu/themes/storefront/public/css/app.css?v=3.1.0" "Mozilla/5.0 (Linux; Android 10; K) AppleWebKit/537.36 (KHTML, like Gecko) Chrome/126.0.0.0 Mobile Safari/537.36"
84.225.189.192 - - [26/Jun/2024:17:52:44 +0200] "GET /captcha/image?_=244712576 HTTP/1.1" 200 6115 "https://royaltuning.hu/hu/termek/canbus-hiba-torlo-h7-csatlakozoval" "Mozilla/5.0 (Linux; Android 10; K) AppleWebKit/537.36 (KHTML, like Gecko) Chrome/126.0.0.0 Mobile Safari/537.36"
87.229.33.169 - - [26/Jun/2024:17:52:45 +0200] "GET /public/hu/termek/h4-led-szett-hideg-feher-parban-2 HTTP/1.1" 200 46398 "https://www.royaltuning.hu/public/hu/termekkategoria/h4-izzok" "Mozilla/5.0 (Linux; Android 10; K) AppleWebKit/537.36 (KHTML, like Gecko) Chrome/126.0.0.0 Mobile Safari/537.36"
87.229.33.169 - - [26/Jun/2024:17:52:46 +0200] "GET /storage/media/H4_LED_IZZO-6.jpg HTTP/1.1" 200 46796 "https://www.royaltuning.hu/" "Mozilla/5.0 (Linux; Android 10; K) AppleWebKit/537.36 (KHTML, like Gecko) Chrome/126.0.0.0 Mobile Safari/537.36"
87.229.33.169 - - [26/Jun/2024:17:52:46 +0200] "GET /storage/media/H4_LED_IZZO-5.jpg HTTP/1.1" 200 15643 "https://www.royaltuning.hu/" "Mozilla/5.0 (Linux; Android 10; K) AppleWebKit/537.36 (KHTML, like Gecko) Chrome/126.0.0.0 Mobile Safari/537.36"
87.229.33.169 - - [26/Jun/2024:17:52:46 +0200] "GET /public/themes/storefront/public/js/flatpickr.js?v=3.1.0 HTTP/1.1" 200 65517 "https://www.royaltuning.hu/public/hu/termek/h4-led-szett-hideg-feher-parban-2" "Mozilla/5.0 (Linux; Android 10; K) AppleWebKit/537.36 (KHTML, like Gecko) Chrome/126.0.0.0 Mobile Safari/537.36"
87.229.33.169 - - [26/Jun/2024:17:52:46 +0200] "GET /storage/media/H4_LED_IZZO-3.jpg HTTP/1.1" 200 14201 "https://www.royaltuning.hu/" "Mozilla/5.0 (Linux; Android 10; K) AppleWebKit/537.36 (KHTML, like Gecko) Chrome/126.0.0.0 Mobile Safari/537.36"
87.229.33.169 - - [26/Jun/2024:17:52:47 +0200] "GET /public/themes/storefront/public/fonts/la-regular-400.woff2 HTTP/1.1" 200 12923 "https://www.royaltuning.hu/public/themes/storefront/public/css/app.css?v=3.1.0" "Mozilla/5.0 (Linux; Android 10; K) AppleWebKit/537.36 (KHTML, like Gecko) Chrome/126.0.0.0 Mobile Safari/537.36"
87.229.33.169 - - [26/Jun/2024:17:52:47 +0200] "GET /storage/media/led_izzo_ereje.jpg HTTP/1.1" 200 61137 "https://www.royaltuning.hu/" "Mozilla/5.0 (Linux; Android 10; K) AppleWebKit/537.36 (KHTML, like Gecko) Chrome/126.0.0.0 Mobile Safari/537.36"
87.229.33.169 - - [26/Jun/2024:17:52:47 +0200] "GET /storage/media/H4_LED_IZZO-4.jpg HTTP/1.1" 200 13670 "https://www.royaltuning.hu/" "Mozilla/5.0 (Linux; Android 10; K) AppleWebKit/537.36 (KHTML, like Gecko) Chrome/126.0.0.0 Mobile Safari/537.36"
87.229.33.169 - - [26/Jun/2024:17:52:47 +0200] "GET /wp-content/uploads/2021/05/led_izzo_ereje-500x500.jpg HTTP/1.1" 200 33106 "https://www.royaltuning.hu/" "Mozilla/5.0 (Linux; Android 10; K) AppleWebKit/537.36 (KHTML, like Gecko) Chrome/126.0.0.0 Mobile Safari/537.36"
87.229.33.169 - - [26/Jun/2024:17:52:47 +0200] "GET /public/hu/products/42273/reviews?page=1 HTTP/1.1" 200 241 "https://www.royaltuning.hu/public/hu/termek/h4-led-szett-hideg-feher-parban-2" "Mozilla/5.0 (Linux; Android 10; K) AppleWebKit/537.36 (KHTML, like Gecko) Chrome/126.0.0.0 Mobile Safari/537.36"
87.229.33.169 - - [26/Jun/2024:17:52:47 +0200] "GET /wp-content/uploads/2021/05/H4_LED_IZZO-6-500x500.jpg HTTP/1.1" 200 14484 "https://www.royaltuning.hu/" "Mozilla/5.0 (Linux; Android 10; K) AppleWebKit/537.36 (KHTML, like Gecko) Chrome/126.0.0.0 Mobile Safari/537.36"
87.229.33.169 - - [26/Jun/2024:17:52:47 +0200] "GET /wp-content/uploads/2021/05/H4_LED_IZZO-2.jpg HTTP/1.1" 200 18827 "https://www.royaltuning.hu/" "Mozilla/5.0 (Linux; Android 10; K) AppleWebKit/537.36 (KHTML, like Gecko) Chrome/126.0.0.0 Mobile Safari/537.36"
87.229.33.169 - - [26/Jun/2024:17:52:47 +0200] "GET /wp-content/uploads/2023/04/h4_led_izzo_motorhoz-4.jpg HTTP/1.1" 200 164251 "https://www.royaltuning.hu/" "Mozilla/5.0 (Linux; Android 10; K) AppleWebKit/537.36 (KHTML, like Gecko) Chrome/126.0.0.0 Mobile Safari/537.36"
87.229.33.169 - - [26/Jun/2024:17:52:47 +0200] "GET /wp-content/uploads/2021/05/led_szett_fenyereje.jpg HTTP/1.1" 200 248394 "https://www.royaltuning.hu/" "Mozilla/5.0 (Linux; Android 10; K) AppleWebKit/537.36 (KHTML, like Gecko) Chrome/126.0.0.0 Mobile Safari/537.36"
87.229.33.169 - - [26/Jun/2024:17:52:47 +0200] "GET /public/themes/storefront/public/css/ajax-loader.gif HTTP/1.1" 200 4178 "https://www.royaltuning.hu/public/themes/storefront/public/css/app.css?v=3.1.0" "Mozilla/5.0 (Linux; Android 10; K) AppleWebKit/537.36 (KHTML, like Gecko) Chrome/126.0.0.0 Mobile Safari/537.36"
87.229.33.169 - - [26/Jun/2024:17:52:46 +0200] "GET /public/captcha/image?_=1451532467 HTTP/1.1" 200 5999 "https://www.royaltuning.hu/public/hu/termek/h4-led-szett-hideg-feher-parban-2" "Mozilla/5.0 (Linux; Android 10; K) AppleWebKit/537.36 (KHTML, like Gecko) Chrome/126.0.0.0 Mobile Safari/537.36"
176.3.4.124 - - [26/Jun/2024:17:52:49 +0200] "GET / HTTP/1.1" 302 197 "-" "Mozilla/5.0 (Macintosh; Intel Mac OS X 10_15_7) AppleWebKit/537.36 (KHTML, like Gecko) Chrome/126.0.0.0 Safari/537.36"
176.3.4.124 - - [26/Jun/2024:17:52:49 +0200] "GET /hu HTTP/1.1" 200 32987 "-" "Mozilla/5.0 (Macintosh; Intel Mac OS X 10_15_7) AppleWebKit/537.36 (KHTML, like Gecko) Chrome/126.0.0.0 Safari/537.36"
176.3.4.124 - - [26/Jun/2024:17:52:50 +0200] "GET /vendor/cookie-consent/css/cookie-consent.css HTTP/1.1" 200 990 "https://royaltuning.hu/hu" "Mozilla/5.0 (Macintosh; Intel Mac OS X 10_15_7) AppleWebKit/537.36 (KHTML, like Gecko) Chrome/126.0.0.0 Safari/537.36"
176.3.4.124 - - [26/Jun/2024:17:52:50 +0200] "GET /themes/storefront/public/css/app.css?v=3.1.0 HTTP/1.1" 200 72700 "https://royaltuning.hu/hu" "Mozilla/5.0 (Macintosh; Intel Mac OS X 10_15_7) AppleWebKit/537.36 (KHTML, like Gecko) Chrome/126.0.0.0 Safari/537.36"
176.3.4.124 - - [26/Jun/2024:17:52:50 +0200] "GET /vendor/cookie-consent/js/cookie-consent.js HTTP/1.1" 200 11136 "https://royaltuning.hu/hu" "Mozilla/5.0 (Macintosh; Intel Mac OS X 10_15_7) AppleWebKit/537.36 (KHTML, like Gecko) Chrome/126.0.0.0 Safari/537.36"
176.3.4.124 - - [26/Jun/2024:17:52:51 +0200] "GET /themes/storefront/public/images/arrow-black.png HTTP/1.1" 200 221 "https://royaltuning.hu/themes/storefront/public/css/app.css?v=3.1.0" "Mozilla/5.0 (Macintosh; Intel Mac OS X 10_15_7) AppleWebKit/537.36 (KHTML, like Gecko) Chrome/126.0.0.0 Safari/537.36"
176.3.4.124 - - [26/Jun/2024:17:52:51 +0200] "GET /themes/storefront/public/fonts/la-regular-400.woff2 HTTP/1.1" 200 12923 "https://royaltuning.hu/themes/storefront/public/css/app.css?v=3.1.0" "Mozilla/5.0 (Macintosh; Intel Mac OS X 10_15_7) AppleWebKit/537.36 (KHTML, like Gecko) Chrome/126.0.0.0 Safari/537.36"
176.3.4.124 - - [26/Jun/2024:17:52:50 +0200] "GET /themes/storefront/public/js/app.js?v=3.1.0 HTTP/1.1" 200 979893 "https://royaltuning.hu/hu" "Mozilla/5.0 (Macintosh; Intel Mac OS X 10_15_7) AppleWebKit/537.36 (KHTML, like Gecko) Chrome/126.0.0.0 Safari/537.36"
176.3.4.124 - - [26/Jun/2024:17:52:51 +0200] "GET /themes/storefront/public/fonts/la-solid-900.woff2 HTTP/1.1" 200 96652 "https://royaltuning.hu/themes/storefront/public/css/app.css?v=3.1.0" "Mozilla/5.0 (Macintosh; Intel Mac OS X 10_15_7) AppleWebKit/537.36 (KHTML, like Gecko) Chrome/126.0.0.0 Safari/537.36"
176.3.4.124 - - [26/Jun/2024:17:52:51 +0200] "GET /themes/storefront/public/fonts/la-brands-400.woff2 HTTP/1.1" 200 84805 "https://royaltuning.hu/themes/storefront/public/css/app.css?v=3.1.0" "Mozilla/5.0 (Macintosh; Intel Mac OS X 10_15_7) AppleWebKit/537.36 (KHTML, like Gecko) Chrome/126.0.0.0 Safari/537.36"
176.3.4.124 - - [26/Jun/2024:17:52:51 +0200] "GET /hu/storefront/flash-sale-products HTTP/1.1" 200 743 "https://royaltuning.hu/hu" "Mozilla/5.0 (Macintosh; Intel Mac OS X 10_15_7) AppleWebKit/537.36 (KHTML, like Gecko) Chrome/126.0.0.0 Safari/537.36"
176.3.4.124 - - [26/Jun/2024:17:52:51 +0200] "GET /themes/storefront/public/css/fonts/slick.woff HTTP/1.1" 200 1343 "https://royaltuning.hu/themes/storefront/public/css/app.css?v=3.1.0" "Mozilla/5.0 (Macintosh; Intel Mac OS X 10_15_7) AppleWebKit/537.36 (KHTML, like Gecko) Chrome/126.0.0.0 Safari/537.36"
176.3.4.124 - - [26/Jun/2024:17:52:51 +0200] "GET /hu/storefront/vertical-products/1 HTTP/1.1" 200 1807 "https://royaltuning.hu/hu" "Mozilla/5.0 (Macintosh; Intel Mac OS X 10_15_7) AppleWebKit/537.36 (KHTML, like Gecko) Chrome/126.0.0.0 Safari/537.36"
176.3.4.124 - - [26/Jun/2024:17:52:51 +0200] "GET /hu/storefront/featured-categories/1/products HTTP/1.1" 200 1714 "https://royaltuning.hu/hu" "Mozilla/5.0 (Macintosh; Intel Mac OS X 10_15_7) AppleWebKit/537.36 (KHTML, like Gecko) Chrome/126.0.0.0 Safari/537.36"
46.139.88.175 - - [26/Jun/2024:17:52:50 +0200] "GET /hu/termekkategoria/valtogombok-valtoszoknyak/opel-valtogombok-valtoszoknyak HTTP/1.1" 200 42693 "https://royaltuning.hu/hu/termekkategoriak" "Mozilla/5.0 (Windows NT 10.0; Win64; x64) AppleWebKit/537.36 (KHTML, like Gecko) Chrome/126.0.0.0 Safari/537.36"
176.3.4.124 - - [26/Jun/2024:17:52:51 +0200] "GET /hu/storefront/vertical-products/2 HTTP/1.1" 200 1528 "https://royaltuning.hu/hu" "Mozilla/5.0 (Macintosh; Intel Mac OS X 10_15_7) AppleWebKit/537.36 (KHTML, like Gecko) Chrome/126.0.0.0 Safari/537.36"
176.3.4.124 - - [26/Jun/2024:17:52:51 +0200] "GET /hu/storefront/vertical-products/3 HTTP/1.1" 200 1470 "https://royaltuning.hu/hu" "Mozilla/5.0 (Macintosh; Intel Mac OS X 10_15_7) AppleWebKit/537.36 (KHTML, like Gecko) Chrome/126.0.0.0 Safari/537.36"
176.3.4.124 - - [26/Jun/2024:17:52:51 +0200] "GET /themes/storefront/public/css/ajax-loader.gif HTTP/1.1" 200 4178 "https://royaltuning.hu/themes/storefront/public/css/app.css?v=3.1.0" "Mozilla/5.0 (Macintosh; Intel Mac OS X 10_15_7) AppleWebKit/537.36 (KHTML, like Gecko) Chrome/126.0.0.0 Safari/537.36"
