79.122.78.116 - - [26/Jun/2024:18:13:16 +0200] "GET /storage/media/opel_astra_f_kezifekszoknya.jpg HTTP/1.1" 200 58348 "https://www.royaltuning.hu/" "Mozilla/5.0 (Linux; Android 10; K) AppleWebKit/537.36 (KHTML, like Gecko) Chrome/126.0.0.0 Mobile Safari/537.36"
79.122.78.116 - - [26/Jun/2024:18:13:16 +0200] "GET /storage/media/zTdJDwdSsCNSvJi9K4gBVppOmVdqtNoAZ8rbqvcd.jpg HTTP/1.1" 200 255268 "https://www.royaltuning.hu/" "Mozilla/5.0 (Linux; Android 10; K) AppleWebKit/537.36 (KHTML, like Gecko) Chrome/126.0.0.0 Mobile Safari/537.36"
79.122.78.116 - - [26/Jun/2024:18:13:16 +0200] "GET /storage/media/opel_astra_f_valtoszoknya_kezifekszoknya_valtogomb.jpg HTTP/1.1" 200 106127 "https://www.royaltuning.hu/" "Mozilla/5.0 (Linux; Android 10; K) AppleWebKit/537.36 (KHTML, like Gecko) Chrome/126.0.0.0 Mobile Safari/537.36"
79.122.78.116 - - [26/Jun/2024:18:13:16 +0200] "GET /storage/media/WuAbnJ3F19P7m8ckhRvBz1XVn9ovSqVCdlDdRtKv.jpg HTTP/1.1" 200 274140 "https://www.royaltuning.hu/" "Mozilla/5.0 (Linux; Android 10; K) AppleWebKit/537.36 (KHTML, like Gecko) Chrome/126.0.0.0 Mobile Safari/537.36"
79.122.78.116 - - [26/Jun/2024:18:13:16 +0200] "GET /storage/media/opel_astra_f_kezifekszoknya-1.png HTTP/1.1" 200 70051 "https://www.royaltuning.hu/" "Mozilla/5.0 (Linux; Android 10; K) AppleWebKit/537.36 (KHTML, like Gecko) Chrome/126.0.0.0 Mobile Safari/537.36"
79.122.78.116 - - [26/Jun/2024:18:13:16 +0200] "GET /storage/media/CII3bXHDBdgV45E9g4JKCMKe4bqdIiaZWqhwe8aX.jpg HTTP/1.1" 200 34044 "https://www.royaltuning.hu/" "Mozilla/5.0 (Linux; Android 10; K) AppleWebKit/537.36 (KHTML, like Gecko) Chrome/126.0.0.0 Mobile Safari/537.36"
79.122.78.116 - - [26/Jun/2024:18:13:17 +0200] "GET /storage/media/opel_astra_f_valtoszoknya_valtogomb.jpg HTTP/1.1" 200 131369 "https://www.royaltuning.hu/" "Mozilla/5.0 (Linux; Android 10; K) AppleWebKit/537.36 (KHTML, like Gecko) Chrome/126.0.0.0 Mobile Safari/537.36"
79.122.78.116 - - [26/Jun/2024:18:13:17 +0200] "GET /storage/media/opel_astra_g_kezifek_szoknya-1-1.jpg HTTP/1.1" 200 7974 "https://www.royaltuning.hu/" "Mozilla/5.0 (Linux; Android 10; K) AppleWebKit/537.36 (KHTML, like Gecko) Chrome/126.0.0.0 Mobile Safari/537.36"
79.122.78.116 - - [26/Jun/2024:18:13:17 +0200] "GET /storage/media/opel_astra_g_valtoszoknya_kezifekszoknya_valtogomb-1.jpg HTTP/1.1" 200 85295 "https://www.royaltuning.hu/" "Mozilla/5.0 (Linux; Android 10; K) AppleWebKit/537.36 (KHTML, like Gecko) Chrome/126.0.0.0 Mobile Safari/537.36"
79.122.78.116 - - [26/Jun/2024:18:13:17 +0200] "GET /storage/media/opel_astra_G_valtoszoknya-1.jpg HTTP/1.1" 200 3919 "https://www.royaltuning.hu/" "Mozilla/5.0 (Linux; Android 10; K) AppleWebKit/537.36 (KHTML, like Gecko) Chrome/126.0.0.0 Mobile Safari/537.36"
79.122.78.116 - - [26/Jun/2024:18:13:17 +0200] "GET /storage/media/opel_astra_f_valtoszoknya_kezifekszoknya.jpg HTTP/1.1" 200 88260 "https://www.royaltuning.hu/" "Mozilla/5.0 (Linux; Android 10; K) AppleWebKit/537.36 (KHTML, like Gecko) Chrome/126.0.0.0 Mobile Safari/537.36"
79.122.78.116 - - [26/Jun/2024:18:13:17 +0200] "GET /storage/media/opel_astra_g_valtoszoknya_kezifekszoknya.jpg HTTP/1.1" 200 66379 "https://www.royaltuning.hu/" "Mozilla/5.0 (Linux; Android 10; K) AppleWebKit/537.36 (KHTML, like Gecko) Chrome/126.0.0.0 Mobile Safari/537.36"
49.0.201.78 - - [26/Jun/2024:18:13:16 +0200] "GET /public/hu/termek/bor-apolo-krem?add-to-cart=6311 HTTP/1.1" 200 49017 "-" "Mozilla/5.0 (Windows NT 10.0; Win64; x64) AppleWebKit/537.36 (KHTML, like Gecko) Chrome/101.0.4951.64 Safari/537.36 Edg/101.0.1210.47"
79.122.78.116 - - [26/Jun/2024:18:13:17 +0200] "GET /storage/media/opel_astra_G_valtoszoknya_valtogomb.jpg HTTP/1.1" 200 30320 "https://www.royaltuning.hu/" "Mozilla/5.0 (Linux; Android 10; K) AppleWebKit/537.36 (KHTML, like Gecko) Chrome/126.0.0.0 Mobile Safari/537.36"
79.122.78.116 - - [26/Jun/2024:18:13:17 +0200] "GET /storage/media/opel_astra_h_kezifek_szoknya.jpg HTTP/1.1" 200 73496 "https://www.royaltuning.hu/" "Mozilla/5.0 (Linux; Android 10; K) AppleWebKit/537.36 (KHTML, like Gecko) Chrome/126.0.0.0 Mobile Safari/537.36"
79.122.78.116 - - [26/Jun/2024:18:13:17 +0200] "GET /storage/media/opel_astra_h_valtogomb_es_valtoszoknya_5sebesseges.jpg HTTP/1.1" 200 46082 "https://www.royaltuning.hu/" "Mozilla/5.0 (Linux; Android 10; K) AppleWebKit/537.36 (KHTML, like Gecko) Chrome/126.0.0.0 Mobile Safari/537.36"
79.122.78.116 - - [26/Jun/2024:18:13:17 +0200] "GET /storage/media/opel_astra_h_valtogomb_es_valtoszoknya_6sebesseges.jpg HTTP/1.1" 200 52437 "https://www.royaltuning.hu/" "Mozilla/5.0 (Linux; Android 10; K) AppleWebKit/537.36 (KHTML, like Gecko) Chrome/126.0.0.0 Mobile Safari/537.36"
79.122.78.116 - - [26/Jun/2024:18:13:17 +0200] "GET /storage/media/opel_astra_h_valtogomb_valtoszoknya_kezifekszoknya-1.jpg HTTP/1.1" 200 162916 "https://www.royaltuning.hu/" "Mozilla/5.0 (Linux; Android 10; K) AppleWebKit/537.36 (KHTML, like Gecko) Chrome/126.0.0.0 Mobile Safari/537.36"
79.122.78.116 - - [26/Jun/2024:18:13:18 +0200] "GET /storage/media/opel_astra_h_valtogomb_valtoszoknya_kezifekszoknya_12345R-1.jpg HTTP/1.1" 200 169818 "https://www.royaltuning.hu/" "Mozilla/5.0 (Linux; Android 10; K) AppleWebKit/537.36 (KHTML, like Gecko) Chrome/126.0.0.0 Mobile Safari/537.36"
79.122.78.116 - - [26/Jun/2024:18:13:18 +0200] "GET /storage/media/opel_astra_h_valtogomb_valtoszoknya_kezifekszoknya.jpg HTTP/1.1" 200 162916 "https://www.royaltuning.hu/" "Mozilla/5.0 (Linux; Android 10; K) AppleWebKit/537.36 (KHTML, like Gecko) Chrome/126.0.0.0 Mobile Safari/537.36"
79.122.78.116 - - [26/Jun/2024:18:13:18 +0200] "GET /storage/media/opel_astra_h_valtoszoknya.jpg HTTP/1.1" 200 47027 "https://www.royaltuning.hu/" "Mozilla/5.0 (Linux; Android 10; K) AppleWebKit/537.36 (KHTML, like Gecko) Chrome/126.0.0.0 Mobile Safari/537.36"
79.122.78.116 - - [26/Jun/2024:18:13:18 +0200] "GET /storage/media/opel_astra_h_valtoszoknya_kezifekszoknya-1.jpg HTTP/1.1" 200 115441 "https://www.royaltuning.hu/" "Mozilla/5.0 (Linux; Android 10; K) AppleWebKit/537.36 (KHTML, like Gecko) Chrome/126.0.0.0 Mobile Safari/537.36"
79.122.78.116 - - [26/Jun/2024:18:13:18 +0200] "GET /storage/media/opel_combo_c_valtogomb_es_valtoszoknya-1.jpg HTTP/1.1" 200 7321 "https://www.royaltuning.hu/" "Mozilla/5.0 (Linux; Android 10; K) AppleWebKit/537.36 (KHTML, like Gecko) Chrome/126.0.0.0 Mobile Safari/537.36"
69.63.184.16 - - [26/Jun/2024:18:13:17 +0200] "GET /public/hu/termek/ajto-elvedo-atlatszo?fbclid=IwZXh0bgNhZW0CMTEAAR1FDYkhvU7xN4h02uLOJZpqLW730PYqNoLK7YlSCPfFAU3cI240r00mmhI_aem_HosHQuwRHtgH8ZsupNnizA HTTP/1.1" 200 49718 "-" "facebookexternalhit/1.1 (+http://www.facebook.com/externalhit_uatext.php)"
79.122.78.116 - - [26/Jun/2024:18:13:18 +0200] "GET /storage/media/opel_astra_f_valtoszoknya-2.jpg HTTP/1.1" 200 34044 "https://www.royaltuning.hu/" "Mozilla/5.0 (Linux; Android 10; K) AppleWebKit/537.36 (KHTML, like Gecko) Chrome/126.0.0.0 Mobile Safari/537.36"
69.63.184.16 - - [26/Jun/2024:18:13:18 +0200] "GET /public/themes/storefront/public/css/app.css?v=3.1.0 HTTP/1.1" 200 72700 "https://royaltuning.hu/public/hu/termek/ajto-elvedo-atlatszo?fbclid=IwZXh0bgNhZW0CMTEAAR1FDYkhvU7xN4h02uLOJZpqLW730PYqNoLK7YlSCPfFAU3cI240r00mmhI_aem_HosHQuwRHtgH8ZsupNnizA" "facebookexternalhit/1.1 (+http://www.facebook.com/externalhit_uatext.php)"
79.122.78.116 - - [26/Jun/2024:18:13:18 +0200] "GET /storage/media/opel_corsa_c_kezifek_szoknya-1.jpg HTTP/1.1" 200 7803 "https://www.royaltuning.hu/" "Mozilla/5.0 (Linux; Android 10; K) AppleWebKit/537.36 (KHTML, like Gecko) Chrome/126.0.0.0 Mobile Safari/537.36"
69.63.184.12 - - [26/Jun/2024:18:13:18 +0200] "GET /public/vendor/cookie-consent/css/cookie-consent.css HTTP/1.1" 200 990 "https://royaltuning.hu/public/hu/termek/ajto-elvedo-atlatszo?fbclid=IwZXh0bgNhZW0CMTEAAR1FDYkhvU7xN4h02uLOJZpqLW730PYqNoLK7YlSCPfFAU3cI240r00mmhI_aem_HosHQuwRHtgH8ZsupNnizA" "facebookexternalhit/1.1 (+http://www.facebook.com/externalhit_uatext.php)"
69.63.184.4 - - [26/Jun/2024:18:13:18 +0200] "GET /storage/media/ajto_elvedo_csik-1.jpg HTTP/1.1" 200 58245 "https://royaltuning.hu/public/hu/termek/ajto-elvedo-atlatszo?fbclid=IwZXh0bgNhZW0CMTEAAR1FDYkhvU7xN4h02uLOJZpqLW730PYqNoLK7YlSCPfFAU3cI240r00mmhI_aem_HosHQuwRHtgH8ZsupNnizA" "facebookexternalhit/1.1 (+http://www.facebook.com/externalhit_uatext.php)"
69.63.184.16 - - [26/Jun/2024:18:13:18 +0200] "GET /storage/media/rpiKsmcVc59LwHHydMWZkR91adM4KGiqcvvmbod4.png HTTP/1.1" 200 17070 "https://royaltuning.hu/public/hu/termek/ajto-elvedo-atlatszo?fbclid=IwZXh0bgNhZW0CMTEAAR1FDYkhvU7xN4h02uLOJZpqLW730PYqNoLK7YlSCPfFAU3cI240r00mmhI_aem_HosHQuwRHtgH8ZsupNnizA" "facebookexternalhit/1.1 (+http://www.facebook.com/externalhit_uatext.php)"
79.122.78.116 - - [26/Jun/2024:18:13:18 +0200] "GET /storage/media/opel_corsa_c_valtogomb_es_valtoszoknya-1.jpg HTTP/1.1" 200 36720 "https://www.royaltuning.hu/" "Mozilla/5.0 (Linux; Android 10; K) AppleWebKit/537.36 (KHTML, like Gecko) Chrome/126.0.0.0 Mobile Safari/537.36"
79.122.78.116 - - [26/Jun/2024:18:13:18 +0200] "GET /storage/media/opel_corsa_c_valtoszoknya_kezifekszoknya_valtogomb-1.jpg HTTP/1.1" 200 86586 "https://www.royaltuning.hu/" "Mozilla/5.0 (Linux; Android 10; K) AppleWebKit/537.36 (KHTML, like Gecko) Chrome/126.0.0.0 Mobile Safari/537.36"
79.122.78.116 - - [26/Jun/2024:18:13:19 +0200] "GET /storage/media/opel_corsa_c_valtoszoknya-1.jpg HTTP/1.1" 200 3824 "https://www.royaltuning.hu/" "Mozilla/5.0 (Linux; Android 10; K) AppleWebKit/537.36 (KHTML, like Gecko) Chrome/126.0.0.0 Mobile Safari/537.36"
79.122.78.116 - - [26/Jun/2024:18:13:19 +0200] "GET /storage/media/opel_corsa_d_valtoszoknya.jpg HTTP/1.1" 200 15367 "https://www.royaltuning.hu/" "Mozilla/5.0 (Linux; Android 10; K) AppleWebKit/537.36 (KHTML, like Gecko) Chrome/126.0.0.0 Mobile Safari/537.36"
79.122.78.116 - - [26/Jun/2024:18:13:19 +0200] "GET /storage/media/opel_corsa_c_valtoszoknya_kezifekszoknya-1.jpg HTTP/1.1" 200 65078 "https://www.royaltuning.hu/" "Mozilla/5.0 (Linux; Android 10; K) AppleWebKit/537.36 (KHTML, like Gecko) Chrome/126.0.0.0 Mobile Safari/537.36"
79.122.78.116 - - [26/Jun/2024:18:13:19 +0200] "GET /storage/media/opel_crossland_X_valtoszoknya_valtogomb-1.jpg HTTP/1.1" 200 49826 "https://www.royaltuning.hu/" "Mozilla/5.0 (Linux; Android 10; K) AppleWebKit/537.36 (KHTML, like Gecko) Chrome/126.0.0.0 Mobile Safari/537.36"
79.122.78.116 - - [26/Jun/2024:18:13:19 +0200] "GET /storage/media/opel_crossland_X_valtoszoknya_valtogombok-1-scaled.jpg HTTP/1.1" 200 277795 "https://www.royaltuning.hu/" "Mozilla/5.0 (Linux; Android 10; K) AppleWebKit/537.36 (KHTML, like Gecko) Chrome/126.0.0.0 Mobile Safari/537.36"
69.63.184.4 - - [26/Jun/2024:18:13:19 +0200] "GET /storage/media/ajto_elvedo_csik-7.jpg HTTP/1.1" 200 82888 "https://royaltuning.hu/public/hu/termek/ajto-elvedo-atlatszo?fbclid=IwZXh0bgNhZW0CMTEAAR1FDYkhvU7xN4h02uLOJZpqLW730PYqNoLK7YlSCPfFAU3cI240r00mmhI_aem_HosHQuwRHtgH8ZsupNnizA" "facebookexternalhit/1.1 (+http://www.facebook.com/externalhit_uatext.php)"
69.63.184.16 - - [26/Jun/2024:18:13:19 +0200] "GET /storage/media/ajto_elvedo_csik-5.jpg HTTP/1.1" 200 10407 "https://royaltuning.hu/public/hu/termek/ajto-elvedo-atlatszo?fbclid=IwZXh0bgNhZW0CMTEAAR1FDYkhvU7xN4h02uLOJZpqLW730PYqNoLK7YlSCPfFAU3cI240r00mmhI_aem_HosHQuwRHtgH8ZsupNnizA" "facebookexternalhit/1.1 (+http://www.facebook.com/externalhit_uatext.php)"
69.63.184.16 - - [26/Jun/2024:18:13:19 +0200] "GET /storage/media/ajto_elvedo_csik-2.jpg HTTP/1.1" 200 36028 "https://royaltuning.hu/public/hu/termek/ajto-elvedo-atlatszo?fbclid=IwZXh0bgNhZW0CMTEAAR1FDYkhvU7xN4h02uLOJZpqLW730PYqNoLK7YlSCPfFAU3cI240r00mmhI_aem_HosHQuwRHtgH8ZsupNnizA" "facebookexternalhit/1.1 (+http://www.facebook.com/externalhit_uatext.php)"
69.63.184.4 - - [26/Jun/2024:18:13:19 +0200] "GET /public/themes/storefront/public/js/flatpickr.js?v=3.1.0 HTTP/1.1" 200 65517 "https://royaltuning.hu/public/hu/termek/ajto-elvedo-atlatszo?fbclid=IwZXh0bgNhZW0CMTEAAR1FDYkhvU7xN4h02uLOJZpqLW730PYqNoLK7YlSCPfFAU3cI240r00mmhI_aem_HosHQuwRHtgH8ZsupNnizA" "facebookexternalhit/1.1 (+http://www.facebook.com/externalhit_uatext.php)"
69.63.184.16 - - [26/Jun/2024:18:13:19 +0200] "GET /public/vendor/cookie-consent/js/cookie-consent.js HTTP/1.1" 200 11136 "https://royaltuning.hu/public/hu/termek/ajto-elvedo-atlatszo?fbclid=IwZXh0bgNhZW0CMTEAAR1FDYkhvU7xN4h02uLOJZpqLW730PYqNoLK7YlSCPfFAU3cI240r00mmhI_aem_HosHQuwRHtgH8ZsupNnizA" "facebookexternalhit/1.1 (+http://www.facebook.com/externalhit_uatext.php)"
69.63.184.16 - - [26/Jun/2024:18:13:19 +0200] "GET /storage/media/ajto_elvedo_csik-3.jpg HTTP/1.1" 200 43488 "https://royaltuning.hu/public/hu/termek/ajto-elvedo-atlatszo?fbclid=IwZXh0bgNhZW0CMTEAAR1FDYkhvU7xN4h02uLOJZpqLW730PYqNoLK7YlSCPfFAU3cI240r00mmhI_aem_HosHQuwRHtgH8ZsupNnizA" "facebookexternalhit/1.1 (+http://www.facebook.com/externalhit_uatext.php)"
69.63.184.4 - - [26/Jun/2024:18:13:19 +0200] "GET /storage/media/ajto_elvedo_csik-4.jpg HTTP/1.1" 200 40526 "https://royaltuning.hu/public/hu/termek/ajto-elvedo-atlatszo?fbclid=IwZXh0bgNhZW0CMTEAAR1FDYkhvU7xN4h02uLOJZpqLW730PYqNoLK7YlSCPfFAU3cI240r00mmhI_aem_HosHQuwRHtgH8ZsupNnizA" "facebookexternalhit/1.1 (+http://www.facebook.com/externalhit_uatext.php)"
69.63.184.16 - - [26/Jun/2024:18:13:19 +0200] "GET /public/themes/storefront/public/js/app.js?v=3.1.0 HTTP/1.1" 200 979893 "https://royaltuning.hu/public/hu/termek/ajto-elvedo-atlatszo?fbclid=IwZXh0bgNhZW0CMTEAAR1FDYkhvU7xN4h02uLOJZpqLW730PYqNoLK7YlSCPfFAU3cI240r00mmhI_aem_HosHQuwRHtgH8ZsupNnizA" "facebookexternalhit/1.1 (+http://www.facebook.com/externalhit_uatext.php)"
69.63.184.16 - - [26/Jun/2024:18:13:20 +0200] "GET /storage/media/ajto_elvedo_csik-6.jpg HTTP/1.1" 200 30205 "https://royaltuning.hu/public/hu/termek/ajto-elvedo-atlatszo?fbclid=IwZXh0bgNhZW0CMTEAAR1FDYkhvU7xN4h02uLOJZpqLW730PYqNoLK7YlSCPfFAU3cI240r00mmhI_aem_HosHQuwRHtgH8ZsupNnizA" "facebookexternalhit/1.1 (+http://www.facebook.com/externalhit_uatext.php)"
69.63.184.4 - - [26/Jun/2024:18:13:20 +0200] "GET /storage/media/c0t7luzASFx7EVSpbCjKOjfFo89DRMqzfBVMmmvt.png HTTP/1.1" 200 18256 "https://royaltuning.hu/public/hu/termek/ajto-elvedo-atlatszo?fbclid=IwZXh0bgNhZW0CMTEAAR1FDYkhvU7xN4h02uLOJZpqLW730PYqNoLK7YlSCPfFAU3cI240r00mmhI_aem_HosHQuwRHtgH8ZsupNnizA" "facebookexternalhit/1.1 (+http://www.facebook.com/externalhit_uatext.php)"
37.76.38.95 - - [26/Jun/2024:18:13:20 +0200] "GET /public/themes/storefront/public/js/app.js?v=3.1.0 HTTP/1.1" 200 979893 "https://royaltuning.hu/public/hu/termekkategoria/menetfenyekvilagitas-technika" "Mozilla/5.0 (Linux; Android 10; K) AppleWebKit/537.36 (KHTML, like Gecko) Chrome/126.0.0.0 Mobile Safari/537.36"
69.63.184.16 - - [26/Jun/2024:18:13:20 +0200] "GET /wp-content/uploads/2021/03/ajto_elvedo_csik-2-500x500.jpg HTTP/1.1" 200 18669 "https://royaltuning.hu/public/hu/termek/ajto-elvedo-atlatszo?fbclid=IwZXh0bgNhZW0CMTEAAR1FDYkhvU7xN4h02uLOJZpqLW730PYqNoLK7YlSCPfFAU3cI240r00mmhI_aem_HosHQuwRHtgH8ZsupNnizA" "facebookexternalhit/1.1 (+http://www.facebook.com/externalhit_uatext.php)"
69.63.184.4 - - [26/Jun/2024:18:13:20 +0200] "GET /wp-content/uploads/2021/03/ajto_elvedo_csik-3-500x500.jpg HTTP/1.1" 200 15568 "https://royaltuning.hu/public/hu/termek/ajto-elvedo-atlatszo?fbclid=IwZXh0bgNhZW0CMTEAAR1FDYkhvU7xN4h02uLOJZpqLW730PYqNoLK7YlSCPfFAU3cI240r00mmhI_aem_HosHQuwRHtgH8ZsupNnizA" "facebookexternalhit/1.1 (+http://www.facebook.com/externalhit_uatext.php)"
69.63.184.16 - - [26/Jun/2024:18:13:20 +0200] "GET /wp-content/uploads/2021/03/ajto_elvedo_csik-7-500x500.jpg HTTP/1.1" 200 34598 "https://royaltuning.hu/public/hu/termek/ajto-elvedo-atlatszo?fbclid=IwZXh0bgNhZW0CMTEAAR1FDYkhvU7xN4h02uLOJZpqLW730PYqNoLK7YlSCPfFAU3cI240r00mmhI_aem_HosHQuwRHtgH8ZsupNnizA" "facebookexternalhit/1.1 (+http://www.facebook.com/externalhit_uatext.php)"
69.63.184.4 - - [26/Jun/2024:18:13:20 +0200] "GET /public/captcha/image?_=201361902 HTTP/1.1" 503 - "https://royaltuning.hu/public/hu/termek/ajto-elvedo-atlatszo?fbclid=IwZXh0bgNhZW0CMTEAAR1FDYkhvU7xN4h02uLOJZpqLW730PYqNoLK7YlSCPfFAU3cI240r00mmhI_aem_HosHQuwRHtgH8ZsupNnizA" "facebookexternalhit/1.1 (+http://www.facebook.com/externalhit_uatext.php)"
79.122.78.116 - - [26/Jun/2024:18:13:20 +0200] "GET /storage/media/c0t7luzASFx7EVSpbCjKOjfFo89DRMqzfBVMmmvt.png HTTP/1.1" 200 18256 "https://www.royaltuning.hu/" "Mozilla/5.0 (Linux; Android 10; K) AppleWebKit/537.36 (KHTML, like Gecko) Chrome/126.0.0.0 Mobile Safari/537.36"
69.63.184.16 - - [26/Jun/2024:18:13:20 +0200] "GET /public/themes/storefront/public/fonts/la-solid-900.woff2 HTTP/1.1" 200 96652 "https://royaltuning.hu/public/themes/storefront/public/css/app.css?v=3.1.0" "facebookexternalhit/1.1 (+http://www.facebook.com/externalhit_uatext.php)"
69.63.184.16 - - [26/Jun/2024:18:13:21 +0200] "GET /public/hu/products/35241/reviews?page=1 HTTP/1.1" 503 - "https://royaltuning.hu/public/hu/termek/ajto-elvedo-atlatszo?fbclid=IwZXh0bgNhZW0CMTEAAR1FDYkhvU7xN4h02uLOJZpqLW730PYqNoLK7YlSCPfFAU3cI240r00mmhI_aem_HosHQuwRHtgH8ZsupNnizA" "facebookexternalhit/1.1 (+http://www.facebook.com/externalhit_uatext.php)"
37.76.38.95 - - [26/Jun/2024:18:13:21 +0200] "GET /public/hu/shop?query=&brand=&category=menetfenyekvilagitas-technika&tag=&fromPrice=0&toPrice=114990&sort=alphabetic&perPage=30&page=1 HTTP/1.1" 503 - "https://royaltuning.hu/public/hu/termekkategoria/menetfenyekvilagitas-technika" "Mozilla/5.0 (Linux; Android 10; K) AppleWebKit/537.36 (KHTML, like Gecko) Chrome/126.0.0.0 Mobile Safari/537.36"
69.63.184.16 - - [26/Jun/2024:18:13:21 +0200] "GET /public/themes/storefront/public/fonts/la-regular-400.woff2 HTTP/1.1" 200 12923 "https://royaltuning.hu/public/themes/storefront/public/css/app.css?v=3.1.0" "facebookexternalhit/1.1 (+http://www.facebook.com/externalhit_uatext.php)"
69.63.184.12 - - [26/Jun/2024:18:13:21 +0200] "GET /public/themes/storefront/public/fonts/la-brands-400.woff2 HTTP/1.1" 200 84805 "https://royaltuning.hu/public/themes/storefront/public/css/app.css?v=3.1.0" "facebookexternalhit/1.1 (+http://www.facebook.com/externalhit_uatext.php)"
69.63.184.16 - - [26/Jun/2024:18:13:21 +0200] "GET /public/themes/storefront/public/css/ajax-loader.gif HTTP/1.1" 200 4178 "https://royaltuning.hu/public/themes/storefront/public/css/app.css?v=3.1.0" "facebookexternalhit/1.1 (+http://www.facebook.com/externalhit_uatext.php)"
69.63.184.115 - - [26/Jun/2024:18:13:21 +0200] "GET /public/themes/storefront/public/images/arrow-black.png HTTP/1.1" 200 221 "https://royaltuning.hu/public/themes/storefront/public/css/app.css?v=3.1.0" "facebookexternalhit/1.1 (+http://www.facebook.com/externalhit_uatext.php)"
69.63.184.16 - - [26/Jun/2024:18:13:22 +0200] "GET /storage/media/LR8IfEu8TFdtixq0lkK2SomaSuyRv02mO7hPPjoL.jpg HTTP/1.1" 200 86609 "https://royaltuning.hu/public/hu/termek/ajto-elvedo-atlatszo?fbclid=IwZXh0bgNhZW0CMTEAAR1FDYkhvU7xN4h02uLOJZpqLW730PYqNoLK7YlSCPfFAU3cI240r00mmhI_aem_HosHQuwRHtgH8ZsupNnizA" "facebookexternalhit/1.1 (+http://www.facebook.com/externalhit_uatext.php)"
69.63.184.12 - - [26/Jun/2024:18:13:22 +0200] "GET /public/captcha/image?_=201361902 HTTP/1.1" 503 - "https://royaltuning.hu/public/hu/termek/ajto-elvedo-atlatszo?fbclid=IwZXh0bgNhZW0CMTEAAR1FDYkhvU7xN4h02uLOJZpqLW730PYqNoLK7YlSCPfFAU3cI240r00mmhI_aem_HosHQuwRHtgH8ZsupNnizA" "facebookexternalhit/1.1 (+http://www.facebook.com/externalhit_uatext.php)"
69.63.184.16 - - [26/Jun/2024:18:13:22 +0200] "GET /storage/media/kilincs_vedofolia-7.jpg HTTP/1.1" 200 25227 "https://royaltuning.hu/public/hu/termek/ajto-elvedo-atlatszo?fbclid=IwZXh0bgNhZW0CMTEAAR1FDYkhvU7xN4h02uLOJZpqLW730PYqNoLK7YlSCPfFAU3cI240r00mmhI_aem_HosHQuwRHtgH8ZsupNnizA" "facebookexternalhit/1.1 (+http://www.facebook.com/externalhit_uatext.php)"
69.63.184.115 - - [26/Jun/2024:18:13:22 +0200] "GET /storage/media/karosszeria_vedo_folia-1.jpg HTTP/1.1" 200 34342 "https://royaltuning.hu/public/hu/termek/ajto-elvedo-atlatszo?fbclid=IwZXh0bgNhZW0CMTEAAR1FDYkhvU7xN4h02uLOJZpqLW730PYqNoLK7YlSCPfFAU3cI240r00mmhI_aem_HosHQuwRHtgH8ZsupNnizA" "facebookexternalhit/1.1 (+http://www.facebook.com/externalhit_uatext.php)"
69.63.184.16 - - [26/Jun/2024:18:13:22 +0200] "GET /storage/media/UddUZ93l76aFbLoXkL7CemKImUyvGySMb4Rtvpp3.jpg HTTP/1.1" 200 160668 "https://royaltuning.hu/public/hu/termek/ajto-elvedo-atlatszo?fbclid=IwZXh0bgNhZW0CMTEAAR1FDYkhvU7xN4h02uLOJZpqLW730PYqNoLK7YlSCPfFAU3cI240r00mmhI_aem_HosHQuwRHtgH8ZsupNnizA" "facebookexternalhit/1.1 (+http://www.facebook.com/externalhit_uatext.php)"
69.63.184.115 - - [26/Jun/2024:18:13:22 +0200] "GET /storage/media/QnwWLqTYXYZBt0pnYYPSgh13vMZ3Tq8bqmOE5u0D.webp HTTP/1.1" 200 43302 "https://royaltuning.hu/public/hu/termek/ajto-elvedo-atlatszo?fbclid=IwZXh0bgNhZW0CMTEAAR1FDYkhvU7xN4h02uLOJZpqLW730PYqNoLK7YlSCPfFAU3cI240r00mmhI_aem_HosHQuwRHtgH8ZsupNnizA" "facebookexternalhit/1.1 (+http://www.facebook.com/externalhit_uatext.php)"
84.225.147.217 - - [26/Jun/2024:18:13:31 +0200] "GET /favicon.ico HTTP/1.1" 200 - "https://royaltuning.hu/hu/termekkategoria/autodiagnosztikai-eszkozok" "Mozilla/5.0 (Linux; Android 10; K) AppleWebKit/537.36 (KHTML, like Gecko) Chrome/126.0.0.0 Mobile Safari/537.36"
93.138.97.66 - - [26/Jun/2024:18:13:34 +0200] "POST /public/hu/cart/items?product_id=35241&qty=1 HTTP/1.1" 200 827 "https://royaltuning.hu/public/hu/termek/ajto-elvedo-atlatszo" "Mozilla/5.0 (Linux; Android 10; K) AppleWebKit/537.36 (KHTML, like Gecko) Chrome/126.0.0.0 Mobile Safari/537.36"
176.3.4.124 - - [26/Jun/2024:18:13:33 +0200] "GET /public/hu HTTP/1.1" 200 33055 "-" "Mozilla/5.0 (Macintosh; Intel Mac OS X 10_15_7) AppleWebKit/537.36 (KHTML, like Gecko) Chrome/126.0.0.0 Safari/537.36"
176.3.4.124 - - [26/Jun/2024:18:13:35 +0200] "GET /public/hu/storefront/flash-sale-products HTTP/1.1" 200 743 "https://royaltuning.hu/public/hu" "Mozilla/5.0 (Macintosh; Intel Mac OS X 10_15_7) AppleWebKit/537.36 (KHTML, like Gecko) Chrome/126.0.0.0 Safari/537.36"
176.3.4.124 - - [26/Jun/2024:18:13:35 +0200] "GET /public/hu/storefront/vertical-products/1 HTTP/1.1" 200 1807 "https://royaltuning.hu/public/hu" "Mozilla/5.0 (Macintosh; Intel Mac OS X 10_15_7) AppleWebKit/537.36 (KHTML, like Gecko) Chrome/126.0.0.0 Safari/537.36"
176.3.4.124 - - [26/Jun/2024:18:13:35 +0200] "GET /undefined HTTP/1.1" 302 204 "https://royaltuning.hu/public/hu" "Mozilla/5.0 (Macintosh; Intel Mac OS X 10_15_7) AppleWebKit/537.36 (KHTML, like Gecko) Chrome/126.0.0.0 Safari/537.36"
176.3.4.124 - - [26/Jun/2024:18:13:35 +0200] "GET /public/hu/storefront/vertical-products/3 HTTP/1.1" 200 1470 "https://royaltuning.hu/public/hu" "Mozilla/5.0 (Macintosh; Intel Mac OS X 10_15_7) AppleWebKit/537.36 (KHTML, like Gecko) Chrome/126.0.0.0 Safari/537.36"
176.3.4.124 - - [26/Jun/2024:18:13:35 +0200] "GET /public/hu/storefront/vertical-products/2 HTTP/1.1" 200 1528 "https://royaltuning.hu/public/hu" "Mozilla/5.0 (Macintosh; Intel Mac OS X 10_15_7) AppleWebKit/537.36 (KHTML, like Gecko) Chrome/126.0.0.0 Safari/537.36"
176.3.4.124 - - [26/Jun/2024:18:13:35 +0200] "GET /public/hu/storefront/featured-categories/1/products HTTP/1.1" 200 1714 "https://royaltuning.hu/public/hu" "Mozilla/5.0 (Macintosh; Intel Mac OS X 10_15_7) AppleWebKit/537.36 (KHTML, like Gecko) Chrome/126.0.0.0 Safari/537.36"
176.3.4.124 - - [26/Jun/2024:18:13:35 +0200] "GET /public/hu/storefront/tab-products/sections/2/tabs/1 HTTP/1.1" 200 1482 "https://royaltuning.hu/public/hu" "Mozilla/5.0 (Macintosh; Intel Mac OS X 10_15_7) AppleWebKit/537.36 (KHTML, like Gecko) Chrome/126.0.0.0 Safari/537.36"
176.3.4.124 - - [26/Jun/2024:18:13:35 +0200] "GET /hu/undefined HTTP/1.1" 200 30951 "https://royaltuning.hu/public/hu" "Mozilla/5.0 (Macintosh; Intel Mac OS X 10_15_7) AppleWebKit/537.36 (KHTML, like Gecko) Chrome/126.0.0.0 Safari/537.36"
194.176.248.96 - - [26/Jun/2024:18:13:37 +0200] "GET /termekkategoria/ledes-izzok/ba15s-p21w-izzok/?utm_source=facebook&utm_medium=cpc&utm_campaign=1kep_ba&fbclid=IwZXh0bgNhZW0BMAABHQnF7tg-ucpk3aQfj_0F3mqewXrJshXUad-QpBlQEsioxYdK5s7vHmJ-cQ_aem_WLbsy0Ni07a-R358qnHsBA&utm_id=23852086930760017&utm_content=23852793680270017&utm_term=23852754585850017 HTTP/1.1" 301 555 "http://m.facebook.com/" "Mozilla/5.0 (Linux; Android 13; M2101K9AG Build/TKQ1.221013.002; wv) AppleWebKit/537.36 (KHTML, like Gecko) Version/4.0 Chrome/126.0.6478.103 Mobile Safari/537.36 [FB_IAB/FB4A;FBAV/469.2.0.51.80;]"
194.176.248.96 - - [26/Jun/2024:18:13:37 +0200] "GET /public/termekkategoria/ledes-izzok/ba15s-p21w-izzok?utm_source=facebook&utm_medium=cpc&utm_campaign=1kep_ba&fbclid=IwZXh0bgNhZW0BMAABHQnF7tg-ucpk3aQfj_0F3mqewXrJshXUad-QpBlQEsioxYdK5s7vHmJ-cQ_aem_WLbsy0Ni07a-R358qnHsBA&utm_id=23852086930760017&utm_content=23852793680270017&utm_term=23852754585850017 HTTP/1.1" 302 434 "http://m.facebook.com/" "Mozilla/5.0 (Linux; Android 13; M2101K9AG Build/TKQ1.221013.002; wv) AppleWebKit/537.36 (KHTML, like Gecko) Version/4.0 Chrome/126.0.6478.103 Mobile Safari/537.36 [FB_IAB/FB4A;FBAV/469.2.0.51.80;]"
194.176.248.96 - - [26/Jun/2024:18:13:38 +0200] "GET /termekkategoria/ledes-izzok/ba15s-p21w-izzok/?utm_source=facebook&utm_medium=cpc&utm_campaign=1kep_ba&fbclid=IwZXh0bgNhZW0BMAABHQnF7tg-ucpk3aQfj_0F3mqewXrJshXUad-QpBlQEsioxYdK5s7vHmJ-cQ_aem_WLbsy0Ni07a-R358qnHsBA&utm_id=23852086930760017&utm_content=23852793680270017&utm_term=23852754585850017 HTTP/1.1" 301 555 "http://m.facebook.com/" "Mozilla/5.0 (Linux; Android 13; M2101K9AG Build/TKQ1.221013.002; wv) AppleWebKit/537.36 (KHTML, like Gecko) Version/4.0 Chrome/126.0.6478.103 Mobile Safari/537.36 [FB_IAB/FB4A;FBAV/469.2.0.51.80;] FBNV/1"
194.176.248.96 - - [26/Jun/2024:18:13:38 +0200] "GET /public/termekkategoria/ledes-izzok/ba15s-p21w-izzok?utm_source=facebook&utm_medium=cpc&utm_campaign=1kep_ba&fbclid=IwZXh0bgNhZW0BMAABHQnF7tg-ucpk3aQfj_0F3mqewXrJshXUad-QpBlQEsioxYdK5s7vHmJ-cQ_aem_WLbsy0Ni07a-R358qnHsBA&utm_id=23852086930760017&utm_content=23852793680270017&utm_term=23852754585850017 HTTP/1.1" 302 434 "http://m.facebook.com/" "Mozilla/5.0 (Linux; Android 13; M2101K9AG Build/TKQ1.221013.002; wv) AppleWebKit/537.36 (KHTML, like Gecko) Version/4.0 Chrome/126.0.6478.103 Mobile Safari/537.36 [FB_IAB/FB4A;FBAV/469.2.0.51.80;] FBNV/1"
194.176.248.96 - - [26/Jun/2024:18:13:37 +0200] "GET /public/hu/termekkategoria/ledes-izzok/ba15s-p21w-izzok?fbclid=IwZXh0bgNhZW0BMAABHQnF7tg-ucpk3aQfj_0F3mqewXrJshXUad-QpBlQEsioxYdK5s7vHmJ-cQ_aem_WLbsy0Ni07a-R358qnHsBA&utm_campaign=1kep_ba&utm_content=23852793680270017&utm_id=23852086930760017&utm_medium=cpc&utm_source=facebook&utm_term=23852754585850017 HTTP/1.1" 200 42882 "http://m.facebook.com/" "Mozilla/5.0 (Linux; Android 13; M2101K9AG Build/TKQ1.221013.002; wv) AppleWebKit/537.36 (KHTML, like Gecko) Version/4.0 Chrome/126.0.6478.103 Mobile Safari/537.36 [FB_IAB/FB4A;FBAV/469.2.0.51.80;]"
194.176.248.96 - - [26/Jun/2024:18:13:38 +0200] "GET /public/hu/termekkategoria/ledes-izzok/ba15s-p21w-izzok?fbclid=IwZXh0bgNhZW0BMAABHQnF7tg-ucpk3aQfj_0F3mqewXrJshXUad-QpBlQEsioxYdK5s7vHmJ-cQ_aem_WLbsy0Ni07a-R358qnHsBA&utm_campaign=1kep_ba&utm_content=23852793680270017&utm_id=23852086930760017&utm_medium=cpc&utm_source=facebook&utm_term=23852754585850017 HTTP/1.1" 200 42882 "http://m.facebook.com/" "Mozilla/5.0 (Linux; Android 13; M2101K9AG Build/TKQ1.221013.002; wv) AppleWebKit/537.36 (KHTML, like Gecko) Version/4.0 Chrome/126.0.6478.103 Mobile Safari/537.36 [FB_IAB/FB4A;FBAV/469.2.0.51.80;] FBNV/1"
93.138.97.66 - - [26/Jun/2024:18:13:38 +0200] "GET /public/hu/checkout HTTP/1.1" 200 41147 "https://royaltuning.hu/public/hu/termek/ajto-elvedo-atlatszo" "Mozilla/5.0 (Linux; Android 10; K) AppleWebKit/537.36 (KHTML, like Gecko) Chrome/126.0.0.0 Mobile Safari/537.36"
194.176.248.96 - - [26/Jun/2024:18:13:40 +0200] "GET /public/themes/storefront/public/css/app.css?v=3.1.0 HTTP/1.1" 200 72700 "https://royaltuning.hu/public/hu/termekkategoria/ledes-izzok/ba15s-p21w-izzok?fbclid=IwZXh0bgNhZW0BMAABHQnF7tg-ucpk3aQfj_0F3mqewXrJshXUad-QpBlQEsioxYdK5s7vHmJ-cQ_aem_WLbsy0Ni07a-R358qnHsBA&utm_campaign=1kep_ba&utm_content=23852793680270017&utm_id=23852086930760017&utm_medium=cpc&utm_source=facebook&utm_term=23852754585850017" "Mozilla/5.0 (Linux; Android 13; M2101K9AG Build/TKQ1.221013.002; wv) AppleWebKit/537.36 (KHTML, like Gecko) Version/4.0 Chrome/126.0.6478.103 Mobile Safari/537.36 [FB_IAB/FB4A;FBAV/469.2.0.51.80;] FBNV/1"
194.176.248.96 - - [26/Jun/2024:18:13:40 +0200] "GET /public/vendor/cookie-consent/css/cookie-consent.css HTTP/1.1" 200 990 "https://royaltuning.hu/public/hu/termekkategoria/ledes-izzok/ba15s-p21w-izzok?fbclid=IwZXh0bgNhZW0BMAABHQnF7tg-ucpk3aQfj_0F3mqewXrJshXUad-QpBlQEsioxYdK5s7vHmJ-cQ_aem_WLbsy0Ni07a-R358qnHsBA&utm_campaign=1kep_ba&utm_content=23852793680270017&utm_id=23852086930760017&utm_medium=cpc&utm_source=facebook&utm_term=23852754585850017" "Mozilla/5.0 (Linux; Android 13; M2101K9AG Build/TKQ1.221013.002; wv) AppleWebKit/537.36 (KHTML, like Gecko) Version/4.0 Chrome/126.0.6478.103 Mobile Safari/537.36 [FB_IAB/FB4A;FBAV/469.2.0.51.80;] FBNV/1"
194.176.248.96 - - [26/Jun/2024:18:13:40 +0200] "GET /storage/media/rpiKsmcVc59LwHHydMWZkR91adM4KGiqcvvmbod4.png HTTP/1.1" 200 17070 "https://royaltuning.hu/public/hu/termekkategoria/ledes-izzok/ba15s-p21w-izzok?fbclid=IwZXh0bgNhZW0BMAABHQnF7tg-ucpk3aQfj_0F3mqewXrJshXUad-QpBlQEsioxYdK5s7vHmJ-cQ_aem_WLbsy0Ni07a-R358qnHsBA&utm_campaign=1kep_ba&utm_content=23852793680270017&utm_id=23852086930760017&utm_medium=cpc&utm_source=facebook&utm_term=23852754585850017" "Mozilla/5.0 (Linux; Android 13; M2101K9AG Build/TKQ1.221013.002; wv) AppleWebKit/537.36 (KHTML, like Gecko) Version/4.0 Chrome/126.0.6478.103 Mobile Safari/537.36 [FB_IAB/FB4A;FBAV/469.2.0.51.80;] FBNV/1"
66.249.70.161 - - [26/Jun/2024:18:13:40 +0200] "GET /wp-content/uploads/2020/03/futheto-uleshuzat_uj-2-500x481.jpg HTTP/1.1" 304 - "-" "Googlebot-Image/1.0"
194.176.248.96 - - [26/Jun/2024:18:13:40 +0200] "GET /storage/media/LR8IfEu8TFdtixq0lkK2SomaSuyRv02mO7hPPjoL.jpg HTTP/1.1" 200 86609 "https://royaltuning.hu/public/hu/termekkategoria/ledes-izzok/ba15s-p21w-izzok?fbclid=IwZXh0bgNhZW0BMAABHQnF7tg-ucpk3aQfj_0F3mqewXrJshXUad-QpBlQEsioxYdK5s7vHmJ-cQ_aem_WLbsy0Ni07a-R358qnHsBA&utm_campaign=1kep_ba&utm_content=23852793680270017&utm_id=23852086930760017&utm_medium=cpc&utm_source=facebook&utm_term=23852754585850017" "Mozilla/5.0 (Linux; Android 13; M2101K9AG Build/TKQ1.221013.002; wv) AppleWebKit/537.36 (KHTML, like Gecko) Version/4.0 Chrome/126.0.6478.103 Mobile Safari/537.36 [FB_IAB/FB4A;FBAV/469.2.0.51.80;] FBNV/1"
194.176.248.96 - - [26/Jun/2024:18:13:40 +0200] "GET /public/themes/storefront/public/js/app.js?v=3.1.0 HTTP/1.1" 200 979893 "https://royaltuning.hu/public/hu/termekkategoria/ledes-izzok/ba15s-p21w-izzok?fbclid=IwZXh0bgNhZW0BMAABHQnF7tg-ucpk3aQfj_0F3mqewXrJshXUad-QpBlQEsioxYdK5s7vHmJ-cQ_aem_WLbsy0Ni07a-R358qnHsBA&utm_campaign=1kep_ba&utm_content=23852793680270017&utm_id=23852086930760017&utm_medium=cpc&utm_source=facebook&utm_term=23852754585850017" "Mozilla/5.0 (Linux; Android 13; M2101K9AG Build/TKQ1.221013.002; wv) AppleWebKit/537.36 (KHTML, like Gecko) Version/4.0 Chrome/126.0.6478.103 Mobile Safari/537.36 [FB_IAB/FB4A;FBAV/469.2.0.51.80;] FBNV/1"
194.176.248.96 - - [26/Jun/2024:18:13:40 +0200] "GET /public/vendor/cookie-consent/js/cookie-consent.js HTTP/1.1" 200 11136 "https://royaltuning.hu/public/hu/termekkategoria/ledes-izzok/ba15s-p21w-izzok?fbclid=IwZXh0bgNhZW0BMAABHQnF7tg-ucpk3aQfj_0F3mqewXrJshXUad-QpBlQEsioxYdK5s7vHmJ-cQ_aem_WLbsy0Ni07a-R358qnHsBA&utm_campaign=1kep_ba&utm_content=23852793680270017&utm_id=23852086930760017&utm_medium=cpc&utm_source=facebook&utm_term=23852754585850017" "Mozilla/5.0 (Linux; Android 13; M2101K9AG Build/TKQ1.221013.002; wv) AppleWebKit/537.36 (KHTML, like Gecko) Version/4.0 Chrome/126.0.6478.103 Mobile Safari/537.36 [FB_IAB/FB4A;FBAV/469.2.0.51.80;] FBNV/1"
93.138.97.66 - - [26/Jun/2024:18:13:40 +0200] "POST /public/hu/cart/shipping-method?shipping_method=flat_rate HTTP/1.1" 200 839 "https://royaltuning.hu/public/hu/checkout" "Mozilla/5.0 (Linux; Android 10; K) AppleWebKit/537.36 (KHTML, like Gecko) Chrome/126.0.0.0 Mobile Safari/537.36"
93.138.97.66 - - [26/Jun/2024:18:13:41 +0200] "POST /public/hu/cart/cod HTTP/1.1" 200 839 "https://royaltuning.hu/public/hu/checkout" "Mozilla/5.0 (Linux; Android 10; K) AppleWebKit/537.36 (KHTML, like Gecko) Chrome/126.0.0.0 Mobile Safari/537.36"
173.252.107.20 - - [26/Jun/2024:18:13:41 +0200] "GET /wp-content/uploads/2022/08/folyadekszivattyu_furohoz-1.jpg HTTP/1.1" 200 101637 "-" "facebookexternalhit/1.1 (+http://www.facebook.com/externalhit_uatext.php)"
93.138.97.66 - - [26/Jun/2024:18:13:41 +0200] "POST /public/hu/cart/taxes HTTP/1.1" 200 902 "https://royaltuning.hu/public/hu/checkout" "Mozilla/5.0 (Linux; Android 10; K) AppleWebKit/537.36 (KHTML, like Gecko) Chrome/126.0.0.0 Mobile Safari/537.36"
194.176.248.96 - - [26/Jun/2024:18:13:41 +0200] "GET /public/themes/storefront/public/images/arrow-black.png HTTP/1.1" 200 221 "https://royaltuning.hu/public/themes/storefront/public/css/app.css?v=3.1.0" "Mozilla/5.0 (Linux; Android 13; M2101K9AG Build/TKQ1.221013.002; wv) AppleWebKit/537.36 (KHTML, like Gecko) Version/4.0 Chrome/126.0.6478.103 Mobile Safari/537.36 [FB_IAB/FB4A;FBAV/469.2.0.51.80;] FBNV/1"
194.176.248.96 - - [26/Jun/2024:18:13:41 +0200] "GET /public/themes/storefront/public/fonts/la-solid-900.woff2 HTTP/1.1" 200 96652 "https://royaltuning.hu/public/themes/storefront/public/css/app.css?v=3.1.0" "Mozilla/5.0 (Linux; Android 13; M2101K9AG Build/TKQ1.221013.002; wv) AppleWebKit/537.36 (KHTML, like Gecko) Version/4.0 Chrome/126.0.6478.103 Mobile Safari/537.36 [FB_IAB/FB4A;FBAV/469.2.0.51.80;] FBNV/1"
194.176.248.96 - - [26/Jun/2024:18:13:42 +0200] "GET /public/themes/storefront/public/fonts/la-brands-400.woff2 HTTP/1.1" 200 84805 "https://royaltuning.hu/public/themes/storefront/public/css/app.css?v=3.1.0" "Mozilla/5.0 (Linux; Android 13; M2101K9AG Build/TKQ1.221013.002; wv) AppleWebKit/537.36 (KHTML, like Gecko) Version/4.0 Chrome/126.0.6478.103 Mobile Safari/537.36 [FB_IAB/FB4A;FBAV/469.2.0.51.80;] FBNV/1"
173.252.127.9 - - [26/Jun/2024:18:13:42 +0200] "GET /hu/termek/citroen-kulcshaz-csavaros?fbclid=IwZXh0bgNhZW0CMTEAAR3AX0BS72ae8zSCt1J0pQq3B8EiyAV0m8_dConFI_-OYqlV9WvjngZWy5c_aem_z-MHp0PdC-ieyHTUb_8V0g HTTP/1.1" 200 45120 "-" "facebookexternalhit/1.1 (+http://www.facebook.com/externalhit_uatext.php)"
173.252.127.16 - - [26/Jun/2024:18:13:44 +0200] "GET /storage/media/rpiKsmcVc59LwHHydMWZkR91adM4KGiqcvvmbod4.png HTTP/1.1" 200 17070 "https://royaltuning.hu/hu/termek/citroen-kulcshaz-csavaros?fbclid=IwZXh0bgNhZW0CMTEAAR3AX0BS72ae8zSCt1J0pQq3B8EiyAV0m8_dConFI_-OYqlV9WvjngZWy5c_aem_z-MHp0PdC-ieyHTUb_8V0g" "facebookexternalhit/1.1 (+http://www.facebook.com/externalhit_uatext.php)"
173.252.127.26 - - [26/Jun/2024:18:13:44 +0200] "GET /themes/storefront/public/css/app.css?v=3.1.0 HTTP/1.1" 200 72700 "https://royaltuning.hu/hu/termek/citroen-kulcshaz-csavaros?fbclid=IwZXh0bgNhZW0CMTEAAR3AX0BS72ae8zSCt1J0pQq3B8EiyAV0m8_dConFI_-OYqlV9WvjngZWy5c_aem_z-MHp0PdC-ieyHTUb_8V0g" "facebookexternalhit/1.1 (+http://www.facebook.com/externalhit_uatext.php)"
173.252.127.113 - - [26/Jun/2024:18:13:44 +0200] "GET /storage/media/citroen_kulcshaz_.jpg HTTP/1.1" 200 38893 "https://royaltuning.hu/hu/termek/citroen-kulcshaz-csavaros?fbclid=IwZXh0bgNhZW0CMTEAAR3AX0BS72ae8zSCt1J0pQq3B8EiyAV0m8_dConFI_-OYqlV9WvjngZWy5c_aem_z-MHp0PdC-ieyHTUb_8V0g" "facebookexternalhit/1.1 (+http://www.facebook.com/externalhit_uatext.php)"
173.252.127.114 - - [26/Jun/2024:18:13:44 +0200] "GET /vendor/cookie-consent/css/cookie-consent.css HTTP/1.1" 200 990 "https://royaltuning.hu/hu/termek/citroen-kulcshaz-csavaros?fbclid=IwZXh0bgNhZW0CMTEAAR3AX0BS72ae8zSCt1J0pQq3B8EiyAV0m8_dConFI_-OYqlV9WvjngZWy5c_aem_z-MHp0PdC-ieyHTUb_8V0g" "facebookexternalhit/1.1 (+http://www.facebook.com/externalhit_uatext.php)"
173.252.127.16 - - [26/Jun/2024:18:13:44 +0200] "GET /storage/media/citroen_kulcshaz-4-3.jpg HTTP/1.1" 200 42440 "https://royaltuning.hu/hu/termek/citroen-kulcshaz-csavaros?fbclid=IwZXh0bgNhZW0CMTEAAR3AX0BS72ae8zSCt1J0pQq3B8EiyAV0m8_dConFI_-OYqlV9WvjngZWy5c_aem_z-MHp0PdC-ieyHTUb_8V0g" "facebookexternalhit/1.1 (+http://www.facebook.com/externalhit_uatext.php)"
173.252.127.113 - - [26/Jun/2024:18:13:44 +0200] "GET /storage/media/citroen_kulcshaz-3.jpg HTTP/1.1" 200 38829 "https://royaltuning.hu/hu/termek/citroen-kulcshaz-csavaros?fbclid=IwZXh0bgNhZW0CMTEAAR3AX0BS72ae8zSCt1J0pQq3B8EiyAV0m8_dConFI_-OYqlV9WvjngZWy5c_aem_z-MHp0PdC-ieyHTUb_8V0g" "facebookexternalhit/1.1 (+http://www.facebook.com/externalhit_uatext.php)"
173.252.127.113 - - [26/Jun/2024:18:13:44 +0200] "GET /storage/media/citroen_kulcshaz-2.jpg HTTP/1.1" 200 65936 "https://royaltuning.hu/hu/termek/citroen-kulcshaz-csavaros?fbclid=IwZXh0bgNhZW0CMTEAAR3AX0BS72ae8zSCt1J0pQq3B8EiyAV0m8_dConFI_-OYqlV9WvjngZWy5c_aem_z-MHp0PdC-ieyHTUb_8V0g" "facebookexternalhit/1.1 (+http://www.facebook.com/externalhit_uatext.php)"
173.252.127.16 - - [26/Jun/2024:18:13:44 +0200] "GET /themes/storefront/public/js/flatpickr.js?v=3.1.0 HTTP/1.1" 200 65517 "https://royaltuning.hu/hu/termek/citroen-kulcshaz-csavaros?fbclid=IwZXh0bgNhZW0CMTEAAR3AX0BS72ae8zSCt1J0pQq3B8EiyAV0m8_dConFI_-OYqlV9WvjngZWy5c_aem_z-MHp0PdC-ieyHTUb_8V0g" "facebookexternalhit/1.1 (+http://www.facebook.com/externalhit_uatext.php)"
173.252.127.26 - - [26/Jun/2024:18:13:44 +0200] "GET /themes/storefront/public/js/app.js?v=3.1.0 HTTP/1.1" 200 979893 "https://royaltuning.hu/hu/termek/citroen-kulcshaz-csavaros?fbclid=IwZXh0bgNhZW0CMTEAAR3AX0BS72ae8zSCt1J0pQq3B8EiyAV0m8_dConFI_-OYqlV9WvjngZWy5c_aem_z-MHp0PdC-ieyHTUb_8V0g" "facebookexternalhit/1.1 (+http://www.facebook.com/externalhit_uatext.php)"
173.252.127.113 - - [26/Jun/2024:18:13:45 +0200] "GET /vendor/cookie-consent/js/cookie-consent.js HTTP/1.1" 200 11136 "https://royaltuning.hu/hu/termek/citroen-kulcshaz-csavaros?fbclid=IwZXh0bgNhZW0CMTEAAR3AX0BS72ae8zSCt1J0pQq3B8EiyAV0m8_dConFI_-OYqlV9WvjngZWy5c_aem_z-MHp0PdC-ieyHTUb_8V0g" "facebookexternalhit/1.1 (+http://www.facebook.com/externalhit_uatext.php)"
173.252.127.16 - - [26/Jun/2024:18:13:45 +0200] "GET /storage/media/kulcsszar_va2-1.jpg HTTP/1.1" 200 86784 "https://royaltuning.hu/hu/termek/citroen-kulcshaz-csavaros?fbclid=IwZXh0bgNhZW0CMTEAAR3AX0BS72ae8zSCt1J0pQq3B8EiyAV0m8_dConFI_-OYqlV9WvjngZWy5c_aem_z-MHp0PdC-ieyHTUb_8V0g" "facebookexternalhit/1.1 (+http://www.facebook.com/externalhit_uatext.php)"
173.252.127.113 - - [26/Jun/2024:18:13:45 +0200] "GET /storage/media/c0t7luzASFx7EVSpbCjKOjfFo89DRMqzfBVMmmvt.png HTTP/1.1" 200 18256 "https://royaltuning.hu/hu/termek/citroen-kulcshaz-csavaros?fbclid=IwZXh0bgNhZW0CMTEAAR3AX0BS72ae8zSCt1J0pQq3B8EiyAV0m8_dConFI_-OYqlV9WvjngZWy5c_aem_z-MHp0PdC-ieyHTUb_8V0g" "facebookexternalhit/1.1 (+http://www.facebook.com/externalhit_uatext.php)"
173.252.127.16 - - [26/Jun/2024:18:13:45 +0200] "GET /wp-content/uploads/2020/06/kulcsszar_va2-1.jpg HTTP/1.1" 200 86784 "https://royaltuning.hu/hu/termek/citroen-kulcshaz-csavaros?fbclid=IwZXh0bgNhZW0CMTEAAR3AX0BS72ae8zSCt1J0pQq3B8EiyAV0m8_dConFI_-OYqlV9WvjngZWy5c_aem_z-MHp0PdC-ieyHTUb_8V0g" "facebookexternalhit/1.1 (+http://www.facebook.com/externalhit_uatext.php)"
173.252.127.113 - - [26/Jun/2024:18:13:45 +0200] "GET /wp-content/uploads/2020/06/citroen_kulcshaz_.jpg HTTP/1.1" 200 38893 "https://royaltuning.hu/hu/termek/citroen-kulcshaz-csavaros?fbclid=IwZXh0bgNhZW0CMTEAAR3AX0BS72ae8zSCt1J0pQq3B8EiyAV0m8_dConFI_-OYqlV9WvjngZWy5c_aem_z-MHp0PdC-ieyHTUb_8V0g" "facebookexternalhit/1.1 (+http://www.facebook.com/externalhit_uatext.php)"
173.252.127.113 - - [26/Jun/2024:18:13:45 +0200] "GET /hu/products/4375/reviews?page=1 HTTP/1.1" 200 365 "https://royaltuning.hu/hu/termek/citroen-kulcshaz-csavaros?fbclid=IwZXh0bgNhZW0CMTEAAR3AX0BS72ae8zSCt1J0pQq3B8EiyAV0m8_dConFI_-OYqlV9WvjngZWy5c_aem_z-MHp0PdC-ieyHTUb_8V0g" "facebookexternalhit/1.1 (+http://www.facebook.com/externalhit_uatext.php)"
173.252.127.16 - - [26/Jun/2024:18:13:45 +0200] "GET /wp-content/uploads/2020/06/citroen_kulcshaz-3.jpg HTTP/1.1" 200 38829 "https://royaltuning.hu/hu/termek/citroen-kulcshaz-csavaros?fbclid=IwZXh0bgNhZW0CMTEAAR3AX0BS72ae8zSCt1J0pQq3B8EiyAV0m8_dConFI_-OYqlV9WvjngZWy5c_aem_z-MHp0PdC-ieyHTUb_8V0g" "facebookexternalhit/1.1 (+http://www.facebook.com/externalhit_uatext.php)"
93.138.97.66 - - [26/Jun/2024:18:13:45 +0200] "POST /public/hu/cart/taxes HTTP/1.1" 200 902 "https://royaltuning.hu/public/hu/checkout" "Mozilla/5.0 (Linux; Android 10; K) AppleWebKit/537.36 (KHTML, like Gecko) Chrome/126.0.0.0 Mobile Safari/537.36"
93.138.97.66 - - [26/Jun/2024:18:13:45 +0200] "POST /public/hu/cart/taxes HTTP/1.1" 200 902 "https://royaltuning.hu/public/hu/checkout" "Mozilla/5.0 (Linux; Android 10; K) AppleWebKit/537.36 (KHTML, like Gecko) Chrome/126.0.0.0 Mobile Safari/537.36"
173.252.127.16 - - [26/Jun/2024:18:13:46 +0200] "GET /themes/storefront/public/fonts/la-solid-900.woff2 HTTP/1.1" 200 96652 "https://royaltuning.hu/themes/storefront/public/css/app.css?v=3.1.0" "facebookexternalhit/1.1 (+http://www.facebook.com/externalhit_uatext.php)"
3.138.34.31 - - [26/Jun/2024:18:13:46 +0200] "GET /wp-content/uploads/2022/03/muterheles_50w-1-500x500.jpg HTTP/1.1" 200 35910 "-" "Mozilla/5.0 AppleWebKit/537.36 (KHTML, like Gecko; compatible; ClaudeBot/1.0; +claudebot@anthropic.com)"
173.252.127.16 - - [26/Jun/2024:18:13:46 +0200] "GET /themes/storefront/public/fonts/la-brands-400.woff2 HTTP/1.1" 200 84805 "https://royaltuning.hu/themes/storefront/public/css/app.css?v=3.1.0" "facebookexternalhit/1.1 (+http://www.facebook.com/externalhit_uatext.php)"
173.252.127.17 - - [26/Jun/2024:18:13:46 +0200] "GET /themes/storefront/public/fonts/la-regular-400.woff2 HTTP/1.1" 200 12923 "https://royaltuning.hu/themes/storefront/public/css/app.css?v=3.1.0" "facebookexternalhit/1.1 (+http://www.facebook.com/externalhit_uatext.php)"
173.252.127.26 - - [26/Jun/2024:18:13:45 +0200] "GET /captcha/image?_=543660308 HTTP/1.1" 200 4813 "https://royaltuning.hu/hu/termek/citroen-kulcshaz-csavaros?fbclid=IwZXh0bgNhZW0CMTEAAR3AX0BS72ae8zSCt1J0pQq3B8EiyAV0m8_dConFI_-OYqlV9WvjngZWy5c_aem_z-MHp0PdC-ieyHTUb_8V0g" "facebookexternalhit/1.1 (+http://www.facebook.com/externalhit_uatext.php)"
173.252.127.17 - - [26/Jun/2024:18:13:48 +0200] "GET /themes/storefront/public/images/arrow-black.png HTTP/1.1" 200 221 "https://royaltuning.hu/themes/storefront/public/css/app.css?v=3.1.0" "facebookexternalhit/1.1 (+http://www.facebook.com/externalhit_uatext.php)"
173.252.127.26 - - [26/Jun/2024:18:13:48 +0200] "GET /themes/storefront/public/css/ajax-loader.gif HTTP/1.1" 200 4178 "https://royaltuning.hu/themes/storefront/public/css/app.css?v=3.1.0" "facebookexternalhit/1.1 (+http://www.facebook.com/externalhit_uatext.php)"
84.225.147.217 - - [26/Jun/2024:18:13:47 +0200] "GET /hu/termekkategoria/autodiagnosztikai-kiegeszitok HTTP/1.1" 200 41735 "https://royaltuning.hu/hu/termekkategoria/karbon-es-karosszeria-foliak" "Mozilla/5.0 (Linux; Android 10; K) AppleWebKit/537.36 (KHTML, like Gecko) Chrome/126.0.0.0 Mobile Safari/537.36"
173.252.127.26 - - [26/Jun/2024:18:13:48 +0200] "GET /storage/media/LR8IfEu8TFdtixq0lkK2SomaSuyRv02mO7hPPjoL.jpg HTTP/1.1" 200 86609 "https://royaltuning.hu/hu/termek/citroen-kulcshaz-csavaros?fbclid=IwZXh0bgNhZW0CMTEAAR3AX0BS72ae8zSCt1J0pQq3B8EiyAV0m8_dConFI_-OYqlV9WvjngZWy5c_aem_z-MHp0PdC-ieyHTUb_8V0g" "facebookexternalhit/1.1 (+http://www.facebook.com/externalhit_uatext.php)"
84.225.147.217 - - [26/Jun/2024:18:13:48 +0200] "GET /hu/shop?query=&brand=&category=autodiagnosztikai-kiegeszitok&tag=&fromPrice=0&toPrice=114990&sort=alphabetic&perPage=30&page=1 HTTP/1.1" 200 1423 "https://royaltuning.hu/hu/termekkategoria/autodiagnosztikai-kiegeszitok" "Mozilla/5.0 (Linux; Android 10; K) AppleWebKit/537.36 (KHTML, like Gecko) Chrome/126.0.0.0 Mobile Safari/537.36"
84.225.147.217 - - [26/Jun/2024:18:13:48 +0200] "GET /storage/media/endoszkop_kamera-2-1.jpg HTTP/1.1" 200 79818 "https://royaltuning.hu/hu/termekkategoria/autodiagnosztikai-kiegeszitok" "Mozilla/5.0 (Linux; Android 10; K) AppleWebKit/537.36 (KHTML, like Gecko) Chrome/126.0.0.0 Mobile Safari/537.36"
84.225.147.217 - - [26/Jun/2024:18:13:48 +0200] "GET /storage/media/endoszkop_kamera_keszlet_kijelzovel-1.jpg HTTP/1.1" 200 200116 "https://royaltuning.hu/hu/termekkategoria/autodiagnosztikai-kiegeszitok" "Mozilla/5.0 (Linux; Android 10; K) AppleWebKit/537.36 (KHTML, like Gecko) Chrome/126.0.0.0 Mobile Safari/537.36"
84.225.147.217 - - [26/Jun/2024:18:13:49 +0200] "GET /storage/media/feszultsegmero-3.jpg HTTP/1.1" 200 37035 "https://royaltuning.hu/hu/termekkategoria/autodiagnosztikai-kiegeszitok" "Mozilla/5.0 (Linux; Android 10; K) AppleWebKit/537.36 (KHTML, like Gecko) Chrome/126.0.0.0 Mobile Safari/537.36"
84.225.147.217 - - [26/Jun/2024:18:13:49 +0200] "GET /storage/media/fejlampa_eros_ledes_fejpant-8.jpg HTTP/1.1" 200 177924 "https://royaltuning.hu/hu/termekkategoria/autodiagnosztikai-kiegeszitok" "Mozilla/5.0 (Linux; Android 10; K) AppleWebKit/537.36 (KHTML, like Gecko) Chrome/126.0.0.0 Mobile Safari/537.36"
84.225.147.217 - - [26/Jun/2024:18:13:49 +0200] "GET /storage/media/fekfolyadek_teszter-1-1.jpg HTTP/1.1" 200 80276 "https://royaltuning.hu/hu/termekkategoria/autodiagnosztikai-kiegeszitok" "Mozilla/5.0 (Linux; Android 10; K) AppleWebKit/537.36 (KHTML, like Gecko) Chrome/126.0.0.0 Mobile Safari/537.36"
84.225.147.217 - - [26/Jun/2024:18:13:49 +0200] "GET /storage/media/magneses_kiszedo-1.jpg HTTP/1.1" 200 32865 "https://royaltuning.hu/hu/termekkategoria/autodiagnosztikai-kiegeszitok" "Mozilla/5.0 (Linux; Android 10; K) AppleWebKit/537.36 (KHTML, like Gecko) Chrome/126.0.0.0 Mobile Safari/537.36"
84.225.147.217 - - [26/Jun/2024:18:13:49 +0200] "GET /storage/media/feszultseg_meroora.jpg HTTP/1.1" 200 242709 "https://royaltuning.hu/hu/termekkategoria/autodiagnosztikai-kiegeszitok" "Mozilla/5.0 (Linux; Android 10; K) AppleWebKit/537.36 (KHTML, like Gecko) Chrome/126.0.0.0 Mobile Safari/537.36"
84.225.147.217 - - [26/Jun/2024:18:13:49 +0200] "GET /storage/media/fazisceruza_feszultsegmero_voltmero_kijelzo-1.jpg HTTP/1.1" 200 222988 "https://royaltuning.hu/hu/termekkategoria/autodiagnosztikai-kiegeszitok" "Mozilla/5.0 (Linux; Android 10; K) AppleWebKit/537.36 (KHTML, like Gecko) Chrome/126.0.0.0 Mobile Safari/537.36"
173.252.127.112 - - [26/Jun/2024:18:13:52 +0200] "GET /storage/media/c0t7luzASFx7EVSpbCjKOjfFo89DRMqzfBVMmmvt.png HTTP/1.1" 200 18256 "https://royaltuning.hu/hu/termek/citroen-kulcshaz-csavaros?fbclid=IwZXh0bgNhZW0CMTEAAR3AX0BS72ae8zSCt1J0pQq3B8EiyAV0m8_dConFI_-OYqlV9WvjngZWy5c_aem_z-MHp0PdC-ieyHTUb_8V0g" "facebookexternalhit/1.1 (+http://www.facebook.com/externalhit_uatext.php)"
176.3.4.124 - - [26/Jun/2024:18:13:56 +0200] "GET / HTTP/1.1" 302 197 "-" "Mozilla/5.0 (Macintosh; Intel Mac OS X 10_15_7) AppleWebKit/537.36 (KHTML, like Gecko) Chrome/126.0.0.0 Safari/537.36"
176.3.4.124 - - [26/Jun/2024:18:13:58 +0200] "GET /hu/storefront/flash-sale-products HTTP/1.1" 200 743 "https://royaltuning.hu/hu" "Mozilla/5.0 (Macintosh; Intel Mac OS X 10_15_7) AppleWebKit/537.36 (KHTML, like Gecko) Chrome/126.0.0.0 Safari/537.36"
176.3.4.124 - - [26/Jun/2024:18:13:58 +0200] "GET /hu/storefront/vertical-products/3 HTTP/1.1" 200 1470 "https://royaltuning.hu/hu" "Mozilla/5.0 (Macintosh; Intel Mac OS X 10_15_7) AppleWebKit/537.36 (KHTML, like Gecko) Chrome/126.0.0.0 Safari/537.36"
176.3.4.124 - - [26/Jun/2024:18:13:58 +0200] "GET /hu/storefront/vertical-products/1 HTTP/1.1" 200 1807 "https://royaltuning.hu/hu" "Mozilla/5.0 (Macintosh; Intel Mac OS X 10_15_7) AppleWebKit/537.36 (KHTML, like Gecko) Chrome/126.0.0.0 Safari/537.36"
176.3.4.124 - - [26/Jun/2024:18:13:58 +0200] "GET /hu/storefront/featured-categories/1/products HTTP/1.1" 200 1714 "https://royaltuning.hu/hu" "Mozilla/5.0 (Macintosh; Intel Mac OS X 10_15_7) AppleWebKit/537.36 (KHTML, like Gecko) Chrome/126.0.0.0 Safari/537.36"
176.3.4.124 - - [26/Jun/2024:18:13:58 +0200] "GET /hu/storefront/vertical-products/2 HTTP/1.1" 200 1528 "https://royaltuning.hu/hu" "Mozilla/5.0 (Macintosh; Intel Mac OS X 10_15_7) AppleWebKit/537.36 (KHTML, like Gecko) Chrome/126.0.0.0 Safari/537.36"
176.3.4.124 - - [26/Jun/2024:18:13:58 +0200] "GET /hu/storefront/tab-products/sections/2/tabs/1 HTTP/1.1" 200 1482 "https://royaltuning.hu/hu" "Mozilla/5.0 (Macintosh; Intel Mac OS X 10_15_7) AppleWebKit/537.36 (KHTML, like Gecko) Chrome/126.0.0.0 Safari/537.36"
176.3.4.124 - - [26/Jun/2024:18:13:58 +0200] "GET /undefined HTTP/1.1" 302 204 "https://royaltuning.hu/hu" "Mozilla/5.0 (Macintosh; Intel Mac OS X 10_15_7) AppleWebKit/537.36 (KHTML, like Gecko) Chrome/126.0.0.0 Safari/537.36"
176.3.4.124 - - [26/Jun/2024:18:13:58 +0200] "GET /hu/undefined HTTP/1.1" 200 30951 "https://royaltuning.hu/hu" "Mozilla/5.0 (Macintosh; Intel Mac OS X 10_15_7) AppleWebKit/537.36 (KHTML, like Gecko) Chrome/126.0.0.0 Safari/537.36"
66.249.64.35 - - [26/Jun/2024:18:14:00 +0200] "GET /captcha/image?_=565897180?_= HTTP/1.1" 200 6922 "-" "Mozilla/5.0 (Linux; Android 6.0.1; Nexus 5X Build/MMB29P) AppleWebKit/537.36 (KHTML, like Gecko) Chrome/125.0.6422.175 Mobile Safari/537.36 (compatible; Googlebot/2.1; +http://www.google.com/bot.html)"
66.220.149.115 - - [26/Jun/2024:18:14:04 +0200] "GET /public/termek/h7-led-izzo-strongr-series-2db HTTP/1.1" 302 526 "-" "facebookexternalhit/1.1 (+http://www.facebook.com/externalhit_uatext.php)"
66.249.70.162 - - [26/Jun/2024:18:14:08 +0200] "GET /public/termek/belteri-antenna-erositett HTTP/1.1" 302 223 "-" "Mozilla/5.0 (Linux; Android 6.0.1; Nexus 5X Build/MMB29P) AppleWebKit/537.36 (KHTML, like Gecko) Chrome/125.0.6422.175 Mobile Safari/537.36 (compatible; Googlebot/2.1; +http://www.google.com/bot.html)"
66.249.70.161 - - [26/Jun/2024:18:14:08 +0200] "GET /public/hu/termek/belteri-antenna-erositett HTTP/1.1" 200 40139 "-" "Mozilla/5.0 (Linux; Android 6.0.1; Nexus 5X Build/MMB29P) AppleWebKit/537.36 (KHTML, like Gecko) Chrome/125.0.6422.175 Mobile Safari/537.36 (compatible; Googlebot/2.1; +http://www.google.com/bot.html)"
