69.63.184.4 - - [26/Jun/2024:17:54:17 +0200] "GET /public/hu/products/5066/reviews?page=1 HTTP/1.1" 200 235 "https://royaltuning.hu/public/hu/termek/kameleon-lampafolia?fbclid=IwZXh0bgNhZW0CMTEAAR0Hqrm0EFZkr1DdhwO9pe-f5LY3xJpjzYq0sSLIDv7lte8hz7PblYNprP8_aem_8yskf_W5QZDqZ-1DFqMGUw" "facebookexternalhit/1.1 (+http://www.facebook.com/externalhit_uatext.php)"
69.63.184.4 - - [26/Jun/2024:17:54:18 +0200] "GET /storage/media/lampafolia_felrakasa-2.jpg HTTP/1.1" 200 633213 "https://royaltuning.hu/public/hu/termek/kameleon-lampafolia?fbclid=IwZXh0bgNhZW0CMTEAAR0Hqrm0EFZkr1DdhwO9pe-f5LY3xJpjzYq0sSLIDv7lte8hz7PblYNprP8_aem_8yskf_W5QZDqZ-1DFqMGUw" "facebookexternalhit/1.1 (+http://www.facebook.com/externalhit_uatext.php)"
69.63.184.7 - - [26/Jun/2024:17:54:18 +0200] "GET /storage/media/c0t7luzASFx7EVSpbCjKOjfFo89DRMqzfBVMmmvt.png HTTP/1.1" 200 18256 "https://royaltuning.hu/public/hu/termek/kameleon-lampafolia?fbclid=IwZXh0bgNhZW0CMTEAAR0Hqrm0EFZkr1DdhwO9pe-f5LY3xJpjzYq0sSLIDv7lte8hz7PblYNprP8_aem_8yskf_W5QZDqZ-1DFqMGUw" "facebookexternalhit/1.1 (+http://www.facebook.com/externalhit_uatext.php)"
69.63.184.4 - - [26/Jun/2024:17:54:18 +0200] "GET /public/themes/storefront/public/fonts/la-solid-900.woff2 HTTP/1.1" 200 96652 "https://royaltuning.hu/public/themes/storefront/public/css/app.css?v=3.1.0" "facebookexternalhit/1.1 (+http://www.facebook.com/externalhit_uatext.php)"
69.63.184.7 - - [26/Jun/2024:17:54:18 +0200] "GET /public/themes/storefront/public/fonts/la-regular-400.woff2 HTTP/1.1" 200 12923 "https://royaltuning.hu/public/themes/storefront/public/css/app.css?v=3.1.0" "facebookexternalhit/1.1 (+http://www.facebook.com/externalhit_uatext.php)"
69.63.184.2 - - [26/Jun/2024:17:54:18 +0200] "GET /public/themes/storefront/public/fonts/la-brands-400.woff2 HTTP/1.1" 200 84805 "https://royaltuning.hu/public/themes/storefront/public/css/app.css?v=3.1.0" "facebookexternalhit/1.1 (+http://www.facebook.com/externalhit_uatext.php)"
69.63.184.4 - - [26/Jun/2024:17:54:18 +0200] "GET /public/themes/storefront/public/css/ajax-loader.gif HTTP/1.1" 200 4178 "https://royaltuning.hu/public/themes/storefront/public/css/app.css?v=3.1.0" "facebookexternalhit/1.1 (+http://www.facebook.com/externalhit_uatext.php)"
69.63.184.7 - - [26/Jun/2024:17:54:18 +0200] "GET /public/themes/storefront/public/images/arrow-black.png HTTP/1.1" 200 221 "https://royaltuning.hu/public/themes/storefront/public/css/app.css?v=3.1.0" "facebookexternalhit/1.1 (+http://www.facebook.com/externalhit_uatext.php)"
43.130.32.224 - - [26/Jun/2024:17:54:18 +0200] "GET /hu HTTP/1.1" 200 32933 "https://royaltuning.hu/" "Mozilla/5.0 (iPhone; CPU iPhone OS 13_2_3 like Mac OS X) AppleWebKit/605.1.15 (KHTML, like Gecko) Version/13.0.3 Mobile/15E148 Safari/604.1"
66.249.81.193 - - [26/Jun/2024:17:54:19 +0200] "GET /wp-content/uploads/2022/02/cropped-royaltuning_logo_512-1.png HTTP/1.1" 200 9918 "-" "Mozilla/5.0 (Windows NT 5.1; rv:11.0) Gecko Firefox/11.0 (via ggpht.com GoogleImageProxy)"
46.139.88.175 - - [26/Jun/2024:17:54:18 +0200] "GET /hu/termek/eu-pro-hibakod-olvaso-magyar-nyelvu HTTP/1.1" 200 44102 "https://royaltuning.hu/hu/termekkategoria/autodiagnosztikai-eszkozok/hibakod-olvasok" "Mozilla/5.0 (Windows NT 10.0; Win64; x64) AppleWebKit/537.36 (KHTML, like Gecko) Chrome/126.0.0.0 Safari/537.36"
46.139.88.175 - - [26/Jun/2024:17:54:19 +0200] "GET /storage/media/hibakod_olvaso-3.jpg HTTP/1.1" 200 91194 "https://royaltuning.hu/hu/termek/eu-pro-hibakod-olvaso-magyar-nyelvu" "Mozilla/5.0 (Windows NT 10.0; Win64; x64) AppleWebKit/537.36 (KHTML, like Gecko) Chrome/126.0.0.0 Safari/537.36"
46.139.88.175 - - [26/Jun/2024:17:54:19 +0200] "GET /storage/media/hibakod_olvaso-4.jpg HTTP/1.1" 200 18431 "https://royaltuning.hu/hu/termek/eu-pro-hibakod-olvaso-magyar-nyelvu" "Mozilla/5.0 (Windows NT 10.0; Win64; x64) AppleWebKit/537.36 (KHTML, like Gecko) Chrome/126.0.0.0 Safari/537.36"
46.139.88.175 - - [26/Jun/2024:17:54:19 +0200] "GET /storage/media/hibakod_olvaso-5.jpg HTTP/1.1" 200 63068 "https://royaltuning.hu/hu/termek/eu-pro-hibakod-olvaso-magyar-nyelvu" "Mozilla/5.0 (Windows NT 10.0; Win64; x64) AppleWebKit/537.36 (KHTML, like Gecko) Chrome/126.0.0.0 Safari/537.36"
46.139.88.175 - - [26/Jun/2024:17:54:19 +0200] "GET /storage/media/hibakod_olvaso-2.jpg HTTP/1.1" 200 23208 "https://royaltuning.hu/hu/termek/eu-pro-hibakod-olvaso-magyar-nyelvu" "Mozilla/5.0 (Windows NT 10.0; Win64; x64) AppleWebKit/537.36 (KHTML, like Gecko) Chrome/126.0.0.0 Safari/537.36"
46.139.88.175 - - [26/Jun/2024:17:54:19 +0200] "GET /themes/storefront/public/js/flatpickr.js?v=3.1.0 HTTP/1.1" 200 65517 "https://royaltuning.hu/hu/termek/eu-pro-hibakod-olvaso-magyar-nyelvu" "Mozilla/5.0 (Windows NT 10.0; Win64; x64) AppleWebKit/537.36 (KHTML, like Gecko) Chrome/126.0.0.0 Safari/537.36"
69.63.184.4 - - [26/Jun/2024:17:54:18 +0200] "GET /public/captcha/image?_=1331879532 HTTP/1.1" 200 3459 "https://royaltuning.hu/public/hu/termek/kameleon-lampafolia?fbclid=IwZXh0bgNhZW0CMTEAAR0Hqrm0EFZkr1DdhwO9pe-f5LY3xJpjzYq0sSLIDv7lte8hz7PblYNprP8_aem_8yskf_W5QZDqZ-1DFqMGUw" "facebookexternalhit/1.1 (+http://www.facebook.com/externalhit_uatext.php)"
46.139.88.175 - - [26/Jun/2024:17:54:19 +0200] "GET /hu/products/46375/reviews?page=1 HTTP/1.1" 200 233 "https://royaltuning.hu/hu/termek/eu-pro-hibakod-olvaso-magyar-nyelvu" "Mozilla/5.0 (Windows NT 10.0; Win64; x64) AppleWebKit/537.36 (KHTML, like Gecko) Chrome/126.0.0.0 Safari/537.36"
40.77.167.43 - - [26/Jun/2024:17:54:19 +0200] "GET /hu/Kipufogogaz-homerseklet-mero-d1137_2988415.htm?tab=description HTTP/1.1" 200 30995 "-" "Mozilla/5.0 AppleWebKit/537.36 (KHTML, like Gecko; compatible; bingbot/2.0; +http://www.bing.com/bingbot.htm) Chrome/116.0.1938.76 Safari/537.36"
66.220.149.36 - - [26/Jun/2024:17:54:20 +0200] "GET /storage/media/c0t7luzASFx7EVSpbCjKOjfFo89DRMqzfBVMmmvt.png HTTP/1.1" 200 18256 "https://www.royaltuning.hu/" "facebookexternalhit/1.1 (+http://www.facebook.com/externalhit_uatext.php)"
46.139.88.175 - - [26/Jun/2024:17:54:19 +0200] "GET /captcha/image?_=1781644520 HTTP/1.1" 200 5225 "https://royaltuning.hu/hu/termek/eu-pro-hibakod-olvaso-magyar-nyelvu" "Mozilla/5.0 (Windows NT 10.0; Win64; x64) AppleWebKit/537.36 (KHTML, like Gecko) Chrome/126.0.0.0 Safari/537.36"
69.63.184.4 - - [26/Jun/2024:17:54:21 +0200] "GET /storage/media/LR8IfEu8TFdtixq0lkK2SomaSuyRv02mO7hPPjoL.jpg HTTP/1.1" 200 86609 "https://royaltuning.hu/public/hu/termek/kameleon-lampafolia?fbclid=IwZXh0bgNhZW0CMTEAAR0Hqrm0EFZkr1DdhwO9pe-f5LY3xJpjzYq0sSLIDv7lte8hz7PblYNprP8_aem_8yskf_W5QZDqZ-1DFqMGUw" "facebookexternalhit/1.1 (+http://www.facebook.com/externalhit_uatext.php)"
69.63.184.7 - - [26/Jun/2024:17:54:21 +0200] "GET /storage/media/zsiroldo_spray_.jpg HTTP/1.1" 200 82575 "https://royaltuning.hu/public/hu/termek/kameleon-lampafolia?fbclid=IwZXh0bgNhZW0CMTEAAR0Hqrm0EFZkr1DdhwO9pe-f5LY3xJpjzYq0sSLIDv7lte8hz7PblYNprP8_aem_8yskf_W5QZDqZ-1DFqMGUw" "facebookexternalhit/1.1 (+http://www.facebook.com/externalhit_uatext.php)"
69.63.184.2 - - [26/Jun/2024:17:54:21 +0200] "GET /storage/media/vagokes_keszlet.jpg HTTP/1.1" 200 20539 "https://royaltuning.hu/public/hu/termek/kameleon-lampafolia?fbclid=IwZXh0bgNhZW0CMTEAAR0Hqrm0EFZkr1DdhwO9pe-f5LY3xJpjzYq0sSLIDv7lte8hz7PblYNprP8_aem_8yskf_W5QZDqZ-1DFqMGUw" "facebookexternalhit/1.1 (+http://www.facebook.com/externalhit_uatext.php)"
69.63.184.4 - - [26/Jun/2024:17:54:21 +0200] "GET /storage/media/autofolia_telepito_keszlet-1.jpg HTTP/1.1" 200 145911 "https://royaltuning.hu/public/hu/termek/kameleon-lampafolia?fbclid=IwZXh0bgNhZW0CMTEAAR0Hqrm0EFZkr1DdhwO9pe-f5LY3xJpjzYq0sSLIDv7lte8hz7PblYNprP8_aem_8yskf_W5QZDqZ-1DFqMGUw" "facebookexternalhit/1.1 (+http://www.facebook.com/externalhit_uatext.php)"
37.76.37.144 - - [26/Jun/2024:17:54:24 +0200] "GET /hu/suggestions?query=B HTTP/1.1" 200 805 "https://royaltuning.hu/hu/cart" "Mozilla/5.0 (iPhone; CPU iPhone OS 17_5_1 like Mac OS X) AppleWebKit/605.1.15 (KHTML, like Gecko) Version/17.5 Mobile/15E148 Safari/604.1"
37.76.37.144 - - [26/Jun/2024:17:54:24 +0200] "GET /storage/media/ketoldalu_ragaszto_csomag.jpg HTTP/1.1" 200 150224 "https://royaltuning.hu/hu/cart" "Mozilla/5.0 (iPhone; CPU iPhone OS 17_5_1 like Mac OS X) AppleWebKit/605.1.15 (KHTML, like Gecko) Version/17.5 Mobile/15E148 Safari/604.1"
37.76.37.144 - - [26/Jun/2024:17:54:24 +0200] "GET /storage/media/alfa_romeo_147_valtogomb-1.jpg HTTP/1.1" 200 47060 "https://royaltuning.hu/hu/cart" "Mozilla/5.0 (iPhone; CPU iPhone OS 17_5_1 like Mac OS X) AppleWebKit/605.1.15 (KHTML, like Gecko) Version/17.5 Mobile/15E148 Safari/604.1"
37.76.37.144 - - [26/Jun/2024:17:54:24 +0200] "GET /storage/media/alfa_romeo_159_valtogomb_5sebesseges-2.jpg HTTP/1.1" 200 11480 "https://royaltuning.hu/hu/cart" "Mozilla/5.0 (iPhone; CPU iPhone OS 17_5_1 like Mac OS X) AppleWebKit/605.1.15 (KHTML, like Gecko) Version/17.5 Mobile/15E148 Safari/604.1"
37.76.37.144 - - [26/Jun/2024:17:54:24 +0200] "GET /storage/media/ablaktorlo_javito-1.jpg HTTP/1.1" 200 71328 "https://royaltuning.hu/hu/cart" "Mozilla/5.0 (iPhone; CPU iPhone OS 17_5_1 like Mac OS X) AppleWebKit/605.1.15 (KHTML, like Gecko) Version/17.5 Mobile/15E148 Safari/604.1"
37.76.37.144 - - [26/Jun/2024:17:54:24 +0200] "GET /storage/media/alfa_romeo_147_valtoszoknya_valtogomb.jpg HTTP/1.1" 200 10177 "https://royaltuning.hu/hu/cart" "Mozilla/5.0 (iPhone; CPU iPhone OS 17_5_1 like Mac OS X) AppleWebKit/605.1.15 (KHTML, like Gecko) Version/17.5 Mobile/15E148 Safari/604.1"
37.76.37.144 - - [26/Jun/2024:17:54:24 +0200] "GET /storage/media/alfa_romeo_valtogomb_gt_147_156_166-4.jpg HTTP/1.1" 200 194076 "https://royaltuning.hu/hu/cart" "Mozilla/5.0 (iPhone; CPU iPhone OS 17_5_1 like Mac OS X) AppleWebKit/605.1.15 (KHTML, like Gecko) Version/17.5 Mobile/15E148 Safari/604.1"
37.76.37.144 - - [26/Jun/2024:17:54:24 +0200] "GET /storage/media/ajtokarpit_patent-1.jpg HTTP/1.1" 200 118760 "https://royaltuning.hu/hu/cart" "Mozilla/5.0 (iPhone; CPU iPhone OS 17_5_1 like Mac OS X) AppleWebKit/605.1.15 (KHTML, like Gecko) Version/17.5 Mobile/15E148 Safari/604.1"
37.76.37.144 - - [26/Jun/2024:17:54:25 +0200] "GET /storage/media/alfa_romeo_159_valtogomb_6sebesseges.jpg HTTP/1.1" 200 12071 "https://royaltuning.hu/hu/cart" "Mozilla/5.0 (iPhone; CPU iPhone OS 17_5_1 like Mac OS X) AppleWebKit/605.1.15 (KHTML, like Gecko) Version/17.5 Mobile/15E148 Safari/604.1"
37.76.37.144 - - [26/Jun/2024:17:54:24 +0200] "GET /hu/suggestions?query=Bl HTTP/1.1" 200 993 "https://royaltuning.hu/hu/cart" "Mozilla/5.0 (iPhone; CPU iPhone OS 17_5_1 like Mac OS X) AppleWebKit/605.1.15 (KHTML, like Gecko) Version/17.5 Mobile/15E148 Safari/604.1"
37.76.37.144 - - [26/Jun/2024:17:54:25 +0200] "GET /storage/media/alfa_romeo_bicskakulcs_2gombos-1.jpg HTTP/1.1" 200 36741 "https://royaltuning.hu/hu/cart" "Mozilla/5.0 (iPhone; CPU iPhone OS 17_5_1 like Mac OS X) AppleWebKit/605.1.15 (KHTML, like Gecko) Version/17.5 Mobile/15E148 Safari/604.1"
37.76.37.144 - - [26/Jun/2024:17:54:24 +0200] "GET /storage/media/alfa_romeo_valtogomb_gt_147_156_166-2.jpg HTTP/1.1" 200 295509 "https://royaltuning.hu/hu/cart" "Mozilla/5.0 (iPhone; CPU iPhone OS 17_5_1 like Mac OS X) AppleWebKit/605.1.15 (KHTML, like Gecko) Version/17.5 Mobile/15E148 Safari/604.1"
37.76.37.144 - - [26/Jun/2024:17:54:25 +0200] "GET /storage/media/ablak_sotetito_folia_15.jpg HTTP/1.1" 200 38520 "https://royaltuning.hu/hu/cart" "Mozilla/5.0 (iPhone; CPU iPhone OS 17_5_1 like Mac OS X) AppleWebKit/605.1.15 (KHTML, like Gecko) Version/17.5 Mobile/15E148 Safari/604.1"
37.76.37.144 - - [26/Jun/2024:17:54:25 +0200] "GET /storage/media/ablak_sotetito_folia_5-1.jpg HTTP/1.1" 200 53448 "https://royaltuning.hu/hu/cart" "Mozilla/5.0 (iPhone; CPU iPhone OS 17_5_1 like Mac OS X) AppleWebKit/605.1.15 (KHTML, like Gecko) Version/17.5 Mobile/15E148 Safari/604.1"
37.76.37.144 - - [26/Jun/2024:17:54:25 +0200] "GET /hu/suggestions?query=Blw HTTP/1.1" 200 59 "https://royaltuning.hu/hu/cart" "Mozilla/5.0 (iPhone; CPU iPhone OS 17_5_1 like Mac OS X) AppleWebKit/605.1.15 (KHTML, like Gecko) Version/17.5 Mobile/15E148 Safari/604.1"
37.76.37.144 - - [26/Jun/2024:17:54:25 +0200] "GET /storage/media/ablak_sotetito_folia_60.jpg HTTP/1.1" 200 38709 "https://royaltuning.hu/hu/cart" "Mozilla/5.0 (iPhone; CPU iPhone OS 17_5_1 like Mac OS X) AppleWebKit/605.1.15 (KHTML, like Gecko) Version/17.5 Mobile/15E148 Safari/604.1"
37.76.37.144 - - [26/Jun/2024:17:54:25 +0200] "GET /storage/media/ablak_sotetito_folia_25-.jpg HTTP/1.1" 200 56145 "https://royaltuning.hu/hu/cart" "Mozilla/5.0 (iPhone; CPU iPhone OS 17_5_1 like Mac OS X) AppleWebKit/605.1.15 (KHTML, like Gecko) Version/17.5 Mobile/15E148 Safari/604.1"
37.76.37.144 - - [26/Jun/2024:17:54:25 +0200] "GET /storage/media/autos_napellenzo_ablakra-1.jpg HTTP/1.1" 200 127553 "https://royaltuning.hu/hu/cart" "Mozilla/5.0 (iPhone; CPU iPhone OS 17_5_1 like Mac OS X) AppleWebKit/605.1.15 (KHTML, like Gecko) Version/17.5 Mobile/15E148 Safari/604.1"
37.76.37.144 - - [26/Jun/2024:17:54:25 +0200] "GET /storage/media/bluetooth_aux_adapter_-1.jpg HTTP/1.1" 200 300592 "https://royaltuning.hu/hu/cart" "Mozilla/5.0 (iPhone; CPU iPhone OS 17_5_1 like Mac OS X) AppleWebKit/605.1.15 (KHTML, like Gecko) Version/17.5 Mobile/15E148 Safari/604.1"
37.76.37.144 - - [26/Jun/2024:17:54:25 +0200] "GET /storage/media/rendszamtabla_tarto-1.jpg HTTP/1.1" 200 57118 "https://royaltuning.hu/hu/cart" "Mozilla/5.0 (iPhone; CPU iPhone OS 17_5_1 like Mac OS X) AppleWebKit/605.1.15 (KHTML, like Gecko) Version/17.5 Mobile/15E148 Safari/604.1"
37.76.37.144 - - [26/Jun/2024:17:54:25 +0200] "GET /storage/media/fiat_doblo_valtogomb-1.jpg HTTP/1.1" 200 9462 "https://royaltuning.hu/hu/cart" "Mozilla/5.0 (iPhone; CPU iPhone OS 17_5_1 like Mac OS X) AppleWebKit/605.1.15 (KHTML, like Gecko) Version/17.5 Mobile/15E148 Safari/604.1"
37.76.37.144 - - [26/Jun/2024:17:54:25 +0200] "GET /storage/media/vNX34vtpTqzTYdh7XzH3FgLKTagk1n3gsG2uInIG.jpg HTTP/1.1" 200 172737 "https://royaltuning.hu/hu/cart" "Mozilla/5.0 (iPhone; CPU iPhone OS 17_5_1 like Mac OS X) AppleWebKit/605.1.15 (KHTML, like Gecko) Version/17.5 Mobile/15E148 Safari/604.1"
66.249.70.160 - - [26/Jun/2024:17:54:25 +0200] "GET /termek/toyota-auris-valtoszoknya HTTP/1.1" 302 219 "-" "Mozilla/5.0 (Linux; Android 6.0.1; Nexus 5X Build/MMB29P) AppleWebKit/537.36 (KHTML, like Gecko) Chrome/125.0.6422.175 Mobile Safari/537.36 (compatible; Googlebot/2.1; +http://www.google.com/bot.html)"
37.76.37.144 - - [26/Jun/2024:17:54:25 +0200] "GET /hu/suggestions?query=Bl HTTP/1.1" 200 993 "https://royaltuning.hu/hu/cart" "Mozilla/5.0 (iPhone; CPU iPhone OS 17_5_1 like Mac OS X) AppleWebKit/605.1.15 (KHTML, like Gecko) Version/17.5 Mobile/15E148 Safari/604.1"
37.76.37.144 - - [26/Jun/2024:17:54:25 +0200] "GET /hu/suggestions?query=B HTTP/1.1" 200 805 "https://royaltuning.hu/hu/cart" "Mozilla/5.0 (iPhone; CPU iPhone OS 17_5_1 like Mac OS X) AppleWebKit/605.1.15 (KHTML, like Gecko) Version/17.5 Mobile/15E148 Safari/604.1"
94.21.162.55 - - [26/Jun/2024:17:54:25 +0200] "-" 408 - "-" "-"
94.21.162.55 - - [26/Jun/2024:17:54:26 +0200] "-" 408 - "-" "-"
94.21.162.55 - - [26/Jun/2024:17:54:26 +0200] "-" 408 - "-" "-"
37.76.37.144 - - [26/Jun/2024:17:54:26 +0200] "GET /hu/suggestions?query=Bm HTTP/1.1" 200 595 "https://royaltuning.hu/hu/cart" "Mozilla/5.0 (iPhone; CPU iPhone OS 17_5_1 like Mac OS X) AppleWebKit/605.1.15 (KHTML, like Gecko) Version/17.5 Mobile/15E148 Safari/604.1"
37.76.37.144 - - [26/Jun/2024:17:54:26 +0200] "GET /storage/media/BMW_1_valtogomb_valtoszoknya_5sebesseges-1.jpg HTTP/1.1" 200 36783 "https://royaltuning.hu/hu/cart" "Mozilla/5.0 (iPhone; CPU iPhone OS 17_5_1 like Mac OS X) AppleWebKit/605.1.15 (KHTML, like Gecko) Version/17.5 Mobile/15E148 Safari/604.1"
37.76.37.144 - - [26/Jun/2024:17:54:26 +0200] "GET /storage/media/BMW_e87_valtogomb_valtoszoknya-9.jpg HTTP/1.1" 200 95343 "https://royaltuning.hu/hu/cart" "Mozilla/5.0 (iPhone; CPU iPhone OS 17_5_1 like Mac OS X) AppleWebKit/605.1.15 (KHTML, like Gecko) Version/17.5 Mobile/15E148 Safari/604.1"
37.76.37.144 - - [26/Jun/2024:17:54:26 +0200] "GET /storage/media/BMW_e87_valtogomb_valtoszoknya-8.jpg HTTP/1.1" 200 95531 "https://royaltuning.hu/hu/cart" "Mozilla/5.0 (iPhone; CPU iPhone OS 17_5_1 like Mac OS X) AppleWebKit/605.1.15 (KHTML, like Gecko) Version/17.5 Mobile/15E148 Safari/604.1"
37.76.37.144 - - [26/Jun/2024:17:54:26 +0200] "GET /storage/media/BMW_1_valtogomb_valtoszoknya-2.jpg HTTP/1.1" 200 105167 "https://royaltuning.hu/hu/cart" "Mozilla/5.0 (iPhone; CPU iPhone OS 17_5_1 like Mac OS X) AppleWebKit/605.1.15 (KHTML, like Gecko) Version/17.5 Mobile/15E148 Safari/604.1"
37.76.37.144 - - [26/Jun/2024:17:54:26 +0200] "GET /hu/suggestions?query=Bmw HTTP/1.1" 200 594 "https://royaltuning.hu/hu/cart" "Mozilla/5.0 (iPhone; CPU iPhone OS 17_5_1 like Mac OS X) AppleWebKit/605.1.15 (KHTML, like Gecko) Version/17.5 Mobile/15E148 Safari/604.1"
37.76.37.144 - - [26/Jun/2024:17:54:26 +0200] "GET /storage/media/bmw_e81_valtoszoknya-1.jpg HTTP/1.1" 200 24743 "https://royaltuning.hu/hu/cart" "Mozilla/5.0 (iPhone; CPU iPhone OS 17_5_1 like Mac OS X) AppleWebKit/605.1.15 (KHTML, like Gecko) Version/17.5 Mobile/15E148 Safari/604.1"
37.76.37.144 - - [26/Jun/2024:17:54:26 +0200] "GET /storage/media/bmw_e36_valtoszoknya-2.jpg HTTP/1.1" 200 8536 "https://royaltuning.hu/hu/cart" "Mozilla/5.0 (iPhone; CPU iPhone OS 17_5_1 like Mac OS X) AppleWebKit/605.1.15 (KHTML, like Gecko) Version/17.5 Mobile/15E148 Safari/604.1"
37.76.37.144 - - [26/Jun/2024:17:54:26 +0200] "GET /storage/media/bmw_e36_valtoszoknya_valtogomb.jpg HTTP/1.1" 200 24813 "https://royaltuning.hu/hu/cart" "Mozilla/5.0 (iPhone; CPU iPhone OS 17_5_1 like Mac OS X) AppleWebKit/605.1.15 (KHTML, like Gecko) Version/17.5 Mobile/15E148 Safari/604.1"
37.76.37.144 - - [26/Jun/2024:17:54:26 +0200] "GET /storage/media/bmw_e39_valtoszoknya-1.jpg HTTP/1.1" 200 114166 "https://royaltuning.hu/hu/cart" "Mozilla/5.0 (iPhone; CPU iPhone OS 17_5_1 like Mac OS X) AppleWebKit/605.1.15 (KHTML, like Gecko) Version/17.5 Mobile/15E148 Safari/604.1"
37.76.37.144 - - [26/Jun/2024:17:54:26 +0200] "GET /storage/media/BMW_e39_valtoszoknya-3.jpg HTTP/1.1" 200 46827 "https://royaltuning.hu/hu/cart" "Mozilla/5.0 (iPhone; CPU iPhone OS 17_5_1 like Mac OS X) AppleWebKit/605.1.15 (KHTML, like Gecko) Version/17.5 Mobile/15E148 Safari/604.1"
37.76.37.144 - - [26/Jun/2024:17:54:26 +0200] "GET /storage/media/BMW_e39_valtoszoknya_valtogomb.jpg HTTP/1.1" 200 14616 "https://royaltuning.hu/hu/cart" "Mozilla/5.0 (iPhone; CPU iPhone OS 17_5_1 like Mac OS X) AppleWebKit/605.1.15 (KHTML, like Gecko) Version/17.5 Mobile/15E148 Safari/604.1"
66.249.70.160 - - [26/Jun/2024:17:54:26 +0200] "GET /hu/termek/toyota-auris-valtoszoknya HTTP/1.1" 200 44141 "-" "Mozilla/5.0 (Linux; Android 6.0.1; Nexus 5X Build/MMB29P) AppleWebKit/537.36 (KHTML, like Gecko) Chrome/125.0.6422.175 Mobile Safari/537.36 (compatible; Googlebot/2.1; +http://www.google.com/bot.html)"
185.174.16.141 - - [26/Jun/2024:17:54:27 +0200] "GET /termek/citroen-kulcshaz-pattintos?gad_source=1&gclid=CjwKCAjw-O6zBhASEiwAOHeGxQKg-hwB1go4_DZEw96_fwZMT7DZIdpnydjNiz6qZDo4Uz7J6L7NtBoCyrsQAvD_BwE HTTP/1.1" 302 331 "https://www.google.com/" "Mozilla/5.0 (Linux; Android 10; K) AppleWebKit/537.36 (KHTML, like Gecko) Chrome/123.0.0.0 Mobile Safari/537.36"
37.76.37.144 - - [26/Jun/2024:17:54:27 +0200] "GET /hu/suggestions?query=Bmw%20 HTTP/1.1" 200 594 "https://royaltuning.hu/hu/cart" "Mozilla/5.0 (iPhone; CPU iPhone OS 17_5_1 like Mac OS X) AppleWebKit/605.1.15 (KHTML, like Gecko) Version/17.5 Mobile/15E148 Safari/604.1"
158.220.122.17 - - [26/Jun/2024:17:54:27 +0200] "GET /public/hu/cart?_wpnonce=59a6f97f11&remove_item=37740d59bb0eb7b4493725b2e0e5289b HTTP/1.1" 200 36707 "-" "Mozilla/5.0 (compatible; MJ12bot/v1.4.8; http://mj12bot.com/)"
185.174.16.141 - - [26/Jun/2024:17:54:27 +0200] "GET /hu/termek/citroen-kulcshaz-pattintos?gad_source=1&gclid=CjwKCAjw-O6zBhASEiwAOHeGxQKg-hwB1go4_DZEw96_fwZMT7DZIdpnydjNiz6qZDo4Uz7J6L7NtBoCyrsQAvD_BwE HTTP/1.1" 200 44189 "https://www.google.com/" "Mozilla/5.0 (Linux; Android 10; K) AppleWebKit/537.36 (KHTML, like Gecko) Chrome/123.0.0.0 Mobile Safari/537.36"
185.174.16.141 - - [26/Jun/2024:17:54:29 +0200] "GET /vendor/cookie-consent/css/cookie-consent.css HTTP/1.1" 200 990 "https://royaltuning.hu/hu/termek/citroen-kulcshaz-pattintos?gad_source=1&gclid=CjwKCAjw-O6zBhASEiwAOHeGxQKg-hwB1go4_DZEw96_fwZMT7DZIdpnydjNiz6qZDo4Uz7J6L7NtBoCyrsQAvD_BwE" "Mozilla/5.0 (Linux; Android 10; K) AppleWebKit/537.36 (KHTML, like Gecko) Chrome/123.0.0.0 Mobile Safari/537.36"
185.174.16.141 - - [26/Jun/2024:17:54:29 +0200] "GET /themes/storefront/public/css/app.css?v=3.1.0 HTTP/1.1" 200 72700 "https://royaltuning.hu/hu/termek/citroen-kulcshaz-pattintos?gad_source=1&gclid=CjwKCAjw-O6zBhASEiwAOHeGxQKg-hwB1go4_DZEw96_fwZMT7DZIdpnydjNiz6qZDo4Uz7J6L7NtBoCyrsQAvD_BwE" "Mozilla/5.0 (Linux; Android 10; K) AppleWebKit/537.36 (KHTML, like Gecko) Chrome/123.0.0.0 Mobile Safari/537.36"
185.174.16.141 - - [26/Jun/2024:17:54:29 +0200] "GET /storage/media/citroen_kulcshaz_.jpg HTTP/1.1" 200 38893 "https://royaltuning.hu/hu/termek/citroen-kulcshaz-pattintos?gad_source=1&gclid=CjwKCAjw-O6zBhASEiwAOHeGxQKg-hwB1go4_DZEw96_fwZMT7DZIdpnydjNiz6qZDo4Uz7J6L7NtBoCyrsQAvD_BwE" "Mozilla/5.0 (Linux; Android 10; K) AppleWebKit/537.36 (KHTML, like Gecko) Chrome/123.0.0.0 Mobile Safari/537.36"
185.174.16.141 - - [26/Jun/2024:17:54:29 +0200] "GET /storage/media/rpiKsmcVc59LwHHydMWZkR91adM4KGiqcvvmbod4.png HTTP/1.1" 200 17070 "https://royaltuning.hu/hu/termek/citroen-kulcshaz-pattintos?gad_source=1&gclid=CjwKCAjw-O6zBhASEiwAOHeGxQKg-hwB1go4_DZEw96_fwZMT7DZIdpnydjNiz6qZDo4Uz7J6L7NtBoCyrsQAvD_BwE" "Mozilla/5.0 (Linux; Android 10; K) AppleWebKit/537.36 (KHTML, like Gecko) Chrome/123.0.0.0 Mobile Safari/537.36"
185.174.16.141 - - [26/Jun/2024:17:54:29 +0200] "GET /storage/media/citroen_kulcshaz-4-3.jpg HTTP/1.1" 200 42440 "https://royaltuning.hu/hu/termek/citroen-kulcshaz-pattintos?gad_source=1&gclid=CjwKCAjw-O6zBhASEiwAOHeGxQKg-hwB1go4_DZEw96_fwZMT7DZIdpnydjNiz6qZDo4Uz7J6L7NtBoCyrsQAvD_BwE" "Mozilla/5.0 (Linux; Android 10; K) AppleWebKit/537.36 (KHTML, like Gecko) Chrome/123.0.0.0 Mobile Safari/537.36"
185.174.16.141 - - [26/Jun/2024:17:54:29 +0200] "GET /vendor/cookie-consent/js/cookie-consent.js HTTP/1.1" 200 11136 "https://royaltuning.hu/hu/termek/citroen-kulcshaz-pattintos?gad_source=1&gclid=CjwKCAjw-O6zBhASEiwAOHeGxQKg-hwB1go4_DZEw96_fwZMT7DZIdpnydjNiz6qZDo4Uz7J6L7NtBoCyrsQAvD_BwE" "Mozilla/5.0 (Linux; Android 10; K) AppleWebKit/537.36 (KHTML, like Gecko) Chrome/123.0.0.0 Mobile Safari/537.36"
185.174.16.141 - - [26/Jun/2024:17:54:29 +0200] "GET /themes/storefront/public/js/flatpickr.js?v=3.1.0 HTTP/1.1" 200 65517 "https://royaltuning.hu/hu/termek/citroen-kulcshaz-pattintos?gad_source=1&gclid=CjwKCAjw-O6zBhASEiwAOHeGxQKg-hwB1go4_DZEw96_fwZMT7DZIdpnydjNiz6qZDo4Uz7J6L7NtBoCyrsQAvD_BwE" "Mozilla/5.0 (Linux; Android 10; K) AppleWebKit/537.36 (KHTML, like Gecko) Chrome/123.0.0.0 Mobile Safari/537.36"
185.174.16.141 - - [26/Jun/2024:17:54:29 +0200] "GET /themes/storefront/public/fonts/la-brands-400.woff2 HTTP/1.1" 200 84805 "https://royaltuning.hu/themes/storefront/public/css/app.css?v=3.1.0" "Mozilla/5.0 (Linux; Android 10; K) AppleWebKit/537.36 (KHTML, like Gecko) Chrome/123.0.0.0 Mobile Safari/537.36"
185.174.16.141 - - [26/Jun/2024:17:54:29 +0200] "GET /themes/storefront/public/images/arrow-black.png HTTP/1.1" 200 221 "https://royaltuning.hu/themes/storefront/public/css/app.css?v=3.1.0" "Mozilla/5.0 (Linux; Android 10; K) AppleWebKit/537.36 (KHTML, like Gecko) Chrome/123.0.0.0 Mobile Safari/537.36"
185.174.16.141 - - [26/Jun/2024:17:54:29 +0200] "GET /storage/media/citroen_kulcshaz_-2-3.jpg HTTP/1.1" 200 164593 "https://royaltuning.hu/hu/termek/citroen-kulcshaz-pattintos?gad_source=1&gclid=CjwKCAjw-O6zBhASEiwAOHeGxQKg-hwB1go4_DZEw96_fwZMT7DZIdpnydjNiz6qZDo4Uz7J6L7NtBoCyrsQAvD_BwE" "Mozilla/5.0 (Linux; Android 10; K) AppleWebKit/537.36 (KHTML, like Gecko) Chrome/123.0.0.0 Mobile Safari/537.36"
185.174.16.141 - - [26/Jun/2024:17:54:29 +0200] "GET /themes/storefront/public/fonts/la-solid-900.woff2 HTTP/1.1" 200 96652 "https://royaltuning.hu/themes/storefront/public/css/app.css?v=3.1.0" "Mozilla/5.0 (Linux; Android 10; K) AppleWebKit/537.36 (KHTML, like Gecko) Chrome/123.0.0.0 Mobile Safari/537.36"
37.76.37.144 - - [26/Jun/2024:17:54:29 +0200] "GET /hu/suggestions?query=Bmw%20e HTTP/1.1" 200 587 "https://royaltuning.hu/hu/cart" "Mozilla/5.0 (iPhone; CPU iPhone OS 17_5_1 like Mac OS X) AppleWebKit/605.1.15 (KHTML, like Gecko) Version/17.5 Mobile/15E148 Safari/604.1"
185.174.16.141 - - [26/Jun/2024:17:54:29 +0200] "GET /storage/media/c0t7luzASFx7EVSpbCjKOjfFo89DRMqzfBVMmmvt.png HTTP/1.1" 200 18256 "https://royaltuning.hu/hu/termek/citroen-kulcshaz-pattintos?gad_source=1&gclid=CjwKCAjw-O6zBhASEiwAOHeGxQKg-hwB1go4_DZEw96_fwZMT7DZIdpnydjNiz6qZDo4Uz7J6L7NtBoCyrsQAvD_BwE" "Mozilla/5.0 (Linux; Android 10; K) AppleWebKit/537.36 (KHTML, like Gecko) Chrome/123.0.0.0 Mobile Safari/537.36"
37.76.37.144 - - [26/Jun/2024:17:54:29 +0200] "GET /storage/media/BMW_e46_kezifekszoknya.jpg HTTP/1.1" 200 21319 "https://royaltuning.hu/hu/cart" "Mozilla/5.0 (iPhone; CPU iPhone OS 17_5_1 like Mac OS X) AppleWebKit/605.1.15 (KHTML, like Gecko) Version/17.5 Mobile/15E148 Safari/604.1"
37.76.37.144 - - [26/Jun/2024:17:54:30 +0200] "GET /storage/media/bmw_e60_valtoszoknya-1.jpg HTTP/1.1" 200 17851 "https://royaltuning.hu/hu/cart" "Mozilla/5.0 (iPhone; CPU iPhone OS 17_5_1 like Mac OS X) AppleWebKit/605.1.15 (KHTML, like Gecko) Version/17.5 Mobile/15E148 Safari/604.1"
37.76.37.144 - - [26/Jun/2024:17:54:30 +0200] "GET /storage/media/BMW_e46_valtogomb.jpg HTTP/1.1" 200 24870 "https://royaltuning.hu/hu/cart" "Mozilla/5.0 (iPhone; CPU iPhone OS 17_5_1 like Mac OS X) AppleWebKit/605.1.15 (KHTML, like Gecko) Version/17.5 Mobile/15E148 Safari/604.1"
37.76.37.144 - - [26/Jun/2024:17:54:30 +0200] "GET /storage/media/BMW_e46_valtoszoknya.jpg HTTP/1.1" 200 31464 "https://royaltuning.hu/hu/cart" "Mozilla/5.0 (iPhone; CPU iPhone OS 17_5_1 like Mac OS X) AppleWebKit/605.1.15 (KHTML, like Gecko) Version/17.5 Mobile/15E148 Safari/604.1"
185.174.16.141 - - [26/Jun/2024:17:54:30 +0200] "GET /storage/media/LR8IfEu8TFdtixq0lkK2SomaSuyRv02mO7hPPjoL.jpg HTTP/1.1" 200 86609 "https://royaltuning.hu/hu/termek/citroen-kulcshaz-pattintos?gad_source=1&gclid=CjwKCAjw-O6zBhASEiwAOHeGxQKg-hwB1go4_DZEw96_fwZMT7DZIdpnydjNiz6qZDo4Uz7J6L7NtBoCyrsQAvD_BwE" "Mozilla/5.0 (Linux; Android 10; K) AppleWebKit/537.36 (KHTML, like Gecko) Chrome/123.0.0.0 Mobile Safari/537.36"
37.76.37.144 - - [26/Jun/2024:17:54:30 +0200] "GET /storage/media/BMW_e46_valtoszoknya_.jpg HTTP/1.1" 200 21007 "https://royaltuning.hu/hu/cart" "Mozilla/5.0 (iPhone; CPU iPhone OS 17_5_1 like Mac OS X) AppleWebKit/605.1.15 (KHTML, like Gecko) Version/17.5 Mobile/15E148 Safari/604.1"
37.76.37.144 - - [26/Jun/2024:17:54:30 +0200] "GET /hu/suggestions?query=Bmw%20e8 HTTP/1.1" 200 59 "https://royaltuning.hu/hu/cart" "Mozilla/5.0 (iPhone; CPU iPhone OS 17_5_1 like Mac OS X) AppleWebKit/605.1.15 (KHTML, like Gecko) Version/17.5 Mobile/15E148 Safari/604.1"
37.76.37.144 - - [26/Jun/2024:17:54:30 +0200] "GET /hu/suggestions?query=Bmw%20e88 HTTP/1.1" 200 59 "https://royaltuning.hu/hu/cart" "Mozilla/5.0 (iPhone; CPU iPhone OS 17_5_1 like Mac OS X) AppleWebKit/605.1.15 (KHTML, like Gecko) Version/17.5 Mobile/15E148 Safari/604.1"
185.174.16.141 - - [26/Jun/2024:17:54:29 +0200] "GET /themes/storefront/public/js/app.js?v=3.1.0 HTTP/1.1" 200 979893 "https://royaltuning.hu/hu/termek/citroen-kulcshaz-pattintos?gad_source=1&gclid=CjwKCAjw-O6zBhASEiwAOHeGxQKg-hwB1go4_DZEw96_fwZMT7DZIdpnydjNiz6qZDo4Uz7J6L7NtBoCyrsQAvD_BwE" "Mozilla/5.0 (Linux; Android 10; K) AppleWebKit/537.36 (KHTML, like Gecko) Chrome/123.0.0.0 Mobile Safari/537.36"
185.174.16.141 - - [26/Jun/2024:17:54:29 +0200] "GET /captcha/image?_=962090966 HTTP/1.1" 200 5058 "https://royaltuning.hu/hu/termek/citroen-kulcshaz-pattintos?gad_source=1&gclid=CjwKCAjw-O6zBhASEiwAOHeGxQKg-hwB1go4_DZEw96_fwZMT7DZIdpnydjNiz6qZDo4Uz7J6L7NtBoCyrsQAvD_BwE" "Mozilla/5.0 (Linux; Android 10; K) AppleWebKit/537.36 (KHTML, like Gecko) Chrome/123.0.0.0 Mobile Safari/537.36"
185.174.16.141 - - [26/Jun/2024:17:54:31 +0200] "GET /wp-content/uploads/2020/06/citroen_kulcshaz_-2-3.jpg HTTP/1.1" 200 164593 "https://royaltuning.hu/hu/termek/citroen-kulcshaz-pattintos?gad_source=1&gclid=CjwKCAjw-O6zBhASEiwAOHeGxQKg-hwB1go4_DZEw96_fwZMT7DZIdpnydjNiz6qZDo4Uz7J6L7NtBoCyrsQAvD_BwE" "Mozilla/5.0 (Linux; Android 10; K) AppleWebKit/537.36 (KHTML, like Gecko) Chrome/123.0.0.0 Mobile Safari/537.36"
185.174.16.141 - - [26/Jun/2024:17:54:31 +0200] "GET /wp-content/uploads/2020/06/citroen_kulcshaz_.jpg HTTP/1.1" 200 38893 "https://royaltuning.hu/hu/termek/citroen-kulcshaz-pattintos?gad_source=1&gclid=CjwKCAjw-O6zBhASEiwAOHeGxQKg-hwB1go4_DZEw96_fwZMT7DZIdpnydjNiz6qZDo4Uz7J6L7NtBoCyrsQAvD_BwE" "Mozilla/5.0 (Linux; Android 10; K) AppleWebKit/537.36 (KHTML, like Gecko) Chrome/123.0.0.0 Mobile Safari/537.36"
185.174.16.141 - - [26/Jun/2024:17:54:31 +0200] "GET /themes/storefront/public/fonts/la-regular-400.woff2 HTTP/1.1" 200 12923 "https://royaltuning.hu/themes/storefront/public/css/app.css?v=3.1.0" "Mozilla/5.0 (Linux; Android 10; K) AppleWebKit/537.36 (KHTML, like Gecko) Chrome/123.0.0.0 Mobile Safari/537.36"
185.174.16.141 - - [26/Jun/2024:17:54:31 +0200] "GET /hu/products/5090/reviews?page=1 HTTP/1.1" 200 231 "https://royaltuning.hu/hu/termek/citroen-kulcshaz-pattintos?gad_source=1&gclid=CjwKCAjw-O6zBhASEiwAOHeGxQKg-hwB1go4_DZEw96_fwZMT7DZIdpnydjNiz6qZDo4Uz7J6L7NtBoCyrsQAvD_BwE" "Mozilla/5.0 (Linux; Android 10; K) AppleWebKit/537.36 (KHTML, like Gecko) Chrome/123.0.0.0 Mobile Safari/537.36"
185.174.16.141 - - [26/Jun/2024:17:54:31 +0200] "GET /themes/storefront/public/css/ajax-loader.gif HTTP/1.1" 200 4178 "https://royaltuning.hu/themes/storefront/public/css/app.css?v=3.1.0" "Mozilla/5.0 (Linux; Android 10; K) AppleWebKit/537.36 (KHTML, like Gecko) Chrome/123.0.0.0 Mobile Safari/537.36"
66.249.64.227 - - [26/Jun/2024:17:54:31 +0200] "GET /captcha/image?_=1613377202?_= HTTP/1.1" 200 4310 "-" "Mozilla/5.0 (Linux; Android 6.0.1; Nexus 5X Build/MMB29P) AppleWebKit/537.36 (KHTML, like Gecko) Chrome/125.0.6422.175 Mobile Safari/537.36 (compatible; Googlebot/2.1; +http://www.google.com/bot.html)"
37.76.37.144 - - [26/Jun/2024:17:54:31 +0200] "GET /hu/shop?query=Bmw%20e88 HTTP/1.1" 200 41267 "https://royaltuning.hu/hu/cart" "Mozilla/5.0 (iPhone; CPU iPhone OS 17_5_1 like Mac OS X) AppleWebKit/605.1.15 (KHTML, like Gecko) Version/17.5 Mobile/15E148 Safari/604.1"
37.76.37.144 - - [26/Jun/2024:17:54:33 +0200] "GET /storage/media/QnwWLqTYXYZBt0pnYYPSgh13vMZ3Tq8bqmOE5u0D.webp HTTP/1.1" 200 43302 "https://royaltuning.hu/hu/shop?query=Bmw%20e88" "Mozilla/5.0 (iPhone; CPU iPhone OS 17_5_1 like Mac OS X) AppleWebKit/605.1.15 (KHTML, like Gecko) Version/17.5 Mobile/15E148 Safari/604.1"
37.76.37.144 - - [26/Jun/2024:17:54:33 +0200] "GET /storage/media/paGdgnfacATylUWhvUeUZGv1GIKiGXmdYwZR20nd.jpg HTTP/1.1" 200 34330 "https://royaltuning.hu/hu/shop?query=Bmw%20e88" "Mozilla/5.0 (iPhone; CPU iPhone OS 17_5_1 like Mac OS X) AppleWebKit/605.1.15 (KHTML, like Gecko) Version/17.5 Mobile/15E148 Safari/604.1"
37.76.37.144 - - [26/Jun/2024:17:54:33 +0200] "GET /hu/shop?query=Bmw%20e88&brand=&category=&tag=&fromPrice=0&toPrice=114990&sort=relevance&perPage=30&page=1 HTTP/1.1" 200 236 "https://royaltuning.hu/hu/shop?query=Bmw%20e88" "Mozilla/5.0 (iPhone; CPU iPhone OS 17_5_1 like Mac OS X) AppleWebKit/605.1.15 (KHTML, like Gecko) Version/17.5 Mobile/15E148 Safari/604.1"
37.76.37.144 - - [26/Jun/2024:17:54:33 +0200] "GET /storage/media/U9NkjU7v6Z3urgm3cZoyB4B52Rf1RDn0nbyFiAJw.jpg HTTP/1.1" 200 80343 "https://royaltuning.hu/hu/shop?query=Bmw%20e88" "Mozilla/5.0 (iPhone; CPU iPhone OS 17_5_1 like Mac OS X) AppleWebKit/605.1.15 (KHTML, like Gecko) Version/17.5 Mobile/15E148 Safari/604.1"
37.76.37.144 - - [26/Jun/2024:17:54:33 +0200] "GET /storage/media/zTdJDwdSsCNSvJi9K4gBVppOmVdqtNoAZ8rbqvcd.jpg HTTP/1.1" 200 255268 "https://royaltuning.hu/hu/shop?query=Bmw%20e88" "Mozilla/5.0 (iPhone; CPU iPhone OS 17_5_1 like Mac OS X) AppleWebKit/605.1.15 (KHTML, like Gecko) Version/17.5 Mobile/15E148 Safari/604.1"
37.76.37.144 - - [26/Jun/2024:17:54:33 +0200] "GET /storage/media/WuAbnJ3F19P7m8ckhRvBz1XVn9ovSqVCdlDdRtKv.jpg HTTP/1.1" 200 274140 "https://royaltuning.hu/hu/shop?query=Bmw%20e88" "Mozilla/5.0 (iPhone; CPU iPhone OS 17_5_1 like Mac OS X) AppleWebKit/605.1.15 (KHTML, like Gecko) Version/17.5 Mobile/15E148 Safari/604.1"
94.44.231.247 - - [26/Jun/2024:17:54:33 +0200] "GET /termekkategoria/valtogombok-valtoszoknyak/Volvo-valtogombok-valtoszoknyak/?gclid=EAIaIQobChMI3v78sdD5hgMVKaP9Bx1NHgfZEAEYASAAEgIO7_D_BwE HTTP/1.1" 301 373 "https://docplayer-hu.cdn.ampproject.org/v/s/docplayer.hu/amp/11572983-Xc90-rovid-kezelesi-utmutato.html?amp_gsa=1&amp_js_v=a9&usqp=mq331AQIUAKwASCAAgM%3D" "Mozilla/5.0 (Linux; Android 10; K) AppleWebKit/537.36 (KHTML, like Gecko) Chrome/126.0.0.0 Mobile Safari/537.36"
94.44.231.247 - - [26/Jun/2024:17:54:33 +0200] "GET /public/termekkategoria/valtogombok-valtoszoknyak/Volvo-valtogombok-valtoszoknyak?gclid=EAIaIQobChMI3v78sdD5hgMVKaP9Bx1NHgfZEAEYASAAEgIO7_D_BwE HTTP/1.1" 302 305 "https://docplayer-hu.cdn.ampproject.org/v/s/docplayer.hu/amp/11572983-Xc90-rovid-kezelesi-utmutato.html?amp_gsa=1&amp_js_v=a9&usqp=mq331AQIUAKwASCAAgM%3D" "Mozilla/5.0 (Linux; Android 10; K) AppleWebKit/537.36 (KHTML, like Gecko) Chrome/126.0.0.0 Mobile Safari/537.36"
66.249.64.227 - - [26/Jun/2024:17:54:33 +0200] "GET /hu/termek/tancolo-karacsonyfa-muszerfalra HTTP/1.1" 200 39085 "-" "Mozilla/5.0 (Linux; Android 6.0.1; Nexus 5X Build/MMB29P) AppleWebKit/537.36 (KHTML, like Gecko) Chrome/125.0.6422.175 Mobile Safari/537.36 (compatible; Googlebot/2.1; +http://www.google.com/bot.html)"
94.44.231.247 - - [26/Jun/2024:17:54:33 +0200] "GET /public/hu/termekkategoria/valtogombok-valtoszoknyak/Volvo-valtogombok-valtoszoknyak?gclid=EAIaIQobChMI3v78sdD5hgMVKaP9Bx1NHgfZEAEYASAAEgIO7_D_BwE HTTP/1.1" 200 42948 "https://docplayer-hu.cdn.ampproject.org/v/s/docplayer.hu/amp/11572983-Xc90-rovid-kezelesi-utmutato.html?amp_gsa=1&amp_js_v=a9&usqp=mq331AQIUAKwASCAAgM%3D" "Mozilla/5.0 (Linux; Android 10; K) AppleWebKit/537.36 (KHTML, like Gecko) Chrome/126.0.0.0 Mobile Safari/537.36"
94.44.231.247 - - [26/Jun/2024:17:54:35 +0200] "GET /public/themes/storefront/public/css/app.css?v=3.1.0 HTTP/1.1" 200 72700 "https://royaltuning.hu/public/hu/termekkategoria/valtogombok-valtoszoknyak/Volvo-valtogombok-valtoszoknyak?gclid=EAIaIQobChMI3v78sdD5hgMVKaP9Bx1NHgfZEAEYASAAEgIO7_D_BwE" "Mozilla/5.0 (Linux; Android 10; K) AppleWebKit/537.36 (KHTML, like Gecko) Chrome/126.0.0.0 Mobile Safari/537.36"
94.44.231.247 - - [26/Jun/2024:17:54:35 +0200] "GET /public/vendor/cookie-consent/css/cookie-consent.css HTTP/1.1" 200 990 "https://royaltuning.hu/public/hu/termekkategoria/valtogombok-valtoszoknyak/Volvo-valtogombok-valtoszoknyak?gclid=EAIaIQobChMI3v78sdD5hgMVKaP9Bx1NHgfZEAEYASAAEgIO7_D_BwE" "Mozilla/5.0 (Linux; Android 10; K) AppleWebKit/537.36 (KHTML, like Gecko) Chrome/126.0.0.0 Mobile Safari/537.36"
94.44.231.247 - - [26/Jun/2024:17:54:35 +0200] "GET /storage/media/rpiKsmcVc59LwHHydMWZkR91adM4KGiqcvvmbod4.png HTTP/1.1" 200 17070 "https://royaltuning.hu/public/hu/termekkategoria/valtogombok-valtoszoknyak/Volvo-valtogombok-valtoszoknyak?gclid=EAIaIQobChMI3v78sdD5hgMVKaP9Bx1NHgfZEAEYASAAEgIO7_D_BwE" "Mozilla/5.0 (Linux; Android 10; K) AppleWebKit/537.36 (KHTML, like Gecko) Chrome/126.0.0.0 Mobile Safari/537.36"
94.44.231.247 - - [26/Jun/2024:17:54:35 +0200] "GET /storage/media/LR8IfEu8TFdtixq0lkK2SomaSuyRv02mO7hPPjoL.jpg HTTP/1.1" 200 86609 "https://royaltuning.hu/public/hu/termekkategoria/valtogombok-valtoszoknyak/Volvo-valtogombok-valtoszoknyak?gclid=EAIaIQobChMI3v78sdD5hgMVKaP9Bx1NHgfZEAEYASAAEgIO7_D_BwE" "Mozilla/5.0 (Linux; Android 10; K) AppleWebKit/537.36 (KHTML, like Gecko) Chrome/126.0.0.0 Mobile Safari/537.36"
94.44.231.247 - - [26/Jun/2024:17:54:35 +0200] "GET /public/vendor/cookie-consent/js/cookie-consent.js HTTP/1.1" 200 11136 "https://royaltuning.hu/public/hu/termekkategoria/valtogombok-valtoszoknyak/Volvo-valtogombok-valtoszoknyak?gclid=EAIaIQobChMI3v78sdD5hgMVKaP9Bx1NHgfZEAEYASAAEgIO7_D_BwE" "Mozilla/5.0 (Linux; Android 10; K) AppleWebKit/537.36 (KHTML, like Gecko) Chrome/126.0.0.0 Mobile Safari/537.36"
94.44.231.247 - - [26/Jun/2024:17:54:35 +0200] "GET /public/themes/storefront/public/images/arrow-black.png HTTP/1.1" 200 221 "https://royaltuning.hu/public/themes/storefront/public/css/app.css?v=3.1.0" "Mozilla/5.0 (Linux; Android 10; K) AppleWebKit/537.36 (KHTML, like Gecko) Chrome/126.0.0.0 Mobile Safari/537.36"
94.44.231.247 - - [26/Jun/2024:17:54:35 +0200] "GET /public/themes/storefront/public/fonts/la-solid-900.woff2 HTTP/1.1" 200 96652 "https://royaltuning.hu/public/themes/storefront/public/css/app.css?v=3.1.0" "Mozilla/5.0 (Linux; Android 10; K) AppleWebKit/537.36 (KHTML, like Gecko) Chrome/126.0.0.0 Mobile Safari/537.36"
94.44.231.247 - - [26/Jun/2024:17:54:35 +0200] "GET /public/themes/storefront/public/fonts/la-brands-400.woff2 HTTP/1.1" 200 84805 "https://royaltuning.hu/public/themes/storefront/public/css/app.css?v=3.1.0" "Mozilla/5.0 (Linux; Android 10; K) AppleWebKit/537.36 (KHTML, like Gecko) Chrome/126.0.0.0 Mobile Safari/537.36"
94.44.231.247 - - [26/Jun/2024:17:54:35 +0200] "GET /public/themes/storefront/public/js/app.js?v=3.1.0 HTTP/1.1" 200 979893 "https://royaltuning.hu/public/hu/termekkategoria/valtogombok-valtoszoknyak/Volvo-valtogombok-valtoszoknyak?gclid=EAIaIQobChMI3v78sdD5hgMVKaP9Bx1NHgfZEAEYASAAEgIO7_D_BwE" "Mozilla/5.0 (Linux; Android 10; K) AppleWebKit/537.36 (KHTML, like Gecko) Chrome/126.0.0.0 Mobile Safari/537.36"
94.44.231.247 - - [26/Jun/2024:17:54:37 +0200] "GET /storage/media/U9NkjU7v6Z3urgm3cZoyB4B52Rf1RDn0nbyFiAJw.jpg HTTP/1.1" 200 80343 "https://royaltuning.hu/public/hu/termekkategoria/valtogombok-valtoszoknyak/Volvo-valtogombok-valtoszoknyak?gclid=EAIaIQobChMI3v78sdD5hgMVKaP9Bx1NHgfZEAEYASAAEgIO7_D_BwE" "Mozilla/5.0 (Linux; Android 10; K) AppleWebKit/537.36 (KHTML, like Gecko) Chrome/126.0.0.0 Mobile Safari/537.36"
94.44.231.247 - - [26/Jun/2024:17:54:37 +0200] "GET /storage/media/paGdgnfacATylUWhvUeUZGv1GIKiGXmdYwZR20nd.jpg HTTP/1.1" 200 34330 "https://royaltuning.hu/public/hu/termekkategoria/valtogombok-valtoszoknyak/Volvo-valtogombok-valtoszoknyak?gclid=EAIaIQobChMI3v78sdD5hgMVKaP9Bx1NHgfZEAEYASAAEgIO7_D_BwE" "Mozilla/5.0 (Linux; Android 10; K) AppleWebKit/537.36 (KHTML, like Gecko) Chrome/126.0.0.0 Mobile Safari/537.36"
94.44.231.247 - - [26/Jun/2024:17:54:37 +0200] "GET /storage/media/QnwWLqTYXYZBt0pnYYPSgh13vMZ3Tq8bqmOE5u0D.webp HTTP/1.1" 200 43302 "https://royaltuning.hu/public/hu/termekkategoria/valtogombok-valtoszoknyak/Volvo-valtogombok-valtoszoknyak?gclid=EAIaIQobChMI3v78sdD5hgMVKaP9Bx1NHgfZEAEYASAAEgIO7_D_BwE" "Mozilla/5.0 (Linux; Android 10; K) AppleWebKit/537.36 (KHTML, like Gecko) Chrome/126.0.0.0 Mobile Safari/537.36"
94.44.231.247 - - [26/Jun/2024:17:54:37 +0200] "GET /public/hu/shop?query=&brand=&category=Volvo-valtogombok-valtoszoknyak&tag=&fromPrice=0&toPrice=114990&sort=alphabetic&perPage=30&page=1 HTTP/1.1" 200 1109 "https://royaltuning.hu/public/hu/termekkategoria/valtogombok-valtoszoknyak/Volvo-valtogombok-valtoszoknyak?gclid=EAIaIQobChMI3v78sdD5hgMVKaP9Bx1NHgfZEAEYASAAEgIO7_D_BwE" "Mozilla/5.0 (Linux; Android 10; K) AppleWebKit/537.36 (KHTML, like Gecko) Chrome/126.0.0.0 Mobile Safari/537.36"
94.44.231.247 - - [26/Jun/2024:17:54:37 +0200] "GET /storage/media/zTdJDwdSsCNSvJi9K4gBVppOmVdqtNoAZ8rbqvcd.jpg HTTP/1.1" 200 255268 "https://royaltuning.hu/public/hu/termekkategoria/valtogombok-valtoszoknyak/Volvo-valtogombok-valtoszoknyak?gclid=EAIaIQobChMI3v78sdD5hgMVKaP9Bx1NHgfZEAEYASAAEgIO7_D_BwE" "Mozilla/5.0 (Linux; Android 10; K) AppleWebKit/537.36 (KHTML, like Gecko) Chrome/126.0.0.0 Mobile Safari/537.36"
66.249.64.227 - - [26/Jun/2024:17:54:36 +0200] "GET /hu/termek/h4-izzo-130-fenyerovel HTTP/1.1" 200 44975 "-" "Mozilla/5.0 (compatible; Googlebot/2.1; +http://www.google.com/bot.html)"
66.249.70.161 - - [26/Jun/2024:17:54:40 +0200] "GET /termek/toyota-auris-valtoszoknya HTTP/1.1" 302 219 "-" "Mozilla/5.0 (compatible; Googlebot/2.1; +http://www.google.com/bot.html)"
37.76.37.144 - - [26/Jun/2024:17:54:41 +0200] "GET /hu/suggestions?query=Bmw%20e88e HTTP/1.1" 200 59 "https://royaltuning.hu/hu/shop?query=Bmw%20e88" "Mozilla/5.0 (iPhone; CPU iPhone OS 17_5_1 like Mac OS X) AppleWebKit/605.1.15 (KHTML, like Gecko) Version/17.5 Mobile/15E148 Safari/604.1"
37.76.37.144 - - [26/Jun/2024:17:54:42 +0200] "GET /hu/suggestions?query=Bmw%20e88e8 HTTP/1.1" 200 59 "https://royaltuning.hu/hu/shop?query=Bmw%20e88" "Mozilla/5.0 (iPhone; CPU iPhone OS 17_5_1 like Mac OS X) AppleWebKit/605.1.15 (KHTML, like Gecko) Version/17.5 Mobile/15E148 Safari/604.1"
37.76.37.144 - - [26/Jun/2024:17:54:42 +0200] "GET /hu/suggestions?query=Bmw%20e88e88 HTTP/1.1" 200 59 "https://royaltuning.hu/hu/shop?query=Bmw%20e88" "Mozilla/5.0 (iPhone; CPU iPhone OS 17_5_1 like Mac OS X) AppleWebKit/605.1.15 (KHTML, like Gecko) Version/17.5 Mobile/15E148 Safari/604.1"
37.76.37.144 - - [26/Jun/2024:17:54:43 +0200] "GET /hu/suggestions?query=Bmw%20e88e8 HTTP/1.1" 200 59 "https://royaltuning.hu/hu/shop?query=Bmw%20e88" "Mozilla/5.0 (iPhone; CPU iPhone OS 17_5_1 like Mac OS X) AppleWebKit/605.1.15 (KHTML, like Gecko) Version/17.5 Mobile/15E148 Safari/604.1"
37.76.37.144 - - [26/Jun/2024:17:54:43 +0200] "GET /hu/suggestions?query=Bmw%20e88e HTTP/1.1" 200 59 "https://royaltuning.hu/hu/shop?query=Bmw%20e88" "Mozilla/5.0 (iPhone; CPU iPhone OS 17_5_1 like Mac OS X) AppleWebKit/605.1.15 (KHTML, like Gecko) Version/17.5 Mobile/15E148 Safari/604.1"
37.76.37.144 - - [26/Jun/2024:17:54:43 +0200] "GET /hu/suggestions?query=Bmw%20e88 HTTP/1.1" 200 59 "https://royaltuning.hu/hu/shop?query=Bmw%20e88" "Mozilla/5.0 (iPhone; CPU iPhone OS 17_5_1 like Mac OS X) AppleWebKit/605.1.15 (KHTML, like Gecko) Version/17.5 Mobile/15E148 Safari/604.1"
37.76.37.144 - - [26/Jun/2024:17:54:44 +0200] "GET /hu/suggestions?query=Bmw%20e8 HTTP/1.1" 200 59 "https://royaltuning.hu/hu/shop?query=Bmw%20e88" "Mozilla/5.0 (iPhone; CPU iPhone OS 17_5_1 like Mac OS X) AppleWebKit/605.1.15 (KHTML, like Gecko) Version/17.5 Mobile/15E148 Safari/604.1"
37.76.37.144 - - [26/Jun/2024:17:54:44 +0200] "GET /hu/suggestions?query=Bmw%20e HTTP/1.1" 200 587 "https://royaltuning.hu/hu/shop?query=Bmw%20e88" "Mozilla/5.0 (iPhone; CPU iPhone OS 17_5_1 like Mac OS X) AppleWebKit/605.1.15 (KHTML, like Gecko) Version/17.5 Mobile/15E148 Safari/604.1"
37.76.37.144 - - [26/Jun/2024:17:54:44 +0200] "GET /hu/suggestions?query=Bmw%20 HTTP/1.1" 200 594 "https://royaltuning.hu/hu/shop?query=Bmw%20e88" "Mozilla/5.0 (iPhone; CPU iPhone OS 17_5_1 like Mac OS X) AppleWebKit/605.1.15 (KHTML, like Gecko) Version/17.5 Mobile/15E148 Safari/604.1"
37.76.37.144 - - [26/Jun/2024:17:54:44 +0200] "GET /hu/suggestions?query=Bmw HTTP/1.1" 200 594 "https://royaltuning.hu/hu/shop?query=Bmw%20e88" "Mozilla/5.0 (iPhone; CPU iPhone OS 17_5_1 like Mac OS X) AppleWebKit/605.1.15 (KHTML, like Gecko) Version/17.5 Mobile/15E148 Safari/604.1"
37.76.37.144 - - [26/Jun/2024:17:54:44 +0200] "GET /hu/suggestions?query=Bm HTTP/1.1" 200 595 "https://royaltuning.hu/hu/shop?query=Bmw%20e88" "Mozilla/5.0 (iPhone; CPU iPhone OS 17_5_1 like Mac OS X) AppleWebKit/605.1.15 (KHTML, like Gecko) Version/17.5 Mobile/15E148 Safari/604.1"
37.76.37.144 - - [26/Jun/2024:17:54:44 +0200] "GET /hu/suggestions?query=B HTTP/1.1" 200 805 "https://royaltuning.hu/hu/shop?query=Bmw%20e88" "Mozilla/5.0 (iPhone; CPU iPhone OS 17_5_1 like Mac OS X) AppleWebKit/605.1.15 (KHTML, like Gecko) Version/17.5 Mobile/15E148 Safari/604.1"
37.76.37.144 - - [26/Jun/2024:17:54:46 +0200] "GET /hu/suggestions?query=E HTTP/1.1" 200 886 "https://royaltuning.hu/hu/shop?query=Bmw%20e88" "Mozilla/5.0 (iPhone; CPU iPhone OS 17_5_1 like Mac OS X) AppleWebKit/605.1.15 (KHTML, like Gecko) Version/17.5 Mobile/15E148 Safari/604.1"
37.76.37.144 - - [26/Jun/2024:17:54:46 +0200] "GET /storage/media/ajto_elvedo_csik-1.jpg HTTP/1.1" 200 58245 "https://royaltuning.hu/hu/shop?query=Bmw%20e88" "Mozilla/5.0 (iPhone; CPU iPhone OS 17_5_1 like Mac OS X) AppleWebKit/605.1.15 (KHTML, like Gecko) Version/17.5 Mobile/15E148 Safari/604.1"
37.76.37.144 - - [26/Jun/2024:17:54:46 +0200] "GET /storage/media/12v_kapcsolo_autoba-1.jpg HTTP/1.1" 200 240441 "https://royaltuning.hu/hu/shop?query=Bmw%20e88" "Mozilla/5.0 (iPhone; CPU iPhone OS 17_5_1 like Mac OS X) AppleWebKit/605.1.15 (KHTML, like Gecko) Version/17.5 Mobile/15E148 Safari/604.1"
37.76.37.144 - - [26/Jun/2024:17:54:46 +0200] "GET /storage/media/12v_kapcsolo_nyomogombos-1.jpg HTTP/1.1" 200 213184 "https://royaltuning.hu/hu/shop?query=Bmw%20e88" "Mozilla/5.0 (iPhone; CPU iPhone OS 17_5_1 like Mac OS X) AppleWebKit/605.1.15 (KHTML, like Gecko) Version/17.5 Mobile/15E148 Safari/604.1"
37.76.37.144 - - [26/Jun/2024:17:54:46 +0200] "GET /storage/media/12v_kapcsolo_nyomogombos-4.jpg HTTP/1.1" 200 221104 "https://royaltuning.hu/hu/shop?query=Bmw%20e88" "Mozilla/5.0 (iPhone; CPU iPhone OS 17_5_1 like Mac OS X) AppleWebKit/605.1.15 (KHTML, like Gecko) Version/17.5 Mobile/15E148 Safari/604.1"
37.76.37.144 - - [26/Jun/2024:17:54:46 +0200] "GET /storage/media/drlups1.jpg HTTP/1.1" 200 88548 "https://royaltuning.hu/hu/shop?query=Bmw%20e88" "Mozilla/5.0 (iPhone; CPU iPhone OS 17_5_1 like Mac OS X) AppleWebKit/605.1.15 (KHTML, like Gecko) Version/17.5 Mobile/15E148 Safari/604.1"
37.76.37.144 - - [26/Jun/2024:17:54:46 +0200] "GET /storage/media/3m_ketoldalu_ragaszto-1.png HTTP/1.1" 200 279671 "https://royaltuning.hu/hu/shop?query=Bmw%20e88" "Mozilla/5.0 (iPhone; CPU iPhone OS 17_5_1 like Mac OS X) AppleWebKit/605.1.15 (KHTML, like Gecko) Version/17.5 Mobile/15E148 Safari/604.1"
37.76.37.144 - - [26/Jun/2024:17:54:46 +0200] "GET /storage/media/12v_kapcsolo_autoba-4.jpg HTTP/1.1" 200 251568 "https://royaltuning.hu/hu/shop?query=Bmw%20e88" "Mozilla/5.0 (iPhone; CPU iPhone OS 17_5_1 like Mac OS X) AppleWebKit/605.1.15 (KHTML, like Gecko) Version/17.5 Mobile/15E148 Safari/604.1"
37.76.37.144 - - [26/Jun/2024:17:54:46 +0200] "GET /storage/media/motor_feklampa_csomag.jpg HTTP/1.1" 200 213230 "https://royaltuning.hu/hu/shop?query=Bmw%20e88" "Mozilla/5.0 (iPhone; CPU iPhone OS 17_5_1 like Mac OS X) AppleWebKit/605.1.15 (KHTML, like Gecko) Version/17.5 Mobile/15E148 Safari/604.1"
37.76.37.144 - - [26/Jun/2024:17:54:46 +0200] "GET /hu/suggestions?query=E8 HTTP/1.1" 200 59 "https://royaltuning.hu/hu/shop?query=Bmw%20e88" "Mozilla/5.0 (iPhone; CPU iPhone OS 17_5_1 like Mac OS X) AppleWebKit/605.1.15 (KHTML, like Gecko) Version/17.5 Mobile/15E148 Safari/604.1"
37.76.37.144 - - [26/Jun/2024:17:54:47 +0200] "GET /hu/suggestions?query=E88 HTTP/1.1" 200 59 "https://royaltuning.hu/hu/shop?query=Bmw%20e88" "Mozilla/5.0 (iPhone; CPU iPhone OS 17_5_1 like Mac OS X) AppleWebKit/605.1.15 (KHTML, like Gecko) Version/17.5 Mobile/15E148 Safari/604.1"
37.76.37.144 - - [26/Jun/2024:17:54:47 +0200] "GET /hu/shop?query=E88 HTTP/1.1" 200 41247 "https://royaltuning.hu/hu/shop?query=Bmw%20e88" "Mozilla/5.0 (iPhone; CPU iPhone OS 17_5_1 like Mac OS X) AppleWebKit/605.1.15 (KHTML, like Gecko) Version/17.5 Mobile/15E148 Safari/604.1"
37.76.37.144 - - [26/Jun/2024:17:54:48 +0200] "GET /hu/shop?query=E88&brand=&category=&tag=&fromPrice=0&toPrice=114990&sort=relevance&perPage=30&page=1 HTTP/1.1" 200 236 "https://royaltuning.hu/hu/shop?query=E88" "Mozilla/5.0 (iPhone; CPU iPhone OS 17_5_1 like Mac OS X) AppleWebKit/605.1.15 (KHTML, like Gecko) Version/17.5 Mobile/15E148 Safari/604.1"
37.76.37.144 - - [26/Jun/2024:17:54:56 +0200] "GET /hu/suggestions?query=E88b HTTP/1.1" 200 59 "https://royaltuning.hu/hu/shop?query=E88" "Mozilla/5.0 (iPhone; CPU iPhone OS 17_5_1 like Mac OS X) AppleWebKit/605.1.15 (KHTML, like Gecko) Version/17.5 Mobile/15E148 Safari/604.1"
37.76.37.144 - - [26/Jun/2024:17:54:56 +0200] "GET /hu/suggestions?query=E88bm HTTP/1.1" 200 59 "https://royaltuning.hu/hu/shop?query=E88" "Mozilla/5.0 (iPhone; CPU iPhone OS 17_5_1 like Mac OS X) AppleWebKit/605.1.15 (KHTML, like Gecko) Version/17.5 Mobile/15E148 Safari/604.1"
37.76.37.144 - - [26/Jun/2024:17:54:56 +0200] "GET /hu/suggestions?query=E88bmw HTTP/1.1" 200 59 "https://royaltuning.hu/hu/shop?query=E88" "Mozilla/5.0 (iPhone; CPU iPhone OS 17_5_1 like Mac OS X) AppleWebKit/605.1.15 (KHTML, like Gecko) Version/17.5 Mobile/15E148 Safari/604.1"
66.249.70.160 - - [26/Jun/2024:17:54:56 +0200] "GET /hu/termek/toyota-auris-valtoszoknya HTTP/1.1" 200 44144 "-" "Mozilla/5.0 (compatible; Googlebot/2.1; +http://www.google.com/bot.html)"
84.225.189.192 - - [26/Jun/2024:17:54:57 +0200] "POST /hu/cart/items?product_id=7596&qty=1 HTTP/1.1" 200 827 "https://royaltuning.hu/hu/termek/canbus-hiba-torlo-h7-csatlakozoval" "Mozilla/5.0 (Linux; Android 10; K) AppleWebKit/537.36 (KHTML, like Gecko) Chrome/126.0.0.0 Mobile Safari/537.36"
37.76.37.144 - - [26/Jun/2024:17:54:57 +0200] "GET /hu/suggestions?query=E88b HTTP/1.1" 200 59 "https://royaltuning.hu/hu/shop?query=E88" "Mozilla/5.0 (iPhone; CPU iPhone OS 17_5_1 like Mac OS X) AppleWebKit/605.1.15 (KHTML, like Gecko) Version/17.5 Mobile/15E148 Safari/604.1"
37.76.37.144 - - [26/Jun/2024:17:54:57 +0200] "GET /hu/suggestions?query=E88 HTTP/1.1" 200 59 "https://royaltuning.hu/hu/shop?query=E88" "Mozilla/5.0 (iPhone; CPU iPhone OS 17_5_1 like Mac OS X) AppleWebKit/605.1.15 (KHTML, like Gecko) Version/17.5 Mobile/15E148 Safari/604.1"
37.76.37.144 - - [26/Jun/2024:17:54:57 +0200] "GET /hu/suggestions?query=E8 HTTP/1.1" 200 59 "https://royaltuning.hu/hu/shop?query=E88" "Mozilla/5.0 (iPhone; CPU iPhone OS 17_5_1 like Mac OS X) AppleWebKit/605.1.15 (KHTML, like Gecko) Version/17.5 Mobile/15E148 Safari/604.1"
