84.225.147.217 - - [26/Jun/2024:18:07:23 +0200] "GET /storage/media/rWMIvJCUyfSq4SdNOIjuaj9H4zOFzrO53BxNcCwO.png HTTP/1.1" 200 448822 "https://royaltuning.hu/hu?gad_source=1&gclid=CjwKCAjw-O6zBhASEiwAOHeGxVqE-mRE8a7e90DaapyZE1dKVjXVEBKFdYyzLJ_pJUVtW98ZtMxMDRoCCv0QAvD_BwE" "Mozilla/5.0 (Linux; Android 10; K) AppleWebKit/537.36 (KHTML, like Gecko) Chrome/126.0.0.0 Mobile Safari/537.36"
84.225.147.217 - - [26/Jun/2024:18:07:23 +0200] "GET /storage/media/motoros_kiegeszitok.png HTTP/1.1" 200 235071 "https://royaltuning.hu/hu?gad_source=1&gclid=CjwKCAjw-O6zBhASEiwAOHeGxVqE-mRE8a7e90DaapyZE1dKVjXVEBKFdYyzLJ_pJUVtW98ZtMxMDRoCCv0QAvD_BwE" "Mozilla/5.0 (Linux; Android 10; K) AppleWebKit/537.36 (KHTML, like Gecko) Chrome/126.0.0.0 Mobile Safari/537.36"
94.21.58.22 - - [26/Jun/2024:18:07:23 +0200] "GET /storage/media/WuAbnJ3F19P7m8ckhRvBz1XVn9ovSqVCdlDdRtKv.jpg HTTP/1.1" 200 274140 "https://royaltuning.hu/hu" "Mozilla/5.0 (iPhone; CPU iPhone OS 17_5 like Mac OS X) AppleWebKit/605.1.15 (KHTML, like Gecko) CriOS/126.0.6478.54 Mobile/15E148 Safari/604.1"
94.21.58.22 - - [26/Jun/2024:18:07:23 +0200] "GET /storage/media/rnUhwSMBXCra4nPH9qbp3lfzGHwi1xXAGaNfzFMB.png HTTP/1.1" 200 632587 "https://royaltuning.hu/hu" "Mozilla/5.0 (iPhone; CPU iPhone OS 17_5 like Mac OS X) AppleWebKit/605.1.15 (KHTML, like Gecko) CriOS/126.0.6478.54 Mobile/15E148 Safari/604.1"
84.225.147.217 - - [26/Jun/2024:18:07:23 +0200] "GET /storage/media/auto_antennak.jpg HTTP/1.1" 200 62491 "https://royaltuning.hu/hu?gad_source=1&gclid=CjwKCAjw-O6zBhASEiwAOHeGxVqE-mRE8a7e90DaapyZE1dKVjXVEBKFdYyzLJ_pJUVtW98ZtMxMDRoCCv0QAvD_BwE" "Mozilla/5.0 (Linux; Android 10; K) AppleWebKit/537.36 (KHTML, like Gecko) Chrome/126.0.0.0 Mobile Safari/537.36"
94.21.58.22 - - [26/Jun/2024:18:07:23 +0200] "GET /storage/media/zTdJDwdSsCNSvJi9K4gBVppOmVdqtNoAZ8rbqvcd.jpg HTTP/1.1" 200 255268 "https://royaltuning.hu/hu" "Mozilla/5.0 (iPhone; CPU iPhone OS 17_5 like Mac OS X) AppleWebKit/605.1.15 (KHTML, like Gecko) CriOS/126.0.6478.54 Mobile/15E148 Safari/604.1"
94.21.58.22 - - [26/Jun/2024:18:07:24 +0200] "GET /storage/media/OGPcBwV1TL2riepBy6BBrgkU7lbzKQcFMG6Ppog9.jpg HTTP/1.1" 200 209716 "https://royaltuning.hu/hu" "Mozilla/5.0 (iPhone; CPU iPhone OS 17_5 like Mac OS X) AppleWebKit/605.1.15 (KHTML, like Gecko) CriOS/126.0.6478.54 Mobile/15E148 Safari/604.1"
84.225.147.217 - - [26/Jun/2024:18:07:24 +0200] "GET /themes/storefront/public/css/ajax-loader.gif HTTP/1.1" 200 4178 "https://royaltuning.hu/themes/storefront/public/css/app.css?v=3.1.0" "Mozilla/5.0 (Linux; Android 10; K) AppleWebKit/537.36 (KHTML, like Gecko) Chrome/126.0.0.0 Mobile Safari/537.36"
94.21.58.22 - - [26/Jun/2024:18:07:24 +0200] "GET /storage/media/bVZdB6ove8D4TENNFiWCTvBtaxf9rt42QkDSDVc0.jpg HTTP/1.1" 200 76858 "https://royaltuning.hu/hu" "Mozilla/5.0 (iPhone; CPU iPhone OS 17_5 like Mac OS X) AppleWebKit/605.1.15 (KHTML, like Gecko) CriOS/126.0.6478.54 Mobile/15E148 Safari/604.1"
94.21.58.22 - - [26/Jun/2024:18:07:24 +0200] "GET /storage/media/Nd0iyuwJKmEzSIWFRdmRSYkW8buh9VvY4lbx78Vp.jpg HTTP/1.1" 200 111407 "https://royaltuning.hu/hu" "Mozilla/5.0 (iPhone; CPU iPhone OS 17_5 like Mac OS X) AppleWebKit/605.1.15 (KHTML, like Gecko) CriOS/126.0.6478.54 Mobile/15E148 Safari/604.1"
94.21.58.22 - - [26/Jun/2024:18:07:24 +0200] "GET /storage/media/nSx7gESvy2UUeCUyrQ8EyqsMZ2gdr4Cr6BxvvtSZ.jpg HTTP/1.1" 200 240132 "https://royaltuning.hu/hu" "Mozilla/5.0 (iPhone; CPU iPhone OS 17_5 like Mac OS X) AppleWebKit/605.1.15 (KHTML, like Gecko) CriOS/126.0.6478.54 Mobile/15E148 Safari/604.1"
94.21.58.22 - - [26/Jun/2024:18:07:24 +0200] "GET /storage/media/U9NkjU7v6Z3urgm3cZoyB4B52Rf1RDn0nbyFiAJw.jpg HTTP/1.1" 200 80343 "https://royaltuning.hu/hu" "Mozilla/5.0 (iPhone; CPU iPhone OS 17_5 like Mac OS X) AppleWebKit/605.1.15 (KHTML, like Gecko) CriOS/126.0.6478.54 Mobile/15E148 Safari/604.1"
94.21.58.22 - - [26/Jun/2024:18:07:24 +0200] "GET /storage/media/QnwWLqTYXYZBt0pnYYPSgh13vMZ3Tq8bqmOE5u0D.webp HTTP/1.1" 200 43302 "https://royaltuning.hu/hu" "Mozilla/5.0 (iPhone; CPU iPhone OS 17_5 like Mac OS X) AppleWebKit/605.1.15 (KHTML, like Gecko) CriOS/126.0.6478.54 Mobile/15E148 Safari/604.1"
94.21.58.22 - - [26/Jun/2024:18:07:24 +0200] "GET /storage/media/autodiagnosztika.jpg HTTP/1.1" 200 23142 "https://royaltuning.hu/hu" "Mozilla/5.0 (iPhone; CPU iPhone OS 17_5 like Mac OS X) AppleWebKit/605.1.15 (KHTML, like Gecko) CriOS/126.0.6478.54 Mobile/15E148 Safari/604.1"
94.21.58.22 - - [26/Jun/2024:18:07:24 +0200] "GET /storage/media/futofeny_index_autora.jpg HTTP/1.1" 200 247182 "https://royaltuning.hu/hu" "Mozilla/5.0 (iPhone; CPU iPhone OS 17_5 like Mac OS X) AppleWebKit/605.1.15 (KHTML, like Gecko) CriOS/126.0.6478.54 Mobile/15E148 Safari/604.1"
94.21.58.22 - - [26/Jun/2024:18:07:24 +0200] "GET /storage/media/kulcshazak.jpg HTTP/1.1" 200 56737 "https://royaltuning.hu/hu" "Mozilla/5.0 (iPhone; CPU iPhone OS 17_5 like Mac OS X) AppleWebKit/605.1.15 (KHTML, like Gecko) CriOS/126.0.6478.54 Mobile/15E148 Safari/604.1"
94.21.58.22 - - [26/Jun/2024:18:07:24 +0200] "GET /storage/media/motoros_kiegeszitok.png HTTP/1.1" 200 235071 "https://royaltuning.hu/hu" "Mozilla/5.0 (iPhone; CPU iPhone OS 17_5 like Mac OS X) AppleWebKit/605.1.15 (KHTML, like Gecko) CriOS/126.0.6478.54 Mobile/15E148 Safari/604.1"
84.225.147.217 - - [26/Jun/2024:18:07:23 +0200] "GET /storage/media/futofeny_index_autora.jpg HTTP/1.1" 200 247182 "https://royaltuning.hu/hu?gad_source=1&gclid=CjwKCAjw-O6zBhASEiwAOHeGxVqE-mRE8a7e90DaapyZE1dKVjXVEBKFdYyzLJ_pJUVtW98ZtMxMDRoCCv0QAvD_BwE" "Mozilla/5.0 (Linux; Android 10; K) AppleWebKit/537.36 (KHTML, like Gecko) Chrome/126.0.0.0 Mobile Safari/537.36"
84.225.147.217 - - [26/Jun/2024:18:07:24 +0200] "GET /storage/media/h8_h9_h11_xenon_szett-1.jpg HTTP/1.1" 200 56333 "https://royaltuning.hu/hu?gad_source=1&gclid=CjwKCAjw-O6zBhASEiwAOHeGxVqE-mRE8a7e90DaapyZE1dKVjXVEBKFdYyzLJ_pJUVtW98ZtMxMDRoCCv0QAvD_BwE" "Mozilla/5.0 (Linux; Android 10; K) AppleWebKit/537.36 (KHTML, like Gecko) Chrome/126.0.0.0 Mobile Safari/537.36"
84.225.147.217 - - [26/Jun/2024:18:07:24 +0200] "GET /themes/storefront/public/css/fonts/slick.woff HTTP/1.1" 200 1343 "https://royaltuning.hu/themes/storefront/public/css/app.css?v=3.1.0" "Mozilla/5.0 (Linux; Android 10; K) AppleWebKit/537.36 (KHTML, like Gecko) Chrome/126.0.0.0 Mobile Safari/537.36"
94.21.58.22 - - [26/Jun/2024:18:07:24 +0200] "GET /storage/media/auto_antennak.jpg HTTP/1.1" 200 62491 "https://royaltuning.hu/hu" "Mozilla/5.0 (iPhone; CPU iPhone OS 17_5 like Mac OS X) AppleWebKit/605.1.15 (KHTML, like Gecko) CriOS/126.0.6478.54 Mobile/15E148 Safari/604.1"
94.21.58.22 - - [26/Jun/2024:18:07:24 +0200] "GET /storage/media/h8_h9_h11_xenon_szett-1.jpg HTTP/1.1" 200 56333 "https://royaltuning.hu/hu" "Mozilla/5.0 (iPhone; CPU iPhone OS 17_5 like Mac OS X) AppleWebKit/605.1.15 (KHTML, like Gecko) CriOS/126.0.6478.54 Mobile/15E148 Safari/604.1"
84.225.147.217 - - [26/Jun/2024:18:07:24 +0200] "GET /undefined HTTP/1.1" 302 204 "https://royaltuning.hu/hu?gad_source=1&gclid=CjwKCAjw-O6zBhASEiwAOHeGxVqE-mRE8a7e90DaapyZE1dKVjXVEBKFdYyzLJ_pJUVtW98ZtMxMDRoCCv0QAvD_BwE" "Mozilla/5.0 (Linux; Android 10; K) AppleWebKit/537.36 (KHTML, like Gecko) Chrome/126.0.0.0 Mobile Safari/537.36"
94.21.58.22 - - [26/Jun/2024:18:07:24 +0200] "GET /undefined HTTP/1.1" 302 204 "https://royaltuning.hu/hu" "Mozilla/5.0 (iPhone; CPU iPhone OS 17_5 like Mac OS X) AppleWebKit/605.1.15 (KHTML, like Gecko) CriOS/126.0.6478.54 Mobile/15E148 Safari/604.1"
84.225.147.217 - - [26/Jun/2024:18:07:24 +0200] "GET /storage/media/peugeot_valtogomb-1-1.jpg HTTP/1.1" 200 52787 "https://royaltuning.hu/hu?gad_source=1&gclid=CjwKCAjw-O6zBhASEiwAOHeGxVqE-mRE8a7e90DaapyZE1dKVjXVEBKFdYyzLJ_pJUVtW98ZtMxMDRoCCv0QAvD_BwE" "Mozilla/5.0 (Linux; Android 10; K) AppleWebKit/537.36 (KHTML, like Gecko) Chrome/126.0.0.0 Mobile Safari/537.36"
84.225.147.217 - - [26/Jun/2024:18:07:24 +0200] "GET /storage/media/y7fTFJgk5M3a4pCLlSqSnYFtaLD3oVFPrYVPI48z.jpg HTTP/1.1" 200 38667 "https://royaltuning.hu/hu?gad_source=1&gclid=CjwKCAjw-O6zBhASEiwAOHeGxVqE-mRE8a7e90DaapyZE1dKVjXVEBKFdYyzLJ_pJUVtW98ZtMxMDRoCCv0QAvD_BwE" "Mozilla/5.0 (Linux; Android 10; K) AppleWebKit/537.36 (KHTML, like Gecko) Chrome/126.0.0.0 Mobile Safari/537.36"
84.225.147.217 - - [26/Jun/2024:18:07:24 +0200] "GET /storage/media/bmw_valtogomb_6sebesseges_ezust-1.jpg HTTP/1.1" 200 59744 "https://royaltuning.hu/hu?gad_source=1&gclid=CjwKCAjw-O6zBhASEiwAOHeGxVqE-mRE8a7e90DaapyZE1dKVjXVEBKFdYyzLJ_pJUVtW98ZtMxMDRoCCv0QAvD_BwE" "Mozilla/5.0 (Linux; Android 10; K) AppleWebKit/537.36 (KHTML, like Gecko) Chrome/126.0.0.0 Mobile Safari/537.36"
84.225.147.217 - - [26/Jun/2024:18:07:24 +0200] "GET /storage/media/citroen_valtogomb_5sebesseges-5.jpg HTTP/1.1" 200 45476 "https://royaltuning.hu/hu?gad_source=1&gclid=CjwKCAjw-O6zBhASEiwAOHeGxVqE-mRE8a7e90DaapyZE1dKVjXVEBKFdYyzLJ_pJUVtW98ZtMxMDRoCCv0QAvD_BwE" "Mozilla/5.0 (Linux; Android 10; K) AppleWebKit/537.36 (KHTML, like Gecko) Chrome/126.0.0.0 Mobile Safari/537.36"
84.225.147.217 - - [26/Jun/2024:18:07:24 +0200] "GET /storage/media/peugeot_307_valtogmb_es_valtoszoknya-1.jpg HTTP/1.1" 200 34501 "https://royaltuning.hu/hu?gad_source=1&gclid=CjwKCAjw-O6zBhASEiwAOHeGxVqE-mRE8a7e90DaapyZE1dKVjXVEBKFdYyzLJ_pJUVtW98ZtMxMDRoCCv0QAvD_BwE" "Mozilla/5.0 (Linux; Android 10; K) AppleWebKit/537.36 (KHTML, like Gecko) Chrome/126.0.0.0 Mobile Safari/537.36"
84.225.147.217 - - [26/Jun/2024:18:07:24 +0200] "GET /storage/media/Volkwagen_transporter_valtogomb_es_valtoszoknya_6sebesseges.jpg HTTP/1.1" 200 37867 "https://royaltuning.hu/hu?gad_source=1&gclid=CjwKCAjw-O6zBhASEiwAOHeGxVqE-mRE8a7e90DaapyZE1dKVjXVEBKFdYyzLJ_pJUVtW98ZtMxMDRoCCv0QAvD_BwE" "Mozilla/5.0 (Linux; Android 10; K) AppleWebKit/537.36 (KHTML, like Gecko) Chrome/126.0.0.0 Mobile Safari/537.36"
94.21.58.22 - - [26/Jun/2024:18:07:24 +0200] "GET /hu/storefront/vertical-products/2 HTTP/1.1" 200 1528 "https://royaltuning.hu/hu" "Mozilla/5.0 (iPhone; CPU iPhone OS 17_5 like Mac OS X) AppleWebKit/605.1.15 (KHTML, like Gecko) CriOS/126.0.6478.54 Mobile/15E148 Safari/604.1"
94.21.58.22 - - [26/Jun/2024:18:07:24 +0200] "GET /hu/storefront/vertical-products/1 HTTP/1.1" 200 1807 "https://royaltuning.hu/hu" "Mozilla/5.0 (iPhone; CPU iPhone OS 17_5 like Mac OS X) AppleWebKit/605.1.15 (KHTML, like Gecko) CriOS/126.0.6478.54 Mobile/15E148 Safari/604.1"
94.21.58.22 - - [26/Jun/2024:18:07:24 +0200] "GET /storage/media/bm1.jpg HTTP/1.1" 200 49412 "https://royaltuning.hu/hu" "Mozilla/5.0 (iPhone; CPU iPhone OS 17_5 like Mac OS X) AppleWebKit/605.1.15 (KHTML, like Gecko) CriOS/126.0.6478.54 Mobile/15E148 Safari/604.1"
94.21.58.22 - - [26/Jun/2024:18:07:24 +0200] "GET /storage/media/citroen_bicskakulcs_3gombos-1-2.jpg HTTP/1.1" 200 42128 "https://royaltuning.hu/hu" "Mozilla/5.0 (iPhone; CPU iPhone OS 17_5 like Mac OS X) AppleWebKit/605.1.15 (KHTML, like Gecko) CriOS/126.0.6478.54 Mobile/15E148 Safari/604.1"
94.21.58.22 - - [26/Jun/2024:18:07:24 +0200] "GET /storage/media/citroen_kulcshaz_.jpg HTTP/1.1" 200 38893 "https://royaltuning.hu/hu" "Mozilla/5.0 (iPhone; CPU iPhone OS 17_5 like Mac OS X) AppleWebKit/605.1.15 (KHTML, like Gecko) CriOS/126.0.6478.54 Mobile/15E148 Safari/604.1"
94.21.58.22 - - [26/Jun/2024:18:07:24 +0200] "GET /storage/media/citroen_bicskakulcs_2gombos-1-1.jpg HTTP/1.1" 200 29071 "https://royaltuning.hu/hu" "Mozilla/5.0 (iPhone; CPU iPhone OS 17_5 like Mac OS X) AppleWebKit/605.1.15 (KHTML, like Gecko) CriOS/126.0.6478.54 Mobile/15E148 Safari/604.1"
84.225.147.217 - - [26/Jun/2024:18:07:24 +0200] "GET /storage/media/ford_valtogomb_ezust-1.jpg HTTP/1.1" 200 34793 "https://royaltuning.hu/hu?gad_source=1&gclid=CjwKCAjw-O6zBhASEiwAOHeGxVqE-mRE8a7e90DaapyZE1dKVjXVEBKFdYyzLJ_pJUVtW98ZtMxMDRoCCv0QAvD_BwE" "Mozilla/5.0 (Linux; Android 10; K) AppleWebKit/537.36 (KHTML, like Gecko) Chrome/126.0.0.0 Mobile Safari/537.36"
94.21.58.22 - - [26/Jun/2024:18:07:24 +0200] "GET /storage/media/fiat_kulcshaz-2.jpg HTTP/1.1" 200 70958 "https://royaltuning.hu/hu" "Mozilla/5.0 (iPhone; CPU iPhone OS 17_5 like Mac OS X) AppleWebKit/605.1.15 (KHTML, like Gecko) CriOS/126.0.6478.54 Mobile/15E148 Safari/604.1"
84.225.147.217 - - [26/Jun/2024:18:07:24 +0200] "GET /storage/media/peugeot_valtogomb_adapter-2.jpg HTTP/1.1" 200 37799 "https://royaltuning.hu/hu?gad_source=1&gclid=CjwKCAjw-O6zBhASEiwAOHeGxVqE-mRE8a7e90DaapyZE1dKVjXVEBKFdYyzLJ_pJUVtW98ZtMxMDRoCCv0QAvD_BwE" "Mozilla/5.0 (Linux; Android 10; K) AppleWebKit/537.36 (KHTML, like Gecko) Chrome/126.0.0.0 Mobile Safari/537.36"
84.225.147.217 - - [26/Jun/2024:18:07:24 +0200] "GET /storage/media/ApVdZhpsAQAd1sBrEOzBuh78kglkfV5gdG1gymlL.jpg HTTP/1.1" 200 31616 "https://royaltuning.hu/hu?gad_source=1&gclid=CjwKCAjw-O6zBhASEiwAOHeGxVqE-mRE8a7e90DaapyZE1dKVjXVEBKFdYyzLJ_pJUVtW98ZtMxMDRoCCv0QAvD_BwE" "Mozilla/5.0 (Linux; Android 10; K) AppleWebKit/537.36 (KHTML, like Gecko) Chrome/126.0.0.0 Mobile Safari/537.36"
94.21.58.22 - - [26/Jun/2024:18:07:24 +0200] "GET /storage/media/peugeot_kulcshaz.jpg HTTP/1.1" 200 38893 "https://royaltuning.hu/hu" "Mozilla/5.0 (iPhone; CPU iPhone OS 17_5 like Mac OS X) AppleWebKit/605.1.15 (KHTML, like Gecko) CriOS/126.0.6478.54 Mobile/15E148 Safari/604.1"
94.21.58.22 - - [26/Jun/2024:18:07:24 +0200] "GET /storage/media/opel_kulcsha_meriva.jpg HTTP/1.1" 200 43520 "https://royaltuning.hu/hu" "Mozilla/5.0 (iPhone; CPU iPhone OS 17_5 like Mac OS X) AppleWebKit/605.1.15 (KHTML, like Gecko) CriOS/126.0.6478.54 Mobile/15E148 Safari/604.1"
94.21.58.22 - - [26/Jun/2024:18:07:24 +0200] "GET /storage/media/honda_kulcshaz_2gombos.jpg HTTP/1.1" 200 85888 "https://royaltuning.hu/hu" "Mozilla/5.0 (iPhone; CPU iPhone OS 17_5 like Mac OS X) AppleWebKit/605.1.15 (KHTML, like Gecko) CriOS/126.0.6478.54 Mobile/15E148 Safari/604.1"
94.21.58.22 - - [26/Jun/2024:18:07:24 +0200] "GET /storage/media/opel_kulcshaz.jpg HTTP/1.1" 200 43300 "https://royaltuning.hu/hu" "Mozilla/5.0 (iPhone; CPU iPhone OS 17_5 like Mac OS X) AppleWebKit/605.1.15 (KHTML, like Gecko) CriOS/126.0.6478.54 Mobile/15E148 Safari/604.1"
94.21.58.22 - - [26/Jun/2024:18:07:24 +0200] "GET /storage/media/renault_nyerskulcs_laguna-1.jpg HTTP/1.1" 200 53458 "https://royaltuning.hu/hu" "Mozilla/5.0 (iPhone; CPU iPhone OS 17_5 like Mac OS X) AppleWebKit/605.1.15 (KHTML, like Gecko) CriOS/126.0.6478.54 Mobile/15E148 Safari/604.1"
84.225.147.217 - - [26/Jun/2024:18:07:24 +0200] "GET /storage/media/ford_valtogomb-1.jpg HTTP/1.1" 200 39296 "https://royaltuning.hu/hu?gad_source=1&gclid=CjwKCAjw-O6zBhASEiwAOHeGxVqE-mRE8a7e90DaapyZE1dKVjXVEBKFdYyzLJ_pJUVtW98ZtMxMDRoCCv0QAvD_BwE" "Mozilla/5.0 (Linux; Android 10; K) AppleWebKit/537.36 (KHTML, like Gecko) Chrome/126.0.0.0 Mobile Safari/537.36"
94.21.58.22 - - [26/Jun/2024:18:07:24 +0200] "GET /storage/media/bmw_valtogomb_6sebesseges_ezust-1.jpg HTTP/1.1" 200 59744 "https://royaltuning.hu/hu" "Mozilla/5.0 (iPhone; CPU iPhone OS 17_5 like Mac OS X) AppleWebKit/605.1.15 (KHTML, like Gecko) CriOS/126.0.6478.54 Mobile/15E148 Safari/604.1"
188.157.27.78 - - [26/Jun/2024:18:07:22 +0200] "GET /public/hu/termekkategoria/futofenyes-led-indexek HTTP/1.1" 200 41516 "https://www.google.hu/" "Mozilla/5.0 (Windows NT 10.0; Win64; x64) AppleWebKit/537.36 (KHTML, like Gecko) Chrome/126.0.0.0 Safari/537.36"
94.21.58.22 - - [26/Jun/2024:18:07:24 +0200] "GET /storage/media/y7fTFJgk5M3a4pCLlSqSnYFtaLD3oVFPrYVPI48z.jpg HTTP/1.1" 200 38667 "https://royaltuning.hu/hu" "Mozilla/5.0 (iPhone; CPU iPhone OS 17_5 like Mac OS X) AppleWebKit/605.1.15 (KHTML, like Gecko) CriOS/126.0.6478.54 Mobile/15E148 Safari/604.1"
94.21.58.22 - - [26/Jun/2024:18:07:24 +0200] "GET /storage/media/peugeot_valtogomb-1-1.jpg HTTP/1.1" 200 52787 "https://royaltuning.hu/hu" "Mozilla/5.0 (iPhone; CPU iPhone OS 17_5 like Mac OS X) AppleWebKit/605.1.15 (KHTML, like Gecko) CriOS/126.0.6478.54 Mobile/15E148 Safari/604.1"
94.21.58.22 - - [26/Jun/2024:18:07:24 +0200] "GET /storage/media/citroen_valtogomb_5sebesseges-5.jpg HTTP/1.1" 200 45476 "https://royaltuning.hu/hu" "Mozilla/5.0 (iPhone; CPU iPhone OS 17_5 like Mac OS X) AppleWebKit/605.1.15 (KHTML, like Gecko) CriOS/126.0.6478.54 Mobile/15E148 Safari/604.1"
94.21.58.22 - - [26/Jun/2024:18:07:24 +0200] "GET /storage/media/peugeot_307_valtogmb_es_valtoszoknya-1.jpg HTTP/1.1" 200 34501 "https://royaltuning.hu/hu" "Mozilla/5.0 (iPhone; CPU iPhone OS 17_5 like Mac OS X) AppleWebKit/605.1.15 (KHTML, like Gecko) CriOS/126.0.6478.54 Mobile/15E148 Safari/604.1"
94.21.58.22 - - [26/Jun/2024:18:07:24 +0200] "GET /storage/media/Volkwagen_transporter_valtogomb_es_valtoszoknya_6sebesseges.jpg HTTP/1.1" 200 37867 "https://royaltuning.hu/hu" "Mozilla/5.0 (iPhone; CPU iPhone OS 17_5 like Mac OS X) AppleWebKit/605.1.15 (KHTML, like Gecko) CriOS/126.0.6478.54 Mobile/15E148 Safari/604.1"
94.21.58.22 - - [26/Jun/2024:18:07:24 +0200] "GET /storage/media/ford_valtogomb_ezust-1.jpg HTTP/1.1" 200 34793 "https://royaltuning.hu/hu" "Mozilla/5.0 (iPhone; CPU iPhone OS 17_5 like Mac OS X) AppleWebKit/605.1.15 (KHTML, like Gecko) CriOS/126.0.6478.54 Mobile/15E148 Safari/604.1"
94.21.58.22 - - [26/Jun/2024:18:07:24 +0200] "GET /storage/media/peugeot_valtogomb_adapter-2.jpg HTTP/1.1" 200 37799 "https://royaltuning.hu/hu" "Mozilla/5.0 (iPhone; CPU iPhone OS 17_5 like Mac OS X) AppleWebKit/605.1.15 (KHTML, like Gecko) CriOS/126.0.6478.54 Mobile/15E148 Safari/604.1"
84.225.147.217 - - [26/Jun/2024:18:07:24 +0200] "GET /storage/media/Q6ZRAyz6BKRRUS3Ccwdxlb4Q1ZqwmbgjwkoXdemI.jpg HTTP/1.1" 200 443365 "https://royaltuning.hu/hu?gad_source=1&gclid=CjwKCAjw-O6zBhASEiwAOHeGxVqE-mRE8a7e90DaapyZE1dKVjXVEBKFdYyzLJ_pJUVtW98ZtMxMDRoCCv0QAvD_BwE" "Mozilla/5.0 (Linux; Android 10; K) AppleWebKit/537.36 (KHTML, like Gecko) Chrome/126.0.0.0 Mobile Safari/537.36"
94.21.58.22 - - [26/Jun/2024:18:07:24 +0200] "GET /storage/media/ApVdZhpsAQAd1sBrEOzBuh78kglkfV5gdG1gymlL.jpg HTTP/1.1" 200 31616 "https://royaltuning.hu/hu" "Mozilla/5.0 (iPhone; CPU iPhone OS 17_5 like Mac OS X) AppleWebKit/605.1.15 (KHTML, like Gecko) CriOS/126.0.6478.54 Mobile/15E148 Safari/604.1"
94.21.58.22 - - [26/Jun/2024:18:07:24 +0200] "GET /storage/media/ford_valtogomb-1.jpg HTTP/1.1" 200 39296 "https://royaltuning.hu/hu" "Mozilla/5.0 (iPhone; CPU iPhone OS 17_5 like Mac OS X) AppleWebKit/605.1.15 (KHTML, like Gecko) CriOS/126.0.6478.54 Mobile/15E148 Safari/604.1"
84.225.147.217 - - [26/Jun/2024:18:07:24 +0200] "GET /storage/media/univerzalis_spoiler_feklampaval.jpg HTTP/1.1" 200 406300 "https://royaltuning.hu/hu?gad_source=1&gclid=CjwKCAjw-O6zBhASEiwAOHeGxVqE-mRE8a7e90DaapyZE1dKVjXVEBKFdYyzLJ_pJUVtW98ZtMxMDRoCCv0QAvD_BwE" "Mozilla/5.0 (Linux; Android 10; K) AppleWebKit/537.36 (KHTML, like Gecko) Chrome/126.0.0.0 Mobile Safari/537.36"
84.225.147.217 - - [26/Jun/2024:18:07:24 +0200] "GET /storage/media/citroen_bicskakulcs_3gombos-1-2.jpg HTTP/1.1" 200 42128 "https://royaltuning.hu/hu?gad_source=1&gclid=CjwKCAjw-O6zBhASEiwAOHeGxVqE-mRE8a7e90DaapyZE1dKVjXVEBKFdYyzLJ_pJUVtW98ZtMxMDRoCCv0QAvD_BwE" "Mozilla/5.0 (Linux; Android 10; K) AppleWebKit/537.36 (KHTML, like Gecko) Chrome/126.0.0.0 Mobile Safari/537.36"
84.225.147.217 - - [26/Jun/2024:18:07:24 +0200] "GET /storage/media/bm1.jpg HTTP/1.1" 200 49412 "https://royaltuning.hu/hu?gad_source=1&gclid=CjwKCAjw-O6zBhASEiwAOHeGxVqE-mRE8a7e90DaapyZE1dKVjXVEBKFdYyzLJ_pJUVtW98ZtMxMDRoCCv0QAvD_BwE" "Mozilla/5.0 (Linux; Android 10; K) AppleWebKit/537.36 (KHTML, like Gecko) Chrome/126.0.0.0 Mobile Safari/537.36"
84.225.147.217 - - [26/Jun/2024:18:07:24 +0200] "GET /storage/media/citroen_bicskakulcs_2gombos-1-1.jpg HTTP/1.1" 200 29071 "https://royaltuning.hu/hu?gad_source=1&gclid=CjwKCAjw-O6zBhASEiwAOHeGxVqE-mRE8a7e90DaapyZE1dKVjXVEBKFdYyzLJ_pJUVtW98ZtMxMDRoCCv0QAvD_BwE" "Mozilla/5.0 (Linux; Android 10; K) AppleWebKit/537.36 (KHTML, like Gecko) Chrome/126.0.0.0 Mobile Safari/537.36"
84.225.147.217 - - [26/Jun/2024:18:07:24 +0200] "GET /storage/media/citroen_kulcshaz_.jpg HTTP/1.1" 200 38893 "https://royaltuning.hu/hu?gad_source=1&gclid=CjwKCAjw-O6zBhASEiwAOHeGxVqE-mRE8a7e90DaapyZE1dKVjXVEBKFdYyzLJ_pJUVtW98ZtMxMDRoCCv0QAvD_BwE" "Mozilla/5.0 (Linux; Android 10; K) AppleWebKit/537.36 (KHTML, like Gecko) Chrome/126.0.0.0 Mobile Safari/537.36"
84.225.147.217 - - [26/Jun/2024:18:07:24 +0200] "GET /storage/media/peugeot_kulcshaz.jpg HTTP/1.1" 200 38893 "https://royaltuning.hu/hu?gad_source=1&gclid=CjwKCAjw-O6zBhASEiwAOHeGxVqE-mRE8a7e90DaapyZE1dKVjXVEBKFdYyzLJ_pJUVtW98ZtMxMDRoCCv0QAvD_BwE" "Mozilla/5.0 (Linux; Android 10; K) AppleWebKit/537.36 (KHTML, like Gecko) Chrome/126.0.0.0 Mobile Safari/537.36"
84.225.147.217 - - [26/Jun/2024:18:07:24 +0200] "GET /storage/media/fiat_kulcshaz-2.jpg HTTP/1.1" 200 70958 "https://royaltuning.hu/hu?gad_source=1&gclid=CjwKCAjw-O6zBhASEiwAOHeGxVqE-mRE8a7e90DaapyZE1dKVjXVEBKFdYyzLJ_pJUVtW98ZtMxMDRoCCv0QAvD_BwE" "Mozilla/5.0 (Linux; Android 10; K) AppleWebKit/537.36 (KHTML, like Gecko) Chrome/126.0.0.0 Mobile Safari/537.36"
84.225.147.217 - - [26/Jun/2024:18:07:24 +0200] "GET /storage/media/honda_kulcshaz_2gombos.jpg HTTP/1.1" 200 85888 "https://royaltuning.hu/hu?gad_source=1&gclid=CjwKCAjw-O6zBhASEiwAOHeGxVqE-mRE8a7e90DaapyZE1dKVjXVEBKFdYyzLJ_pJUVtW98ZtMxMDRoCCv0QAvD_BwE" "Mozilla/5.0 (Linux; Android 10; K) AppleWebKit/537.36 (KHTML, like Gecko) Chrome/126.0.0.0 Mobile Safari/537.36"
84.225.147.217 - - [26/Jun/2024:18:07:24 +0200] "GET /storage/media/opel_kulcsha_meriva.jpg HTTP/1.1" 200 43520 "https://royaltuning.hu/hu?gad_source=1&gclid=CjwKCAjw-O6zBhASEiwAOHeGxVqE-mRE8a7e90DaapyZE1dKVjXVEBKFdYyzLJ_pJUVtW98ZtMxMDRoCCv0QAvD_BwE" "Mozilla/5.0 (Linux; Android 10; K) AppleWebKit/537.36 (KHTML, like Gecko) Chrome/126.0.0.0 Mobile Safari/537.36"
84.225.147.217 - - [26/Jun/2024:18:07:24 +0200] "GET /storage/media/opel_kulcshaz.jpg HTTP/1.1" 200 43300 "https://royaltuning.hu/hu?gad_source=1&gclid=CjwKCAjw-O6zBhASEiwAOHeGxVqE-mRE8a7e90DaapyZE1dKVjXVEBKFdYyzLJ_pJUVtW98ZtMxMDRoCCv0QAvD_BwE" "Mozilla/5.0 (Linux; Android 10; K) AppleWebKit/537.36 (KHTML, like Gecko) Chrome/126.0.0.0 Mobile Safari/537.36"
84.225.147.217 - - [26/Jun/2024:18:07:24 +0200] "GET /storage/media/renault_nyerskulcs_laguna-1.jpg HTTP/1.1" 200 53458 "https://royaltuning.hu/hu?gad_source=1&gclid=CjwKCAjw-O6zBhASEiwAOHeGxVqE-mRE8a7e90DaapyZE1dKVjXVEBKFdYyzLJ_pJUVtW98ZtMxMDRoCCv0QAvD_BwE" "Mozilla/5.0 (Linux; Android 10; K) AppleWebKit/537.36 (KHTML, like Gecko) Chrome/126.0.0.0 Mobile Safari/537.36"
84.225.147.217 - - [26/Jun/2024:18:07:24 +0200] "GET /storage/media/ba15s_led_izzo-1.jpg HTTP/1.1" 200 42488 "https://royaltuning.hu/hu?gad_source=1&gclid=CjwKCAjw-O6zBhASEiwAOHeGxVqE-mRE8a7e90DaapyZE1dKVjXVEBKFdYyzLJ_pJUVtW98ZtMxMDRoCCv0QAvD_BwE" "Mozilla/5.0 (Linux; Android 10; K) AppleWebKit/537.36 (KHTML, like Gecko) Chrome/126.0.0.0 Mobile Safari/537.36"
84.225.147.217 - - [26/Jun/2024:18:07:24 +0200] "GET /storage/media/szofita_led_izzo_39mm-1.jpg HTTP/1.1" 200 79380 "https://royaltuning.hu/hu?gad_source=1&gclid=CjwKCAjw-O6zBhASEiwAOHeGxVqE-mRE8a7e90DaapyZE1dKVjXVEBKFdYyzLJ_pJUVtW98ZtMxMDRoCCv0QAvD_BwE" "Mozilla/5.0 (Linux; Android 10; K) AppleWebKit/537.36 (KHTML, like Gecko) Chrome/126.0.0.0 Mobile Safari/537.36"
84.225.147.217 - - [26/Jun/2024:18:07:24 +0200] "GET /storage/media/szofita_led_izzo_36mm-1.jpg HTTP/1.1" 200 79575 "https://royaltuning.hu/hu?gad_source=1&gclid=CjwKCAjw-O6zBhASEiwAOHeGxVqE-mRE8a7e90DaapyZE1dKVjXVEBKFdYyzLJ_pJUVtW98ZtMxMDRoCCv0QAvD_BwE" "Mozilla/5.0 (Linux; Android 10; K) AppleWebKit/537.36 (KHTML, like Gecko) Chrome/126.0.0.0 Mobile Safari/537.36"
84.225.147.217 - - [26/Jun/2024:18:07:24 +0200] "GET /storage/media/muszerfal_led_izzo_feher-1.jpg HTTP/1.1" 200 48970 "https://royaltuning.hu/hu?gad_source=1&gclid=CjwKCAjw-O6zBhASEiwAOHeGxVqE-mRE8a7e90DaapyZE1dKVjXVEBKFdYyzLJ_pJUVtW98ZtMxMDRoCCv0QAvD_BwE" "Mozilla/5.0 (Linux; Android 10; K) AppleWebKit/537.36 (KHTML, like Gecko) Chrome/126.0.0.0 Mobile Safari/537.36"
84.225.147.217 - - [26/Jun/2024:18:07:24 +0200] "GET /storage/media/t5_led_izzo_piros-1.jpg HTTP/1.1" 200 23002 "https://royaltuning.hu/hu?gad_source=1&gclid=CjwKCAjw-O6zBhASEiwAOHeGxVqE-mRE8a7e90DaapyZE1dKVjXVEBKFdYyzLJ_pJUVtW98ZtMxMDRoCCv0QAvD_BwE" "Mozilla/5.0 (Linux; Android 10; K) AppleWebKit/537.36 (KHTML, like Gecko) Chrome/126.0.0.0 Mobile Safari/537.36"
84.225.147.217 - - [26/Jun/2024:18:07:24 +0200] "GET /storage/media/muszerfal_led_izzo_zold-5.jpg HTTP/1.1" 200 54311 "https://royaltuning.hu/hu?gad_source=1&gclid=CjwKCAjw-O6zBhASEiwAOHeGxVqE-mRE8a7e90DaapyZE1dKVjXVEBKFdYyzLJ_pJUVtW98ZtMxMDRoCCv0QAvD_BwE" "Mozilla/5.0 (Linux; Android 10; K) AppleWebKit/537.36 (KHTML, like Gecko) Chrome/126.0.0.0 Mobile Safari/537.36"
84.225.147.217 - - [26/Jun/2024:18:07:24 +0200] "GET /storage/media/muszerfal_led_izzo_zold-1.jpg HTTP/1.1" 200 59176 "https://royaltuning.hu/hu?gad_source=1&gclid=CjwKCAjw-O6zBhASEiwAOHeGxVqE-mRE8a7e90DaapyZE1dKVjXVEBKFdYyzLJ_pJUVtW98ZtMxMDRoCCv0QAvD_BwE" "Mozilla/5.0 (Linux; Android 10; K) AppleWebKit/537.36 (KHTML, like Gecko) Chrome/126.0.0.0 Mobile Safari/537.36"
84.225.147.217 - - [26/Jun/2024:18:07:24 +0200] "GET /storage/media/t5_led_izzo_kek-1.jpg HTTP/1.1" 200 54316 "https://royaltuning.hu/hu?gad_source=1&gclid=CjwKCAjw-O6zBhASEiwAOHeGxVqE-mRE8a7e90DaapyZE1dKVjXVEBKFdYyzLJ_pJUVtW98ZtMxMDRoCCv0QAvD_BwE" "Mozilla/5.0 (Linux; Android 10; K) AppleWebKit/537.36 (KHTML, like Gecko) Chrome/126.0.0.0 Mobile Safari/537.36"
84.225.147.217 - - [26/Jun/2024:18:07:24 +0200] "GET /storage/media/auto_ledpanel_48_leddel-1.jpg HTTP/1.1" 200 47257 "https://royaltuning.hu/hu?gad_source=1&gclid=CjwKCAjw-O6zBhASEiwAOHeGxVqE-mRE8a7e90DaapyZE1dKVjXVEBKFdYyzLJ_pJUVtW98ZtMxMDRoCCv0QAvD_BwE" "Mozilla/5.0 (Linux; Android 10; K) AppleWebKit/537.36 (KHTML, like Gecko) Chrome/126.0.0.0 Mobile Safari/537.36"
84.225.147.217 - - [26/Jun/2024:18:07:24 +0200] "GET /storage/media/ledes_izzo-3.jpg HTTP/1.1" 200 85163 "https://royaltuning.hu/hu?gad_source=1&gclid=CjwKCAjw-O6zBhASEiwAOHeGxVqE-mRE8a7e90DaapyZE1dKVjXVEBKFdYyzLJ_pJUVtW98ZtMxMDRoCCv0QAvD_BwE" "Mozilla/5.0 (Linux; Android 10; K) AppleWebKit/537.36 (KHTML, like Gecko) Chrome/126.0.0.0 Mobile Safari/537.36"
84.225.147.217 - - [26/Jun/2024:18:07:24 +0200] "GET /storage/media/VW_skoda_seat_futofenyes_index_.jpg HTTP/1.1" 200 13496 "https://royaltuning.hu/hu?gad_source=1&gclid=CjwKCAjw-O6zBhASEiwAOHeGxVqE-mRE8a7e90DaapyZE1dKVjXVEBKFdYyzLJ_pJUVtW98ZtMxMDRoCCv0QAvD_BwE" "Mozilla/5.0 (Linux; Android 10; K) AppleWebKit/537.36 (KHTML, like Gecko) Chrome/126.0.0.0 Mobile Safari/537.36"
84.225.147.217 - - [26/Jun/2024:18:07:24 +0200] "GET /storage/media/bmw_e46_futofenyes_index_.jpg HTTP/1.1" 200 42900 "https://royaltuning.hu/hu?gad_source=1&gclid=CjwKCAjw-O6zBhASEiwAOHeGxVqE-mRE8a7e90DaapyZE1dKVjXVEBKFdYyzLJ_pJUVtW98ZtMxMDRoCCv0QAvD_BwE" "Mozilla/5.0 (Linux; Android 10; K) AppleWebKit/537.36 (KHTML, like Gecko) Chrome/126.0.0.0 Mobile Safari/537.36"
84.225.147.217 - - [26/Jun/2024:18:07:24 +0200] "GET /storage/media/bmw_e46_futofenyes_index_-1.jpg HTTP/1.1" 200 286471 "https://royaltuning.hu/hu?gad_source=1&gclid=CjwKCAjw-O6zBhASEiwAOHeGxVqE-mRE8a7e90DaapyZE1dKVjXVEBKFdYyzLJ_pJUVtW98ZtMxMDRoCCv0QAvD_BwE" "Mozilla/5.0 (Linux; Android 10; K) AppleWebKit/537.36 (KHTML, like Gecko) Chrome/126.0.0.0 Mobile Safari/537.36"
84.225.147.217 - - [26/Jun/2024:18:07:24 +0200] "GET /storage/media/fiat_500_futofenyes_index.jpg HTTP/1.1" 200 33353 "https://royaltuning.hu/hu?gad_source=1&gclid=CjwKCAjw-O6zBhASEiwAOHeGxVqE-mRE8a7e90DaapyZE1dKVjXVEBKFdYyzLJ_pJUVtW98ZtMxMDRoCCv0QAvD_BwE" "Mozilla/5.0 (Linux; Android 10; K) AppleWebKit/537.36 (KHTML, like Gecko) Chrome/126.0.0.0 Mobile Safari/537.36"
84.225.147.217 - - [26/Jun/2024:18:07:24 +0200] "GET /storage/media/mazda_futofenyes_index.jpg HTTP/1.1" 200 428347 "https://royaltuning.hu/hu?gad_source=1&gclid=CjwKCAjw-O6zBhASEiwAOHeGxVqE-mRE8a7e90DaapyZE1dKVjXVEBKFdYyzLJ_pJUVtW98ZtMxMDRoCCv0QAvD_BwE" "Mozilla/5.0 (Linux; Android 10; K) AppleWebKit/537.36 (KHTML, like Gecko) Chrome/126.0.0.0 Mobile Safari/537.36"
84.225.147.217 - - [26/Jun/2024:18:07:24 +0200] "GET /storage/media/ford_futofenyes_index-6.jpg HTTP/1.1" 200 349216 "https://royaltuning.hu/hu?gad_source=1&gclid=CjwKCAjw-O6zBhASEiwAOHeGxVqE-mRE8a7e90DaapyZE1dKVjXVEBKFdYyzLJ_pJUVtW98ZtMxMDRoCCv0QAvD_BwE" "Mozilla/5.0 (Linux; Android 10; K) AppleWebKit/537.36 (KHTML, like Gecko) Chrome/126.0.0.0 Mobile Safari/537.36"
84.225.147.217 - - [26/Jun/2024:18:07:24 +0200] "GET /storage/media/ford_futofenyes_index-3.jpg HTTP/1.1" 200 32523 "https://royaltuning.hu/hu?gad_source=1&gclid=CjwKCAjw-O6zBhASEiwAOHeGxVqE-mRE8a7e90DaapyZE1dKVjXVEBKFdYyzLJ_pJUVtW98ZtMxMDRoCCv0QAvD_BwE" "Mozilla/5.0 (Linux; Android 10; K) AppleWebKit/537.36 (KHTML, like Gecko) Chrome/126.0.0.0 Mobile Safari/537.36"
84.225.147.217 - - [26/Jun/2024:18:07:24 +0200] "GET /storage/media/mercedes_futofenyes_index.jpg HTTP/1.1" 200 63151 "https://royaltuning.hu/hu?gad_source=1&gclid=CjwKCAjw-O6zBhASEiwAOHeGxVqE-mRE8a7e90DaapyZE1dKVjXVEBKFdYyzLJ_pJUVtW98ZtMxMDRoCCv0QAvD_BwE" "Mozilla/5.0 (Linux; Android 10; K) AppleWebKit/537.36 (KHTML, like Gecko) Chrome/126.0.0.0 Mobile Safari/537.36"
84.225.147.217 - - [26/Jun/2024:18:07:24 +0200] "GET /storage/media/Opel_Vectra_B_index_.jpg HTTP/1.1" 200 37928 "https://royaltuning.hu/hu?gad_source=1&gclid=CjwKCAjw-O6zBhASEiwAOHeGxVqE-mRE8a7e90DaapyZE1dKVjXVEBKFdYyzLJ_pJUVtW98ZtMxMDRoCCv0QAvD_BwE" "Mozilla/5.0 (Linux; Android 10; K) AppleWebKit/537.36 (KHTML, like Gecko) Chrome/126.0.0.0 Mobile Safari/537.36"
84.225.147.217 - - [26/Jun/2024:18:07:24 +0200] "GET /storage/media/suzuki_tukor_index-1.jpg HTTP/1.1" 200 79805 "https://royaltuning.hu/hu?gad_source=1&gclid=CjwKCAjw-O6zBhASEiwAOHeGxVqE-mRE8a7e90DaapyZE1dKVjXVEBKFdYyzLJ_pJUVtW98ZtMxMDRoCCv0QAvD_BwE" "Mozilla/5.0 (Linux; Android 10; K) AppleWebKit/537.36 (KHTML, like Gecko) Chrome/126.0.0.0 Mobile Safari/537.36"
84.225.147.217 - - [26/Jun/2024:18:07:24 +0200] "GET /storage/media/paGdgnfacATylUWhvUeUZGv1GIKiGXmdYwZR20nd.jpg HTTP/1.1" 200 34330 "https://royaltuning.hu/hu?gad_source=1&gclid=CjwKCAjw-O6zBhASEiwAOHeGxVqE-mRE8a7e90DaapyZE1dKVjXVEBKFdYyzLJ_pJUVtW98ZtMxMDRoCCv0QAvD_BwE" "Mozilla/5.0 (Linux; Android 10; K) AppleWebKit/537.36 (KHTML, like Gecko) Chrome/126.0.0.0 Mobile Safari/537.36"
84.225.147.217 - - [26/Jun/2024:18:07:24 +0200] "GET /storage/media/QnwWLqTYXYZBt0pnYYPSgh13vMZ3Tq8bqmOE5u0D.webp HTTP/1.1" 200 43302 "https://royaltuning.hu/hu?gad_source=1&gclid=CjwKCAjw-O6zBhASEiwAOHeGxVqE-mRE8a7e90DaapyZE1dKVjXVEBKFdYyzLJ_pJUVtW98ZtMxMDRoCCv0QAvD_BwE" "Mozilla/5.0 (Linux; Android 10; K) AppleWebKit/537.36 (KHTML, like Gecko) Chrome/126.0.0.0 Mobile Safari/537.36"
84.225.147.217 - - [26/Jun/2024:18:07:24 +0200] "GET /storage/media/U9NkjU7v6Z3urgm3cZoyB4B52Rf1RDn0nbyFiAJw.jpg HTTP/1.1" 200 80343 "https://royaltuning.hu/hu?gad_source=1&gclid=CjwKCAjw-O6zBhASEiwAOHeGxVqE-mRE8a7e90DaapyZE1dKVjXVEBKFdYyzLJ_pJUVtW98ZtMxMDRoCCv0QAvD_BwE" "Mozilla/5.0 (Linux; Android 10; K) AppleWebKit/537.36 (KHTML, like Gecko) Chrome/126.0.0.0 Mobile Safari/537.36"
84.225.147.217 - - [26/Jun/2024:18:07:24 +0200] "GET /storage/media/zTdJDwdSsCNSvJi9K4gBVppOmVdqtNoAZ8rbqvcd.jpg HTTP/1.1" 200 255268 "https://royaltuning.hu/hu?gad_source=1&gclid=CjwKCAjw-O6zBhASEiwAOHeGxVqE-mRE8a7e90DaapyZE1dKVjXVEBKFdYyzLJ_pJUVtW98ZtMxMDRoCCv0QAvD_BwE" "Mozilla/5.0 (Linux; Android 10; K) AppleWebKit/537.36 (KHTML, like Gecko) Chrome/126.0.0.0 Mobile Safari/537.36"
84.225.147.217 - - [26/Jun/2024:18:07:24 +0200] "GET /storage/media/WuAbnJ3F19P7m8ckhRvBz1XVn9ovSqVCdlDdRtKv.jpg HTTP/1.1" 200 274140 "https://royaltuning.hu/hu?gad_source=1&gclid=CjwKCAjw-O6zBhASEiwAOHeGxVqE-mRE8a7e90DaapyZE1dKVjXVEBKFdYyzLJ_pJUVtW98ZtMxMDRoCCv0QAvD_BwE" "Mozilla/5.0 (Linux; Android 10; K) AppleWebKit/537.36 (KHTML, like Gecko) Chrome/126.0.0.0 Mobile Safari/537.36"
84.225.147.217 - - [26/Jun/2024:18:07:24 +0200] "GET /storage/media/rnUhwSMBXCra4nPH9qbp3lfzGHwi1xXAGaNfzFMB.png HTTP/1.1" 200 632587 "https://royaltuning.hu/hu?gad_source=1&gclid=CjwKCAjw-O6zBhASEiwAOHeGxVqE-mRE8a7e90DaapyZE1dKVjXVEBKFdYyzLJ_pJUVtW98ZtMxMDRoCCv0QAvD_BwE" "Mozilla/5.0 (Linux; Android 10; K) AppleWebKit/537.36 (KHTML, like Gecko) Chrome/126.0.0.0 Mobile Safari/537.36"
84.225.147.217 - - [26/Jun/2024:18:07:24 +0200] "GET /storage/media/nSx7gESvy2UUeCUyrQ8EyqsMZ2gdr4Cr6BxvvtSZ.jpg HTTP/1.1" 200 240132 "https://royaltuning.hu/hu?gad_source=1&gclid=CjwKCAjw-O6zBhASEiwAOHeGxVqE-mRE8a7e90DaapyZE1dKVjXVEBKFdYyzLJ_pJUVtW98ZtMxMDRoCCv0QAvD_BwE" "Mozilla/5.0 (Linux; Android 10; K) AppleWebKit/537.36 (KHTML, like Gecko) Chrome/126.0.0.0 Mobile Safari/537.36"
84.225.147.217 - - [26/Jun/2024:18:07:24 +0200] "GET /storage/media/bVZdB6ove8D4TENNFiWCTvBtaxf9rt42QkDSDVc0.jpg HTTP/1.1" 200 76858 "https://royaltuning.hu/hu?gad_source=1&gclid=CjwKCAjw-O6zBhASEiwAOHeGxVqE-mRE8a7e90DaapyZE1dKVjXVEBKFdYyzLJ_pJUVtW98ZtMxMDRoCCv0QAvD_BwE" "Mozilla/5.0 (Linux; Android 10; K) AppleWebKit/537.36 (KHTML, like Gecko) Chrome/126.0.0.0 Mobile Safari/537.36"
84.225.147.217 - - [26/Jun/2024:18:07:24 +0200] "GET /storage/media/Nd0iyuwJKmEzSIWFRdmRSYkW8buh9VvY4lbx78Vp.jpg HTTP/1.1" 200 111407 "https://royaltuning.hu/hu?gad_source=1&gclid=CjwKCAjw-O6zBhASEiwAOHeGxVqE-mRE8a7e90DaapyZE1dKVjXVEBKFdYyzLJ_pJUVtW98ZtMxMDRoCCv0QAvD_BwE" "Mozilla/5.0 (Linux; Android 10; K) AppleWebKit/537.36 (KHTML, like Gecko) Chrome/126.0.0.0 Mobile Safari/537.36"
84.225.147.217 - - [26/Jun/2024:18:07:24 +0200] "GET /storage/media/OGPcBwV1TL2riepBy6BBrgkU7lbzKQcFMG6Ppog9.jpg HTTP/1.1" 200 209716 "https://royaltuning.hu/hu?gad_source=1&gclid=CjwKCAjw-O6zBhASEiwAOHeGxVqE-mRE8a7e90DaapyZE1dKVjXVEBKFdYyzLJ_pJUVtW98ZtMxMDRoCCv0QAvD_BwE" "Mozilla/5.0 (Linux; Android 10; K) AppleWebKit/537.36 (KHTML, like Gecko) Chrome/126.0.0.0 Mobile Safari/537.36"
188.157.27.78 - - [26/Jun/2024:18:07:24 +0200] "GET /public/hu/shop?query=&brand=&category=futofenyes-led-indexek&tag=&fromPrice=0&toPrice=114990&sort=alphabetic&perPage=30&page=1 HTTP/1.1" 200 2168 "https://royaltuning.hu/public/hu/termekkategoria/futofenyes-led-indexek" "Mozilla/5.0 (Windows NT 10.0; Win64; x64) AppleWebKit/537.36 (KHTML, like Gecko) Chrome/126.0.0.0 Safari/537.36"
94.21.58.22 - - [26/Jun/2024:18:07:24 +0200] "GET /hu/undefined HTTP/1.1" 200 30950 "https://royaltuning.hu/hu" "Mozilla/5.0 (iPhone; CPU iPhone OS 17_5 like Mac OS X) AppleWebKit/605.1.15 (KHTML, like Gecko) CriOS/126.0.6478.54 Mobile/15E148 Safari/604.1"
94.21.58.22 - - [26/Jun/2024:18:07:25 +0200] "GET /hu/storefront/vertical-products/3 HTTP/1.1" 200 1470 "https://royaltuning.hu/hu" "Mozilla/5.0 (iPhone; CPU iPhone OS 17_5 like Mac OS X) AppleWebKit/605.1.15 (KHTML, like Gecko) CriOS/126.0.6478.54 Mobile/15E148 Safari/604.1"
94.21.58.22 - - [26/Jun/2024:18:07:25 +0200] "GET /storage/media/ba15s_led_izzo-1.jpg HTTP/1.1" 200 42488 "https://royaltuning.hu/hu" "Mozilla/5.0 (iPhone; CPU iPhone OS 17_5 like Mac OS X) AppleWebKit/605.1.15 (KHTML, like Gecko) CriOS/126.0.6478.54 Mobile/15E148 Safari/604.1"
94.21.58.22 - - [26/Jun/2024:18:07:25 +0200] "GET /storage/media/szofita_led_izzo_39mm-1.jpg HTTP/1.1" 200 79380 "https://royaltuning.hu/hu" "Mozilla/5.0 (iPhone; CPU iPhone OS 17_5 like Mac OS X) AppleWebKit/605.1.15 (KHTML, like Gecko) CriOS/126.0.6478.54 Mobile/15E148 Safari/604.1"
94.21.58.22 - - [26/Jun/2024:18:07:25 +0200] "GET /storage/media/muszerfal_led_izzo_feher-1.jpg HTTP/1.1" 200 48970 "https://royaltuning.hu/hu" "Mozilla/5.0 (iPhone; CPU iPhone OS 17_5 like Mac OS X) AppleWebKit/605.1.15 (KHTML, like Gecko) CriOS/126.0.6478.54 Mobile/15E148 Safari/604.1"
94.21.58.22 - - [26/Jun/2024:18:07:25 +0200] "GET /storage/media/szofita_led_izzo_36mm-1.jpg HTTP/1.1" 200 79575 "https://royaltuning.hu/hu" "Mozilla/5.0 (iPhone; CPU iPhone OS 17_5 like Mac OS X) AppleWebKit/605.1.15 (KHTML, like Gecko) CriOS/126.0.6478.54 Mobile/15E148 Safari/604.1"
94.21.58.22 - - [26/Jun/2024:18:07:25 +0200] "GET /storage/media/muszerfal_led_izzo_zold-5.jpg HTTP/1.1" 200 54311 "https://royaltuning.hu/hu" "Mozilla/5.0 (iPhone; CPU iPhone OS 17_5 like Mac OS X) AppleWebKit/605.1.15 (KHTML, like Gecko) CriOS/126.0.6478.54 Mobile/15E148 Safari/604.1"
94.21.58.22 - - [26/Jun/2024:18:07:25 +0200] "GET /storage/media/muszerfal_led_izzo_zold-1.jpg HTTP/1.1" 200 59176 "https://royaltuning.hu/hu" "Mozilla/5.0 (iPhone; CPU iPhone OS 17_5 like Mac OS X) AppleWebKit/605.1.15 (KHTML, like Gecko) CriOS/126.0.6478.54 Mobile/15E148 Safari/604.1"
84.225.147.217 - - [26/Jun/2024:18:07:24 +0200] "GET /hu/undefined HTTP/1.1" 200 30949 "https://royaltuning.hu/hu?gad_source=1&gclid=CjwKCAjw-O6zBhASEiwAOHeGxVqE-mRE8a7e90DaapyZE1dKVjXVEBKFdYyzLJ_pJUVtW98ZtMxMDRoCCv0QAvD_BwE" "Mozilla/5.0 (Linux; Android 10; K) AppleWebKit/537.36 (KHTML, like Gecko) Chrome/126.0.0.0 Mobile Safari/537.36"
94.21.58.22 - - [26/Jun/2024:18:07:25 +0200] "GET /storage/media/t5_led_izzo_kek-1.jpg HTTP/1.1" 200 54316 "https://royaltuning.hu/hu" "Mozilla/5.0 (iPhone; CPU iPhone OS 17_5 like Mac OS X) AppleWebKit/605.1.15 (KHTML, like Gecko) CriOS/126.0.6478.54 Mobile/15E148 Safari/604.1"
94.21.58.22 - - [26/Jun/2024:18:07:25 +0200] "GET /storage/media/t5_led_izzo_piros-1.jpg HTTP/1.1" 200 23002 "https://royaltuning.hu/hu" "Mozilla/5.0 (iPhone; CPU iPhone OS 17_5 like Mac OS X) AppleWebKit/605.1.15 (KHTML, like Gecko) CriOS/126.0.6478.54 Mobile/15E148 Safari/604.1"
94.21.58.22 - - [26/Jun/2024:18:07:25 +0200] "GET /storage/media/auto_ledpanel_48_leddel-1.jpg HTTP/1.1" 200 47257 "https://royaltuning.hu/hu" "Mozilla/5.0 (iPhone; CPU iPhone OS 17_5 like Mac OS X) AppleWebKit/605.1.15 (KHTML, like Gecko) CriOS/126.0.6478.54 Mobile/15E148 Safari/604.1"
94.21.58.22 - - [26/Jun/2024:18:07:25 +0200] "GET /storage/media/ledes_izzo-3.jpg HTTP/1.1" 200 85163 "https://royaltuning.hu/hu" "Mozilla/5.0 (iPhone; CPU iPhone OS 17_5 like Mac OS X) AppleWebKit/605.1.15 (KHTML, like Gecko) CriOS/126.0.6478.54 Mobile/15E148 Safari/604.1"
84.225.147.217 - - [26/Jun/2024:18:07:25 +0200] "GET /storage/media/c0t7luzASFx7EVSpbCjKOjfFo89DRMqzfBVMmmvt.png HTTP/1.1" 200 18256 "https://royaltuning.hu/hu?gad_source=1&gclid=CjwKCAjw-O6zBhASEiwAOHeGxVqE-mRE8a7e90DaapyZE1dKVjXVEBKFdYyzLJ_pJUVtW98ZtMxMDRoCCv0QAvD_BwE" "Mozilla/5.0 (Linux; Android 10; K) AppleWebKit/537.36 (KHTML, like Gecko) Chrome/126.0.0.0 Mobile Safari/537.36"
54.36.148.109 - - [26/Jun/2024:18:07:26 +0200] "GET /public/hu/termekkategoria/polirozas-karceltavolitas HTTP/1.1" 200 43229 "-" "Mozilla/5.0 (compatible; AhrefsBot/7.0; +http://ahrefs.com/robot/)"
66.249.70.160 - - [26/Jun/2024:18:07:30 +0200] "GET /wp-content/uploads/2022/05/terminal_szerelo_keszlet-3-100x100.jpg HTTP/1.1" 304 - "-" "Googlebot-Image/1.0"
37.76.1.78 - - [26/Jun/2024:18:07:29 +0200] "GET /public/captcha/image?_=35879991 HTTP/1.1" 200 4641 "https://royaltuning.hu/public/hu/termek/suzuki-valtogomb-es-szoknya-szett-swift-sx4-alto-piros-varrassal?gad_source=1&gclid=CjwKCAjw-O6zBhASEiwAOHeGxXLrTYb_pnkdBqbtbdvtEMrBONgFAd1LjD7Ov8fEXnlbKMTxwoXYGBoCJ-gQAvD_BwE" "Mozilla/5.0 (Linux; Android 10; K) AppleWebKit/537.36 (KHTML, like Gecko) SamsungBrowser/24.0 Chrome/117.0.0.0 Mobile Safari/537.36"
173.252.70.3 - - [26/Jun/2024:18:07:32 +0200] "GET /public/hu/termek/teli-sport-maszk HTTP/1.1" 200 274204 "-" "facebookexternalhit/1.1 (+http://www.facebook.com/externalhit_uatext.php)"
37.191.9.189 - - [26/Jun/2024:18:07:38 +0200] "GET /hu/termek/fenyszoro-polirozo-szett HTTP/1.1" 200 45671 "https://royaltuning.hu/hu/termekkategoria/fenyszoro-polirozas" "Mozilla/5.0 (Windows NT 10.0; Win64; x64; rv:127.0) Gecko/20100101 Firefox/127.0"
37.191.9.189 - - [26/Jun/2024:18:07:39 +0200] "GET /themes/storefront/public/css/app.css?v=3.1.0 HTTP/1.1" 200 72700 "https://royaltuning.hu/hu/termek/fenyszoro-polirozo-szett" "Mozilla/5.0 (Windows NT 10.0; Win64; x64; rv:127.0) Gecko/20100101 Firefox/127.0"
37.191.9.189 - - [26/Jun/2024:18:07:39 +0200] "GET /storage/media/autolampa_polirozo_keszlet-6.jpg HTTP/1.1" 200 118238 "https://royaltuning.hu/hu/termek/fenyszoro-polirozo-szett" "Mozilla/5.0 (Windows NT 10.0; Win64; x64; rv:127.0) Gecko/20100101 Firefox/127.0"
37.191.9.189 - - [26/Jun/2024:18:07:39 +0200] "GET /storage/media/autolampa_polirozo_keszlet-3-1.jpg HTTP/1.1" 200 189897 "https://royaltuning.hu/hu/termek/fenyszoro-polirozo-szett" "Mozilla/5.0 (Windows NT 10.0; Win64; x64; rv:127.0) Gecko/20100101 Firefox/127.0"
37.191.9.189 - - [26/Jun/2024:18:07:40 +0200] "GET /storage/media/autolampa_polirozo_keszlet-2-1.jpg HTTP/1.1" 200 134161 "https://royaltuning.hu/hu/termek/fenyszoro-polirozo-szett" "Mozilla/5.0 (Windows NT 10.0; Win64; x64; rv:127.0) Gecko/20100101 Firefox/127.0"
37.191.9.189 - - [26/Jun/2024:18:07:40 +0200] "GET /storage/media/autolampa_polirozo_keszlet-5-1.jpg HTTP/1.1" 200 139316 "https://royaltuning.hu/hu/termek/fenyszoro-polirozo-szett" "Mozilla/5.0 (Windows NT 10.0; Win64; x64; rv:127.0) Gecko/20100101 Firefox/127.0"
37.191.9.189 - - [26/Jun/2024:18:07:40 +0200] "GET /storage/media/autolampa_polirozo_keszlet-4.jpg HTTP/1.1" 200 111423 "https://royaltuning.hu/hu/termek/fenyszoro-polirozo-szett" "Mozilla/5.0 (Windows NT 10.0; Win64; x64; rv:127.0) Gecko/20100101 Firefox/127.0"
37.191.9.189 - - [26/Jun/2024:18:07:40 +0200] "GET /storage/media/4WI9LhYDaKGI5kNs6EagFXH0krjv8rpJiLbglNVU.jpg HTTP/1.1" 200 190641 "https://royaltuning.hu/hu/termek/fenyszoro-polirozo-szett" "Mozilla/5.0 (Windows NT 10.0; Win64; x64; rv:127.0) Gecko/20100101 Firefox/127.0"
37.191.9.189 - - [26/Jun/2024:18:07:40 +0200] "GET /storage/media/autolampa_polirozo_keszlet-5.jpg HTTP/1.1" 200 709050 "https://royaltuning.hu/hu/termek/fenyszoro-polirozo-szett" "Mozilla/5.0 (Windows NT 10.0; Win64; x64; rv:127.0) Gecko/20100101 Firefox/127.0"
37.191.9.189 - - [26/Jun/2024:18:07:40 +0200] "GET /storage/media/autolampa_polirozo_keszlet-3.jpg HTTP/1.1" 200 378980 "https://royaltuning.hu/hu/termek/fenyszoro-polirozo-szett" "Mozilla/5.0 (Windows NT 10.0; Win64; x64; rv:127.0) Gecko/20100101 Firefox/127.0"
37.191.9.189 - - [26/Jun/2024:18:07:40 +0200] "GET /hu/products/6148/reviews?page=1 HTTP/1.1" 200 475 "https://royaltuning.hu/hu/termek/fenyszoro-polirozo-szett" "Mozilla/5.0 (Windows NT 10.0; Win64; x64; rv:127.0) Gecko/20100101 Firefox/127.0"
37.191.9.189 - - [26/Jun/2024:18:07:40 +0200] "GET /captcha/image?_=1564549921 HTTP/1.1" 200 4023 "https://royaltuning.hu/hu/termek/fenyszoro-polirozo-szett" "Mozilla/5.0 (Windows NT 10.0; Win64; x64; rv:127.0) Gecko/20100101 Firefox/127.0"
54.36.149.87 - - [26/Jun/2024:18:07:40 +0200] "GET /public/hu/termekkategoria/h13-led-izzok HTTP/1.1" 200 42535 "-" "Mozilla/5.0 (compatible; AhrefsBot/7.0; +http://ahrefs.com/robot/)"
17.22.237.250 - - [26/Jun/2024:18:07:43 +0200] "GET /hu/shop?query=&brand=&category=karbon-es-karosszeria-foliak&tag=&fromPrice=0&toPrice=114990&sort=alphabetic&perPage=30&page=1 HTTP/1.1" 200 2555 "https://www.royaltuning.hu/hu/termekkategoria/karbon-es-karosszeria-foliak" "Mozilla/5.0 (Macintosh; Intel Mac OS X 10_15_7) AppleWebKit/605.1.15 (KHTML, like Gecko) Version/17.4 Safari/605.1.15 (Applebot/0.1; +http://www.apple.com/go/applebot)"
46.139.88.175 - - [26/Jun/2024:18:07:43 +0200] "GET /hu/termek/endoszkop-kamera-keszlet-kijelzovel HTTP/1.1" 200 48459 "https://royaltuning.hu/hu/termekkategoria/vegyes-autos-kiegeszitok" "Mozilla/5.0 (Windows NT 10.0; Win64; x64) AppleWebKit/537.36 (KHTML, like Gecko) Chrome/126.0.0.0 Safari/537.36"
46.139.88.175 - - [26/Jun/2024:18:07:44 +0200] "GET /storage/media/endoszkop_kamera_keszlet_kijelzovel-2.jpg HTTP/1.1" 200 297325 "https://royaltuning.hu/hu/termek/endoszkop-kamera-keszlet-kijelzovel" "Mozilla/5.0 (Windows NT 10.0; Win64; x64) AppleWebKit/537.36 (KHTML, like Gecko) Chrome/126.0.0.0 Safari/537.36"
46.139.88.175 - - [26/Jun/2024:18:07:44 +0200] "GET /storage/media/endoszkop_kamera_keszlet_kijelzovel-3.jpg HTTP/1.1" 200 175723 "https://royaltuning.hu/hu/termek/endoszkop-kamera-keszlet-kijelzovel" "Mozilla/5.0 (Windows NT 10.0; Win64; x64) AppleWebKit/537.36 (KHTML, like Gecko) Chrome/126.0.0.0 Safari/537.36"
46.139.88.175 - - [26/Jun/2024:18:07:44 +0200] "GET /storage/media/endoszkop_kamera_keszlet_kijelzovel-6.jpg HTTP/1.1" 200 164245 "https://royaltuning.hu/hu/termek/endoszkop-kamera-keszlet-kijelzovel" "Mozilla/5.0 (Windows NT 10.0; Win64; x64) AppleWebKit/537.36 (KHTML, like Gecko) Chrome/126.0.0.0 Safari/537.36"
46.139.88.175 - - [26/Jun/2024:18:07:44 +0200] "GET /storage/media/endoszkop_kamera_keszlet_kijelzovel-5.jpg HTTP/1.1" 200 152983 "https://royaltuning.hu/hu/termek/endoszkop-kamera-keszlet-kijelzovel" "Mozilla/5.0 (Windows NT 10.0; Win64; x64) AppleWebKit/537.36 (KHTML, like Gecko) Chrome/126.0.0.0 Safari/537.36"
46.139.88.175 - - [26/Jun/2024:18:07:44 +0200] "GET /storage/media/endoszkop_kamera_keszlet_kijelzovel-7.jpg HTTP/1.1" 200 233066 "https://royaltuning.hu/hu/termek/endoszkop-kamera-keszlet-kijelzovel" "Mozilla/5.0 (Windows NT 10.0; Win64; x64) AppleWebKit/537.36 (KHTML, like Gecko) Chrome/126.0.0.0 Safari/537.36"
173.252.87.19 - - [26/Jun/2024:18:07:43 +0200] "GET /public/hu/termek/alfa-romeo-valtogomb-5sebesseges HTTP/1.1" 200 275215 "-" "facebookexternalhit/1.1 (+http://www.facebook.com/externalhit_uatext.php)"
46.139.88.175 - - [26/Jun/2024:18:07:44 +0200] "GET /hu/products/209566/reviews?page=1 HTTP/1.1" 200 235 "https://royaltuning.hu/hu/termek/endoszkop-kamera-keszlet-kijelzovel" "Mozilla/5.0 (Windows NT 10.0; Win64; x64) AppleWebKit/537.36 (KHTML, like Gecko) Chrome/126.0.0.0 Safari/537.36"
46.139.88.175 - - [26/Jun/2024:18:07:44 +0200] "GET /storage/media/endoszkop_kamera_keszlet_kijelzovel-8.jpg HTTP/1.1" 200 319568 "https://royaltuning.hu/hu/termek/endoszkop-kamera-keszlet-kijelzovel" "Mozilla/5.0 (Windows NT 10.0; Win64; x64) AppleWebKit/537.36 (KHTML, like Gecko) Chrome/126.0.0.0 Safari/537.36"
46.139.88.175 - - [26/Jun/2024:18:07:44 +0200] "GET /wp-content/uploads/2023/08/endoszkop_kamera_keszlet_kijelzovel-6.jpg HTTP/1.1" 200 164245 "https://royaltuning.hu/hu/termek/endoszkop-kamera-keszlet-kijelzovel" "Mozilla/5.0 (Windows NT 10.0; Win64; x64) AppleWebKit/537.36 (KHTML, like Gecko) Chrome/126.0.0.0 Safari/537.36"
46.139.88.175 - - [26/Jun/2024:18:07:44 +0200] "GET /wp-content/uploads/2023/08/endoszkop_kamera_keszlet_kijelzovel-2.jpg HTTP/1.1" 200 297325 "https://royaltuning.hu/hu/termek/endoszkop-kamera-keszlet-kijelzovel" "Mozilla/5.0 (Windows NT 10.0; Win64; x64) AppleWebKit/537.36 (KHTML, like Gecko) Chrome/126.0.0.0 Safari/537.36"
46.139.88.175 - - [26/Jun/2024:18:07:44 +0200] "GET /storage/media/feszultsegmero-1.jpg HTTP/1.1" 200 28673 "https://royaltuning.hu/hu/termek/endoszkop-kamera-keszlet-kijelzovel" "Mozilla/5.0 (Windows NT 10.0; Win64; x64) AppleWebKit/537.36 (KHTML, like Gecko) Chrome/126.0.0.0 Safari/537.36"
46.139.88.175 - - [26/Jun/2024:18:07:44 +0200] "GET /storage/media/fazisceruza_feszultsegmero_voltmero_kijelzo-1.jpg HTTP/1.1" 200 222988 "https://royaltuning.hu/hu/termek/endoszkop-kamera-keszlet-kijelzovel" "Mozilla/5.0 (Windows NT 10.0; Win64; x64) AppleWebKit/537.36 (KHTML, like Gecko) Chrome/126.0.0.0 Safari/537.36"
46.139.88.175 - - [26/Jun/2024:18:07:44 +0200] "GET /captcha/image?_=1662225188 HTTP/1.1" 200 6458 "https://royaltuning.hu/hu/termek/endoszkop-kamera-keszlet-kijelzovel" "Mozilla/5.0 (Windows NT 10.0; Win64; x64) AppleWebKit/537.36 (KHTML, like Gecko) Chrome/126.0.0.0 Safari/537.36"
66.249.70.160 - - [26/Jun/2024:18:07:46 +0200] "GET /termekkategoria/sport-legszurok/ HTTP/1.1" 301 269 "-" "Mozilla/5.0 (Linux; Android 6.0.1; Nexus 5X Build/MMB29P) AppleWebKit/537.36 (KHTML, like Gecko) Chrome/125.0.6422.175 Mobile Safari/537.36 (compatible; Googlebot/2.1; +http://www.google.com/bot.html)"
66.249.70.160 - - [26/Jun/2024:18:07:46 +0200] "GET /wp-content/uploads/2020/06/citroen_bicskakulcs_3gombos-1-2-100x100.jpg HTTP/1.1" 200 1908 "-" "Googlebot-Image/1.0"
213.181.215.165 - - [26/Jun/2024:18:07:47 +0200] "GET /public/hu/termekkategoria/chevrolet-kulcshaz HTTP/1.1" 200 42799 "https://royaltuning.hu/public/hu/termekkategoria/kulcshazak?gad_source=1&gclid=CjwKCAjw-O6zBhASEiwAOHeGxbMchOpQtAIGh0MVJTRnamLVRvkPJAHlPqR7ZSvL7hWkx2KX0qp8yxoCaMIQAvD_BwE" "Mozilla/5.0 (Linux; Android 10; K) AppleWebKit/537.36 (KHTML, like Gecko) Chrome/126.0.0.0 Safari/537.36"
66.249.70.160 - - [26/Jun/2024:18:07:48 +0200] "GET /termek/kulso-autoapolo-alap-csomag HTTP/1.1" 302 222 "-" "Mozilla/5.0 (Linux; Android 6.0.1; Nexus 5X Build/MMB29P) AppleWebKit/537.36 (KHTML, like Gecko) Chrome/125.0.6422.175 Mobile Safari/537.36 (compatible; Googlebot/2.1; +http://www.google.com/bot.html)"
213.181.215.165 - - [26/Jun/2024:18:07:49 +0200] "GET /public/hu/shop?query=&brand=&category=chevrolet-kulcshaz&tag=&fromPrice=0&toPrice=114990&sort=alphabetic&perPage=30&page=1 HTTP/1.1" 200 843 "https://royaltuning.hu/public/hu/termekkategoria/chevrolet-kulcshaz" "Mozilla/5.0 (Linux; Android 10; K) AppleWebKit/537.36 (KHTML, like Gecko) Chrome/126.0.0.0 Safari/537.36"
213.181.215.165 - - [26/Jun/2024:18:07:49 +0200] "GET /storage/media/chevrolet_kulcshaz-1.jpg HTTP/1.1" 200 66383 "https://royaltuning.hu/public/hu/termekkategoria/chevrolet-kulcshaz" "Mozilla/5.0 (Linux; Android 10; K) AppleWebKit/537.36 (KHTML, like Gecko) Chrome/126.0.0.0 Safari/537.36"
66.249.70.160 - - [26/Jun/2024:18:07:48 +0200] "GET /hu/termek/kulso-autoapolo-alap-csomag HTTP/1.1" 200 45740 "-" "Mozilla/5.0 (Linux; Android 6.0.1; Nexus 5X Build/MMB29P) AppleWebKit/537.36 (KHTML, like Gecko) Chrome/125.0.6422.175 Mobile Safari/537.36 (compatible; Googlebot/2.1; +http://www.google.com/bot.html)"
176.63.2.143 - - [26/Jun/2024:18:07:50 +0200] "GET /termekkategoria/valtogombok-valtoszoknyak/mini-valtogombok-valtoszoknyak/?gclid=EAIaIQobChMIzcCmsNP5hgMVXti7CB0vzAPoEAEYASAAEgIisPD_BwE HTTP/1.1" 301 372 "https://googleads.g.doubleclick.net/" "Mozilla/5.0 (Windows NT 10.0; Win64; x64) AppleWebKit/537.36 (KHTML, like Gecko) Chrome/126.0.0.0 Safari/537.36"
66.249.70.160 - - [26/Jun/2024:18:07:50 +0200] "GET /wp-content/uploads/2020/06/mazda_bicskakulcs_2gombos-2-100x100.jpg HTTP/1.1" 200 2190 "-" "Googlebot-Image/1.0"
