87.229.33.169 - - [26/Jun/2024:17:51:04 +0200] "GET /storage/media/TcIHssXBATLz5k2poIpQpj3yw3rpRho1PoENdzle.png HTTP/1.1" 200 30325 "https://www.royaltuning.hu/" "Mozilla/5.0 (Linux; Android 10; K) AppleWebKit/537.36 (KHTML, like Gecko) Chrome/126.0.0.0 Mobile Safari/537.36"
87.229.33.169 - - [26/Jun/2024:17:51:04 +0200] "GET /storage/media/W1NcXDZ8Qi6eHVTK4grRYJKWLX254zXVgqf6tPgI.png HTTP/1.1" 200 37285 "https://www.royaltuning.hu/" "Mozilla/5.0 (Linux; Android 10; K) AppleWebKit/537.36 (KHTML, like Gecko) Chrome/126.0.0.0 Mobile Safari/537.36"
87.229.33.169 - - [26/Jun/2024:17:51:04 +0200] "GET /storage/media/zjIMyKYQHR0WpDymqnb0WHtyFBzYiaoV4XoDjI2k.png HTTP/1.1" 200 20255 "https://www.royaltuning.hu/" "Mozilla/5.0 (Linux; Android 10; K) AppleWebKit/537.36 (KHTML, like Gecko) Chrome/126.0.0.0 Mobile Safari/537.36"
87.229.33.169 - - [26/Jun/2024:17:51:04 +0200] "GET /storage/media/OL33V13vnE1tKl66pEO9N8Tmhrtyer0ILfCYbksf.png HTTP/1.1" 200 32637 "https://www.royaltuning.hu/" "Mozilla/5.0 (Linux; Android 10; K) AppleWebKit/537.36 (KHTML, like Gecko) Chrome/126.0.0.0 Mobile Safari/537.36"
87.229.33.169 - - [26/Jun/2024:17:51:04 +0200] "GET /storage/media/h8_h9_h11_led_izzo-2.jpg HTTP/1.1" 200 20309 "https://www.royaltuning.hu/" "Mozilla/5.0 (Linux; Android 10; K) AppleWebKit/537.36 (KHTML, like Gecko) Chrome/126.0.0.0 Mobile Safari/537.36"
87.229.33.169 - - [26/Jun/2024:17:51:04 +0200] "GET /storage/media/Fdzz55cQ8Gkedtq8tCYaC31tvMH9OBkAHiO6ewBr.png HTTP/1.1" 200 29097 "https://www.royaltuning.hu/" "Mozilla/5.0 (Linux; Android 10; K) AppleWebKit/537.36 (KHTML, like Gecko) Chrome/126.0.0.0 Mobile Safari/537.36"
87.229.33.169 - - [26/Jun/2024:17:51:04 +0200] "GET /storage/media/YboH2Jx7MIxVKf3STou3nUFpsXBo9YkvBgkSj5It.png HTTP/1.1" 200 29097 "https://www.royaltuning.hu/" "Mozilla/5.0 (Linux; Android 10; K) AppleWebKit/537.36 (KHTML, like Gecko) Chrome/126.0.0.0 Mobile Safari/537.36"
87.229.33.169 - - [26/Jun/2024:17:51:04 +0200] "GET /storage/media/5EWkRqW3BU6EJGCqh4yt6cuuJGjNzjpVBF0mry07.png HTTP/1.1" 200 26440 "https://www.royaltuning.hu/" "Mozilla/5.0 (Linux; Android 10; K) AppleWebKit/537.36 (KHTML, like Gecko) Chrome/126.0.0.0 Mobile Safari/537.36"
87.229.33.169 - - [26/Jun/2024:17:51:04 +0200] "GET /storage/media/f4xlSv0mn5ESRqCe3msZeh5MX0gTjmZaaNoM2G08.png HTTP/1.1" 200 26440 "https://www.royaltuning.hu/" "Mozilla/5.0 (Linux; Android 10; K) AppleWebKit/537.36 (KHTML, like Gecko) Chrome/126.0.0.0 Mobile Safari/537.36"
84.225.189.192 - - [26/Jun/2024:17:51:04 +0200] "GET /storage/media/QnwWLqTYXYZBt0pnYYPSgh13vMZ3Tq8bqmOE5u0D.webp HTTP/1.1" 200 43302 "https://royaltuning.hu/hu/termekkategoria/xenon-szettek?gad_source=1&gclid=Cj0KCQjwj9-zBhDyARIsAERjds1_uJt3I13XvmI0g7q24cuzilGoTUdXtecJk4mUJt_eYMbVouqE2d0aAiwYEALw_wcB" "Mozilla/5.0 (Linux; Android 10; K) AppleWebKit/537.36 (KHTML, like Gecko) Chrome/126.0.0.0 Mobile Safari/537.36"
84.225.189.192 - - [26/Jun/2024:17:51:04 +0200] "GET /storage/media/paGdgnfacATylUWhvUeUZGv1GIKiGXmdYwZR20nd.jpg HTTP/1.1" 200 34330 "https://royaltuning.hu/hu/termekkategoria/xenon-szettek?gad_source=1&gclid=Cj0KCQjwj9-zBhDyARIsAERjds1_uJt3I13XvmI0g7q24cuzilGoTUdXtecJk4mUJt_eYMbVouqE2d0aAiwYEALw_wcB" "Mozilla/5.0 (Linux; Android 10; K) AppleWebKit/537.36 (KHTML, like Gecko) Chrome/126.0.0.0 Mobile Safari/537.36"
84.225.189.192 - - [26/Jun/2024:17:51:04 +0200] "GET /hu/shop?query=&brand=&category=xenon-szettek&tag=&fromPrice=0&toPrice=114990&sort=alphabetic&perPage=30&page=1 HTTP/1.1" 200 2600 "https://royaltuning.hu/hu/termekkategoria/xenon-szettek?gad_source=1&gclid=Cj0KCQjwj9-zBhDyARIsAERjds1_uJt3I13XvmI0g7q24cuzilGoTUdXtecJk4mUJt_eYMbVouqE2d0aAiwYEALw_wcB" "Mozilla/5.0 (Linux; Android 10; K) AppleWebKit/537.36 (KHTML, like Gecko) Chrome/126.0.0.0 Mobile Safari/537.36"
84.225.189.192 - - [26/Jun/2024:17:51:04 +0200] "GET /storage/media/zTdJDwdSsCNSvJi9K4gBVppOmVdqtNoAZ8rbqvcd.jpg HTTP/1.1" 200 255268 "https://royaltuning.hu/hu/termekkategoria/xenon-szettek?gad_source=1&gclid=Cj0KCQjwj9-zBhDyARIsAERjds1_uJt3I13XvmI0g7q24cuzilGoTUdXtecJk4mUJt_eYMbVouqE2d0aAiwYEALw_wcB" "Mozilla/5.0 (Linux; Android 10; K) AppleWebKit/537.36 (KHTML, like Gecko) Chrome/126.0.0.0 Mobile Safari/537.36"
84.225.189.192 - - [26/Jun/2024:17:51:04 +0200] "GET /storage/media/U9NkjU7v6Z3urgm3cZoyB4B52Rf1RDn0nbyFiAJw.jpg HTTP/1.1" 200 80343 "https://royaltuning.hu/hu/termekkategoria/xenon-szettek?gad_source=1&gclid=Cj0KCQjwj9-zBhDyARIsAERjds1_uJt3I13XvmI0g7q24cuzilGoTUdXtecJk4mUJt_eYMbVouqE2d0aAiwYEALw_wcB" "Mozilla/5.0 (Linux; Android 10; K) AppleWebKit/537.36 (KHTML, like Gecko) Chrome/126.0.0.0 Mobile Safari/537.36"
87.229.33.169 - - [26/Jun/2024:17:51:04 +0200] "GET /storage/media/kQ2EDzIucmiPoQNHZelD4Yj6aiIdcAxKu8nHwlDn.png HTTP/1.1" 200 29364 "https://www.royaltuning.hu/" "Mozilla/5.0 (Linux; Android 10; K) AppleWebKit/537.36 (KHTML, like Gecko) Chrome/126.0.0.0 Mobile Safari/537.36"
84.225.189.192 - - [26/Jun/2024:17:51:04 +0200] "GET /storage/media/WuAbnJ3F19P7m8ckhRvBz1XVn9ovSqVCdlDdRtKv.jpg HTTP/1.1" 200 274140 "https://royaltuning.hu/hu/termekkategoria/xenon-szettek?gad_source=1&gclid=Cj0KCQjwj9-zBhDyARIsAERjds1_uJt3I13XvmI0g7q24cuzilGoTUdXtecJk4mUJt_eYMbVouqE2d0aAiwYEALw_wcB" "Mozilla/5.0 (Linux; Android 10; K) AppleWebKit/537.36 (KHTML, like Gecko) Chrome/126.0.0.0 Mobile Safari/537.36"
87.229.33.169 - - [26/Jun/2024:17:51:04 +0200] "GET /storage/media/A3qiQ6MAmuESLo2ehwqblicgMeOU2DzfZO3mY2PQ.png HTTP/1.1" 200 50816 "https://www.royaltuning.hu/" "Mozilla/5.0 (Linux; Android 10; K) AppleWebKit/537.36 (KHTML, like Gecko) Chrome/126.0.0.0 Mobile Safari/537.36"
87.229.33.169 - - [26/Jun/2024:17:51:03 +0200] "GET /public/themes/storefront/public/fonts/la-solid-900.woff2 HTTP/1.1" 200 96652 "https://www.royaltuning.hu/public/themes/storefront/public/css/app.css?v=3.1.0" "Mozilla/5.0 (Linux; Android 10; K) AppleWebKit/537.36 (KHTML, like Gecko) Chrome/126.0.0.0 Mobile Safari/537.36"
87.229.33.169 - - [26/Jun/2024:17:51:04 +0200] "GET /storage/media/lwnhsGgrbc3BRK0flInJK8CGyBeGEjWYr7VhXfwy.png HTTP/1.1" 200 52490 "https://www.royaltuning.hu/" "Mozilla/5.0 (Linux; Android 10; K) AppleWebKit/537.36 (KHTML, like Gecko) Chrome/126.0.0.0 Mobile Safari/537.36"
87.229.33.169 - - [26/Jun/2024:17:51:04 +0200] "GET /storage/media/8ib4Wi0yJRWNyHp2Sgx7QkqHOjXVNX8kBNKmHGxw.png HTTP/1.1" 200 22050 "https://www.royaltuning.hu/" "Mozilla/5.0 (Linux; Android 10; K) AppleWebKit/537.36 (KHTML, like Gecko) Chrome/126.0.0.0 Mobile Safari/537.36"
87.229.33.169 - - [26/Jun/2024:17:51:04 +0200] "GET /storage/media/GO8y6nQ5JU8pIWibKVYeCBaNO1x7lZuvr3CvyzBn.png HTTP/1.1" 200 33311 "https://www.royaltuning.hu/" "Mozilla/5.0 (Linux; Android 10; K) AppleWebKit/537.36 (KHTML, like Gecko) Chrome/126.0.0.0 Mobile Safari/537.36"
84.225.189.192 - - [26/Jun/2024:17:51:04 +0200] "GET /storage/media/d1s_xenon_izzo_longlife_hosszu_elettartamu-1.jpg HTTP/1.1" 200 141649 "https://royaltuning.hu/hu/termekkategoria/xenon-szettek?gad_source=1&gclid=Cj0KCQjwj9-zBhDyARIsAERjds1_uJt3I13XvmI0g7q24cuzilGoTUdXtecJk4mUJt_eYMbVouqE2d0aAiwYEALw_wcB" "Mozilla/5.0 (Linux; Android 10; K) AppleWebKit/537.36 (KHTML, like Gecko) Chrome/126.0.0.0 Mobile Safari/537.36"
84.225.189.192 - - [26/Jun/2024:17:51:04 +0200] "GET /storage/media/d1s_xenon_izzo_4300k-1.jpg HTTP/1.1" 200 70742 "https://royaltuning.hu/hu/termekkategoria/xenon-szettek?gad_source=1&gclid=Cj0KCQjwj9-zBhDyARIsAERjds1_uJt3I13XvmI0g7q24cuzilGoTUdXtecJk4mUJt_eYMbVouqE2d0aAiwYEALw_wcB" "Mozilla/5.0 (Linux; Android 10; K) AppleWebKit/537.36 (KHTML, like Gecko) Chrome/126.0.0.0 Mobile Safari/537.36"
87.229.33.169 - - [26/Jun/2024:17:51:04 +0200] "GET /storage/media/eXEKKUkbAIlgsVSsBlAo90spX0jH75l8xP5PGHTE.png HTTP/1.1" 200 26179 "https://www.royaltuning.hu/" "Mozilla/5.0 (Linux; Android 10; K) AppleWebKit/537.36 (KHTML, like Gecko) Chrome/126.0.0.0 Mobile Safari/537.36"
87.229.33.169 - - [26/Jun/2024:17:51:04 +0200] "GET /storage/media/Fs8NFmKWZqLD6B9K3p2ZcKogRQadjqxKqQtdTHmS.png HTTP/1.1" 200 24770 "https://www.royaltuning.hu/" "Mozilla/5.0 (Linux; Android 10; K) AppleWebKit/537.36 (KHTML, like Gecko) Chrome/126.0.0.0 Mobile Safari/537.36"
84.225.189.192 - - [26/Jun/2024:17:51:04 +0200] "GET /storage/media/D1S_xenon_izzo.jpg HTTP/1.1" 200 69865 "https://royaltuning.hu/hu/termekkategoria/xenon-szettek?gad_source=1&gclid=Cj0KCQjwj9-zBhDyARIsAERjds1_uJt3I13XvmI0g7q24cuzilGoTUdXtecJk4mUJt_eYMbVouqE2d0aAiwYEALw_wcB" "Mozilla/5.0 (Linux; Android 10; K) AppleWebKit/537.36 (KHTML, like Gecko) Chrome/126.0.0.0 Mobile Safari/537.36"
84.225.189.192 - - [26/Jun/2024:17:51:04 +0200] "GET /storage/media/d1s_xenon_izzo_8000k_premium-1.jpg HTTP/1.1" 200 70398 "https://royaltuning.hu/hu/termekkategoria/xenon-szettek?gad_source=1&gclid=Cj0KCQjwj9-zBhDyARIsAERjds1_uJt3I13XvmI0g7q24cuzilGoTUdXtecJk4mUJt_eYMbVouqE2d0aAiwYEALw_wcB" "Mozilla/5.0 (Linux; Android 10; K) AppleWebKit/537.36 (KHTML, like Gecko) Chrome/126.0.0.0 Mobile Safari/537.36"
87.229.33.169 - - [26/Jun/2024:17:51:04 +0200] "GET /storage/media/2OoiHYthoxSHJUlug7LBS9Etz8TTmbC13y1EAPGM.png HTTP/1.1" 200 30848 "https://www.royaltuning.hu/" "Mozilla/5.0 (Linux; Android 10; K) AppleWebKit/537.36 (KHTML, like Gecko) Chrome/126.0.0.0 Mobile Safari/537.36"
87.229.33.169 - - [26/Jun/2024:17:51:04 +0200] "GET /storage/media/ginTZMQbHdMNdhupAMwE0U8PISjtMlV7uszeYNwy.png HTTP/1.1" 200 28498 "https://www.royaltuning.hu/" "Mozilla/5.0 (Linux; Android 10; K) AppleWebKit/537.36 (KHTML, like Gecko) Chrome/126.0.0.0 Mobile Safari/537.36"
87.229.33.169 - - [26/Jun/2024:17:51:04 +0200] "GET /storage/media/uSKjO6ivE3HQg90nWihqRprzQOjogzafv6U7hwjC.png HTTP/1.1" 200 30428 "https://www.royaltuning.hu/" "Mozilla/5.0 (Linux; Android 10; K) AppleWebKit/537.36 (KHTML, like Gecko) Chrome/126.0.0.0 Mobile Safari/537.36"
87.229.33.169 - - [26/Jun/2024:17:51:04 +0200] "GET /storage/media/XCkEDpnHw0fqxgIjfsvxZ4gBLjHnaOdUuVrd1kaB.png HTTP/1.1" 200 32383 "https://www.royaltuning.hu/" "Mozilla/5.0 (Linux; Android 10; K) AppleWebKit/537.36 (KHTML, like Gecko) Chrome/126.0.0.0 Mobile Safari/537.36"
84.225.189.192 - - [26/Jun/2024:17:51:04 +0200] "GET /storage/media/d2s_xenon_szett_6000K.jpg HTTP/1.1" 200 127656 "https://royaltuning.hu/hu/termekkategoria/xenon-szettek?gad_source=1&gclid=Cj0KCQjwj9-zBhDyARIsAERjds1_uJt3I13XvmI0g7q24cuzilGoTUdXtecJk4mUJt_eYMbVouqE2d0aAiwYEALw_wcB" "Mozilla/5.0 (Linux; Android 10; K) AppleWebKit/537.36 (KHTML, like Gecko) Chrome/126.0.0.0 Mobile Safari/537.36"
84.225.189.192 - - [26/Jun/2024:17:51:04 +0200] "GET /storage/media/d2s_xenon_izzo_8000k.jpg HTTP/1.1" 200 85109 "https://royaltuning.hu/hu/termekkategoria/xenon-szettek?gad_source=1&gclid=Cj0KCQjwj9-zBhDyARIsAERjds1_uJt3I13XvmI0g7q24cuzilGoTUdXtecJk4mUJt_eYMbVouqE2d0aAiwYEALw_wcB" "Mozilla/5.0 (Linux; Android 10; K) AppleWebKit/537.36 (KHTML, like Gecko) Chrome/126.0.0.0 Mobile Safari/537.36"
84.225.189.192 - - [26/Jun/2024:17:51:04 +0200] "GET /storage/media/d3s_xenon_izzo_4300K-1.jpg HTTP/1.1" 200 74845 "https://royaltuning.hu/hu/termekkategoria/xenon-szettek?gad_source=1&gclid=Cj0KCQjwj9-zBhDyARIsAERjds1_uJt3I13XvmI0g7q24cuzilGoTUdXtecJk4mUJt_eYMbVouqE2d0aAiwYEALw_wcB" "Mozilla/5.0 (Linux; Android 10; K) AppleWebKit/537.36 (KHTML, like Gecko) Chrome/126.0.0.0 Mobile Safari/537.36"
84.225.189.192 - - [26/Jun/2024:17:51:04 +0200] "GET /storage/media/d2s_xenon_izzo_longlife_hosszu_elettartamu.jpg HTTP/1.1" 200 171771 "https://royaltuning.hu/hu/termekkategoria/xenon-szettek?gad_source=1&gclid=Cj0KCQjwj9-zBhDyARIsAERjds1_uJt3I13XvmI0g7q24cuzilGoTUdXtecJk4mUJt_eYMbVouqE2d0aAiwYEALw_wcB" "Mozilla/5.0 (Linux; Android 10; K) AppleWebKit/537.36 (KHTML, like Gecko) Chrome/126.0.0.0 Mobile Safari/537.36"
84.225.189.192 - - [26/Jun/2024:17:51:05 +0200] "GET /storage/media/d3s_xenon_izzo-1.jpg HTTP/1.1" 200 74131 "https://royaltuning.hu/hu/termekkategoria/xenon-szettek?gad_source=1&gclid=Cj0KCQjwj9-zBhDyARIsAERjds1_uJt3I13XvmI0g7q24cuzilGoTUdXtecJk4mUJt_eYMbVouqE2d0aAiwYEALw_wcB" "Mozilla/5.0 (Linux; Android 10; K) AppleWebKit/537.36 (KHTML, like Gecko) Chrome/126.0.0.0 Mobile Safari/537.36"
84.225.189.192 - - [26/Jun/2024:17:51:05 +0200] "GET /storage/media/d4s_xenon_izzo.jpg HTTP/1.1" 200 66633 "https://royaltuning.hu/hu/termekkategoria/xenon-szettek?gad_source=1&gclid=Cj0KCQjwj9-zBhDyARIsAERjds1_uJt3I13XvmI0g7q24cuzilGoTUdXtecJk4mUJt_eYMbVouqE2d0aAiwYEALw_wcB" "Mozilla/5.0 (Linux; Android 10; K) AppleWebKit/537.36 (KHTML, like Gecko) Chrome/126.0.0.0 Mobile Safari/537.36"
84.225.189.192 - - [26/Jun/2024:17:51:05 +0200] "GET /storage/media/d5s_xenon_izzo_5000k_premium-1.jpg HTTP/1.1" 200 78220 "https://royaltuning.hu/hu/termekkategoria/xenon-szettek?gad_source=1&gclid=Cj0KCQjwj9-zBhDyARIsAERjds1_uJt3I13XvmI0g7q24cuzilGoTUdXtecJk4mUJt_eYMbVouqE2d0aAiwYEALw_wcB" "Mozilla/5.0 (Linux; Android 10; K) AppleWebKit/537.36 (KHTML, like Gecko) Chrome/126.0.0.0 Mobile Safari/537.36"
87.229.33.169 - - [26/Jun/2024:17:51:05 +0200] "GET /storage/media/hLV7rgjKhGjZihq6GxeR7TMsdpzZca6l6eDao14H.png HTTP/1.1" 200 28512 "https://www.royaltuning.hu/" "Mozilla/5.0 (Linux; Android 10; K) AppleWebKit/537.36 (KHTML, like Gecko) Chrome/126.0.0.0 Mobile Safari/537.36"
87.229.33.169 - - [26/Jun/2024:17:51:05 +0200] "GET /storage/media/C3BurRRkDqWHKCQBNaWkkrOMjMhJNlgAkNLgBJ0y.png HTTP/1.1" 200 30987 "https://www.royaltuning.hu/" "Mozilla/5.0 (Linux; Android 10; K) AppleWebKit/537.36 (KHTML, like Gecko) Chrome/126.0.0.0 Mobile Safari/537.36"
84.225.189.192 - - [26/Jun/2024:17:51:05 +0200] "GET /storage/media/h1_xenon_szett_4300K.jpg HTTP/1.1" 200 130265 "https://royaltuning.hu/hu/termekkategoria/xenon-szettek?gad_source=1&gclid=Cj0KCQjwj9-zBhDyARIsAERjds1_uJt3I13XvmI0g7q24cuzilGoTUdXtecJk4mUJt_eYMbVouqE2d0aAiwYEALw_wcB" "Mozilla/5.0 (Linux; Android 10; K) AppleWebKit/537.36 (KHTML, like Gecko) Chrome/126.0.0.0 Mobile Safari/537.36"
84.225.189.192 - - [26/Jun/2024:17:51:05 +0200] "GET /storage/media/h1_xenon_szett_6000K.jpg HTTP/1.1" 200 127656 "https://royaltuning.hu/hu/termekkategoria/xenon-szettek?gad_source=1&gclid=Cj0KCQjwj9-zBhDyARIsAERjds1_uJt3I13XvmI0g7q24cuzilGoTUdXtecJk4mUJt_eYMbVouqE2d0aAiwYEALw_wcB" "Mozilla/5.0 (Linux; Android 10; K) AppleWebKit/537.36 (KHTML, like Gecko) Chrome/126.0.0.0 Mobile Safari/537.36"
87.229.33.169 - - [26/Jun/2024:17:51:05 +0200] "GET /storage/media/LR8IfEu8TFdtixq0lkK2SomaSuyRv02mO7hPPjoL.jpg HTTP/1.1" 200 86609 "https://www.royaltuning.hu/" "Mozilla/5.0 (Linux; Android 10; K) AppleWebKit/537.36 (KHTML, like Gecko) Chrome/126.0.0.0 Mobile Safari/537.36"
84.225.189.192 - - [26/Jun/2024:17:51:05 +0200] "GET /storage/media/h1_xenon_szett_8000K.jpg HTTP/1.1" 200 126444 "https://royaltuning.hu/hu/termekkategoria/xenon-szettek?gad_source=1&gclid=Cj0KCQjwj9-zBhDyARIsAERjds1_uJt3I13XvmI0g7q24cuzilGoTUdXtecJk4mUJt_eYMbVouqE2d0aAiwYEALw_wcB" "Mozilla/5.0 (Linux; Android 10; K) AppleWebKit/537.36 (KHTML, like Gecko) Chrome/126.0.0.0 Mobile Safari/537.36"
84.225.189.192 - - [26/Jun/2024:17:51:05 +0200] "GET /storage/media/h1_xenon_szett_canbusos-1.jpg HTTP/1.1" 200 127656 "https://royaltuning.hu/hu/termekkategoria/xenon-szettek?gad_source=1&gclid=Cj0KCQjwj9-zBhDyARIsAERjds1_uJt3I13XvmI0g7q24cuzilGoTUdXtecJk4mUJt_eYMbVouqE2d0aAiwYEALw_wcB" "Mozilla/5.0 (Linux; Android 10; K) AppleWebKit/537.36 (KHTML, like Gecko) Chrome/126.0.0.0 Mobile Safari/537.36"
84.225.189.192 - - [26/Jun/2024:17:51:05 +0200] "GET /storage/media/h8_h9_h11_xenon_szett_6000K.jpg HTTP/1.1" 200 127656 "https://royaltuning.hu/hu/termekkategoria/xenon-szettek?gad_source=1&gclid=Cj0KCQjwj9-zBhDyARIsAERjds1_uJt3I13XvmI0g7q24cuzilGoTUdXtecJk4mUJt_eYMbVouqE2d0aAiwYEALw_wcB" "Mozilla/5.0 (Linux; Android 10; K) AppleWebKit/537.36 (KHTML, like Gecko) Chrome/126.0.0.0 Mobile Safari/537.36"
84.225.189.192 - - [26/Jun/2024:17:51:05 +0200] "GET /storage/media/h11_xenon_szett_canbusos.jpg HTTP/1.1" 200 127656 "https://royaltuning.hu/hu/termekkategoria/xenon-szettek?gad_source=1&gclid=Cj0KCQjwj9-zBhDyARIsAERjds1_uJt3I13XvmI0g7q24cuzilGoTUdXtecJk4mUJt_eYMbVouqE2d0aAiwYEALw_wcB" "Mozilla/5.0 (Linux; Android 10; K) AppleWebKit/537.36 (KHTML, like Gecko) Chrome/126.0.0.0 Mobile Safari/537.36"
84.225.189.192 - - [26/Jun/2024:17:51:05 +0200] "GET /storage/media/h4_xenon_szett_4300K.jpg HTTP/1.1" 200 130265 "https://royaltuning.hu/hu/termekkategoria/xenon-szettek?gad_source=1&gclid=Cj0KCQjwj9-zBhDyARIsAERjds1_uJt3I13XvmI0g7q24cuzilGoTUdXtecJk4mUJt_eYMbVouqE2d0aAiwYEALw_wcB" "Mozilla/5.0 (Linux; Android 10; K) AppleWebKit/537.36 (KHTML, like Gecko) Chrome/126.0.0.0 Mobile Safari/537.36"
84.225.189.192 - - [26/Jun/2024:17:51:05 +0200] "GET /storage/media/h4_xenon_szett-1.jpg HTTP/1.1" 200 106855 "https://royaltuning.hu/hu/termekkategoria/xenon-szettek?gad_source=1&gclid=Cj0KCQjwj9-zBhDyARIsAERjds1_uJt3I13XvmI0g7q24cuzilGoTUdXtecJk4mUJt_eYMbVouqE2d0aAiwYEALw_wcB" "Mozilla/5.0 (Linux; Android 10; K) AppleWebKit/537.36 (KHTML, like Gecko) Chrome/126.0.0.0 Mobile Safari/537.36"
84.225.189.192 - - [26/Jun/2024:17:51:05 +0200] "GET /storage/media/h4_xenon_szett_canbusos.jpg HTTP/1.1" 200 127656 "https://royaltuning.hu/hu/termekkategoria/xenon-szettek?gad_source=1&gclid=Cj0KCQjwj9-zBhDyARIsAERjds1_uJt3I13XvmI0g7q24cuzilGoTUdXtecJk4mUJt_eYMbVouqE2d0aAiwYEALw_wcB" "Mozilla/5.0 (Linux; Android 10; K) AppleWebKit/537.36 (KHTML, like Gecko) Chrome/126.0.0.0 Mobile Safari/537.36"
84.225.189.192 - - [26/Jun/2024:17:51:05 +0200] "GET /storage/media/h7_xenon_szett_6000K.jpg HTTP/1.1" 200 127656 "https://royaltuning.hu/hu/termekkategoria/xenon-szettek?gad_source=1&gclid=Cj0KCQjwj9-zBhDyARIsAERjds1_uJt3I13XvmI0g7q24cuzilGoTUdXtecJk4mUJt_eYMbVouqE2d0aAiwYEALw_wcB" "Mozilla/5.0 (Linux; Android 10; K) AppleWebKit/537.36 (KHTML, like Gecko) Chrome/126.0.0.0 Mobile Safari/537.36"
84.225.189.192 - - [26/Jun/2024:17:51:05 +0200] "GET /storage/media/h7_xenon_szett_4300K.jpg HTTP/1.1" 200 130265 "https://royaltuning.hu/hu/termekkategoria/xenon-szettek?gad_source=1&gclid=Cj0KCQjwj9-zBhDyARIsAERjds1_uJt3I13XvmI0g7q24cuzilGoTUdXtecJk4mUJt_eYMbVouqE2d0aAiwYEALw_wcB" "Mozilla/5.0 (Linux; Android 10; K) AppleWebKit/537.36 (KHTML, like Gecko) Chrome/126.0.0.0 Mobile Safari/537.36"
84.225.189.192 - - [26/Jun/2024:17:51:05 +0200] "GET /storage/media/h7_xenon_szett_8000K.jpg HTTP/1.1" 200 126444 "https://royaltuning.hu/hu/termekkategoria/xenon-szettek?gad_source=1&gclid=Cj0KCQjwj9-zBhDyARIsAERjds1_uJt3I13XvmI0g7q24cuzilGoTUdXtecJk4mUJt_eYMbVouqE2d0aAiwYEALw_wcB" "Mozilla/5.0 (Linux; Android 10; K) AppleWebKit/537.36 (KHTML, like Gecko) Chrome/126.0.0.0 Mobile Safari/537.36"
84.225.189.192 - - [26/Jun/2024:17:51:05 +0200] "GET /storage/media/h7_xenon_szett_canbus_6000K.jpg HTTP/1.1" 200 132166 "https://royaltuning.hu/hu/termekkategoria/xenon-szettek?gad_source=1&gclid=Cj0KCQjwj9-zBhDyARIsAERjds1_uJt3I13XvmI0g7q24cuzilGoTUdXtecJk4mUJt_eYMbVouqE2d0aAiwYEALw_wcB" "Mozilla/5.0 (Linux; Android 10; K) AppleWebKit/537.36 (KHTML, like Gecko) Chrome/126.0.0.0 Mobile Safari/537.36"
84.225.189.192 - - [26/Jun/2024:17:51:05 +0200] "GET /storage/media/h8_xenon_szett_canbusos.jpg HTTP/1.1" 200 127656 "https://royaltuning.hu/hu/termekkategoria/xenon-szettek?gad_source=1&gclid=Cj0KCQjwj9-zBhDyARIsAERjds1_uJt3I13XvmI0g7q24cuzilGoTUdXtecJk4mUJt_eYMbVouqE2d0aAiwYEALw_wcB" "Mozilla/5.0 (Linux; Android 10; K) AppleWebKit/537.36 (KHTML, like Gecko) Chrome/126.0.0.0 Mobile Safari/537.36"
87.229.33.169 - - [26/Jun/2024:17:51:03 +0200] "GET /public/themes/storefront/public/js/app.js?v=3.1.0 HTTP/1.1" 200 979893 "https://www.royaltuning.hu/public/hu/termekkategoria/ledes-izzok?gad_source=1&gclid=CjwKCAjw-O6zBhASEiwAOHeGxcHO28HLYT46N18NKPa4og_YqcWLEYVAdNakYavVWvVR7om2J2PYQhoCw0MQAvD_BwE" "Mozilla/5.0 (Linux; Android 10; K) AppleWebKit/537.36 (KHTML, like Gecko) Chrome/126.0.0.0 Mobile Safari/537.36"
66.249.64.36 - - [26/Jun/2024:17:51:06 +0200] "GET /themes/storefront/public/js/app.js?v=3.1.0 HTTP/1.1" 200 979893 "https://royaltuning.hu/hu/termekkategoria/kia-kulcshaz" "Mozilla/5.0 (Linux; Android 6.0.1; Nexus 5X Build/MMB29P) AppleWebKit/537.36 (KHTML, like Gecko) Chrome/125.0.6422.154 Mobile Safari/537.36 (compatible; Googlebot/2.1; +http://www.google.com/bot.html)"
87.229.33.169 - - [26/Jun/2024:17:51:07 +0200] "GET /storage/media/QnwWLqTYXYZBt0pnYYPSgh13vMZ3Tq8bqmOE5u0D.webp HTTP/1.1" 200 43302 "https://www.royaltuning.hu/" "Mozilla/5.0 (Linux; Android 10; K) AppleWebKit/537.36 (KHTML, like Gecko) Chrome/126.0.0.0 Mobile Safari/537.36"
87.229.33.169 - - [26/Jun/2024:17:51:07 +0200] "GET /storage/media/paGdgnfacATylUWhvUeUZGv1GIKiGXmdYwZR20nd.jpg HTTP/1.1" 200 34330 "https://www.royaltuning.hu/" "Mozilla/5.0 (Linux; Android 10; K) AppleWebKit/537.36 (KHTML, like Gecko) Chrome/126.0.0.0 Mobile Safari/537.36"
87.229.33.169 - - [26/Jun/2024:17:51:07 +0200] "GET /storage/media/U9NkjU7v6Z3urgm3cZoyB4B52Rf1RDn0nbyFiAJw.jpg HTTP/1.1" 200 80343 "https://www.royaltuning.hu/" "Mozilla/5.0 (Linux; Android 10; K) AppleWebKit/537.36 (KHTML, like Gecko) Chrome/126.0.0.0 Mobile Safari/537.36"
87.229.33.169 - - [26/Jun/2024:17:51:07 +0200] "GET /public/hu/shop?query=&brand=&category=ledes-izzok&tag=&fromPrice=0&toPrice=114990&sort=alphabetic&perPage=30&page=1 HTTP/1.1" 200 2934 "https://www.royaltuning.hu/public/hu/termekkategoria/ledes-izzok?gad_source=1&gclid=CjwKCAjw-O6zBhASEiwAOHeGxcHO28HLYT46N18NKPa4og_YqcWLEYVAdNakYavVWvVR7om2J2PYQhoCw0MQAvD_BwE" "Mozilla/5.0 (Linux; Android 10; K) AppleWebKit/537.36 (KHTML, like Gecko) Chrome/126.0.0.0 Mobile Safari/537.36"
87.229.33.169 - - [26/Jun/2024:17:51:07 +0200] "GET /storage/media/muszerfal_led_izzo_feher-1.jpg HTTP/1.1" 200 48970 "https://www.royaltuning.hu/" "Mozilla/5.0 (Linux; Android 10; K) AppleWebKit/537.36 (KHTML, like Gecko) Chrome/126.0.0.0 Mobile Safari/537.36"
87.229.33.169 - - [26/Jun/2024:17:51:07 +0200] "GET /storage/media/muszerfal_led_izzo_zold-5.jpg HTTP/1.1" 200 54311 "https://www.royaltuning.hu/" "Mozilla/5.0 (Linux; Android 10; K) AppleWebKit/537.36 (KHTML, like Gecko) Chrome/126.0.0.0 Mobile Safari/537.36"
87.229.33.169 - - [26/Jun/2024:17:51:07 +0200] "GET /storage/media/muszerfal_led_izzo_kek-1.jpg HTTP/1.1" 200 57817 "https://www.royaltuning.hu/" "Mozilla/5.0 (Linux; Android 10; K) AppleWebKit/537.36 (KHTML, like Gecko) Chrome/126.0.0.0 Mobile Safari/537.36"
87.229.33.169 - - [26/Jun/2024:17:51:07 +0200] "GET /storage/media/muszerfal_led_izzo_sarga-1.jpg HTTP/1.1" 200 52570 "https://www.royaltuning.hu/" "Mozilla/5.0 (Linux; Android 10; K) AppleWebKit/537.36 (KHTML, like Gecko) Chrome/126.0.0.0 Mobile Safari/537.36"
87.229.33.169 - - [26/Jun/2024:17:51:08 +0200] "GET /storage/media/muszerfal_led_izzo_zold-1.jpg HTTP/1.1" 200 59176 "https://www.royaltuning.hu/" "Mozilla/5.0 (Linux; Android 10; K) AppleWebKit/537.36 (KHTML, like Gecko) Chrome/126.0.0.0 Mobile Safari/537.36"
87.229.33.169 - - [26/Jun/2024:17:51:08 +0200] "GET /storage/media/p21w_led-1.jpg HTTP/1.1" 200 190675 "https://www.royaltuning.hu/" "Mozilla/5.0 (Linux; Android 10; K) AppleWebKit/537.36 (KHTML, like Gecko) Chrome/126.0.0.0 Mobile Safari/537.36"
66.249.70.161 - - [26/Jun/2024:17:51:08 +0200] "GET /hu/shop?query=&brand=&category=kia-kulcshaz&tag=&fromPrice=0&toPrice=114990&sort=alphabetic&perPage=30&page=1 HTTP/1.1" 200 1287 "https://royaltuning.hu/hu/termekkategoria/kia-kulcshaz" "Mozilla/5.0 (Linux; Android 6.0.1; Nexus 5X Build/MMB29P) AppleWebKit/537.36 (KHTML, like Gecko) Chrome/125.0.6422.154 Mobile Safari/537.36 (compatible; Googlebot/2.1; +http://www.google.com/bot.html)"
87.229.33.169 - - [26/Jun/2024:17:51:07 +0200] "GET /storage/media/zTdJDwdSsCNSvJi9K4gBVppOmVdqtNoAZ8rbqvcd.jpg HTTP/1.1" 200 255268 "https://www.royaltuning.hu/" "Mozilla/5.0 (Linux; Android 10; K) AppleWebKit/537.36 (KHTML, like Gecko) Chrome/126.0.0.0 Mobile Safari/537.36"
87.229.33.169 - - [26/Jun/2024:17:51:07 +0200] "GET /storage/media/WuAbnJ3F19P7m8ckhRvBz1XVn9ovSqVCdlDdRtKv.jpg HTTP/1.1" 200 274140 "https://www.royaltuning.hu/" "Mozilla/5.0 (Linux; Android 10; K) AppleWebKit/537.36 (KHTML, like Gecko) Chrome/126.0.0.0 Mobile Safari/537.36"
87.229.33.169 - - [26/Jun/2024:17:51:08 +0200] "GET /storage/media/led_tolatolampa_izzo-1.jpg HTTP/1.1" 200 188405 "https://www.royaltuning.hu/" "Mozilla/5.0 (Linux; Android 10; K) AppleWebKit/537.36 (KHTML, like Gecko) Chrome/126.0.0.0 Mobile Safari/537.36"
31.46.173.133 - - [26/Jun/2024:17:51:08 +0200] "GET /termekkategoria/kulcshazak/?gad_source=5&gclid=EAIaIQobChMItbK4hc75hgMVTkGRBR2VFwF_EAAYAiAGEgKUmPD_BwE HTTP/1.1" 301 343 "https://www.adsensecustomsearchads.com/" "Mozilla/5.0 (Windows NT 10.0; Win64; x64) AppleWebKit/537.36 (KHTML, like Gecko) Chrome/126.0.0.0 Safari/537.36"
31.46.173.133 - - [26/Jun/2024:17:51:08 +0200] "GET /public/termekkategoria/kulcshazak?gad_source=5&gclid=EAIaIQobChMItbK4hc75hgMVTkGRBR2VFwF_EAAYAiAGEgKUmPD_BwE HTTP/1.1" 302 300 "https://www.adsensecustomsearchads.com/" "Mozilla/5.0 (Windows NT 10.0; Win64; x64) AppleWebKit/537.36 (KHTML, like Gecko) Chrome/126.0.0.0 Safari/537.36"
87.229.33.169 - - [26/Jun/2024:17:51:09 +0200] "GET /storage/media/ba15s_led_izzo-1.jpg HTTP/1.1" 200 42488 "https://www.royaltuning.hu/" "Mozilla/5.0 (Linux; Android 10; K) AppleWebKit/537.36 (KHTML, like Gecko) Chrome/126.0.0.0 Mobile Safari/537.36"
87.229.33.169 - - [26/Jun/2024:17:51:09 +0200] "GET /storage/media/ba15s_21W_led_izzo-1.jpg HTTP/1.1" 200 82274 "https://www.royaltuning.hu/" "Mozilla/5.0 (Linux; Android 10; K) AppleWebKit/537.36 (KHTML, like Gecko) Chrome/126.0.0.0 Mobile Safari/537.36"
87.229.33.169 - - [26/Jun/2024:17:51:09 +0200] "GET /storage/media/p21w_led_izzo-1.jpg HTTP/1.1" 200 184840 "https://www.royaltuning.hu/" "Mozilla/5.0 (Linux; Android 10; K) AppleWebKit/537.36 (KHTML, like Gecko) Chrome/126.0.0.0 Mobile Safari/537.36"
87.229.33.169 - - [26/Jun/2024:17:51:09 +0200] "GET /storage/media/ba15s_led_izzo_legjobb-1.jpg HTTP/1.1" 200 185371 "https://www.royaltuning.hu/" "Mozilla/5.0 (Linux; Android 10; K) AppleWebKit/537.36 (KHTML, like Gecko) Chrome/126.0.0.0 Mobile Safari/537.36"
213.225.14.58 - - [26/Jun/2024:17:51:08 +0200] "GET /public/hu/termek/h1-izzo-130-emelt-fenyerovel-1db HTTP/1.1" 200 44809 "https://royaltuning.hu/public/hu/termekkategoria/h1-izzok-emeltfenyu-halogen-izzok" "Mozilla/5.0 (Linux; Android 14; SM-A136B Build/UP1A.231005.007; wv) AppleWebKit/537.36 (KHTML, like Gecko) Version/4.0 Chrome/126.0.6478.71 Mobile Safari/537.36 [FB_IAB/FB4A;FBAV/469.2.0.51.80;]"
87.229.33.169 - - [26/Jun/2024:17:51:09 +0200] "GET /storage/media/led_izzo_canbusos-1.jpg HTTP/1.1" 200 17595 "https://www.royaltuning.hu/" "Mozilla/5.0 (Linux; Android 10; K) AppleWebKit/537.36 (KHTML, like Gecko) Chrome/126.0.0.0 Mobile Safari/537.36"
213.225.14.58 - - [26/Jun/2024:17:51:10 +0200] "GET /storage/media/h1_izzo-4.jpg HTTP/1.1" 200 25408 "https://royaltuning.hu/public/hu/termek/h1-izzo-130-emelt-fenyerovel-1db" "Mozilla/5.0 (Linux; Android 14; SM-A136B Build/UP1A.231005.007; wv) AppleWebKit/537.36 (KHTML, like Gecko) Version/4.0 Chrome/126.0.6478.71 Mobile Safari/537.36 [FB_IAB/FB4A;FBAV/469.2.0.51.80;]"
213.225.14.58 - - [26/Jun/2024:17:51:10 +0200] "GET /storage/media/emeltfenyu_izzo-2.jpg HTTP/1.1" 200 164454 "https://royaltuning.hu/public/hu/termek/h1-izzo-130-emelt-fenyerovel-1db" "Mozilla/5.0 (Linux; Android 14; SM-A136B Build/UP1A.231005.007; wv) AppleWebKit/537.36 (KHTML, like Gecko) Version/4.0 Chrome/126.0.6478.71 Mobile Safari/537.36 [FB_IAB/FB4A;FBAV/469.2.0.51.80;]"
87.229.33.169 - - [26/Jun/2024:17:51:10 +0200] "GET /storage/media/ba15s_led_izzo-1-1.jpg HTTP/1.1" 200 137504 "https://www.royaltuning.hu/" "Mozilla/5.0 (Linux; Android 10; K) AppleWebKit/537.36 (KHTML, like Gecko) Chrome/126.0.0.0 Mobile Safari/537.36"
87.229.33.169 - - [26/Jun/2024:17:51:10 +0200] "GET /storage/media/ba15s_21w_ledes_izzo_feher-1.jpg HTTP/1.1" 200 111914 "https://www.royaltuning.hu/" "Mozilla/5.0 (Linux; Android 10; K) AppleWebKit/537.36 (KHTML, like Gecko) Chrome/126.0.0.0 Mobile Safari/537.36"
31.46.173.133 - - [26/Jun/2024:17:51:09 +0200] "GET /public/hu/termekkategoria/kulcshazak?gad_source=5&gclid=EAIaIQobChMItbK4hc75hgMVTkGRBR2VFwF_EAAYAiAGEgKUmPD_BwE HTTP/1.1" 200 44953 "https://www.adsensecustomsearchads.com/" "Mozilla/5.0 (Windows NT 10.0; Win64; x64) AppleWebKit/537.36 (KHTML, like Gecko) Chrome/126.0.0.0 Safari/537.36"
213.225.14.58 - - [26/Jun/2024:17:51:10 +0200] "GET /wp-content/uploads/2022/10/emeltfenyu_h7_izzo-1-768x768.jpg HTTP/1.1" 200 62347 "https://royaltuning.hu/public/hu/termek/h1-izzo-130-emelt-fenyerovel-1db" "Mozilla/5.0 (Linux; Android 14; SM-A136B Build/UP1A.231005.007; wv) AppleWebKit/537.36 (KHTML, like Gecko) Version/4.0 Chrome/126.0.6478.71 Mobile Safari/537.36 [FB_IAB/FB4A;FBAV/469.2.0.51.80;]"
31.46.173.133 - - [26/Jun/2024:17:51:10 +0200] "GET /public/themes/storefront/public/css/app.css?v=3.1.0 HTTP/1.1" 200 72700 "https://royaltuning.hu/public/hu/termekkategoria/kulcshazak?gad_source=5&gclid=EAIaIQobChMItbK4hc75hgMVTkGRBR2VFwF_EAAYAiAGEgKUmPD_BwE" "Mozilla/5.0 (Windows NT 10.0; Win64; x64) AppleWebKit/537.36 (KHTML, like Gecko) Chrome/126.0.0.0 Safari/537.36"
213.225.14.58 - - [26/Jun/2024:17:51:10 +0200] "GET /public/hu/products/165038/reviews?page=1 HTTP/1.1" 200 238 "https://royaltuning.hu/public/hu/termek/h1-izzo-130-emelt-fenyerovel-1db" "Mozilla/5.0 (Linux; Android 14; SM-A136B Build/UP1A.231005.007; wv) AppleWebKit/537.36 (KHTML, like Gecko) Version/4.0 Chrome/126.0.6478.71 Mobile Safari/537.36 [FB_IAB/FB4A;FBAV/469.2.0.51.80;]"
31.46.173.133 - - [26/Jun/2024:17:51:10 +0200] "GET /public/vendor/cookie-consent/css/cookie-consent.css HTTP/1.1" 200 990 "https://royaltuning.hu/public/hu/termekkategoria/kulcshazak?gad_source=5&gclid=EAIaIQobChMItbK4hc75hgMVTkGRBR2VFwF_EAAYAiAGEgKUmPD_BwE" "Mozilla/5.0 (Windows NT 10.0; Win64; x64) AppleWebKit/537.36 (KHTML, like Gecko) Chrome/126.0.0.0 Safari/537.36"
31.46.173.133 - - [26/Jun/2024:17:51:10 +0200] "GET /storage/media/rpiKsmcVc59LwHHydMWZkR91adM4KGiqcvvmbod4.png HTTP/1.1" 200 17070 "https://royaltuning.hu/public/hu/termekkategoria/kulcshazak?gad_source=5&gclid=EAIaIQobChMItbK4hc75hgMVTkGRBR2VFwF_EAAYAiAGEgKUmPD_BwE" "Mozilla/5.0 (Windows NT 10.0; Win64; x64) AppleWebKit/537.36 (KHTML, like Gecko) Chrome/126.0.0.0 Safari/537.36"
31.46.173.133 - - [26/Jun/2024:17:51:10 +0200] "GET /storage/media/alfa_romeo.jpg HTTP/1.1" 200 39184 "https://royaltuning.hu/public/hu/termekkategoria/kulcshazak?gad_source=5&gclid=EAIaIQobChMItbK4hc75hgMVTkGRBR2VFwF_EAAYAiAGEgKUmPD_BwE" "Mozilla/5.0 (Windows NT 10.0; Win64; x64) AppleWebKit/537.36 (KHTML, like Gecko) Chrome/126.0.0.0 Safari/537.36"
213.225.14.58 - - [26/Jun/2024:17:51:10 +0200] "GET /public/themes/storefront/public/fonts/la-regular-400.woff2 HTTP/1.1" 200 12923 "https://royaltuning.hu/public/themes/storefront/public/css/app.css?v=3.1.0" "Mozilla/5.0 (Linux; Android 14; SM-A136B Build/UP1A.231005.007; wv) AppleWebKit/537.36 (KHTML, like Gecko) Version/4.0 Chrome/126.0.6478.71 Mobile Safari/537.36 [FB_IAB/FB4A;FBAV/469.2.0.51.80;]"
31.46.173.133 - - [26/Jun/2024:17:51:10 +0200] "GET /storage/media/audi.jpg HTTP/1.1" 200 6393 "https://royaltuning.hu/public/hu/termekkategoria/kulcshazak?gad_source=5&gclid=EAIaIQobChMItbK4hc75hgMVTkGRBR2VFwF_EAAYAiAGEgKUmPD_BwE" "Mozilla/5.0 (Windows NT 10.0; Win64; x64) AppleWebKit/537.36 (KHTML, like Gecko) Chrome/126.0.0.0 Safari/537.36"
31.46.173.133 - - [26/Jun/2024:17:51:10 +0200] "GET /storage/media/bmw.jpg HTTP/1.1" 200 10342 "https://royaltuning.hu/public/hu/termekkategoria/kulcshazak?gad_source=5&gclid=EAIaIQobChMItbK4hc75hgMVTkGRBR2VFwF_EAAYAiAGEgKUmPD_BwE" "Mozilla/5.0 (Windows NT 10.0; Win64; x64) AppleWebKit/537.36 (KHTML, like Gecko) Chrome/126.0.0.0 Safari/537.36"
31.46.173.133 - - [26/Jun/2024:17:51:10 +0200] "GET /storage/media/chevrolet.jpg HTTP/1.1" 200 5916 "https://royaltuning.hu/public/hu/termekkategoria/kulcshazak?gad_source=5&gclid=EAIaIQobChMItbK4hc75hgMVTkGRBR2VFwF_EAAYAiAGEgKUmPD_BwE" "Mozilla/5.0 (Windows NT 10.0; Win64; x64) AppleWebKit/537.36 (KHTML, like Gecko) Chrome/126.0.0.0 Safari/537.36"
213.225.14.58 - - [26/Jun/2024:17:51:10 +0200] "GET /public/themes/storefront/public/js/flatpickr.js?v=3.1.0 HTTP/1.1" 200 65517 "https://royaltuning.hu/public/hu/termek/h1-izzo-130-emelt-fenyerovel-1db" "Mozilla/5.0 (Linux; Android 14; SM-A136B Build/UP1A.231005.007; wv) AppleWebKit/537.36 (KHTML, like Gecko) Version/4.0 Chrome/126.0.6478.71 Mobile Safari/537.36 [FB_IAB/FB4A;FBAV/469.2.0.51.80;]"
31.46.173.133 - - [26/Jun/2024:17:51:10 +0200] "GET /public/vendor/cookie-consent/js/cookie-consent.js HTTP/1.1" 200 11136 "https://royaltuning.hu/public/hu/termekkategoria/kulcshazak?gad_source=5&gclid=EAIaIQobChMItbK4hc75hgMVTkGRBR2VFwF_EAAYAiAGEgKUmPD_BwE" "Mozilla/5.0 (Windows NT 10.0; Win64; x64) AppleWebKit/537.36 (KHTML, like Gecko) Chrome/126.0.0.0 Safari/537.36"
31.46.173.133 - - [26/Jun/2024:17:51:10 +0200] "GET /storage/media/chrysler.gif HTTP/1.1" 200 4485 "https://royaltuning.hu/public/hu/termekkategoria/kulcshazak?gad_source=5&gclid=EAIaIQobChMItbK4hc75hgMVTkGRBR2VFwF_EAAYAiAGEgKUmPD_BwE" "Mozilla/5.0 (Windows NT 10.0; Win64; x64) AppleWebKit/537.36 (KHTML, like Gecko) Chrome/126.0.0.0 Safari/537.36"
31.46.173.133 - - [26/Jun/2024:17:51:10 +0200] "GET /storage/media/citroen.jpg HTTP/1.1" 200 9215 "https://royaltuning.hu/public/hu/termekkategoria/kulcshazak?gad_source=5&gclid=EAIaIQobChMItbK4hc75hgMVTkGRBR2VFwF_EAAYAiAGEgKUmPD_BwE" "Mozilla/5.0 (Windows NT 10.0; Win64; x64) AppleWebKit/537.36 (KHTML, like Gecko) Chrome/126.0.0.0 Safari/537.36"
31.46.173.133 - - [26/Jun/2024:17:51:10 +0200] "GET /storage/media/dacia.gif HTTP/1.1" 200 16597 "https://royaltuning.hu/public/hu/termekkategoria/kulcshazak?gad_source=5&gclid=EAIaIQobChMItbK4hc75hgMVTkGRBR2VFwF_EAAYAiAGEgKUmPD_BwE" "Mozilla/5.0 (Windows NT 10.0; Win64; x64) AppleWebKit/537.36 (KHTML, like Gecko) Chrome/126.0.0.0 Safari/537.36"
87.229.33.169 - - [26/Jun/2024:17:51:10 +0200] "GET /storage/media/helyzetjelzo_led_izzo-4-1.jpg HTTP/1.1" 200 22214 "https://www.royaltuning.hu/" "Mozilla/5.0 (Linux; Android 10; K) AppleWebKit/537.36 (KHTML, like Gecko) Chrome/126.0.0.0 Mobile Safari/537.36"
31.46.173.133 - - [26/Jun/2024:17:51:10 +0200] "GET /storage/media/cr2032_elem-1.jpg HTTP/1.1" 200 32178 "https://royaltuning.hu/public/hu/termekkategoria/kulcshazak?gad_source=5&gclid=EAIaIQobChMItbK4hc75hgMVTkGRBR2VFwF_EAAYAiAGEgKUmPD_BwE" "Mozilla/5.0 (Windows NT 10.0; Win64; x64) AppleWebKit/537.36 (KHTML, like Gecko) Chrome/126.0.0.0 Safari/537.36"
31.46.173.133 - - [26/Jun/2024:17:51:10 +0200] "GET /storage/media/fiat.jpg HTTP/1.1" 200 18763 "https://royaltuning.hu/public/hu/termekkategoria/kulcshazak?gad_source=5&gclid=EAIaIQobChMItbK4hc75hgMVTkGRBR2VFwF_EAAYAiAGEgKUmPD_BwE" "Mozilla/5.0 (Windows NT 10.0; Win64; x64) AppleWebKit/537.36 (KHTML, like Gecko) Chrome/126.0.0.0 Safari/537.36"
31.46.173.133 - - [26/Jun/2024:17:51:10 +0200] "GET /storage/media/ford.jpg HTTP/1.1" 200 8657 "https://royaltuning.hu/public/hu/termekkategoria/kulcshazak?gad_source=5&gclid=EAIaIQobChMItbK4hc75hgMVTkGRBR2VFwF_EAAYAiAGEgKUmPD_BwE" "Mozilla/5.0 (Windows NT 10.0; Win64; x64) AppleWebKit/537.36 (KHTML, like Gecko) Chrome/126.0.0.0 Safari/537.36"
31.46.173.133 - - [26/Jun/2024:17:51:10 +0200] "GET /storage/media/honda.jpg HTTP/1.1" 200 9210 "https://royaltuning.hu/public/hu/termekkategoria/kulcshazak?gad_source=5&gclid=EAIaIQobChMItbK4hc75hgMVTkGRBR2VFwF_EAAYAiAGEgKUmPD_BwE" "Mozilla/5.0 (Windows NT 10.0; Win64; x64) AppleWebKit/537.36 (KHTML, like Gecko) Chrome/126.0.0.0 Safari/537.36"
31.46.173.133 - - [26/Jun/2024:17:51:10 +0200] "GET /storage/media/hyundai.jpg HTTP/1.1" 200 9185 "https://royaltuning.hu/public/hu/termekkategoria/kulcshazak?gad_source=5&gclid=EAIaIQobChMItbK4hc75hgMVTkGRBR2VFwF_EAAYAiAGEgKUmPD_BwE" "Mozilla/5.0 (Windows NT 10.0; Win64; x64) AppleWebKit/537.36 (KHTML, like Gecko) Chrome/126.0.0.0 Safari/537.36"
31.46.173.133 - - [26/Jun/2024:17:51:10 +0200] "GET /public/themes/storefront/public/images/arrow-black.png HTTP/1.1" 200 221 "https://royaltuning.hu/public/themes/storefront/public/css/app.css?v=3.1.0" "Mozilla/5.0 (Windows NT 10.0; Win64; x64) AppleWebKit/537.36 (KHTML, like Gecko) Chrome/126.0.0.0 Safari/537.36"
31.46.173.133 - - [26/Jun/2024:17:51:10 +0200] "GET /storage/media/iveco.jpg HTTP/1.1" 200 4645 "https://royaltuning.hu/public/hu/termekkategoria/kulcshazak?gad_source=5&gclid=EAIaIQobChMItbK4hc75hgMVTkGRBR2VFwF_EAAYAiAGEgKUmPD_BwE" "Mozilla/5.0 (Windows NT 10.0; Win64; x64) AppleWebKit/537.36 (KHTML, like Gecko) Chrome/126.0.0.0 Safari/537.36"
31.46.173.133 - - [26/Jun/2024:17:51:10 +0200] "GET /public/themes/storefront/public/js/app.js?v=3.1.0 HTTP/1.1" 200 979893 "https://royaltuning.hu/public/hu/termekkategoria/kulcshazak?gad_source=5&gclid=EAIaIQobChMItbK4hc75hgMVTkGRBR2VFwF_EAAYAiAGEgKUmPD_BwE" "Mozilla/5.0 (Windows NT 10.0; Win64; x64) AppleWebKit/537.36 (KHTML, like Gecko) Chrome/126.0.0.0 Safari/537.36"
31.46.173.133 - - [26/Jun/2024:17:51:10 +0200] "GET /public/themes/storefront/public/fonts/la-regular-400.woff2 HTTP/1.1" 200 12923 "https://royaltuning.hu/public/themes/storefront/public/css/app.css?v=3.1.0" "Mozilla/5.0 (Windows NT 10.0; Win64; x64) AppleWebKit/537.36 (KHTML, like Gecko) Chrome/126.0.0.0 Safari/537.36"
31.46.173.133 - - [26/Jun/2024:17:51:10 +0200] "GET /storage/media/kia.jpg HTTP/1.1" 200 11630 "https://royaltuning.hu/public/hu/termekkategoria/kulcshazak?gad_source=5&gclid=EAIaIQobChMItbK4hc75hgMVTkGRBR2VFwF_EAAYAiAGEgKUmPD_BwE" "Mozilla/5.0 (Windows NT 10.0; Win64; x64) AppleWebKit/537.36 (KHTML, like Gecko) Chrome/126.0.0.0 Safari/537.36"
31.46.173.133 - - [26/Jun/2024:17:51:10 +0200] "GET /public/themes/storefront/public/fonts/la-solid-900.woff2 HTTP/1.1" 200 96652 "https://royaltuning.hu/public/themes/storefront/public/css/app.css?v=3.1.0" "Mozilla/5.0 (Windows NT 10.0; Win64; x64) AppleWebKit/537.36 (KHTML, like Gecko) Chrome/126.0.0.0 Safari/537.36"
31.46.173.133 - - [26/Jun/2024:17:51:10 +0200] "GET /storage/media/lada.jpg HTTP/1.1" 200 25117 "https://royaltuning.hu/public/hu/termekkategoria/kulcshazak?gad_source=5&gclid=EAIaIQobChMItbK4hc75hgMVTkGRBR2VFwF_EAAYAiAGEgKUmPD_BwE" "Mozilla/5.0 (Windows NT 10.0; Win64; x64) AppleWebKit/537.36 (KHTML, like Gecko) Chrome/126.0.0.0 Safari/537.36"
31.46.173.133 - - [26/Jun/2024:17:51:10 +0200] "GET /storage/media/lancia.jpg HTTP/1.1" 200 10653 "https://royaltuning.hu/public/hu/termekkategoria/kulcshazak?gad_source=5&gclid=EAIaIQobChMItbK4hc75hgMVTkGRBR2VFwF_EAAYAiAGEgKUmPD_BwE" "Mozilla/5.0 (Windows NT 10.0; Win64; x64) AppleWebKit/537.36 (KHTML, like Gecko) Chrome/126.0.0.0 Safari/537.36"
87.229.33.169 - - [26/Jun/2024:17:51:10 +0200] "GET /storage/media/led_izzo_menetfeny_iranyjelzo-1.jpg HTTP/1.1" 200 164001 "https://www.royaltuning.hu/" "Mozilla/5.0 (Linux; Android 10; K) AppleWebKit/537.36 (KHTML, like Gecko) Chrome/126.0.0.0 Mobile Safari/537.36"
87.229.33.169 - - [26/Jun/2024:17:51:10 +0200] "GET /storage/media/p21w_led_izzo_sarga-1.jpg HTTP/1.1" 200 203646 "https://www.royaltuning.hu/" "Mozilla/5.0 (Linux; Android 10; K) AppleWebKit/537.36 (KHTML, like Gecko) Chrome/126.0.0.0 Mobile Safari/537.36"
31.46.173.133 - - [26/Jun/2024:17:51:10 +0200] "GET /public/themes/storefront/public/fonts/la-brands-400.woff2 HTTP/1.1" 200 84805 "https://royaltuning.hu/public/themes/storefront/public/css/app.css?v=3.1.0" "Mozilla/5.0 (Windows NT 10.0; Win64; x64) AppleWebKit/537.36 (KHTML, like Gecko) Chrome/126.0.0.0 Safari/537.36"
31.46.173.133 - - [26/Jun/2024:17:51:10 +0200] "GET /storage/media/mazda.jpg HTTP/1.1" 200 10887 "https://royaltuning.hu/public/hu/termekkategoria/kulcshazak?gad_source=5&gclid=EAIaIQobChMItbK4hc75hgMVTkGRBR2VFwF_EAAYAiAGEgKUmPD_BwE" "Mozilla/5.0 (Windows NT 10.0; Win64; x64) AppleWebKit/537.36 (KHTML, like Gecko) Chrome/126.0.0.0 Safari/537.36"
31.46.173.133 - - [26/Jun/2024:17:51:10 +0200] "GET /storage/media/mercedes.jpg HTTP/1.1" 200 5410 "https://royaltuning.hu/public/hu/termekkategoria/kulcshazak?gad_source=5&gclid=EAIaIQobChMItbK4hc75hgMVTkGRBR2VFwF_EAAYAiAGEgKUmPD_BwE" "Mozilla/5.0 (Windows NT 10.0; Win64; x64) AppleWebKit/537.36 (KHTML, like Gecko) Chrome/126.0.0.0 Safari/537.36"
31.46.173.133 - - [26/Jun/2024:17:51:10 +0200] "GET /storage/media/2%C3%A9rint.jpg HTTP/1.1" 200 43011 "https://royaltuning.hu/public/hu/termekkategoria/kulcshazak?gad_source=5&gclid=EAIaIQobChMItbK4hc75hgMVTkGRBR2VFwF_EAAYAiAGEgKUmPD_BwE" "Mozilla/5.0 (Windows NT 10.0; Win64; x64) AppleWebKit/537.36 (KHTML, like Gecko) Chrome/126.0.0.0 Safari/537.36"
31.46.173.133 - - [26/Jun/2024:17:51:10 +0200] "GET /storage/media/mini.jpg HTTP/1.1" 200 5115 "https://royaltuning.hu/public/hu/termekkategoria/kulcshazak?gad_source=5&gclid=EAIaIQobChMItbK4hc75hgMVTkGRBR2VFwF_EAAYAiAGEgKUmPD_BwE" "Mozilla/5.0 (Windows NT 10.0; Win64; x64) AppleWebKit/537.36 (KHTML, like Gecko) Chrome/126.0.0.0 Safari/537.36"
31.46.173.133 - - [26/Jun/2024:17:51:10 +0200] "GET /storage/media/mitsubishi.jpg HTTP/1.1" 200 4179 "https://royaltuning.hu/public/hu/termekkategoria/kulcshazak?gad_source=5&gclid=EAIaIQobChMItbK4hc75hgMVTkGRBR2VFwF_EAAYAiAGEgKUmPD_BwE" "Mozilla/5.0 (Windows NT 10.0; Win64; x64) AppleWebKit/537.36 (KHTML, like Gecko) Chrome/126.0.0.0 Safari/537.36"
87.229.33.169 - - [26/Jun/2024:17:51:10 +0200] "GET /storage/media/ba15S_led_izzo_sarga.jpg HTTP/1.1" 200 43768 "https://www.royaltuning.hu/" "Mozilla/5.0 (Linux; Android 10; K) AppleWebKit/537.36 (KHTML, like Gecko) Chrome/126.0.0.0 Mobile Safari/537.36"
31.46.173.133 - - [26/Jun/2024:17:51:10 +0200] "GET /storage/media/nissan.jpg HTTP/1.1" 200 11648 "https://royaltuning.hu/public/hu/termekkategoria/kulcshazak?gad_source=5&gclid=EAIaIQobChMItbK4hc75hgMVTkGRBR2VFwF_EAAYAiAGEgKUmPD_BwE" "Mozilla/5.0 (Windows NT 10.0; Win64; x64) AppleWebKit/537.36 (KHTML, like Gecko) Chrome/126.0.0.0 Safari/537.36"
31.46.173.133 - - [26/Jun/2024:17:51:10 +0200] "GET /storage/media/opel.jpg HTTP/1.1" 200 9928 "https://royaltuning.hu/public/hu/termekkategoria/kulcshazak?gad_source=5&gclid=EAIaIQobChMItbK4hc75hgMVTkGRBR2VFwF_EAAYAiAGEgKUmPD_BwE" "Mozilla/5.0 (Windows NT 10.0; Win64; x64) AppleWebKit/537.36 (KHTML, like Gecko) Chrome/126.0.0.0 Safari/537.36"
31.46.173.133 - - [26/Jun/2024:17:51:10 +0200] "GET /storage/media/peugeot.jpg HTTP/1.1" 200 9633 "https://royaltuning.hu/public/hu/termekkategoria/kulcshazak?gad_source=5&gclid=EAIaIQobChMItbK4hc75hgMVTkGRBR2VFwF_EAAYAiAGEgKUmPD_BwE" "Mozilla/5.0 (Windows NT 10.0; Win64; x64) AppleWebKit/537.36 (KHTML, like Gecko) Chrome/126.0.0.0 Safari/537.36"
31.46.173.133 - - [26/Jun/2024:17:51:10 +0200] "GET /storage/media/renault.jpg HTTP/1.1" 200 6831 "https://royaltuning.hu/public/hu/termekkategoria/kulcshazak?gad_source=5&gclid=EAIaIQobChMItbK4hc75hgMVTkGRBR2VFwF_EAAYAiAGEgKUmPD_BwE" "Mozilla/5.0 (Windows NT 10.0; Win64; x64) AppleWebKit/537.36 (KHTML, like Gecko) Chrome/126.0.0.0 Safari/537.36"
31.46.173.133 - - [26/Jun/2024:17:51:10 +0200] "GET /storage/media/rover.png HTTP/1.1" 200 193833 "https://royaltuning.hu/public/hu/termekkategoria/kulcshazak?gad_source=5&gclid=EAIaIQobChMItbK4hc75hgMVTkGRBR2VFwF_EAAYAiAGEgKUmPD_BwE" "Mozilla/5.0 (Windows NT 10.0; Win64; x64) AppleWebKit/537.36 (KHTML, like Gecko) Chrome/126.0.0.0 Safari/537.36"
31.46.173.133 - - [26/Jun/2024:17:51:10 +0200] "GET /storage/media/saab.jpg HTTP/1.1" 200 19810 "https://royaltuning.hu/public/hu/termekkategoria/kulcshazak?gad_source=5&gclid=EAIaIQobChMItbK4hc75hgMVTkGRBR2VFwF_EAAYAiAGEgKUmPD_BwE" "Mozilla/5.0 (Windows NT 10.0; Win64; x64) AppleWebKit/537.36 (KHTML, like Gecko) Chrome/126.0.0.0 Safari/537.36"
31.46.173.133 - - [26/Jun/2024:17:51:10 +0200] "GET /storage/media/seat.jpg HTTP/1.1" 200 9675 "https://royaltuning.hu/public/hu/termekkategoria/kulcshazak?gad_source=5&gclid=EAIaIQobChMItbK4hc75hgMVTkGRBR2VFwF_EAAYAiAGEgKUmPD_BwE" "Mozilla/5.0 (Windows NT 10.0; Win64; x64) AppleWebKit/537.36 (KHTML, like Gecko) Chrome/126.0.0.0 Safari/537.36"
31.46.173.133 - - [26/Jun/2024:17:51:10 +0200] "GET /storage/media/Skoda.jpg HTTP/1.1" 200 5742 "https://royaltuning.hu/public/hu/termekkategoria/kulcshazak?gad_source=5&gclid=EAIaIQobChMItbK4hc75hgMVTkGRBR2VFwF_EAAYAiAGEgKUmPD_BwE" "Mozilla/5.0 (Windows NT 10.0; Win64; x64) AppleWebKit/537.36 (KHTML, like Gecko) Chrome/126.0.0.0 Safari/537.36"
31.46.173.133 - - [26/Jun/2024:17:51:10 +0200] "GET /storage/media/smart.jpg HTTP/1.1" 200 13267 "https://royaltuning.hu/public/hu/termekkategoria/kulcshazak?gad_source=5&gclid=EAIaIQobChMItbK4hc75hgMVTkGRBR2VFwF_EAAYAiAGEgKUmPD_BwE" "Mozilla/5.0 (Windows NT 10.0; Win64; x64) AppleWebKit/537.36 (KHTML, like Gecko) Chrome/126.0.0.0 Safari/537.36"
31.46.173.133 - - [26/Jun/2024:17:51:10 +0200] "GET /storage/media/ssangyong.png HTTP/1.1" 200 6025 "https://royaltuning.hu/public/hu/termekkategoria/kulcshazak?gad_source=5&gclid=EAIaIQobChMItbK4hc75hgMVTkGRBR2VFwF_EAAYAiAGEgKUmPD_BwE" "Mozilla/5.0 (Windows NT 10.0; Win64; x64) AppleWebKit/537.36 (KHTML, like Gecko) Chrome/126.0.0.0 Safari/537.36"
213.225.14.58 - - [26/Jun/2024:17:51:10 +0200] "GET /public/themes/storefront/public/css/ajax-loader.gif HTTP/1.1" 200 4178 "https://royaltuning.hu/public/themes/storefront/public/css/app.css?v=3.1.0" "Mozilla/5.0 (Linux; Android 14; SM-A136B Build/UP1A.231005.007; wv) AppleWebKit/537.36 (KHTML, like Gecko) Version/4.0 Chrome/126.0.6478.71 Mobile Safari/537.36 [FB_IAB/FB4A;FBAV/469.2.0.51.80;]"
31.46.173.133 - - [26/Jun/2024:17:51:10 +0200] "GET /storage/media/subaru.jpg HTTP/1.1" 200 15124 "https://royaltuning.hu/public/hu/termekkategoria/kulcshazak?gad_source=5&gclid=EAIaIQobChMItbK4hc75hgMVTkGRBR2VFwF_EAAYAiAGEgKUmPD_BwE" "Mozilla/5.0 (Windows NT 10.0; Win64; x64) AppleWebKit/537.36 (KHTML, like Gecko) Chrome/126.0.0.0 Safari/537.36"
31.46.173.133 - - [26/Jun/2024:17:51:10 +0200] "GET /storage/media/suzuki.jpg HTTP/1.1" 200 5285 "https://royaltuning.hu/public/hu/termekkategoria/kulcshazak?gad_source=5&gclid=EAIaIQobChMItbK4hc75hgMVTkGRBR2VFwF_EAAYAiAGEgKUmPD_BwE" "Mozilla/5.0 (Windows NT 10.0; Win64; x64) AppleWebKit/537.36 (KHTML, like Gecko) Chrome/126.0.0.0 Safari/537.36"
31.46.173.133 - - [26/Jun/2024:17:51:10 +0200] "GET /public/themes/storefront/public/images/image-placeholder.png HTTP/1.1" 200 1172 "https://royaltuning.hu/public/hu/termekkategoria/kulcshazak?gad_source=5&gclid=EAIaIQobChMItbK4hc75hgMVTkGRBR2VFwF_EAAYAiAGEgKUmPD_BwE" "Mozilla/5.0 (Windows NT 10.0; Win64; x64) AppleWebKit/537.36 (KHTML, like Gecko) Chrome/126.0.0.0 Safari/537.36"
31.46.173.133 - - [26/Jun/2024:17:51:10 +0200] "GET /storage/media/toyota.jpg HTTP/1.1" 200 13315 "https://royaltuning.hu/public/hu/termekkategoria/kulcshazak?gad_source=5&gclid=EAIaIQobChMItbK4hc75hgMVTkGRBR2VFwF_EAAYAiAGEgKUmPD_BwE" "Mozilla/5.0 (Windows NT 10.0; Win64; x64) AppleWebKit/537.36 (KHTML, like Gecko) Chrome/126.0.0.0 Safari/537.36"
31.46.173.133 - - [26/Jun/2024:17:51:10 +0200] "GET /storage/media/volkswagen.jpg HTTP/1.1" 200 27760 "https://royaltuning.hu/public/hu/termekkategoria/kulcshazak?gad_source=5&gclid=EAIaIQobChMItbK4hc75hgMVTkGRBR2VFwF_EAAYAiAGEgKUmPD_BwE" "Mozilla/5.0 (Windows NT 10.0; Win64; x64) AppleWebKit/537.36 (KHTML, like Gecko) Chrome/126.0.0.0 Safari/537.36"
87.229.33.169 - - [26/Jun/2024:17:51:10 +0200] "GET /storage/media/ba15s_led_izzo_legjobb-4-1.jpg HTTP/1.1" 200 202572 "https://www.royaltuning.hu/" "Mozilla/5.0 (Linux; Android 10; K) AppleWebKit/537.36 (KHTML, like Gecko) Chrome/126.0.0.0 Mobile Safari/537.36"
31.46.173.133 - - [26/Jun/2024:17:51:10 +0200] "GET /storage/media/volvo-1.jpg HTTP/1.1" 200 21743 "https://royaltuning.hu/public/hu/termekkategoria/kulcshazak?gad_source=5&gclid=EAIaIQobChMItbK4hc75hgMVTkGRBR2VFwF_EAAYAiAGEgKUmPD_BwE" "Mozilla/5.0 (Windows NT 10.0; Win64; x64) AppleWebKit/537.36 (KHTML, like Gecko) Chrome/126.0.0.0 Safari/537.36"
31.46.173.133 - - [26/Jun/2024:17:51:10 +0200] "GET /storage/media/LR8IfEu8TFdtixq0lkK2SomaSuyRv02mO7hPPjoL.jpg HTTP/1.1" 200 86609 "https://royaltuning.hu/public/hu/termekkategoria/kulcshazak?gad_source=5&gclid=EAIaIQobChMItbK4hc75hgMVTkGRBR2VFwF_EAAYAiAGEgKUmPD_BwE" "Mozilla/5.0 (Windows NT 10.0; Win64; x64) AppleWebKit/537.36 (KHTML, like Gecko) Chrome/126.0.0.0 Safari/537.36"
87.229.33.169 - - [26/Jun/2024:17:51:11 +0200] "GET /storage/media/led_izzo_canbusos_sarga-1.jpg HTTP/1.1" 200 18529 "https://www.royaltuning.hu/" "Mozilla/5.0 (Linux; Android 10; K) AppleWebKit/537.36 (KHTML, like Gecko) Chrome/126.0.0.0 Mobile Safari/537.36"
213.225.14.58 - - [26/Jun/2024:17:51:10 +0200] "GET /public/captcha/image?_=1888628462 HTTP/1.1" 200 4988 "https://royaltuning.hu/public/hu/termek/h1-izzo-130-emelt-fenyerovel-1db" "Mozilla/5.0 (Linux; Android 14; SM-A136B Build/UP1A.231005.007; wv) AppleWebKit/537.36 (KHTML, like Gecko) Version/4.0 Chrome/126.0.6478.71 Mobile Safari/537.36 [FB_IAB/FB4A;FBAV/469.2.0.51.80;]"
31.46.173.133 - - [26/Jun/2024:17:51:11 +0200] "GET /storage/media/QnwWLqTYXYZBt0pnYYPSgh13vMZ3Tq8bqmOE5u0D.webp HTTP/1.1" 200 43302 "https://royaltuning.hu/public/hu/termekkategoria/kulcshazak?gad_source=5&gclid=EAIaIQobChMItbK4hc75hgMVTkGRBR2VFwF_EAAYAiAGEgKUmPD_BwE" "Mozilla/5.0 (Windows NT 10.0; Win64; x64) AppleWebKit/537.36 (KHTML, like Gecko) Chrome/126.0.0.0 Safari/537.36"
31.46.173.133 - - [26/Jun/2024:17:51:11 +0200] "GET /storage/media/paGdgnfacATylUWhvUeUZGv1GIKiGXmdYwZR20nd.jpg HTTP/1.1" 200 34330 "https://royaltuning.hu/public/hu/termekkategoria/kulcshazak?gad_source=5&gclid=EAIaIQobChMItbK4hc75hgMVTkGRBR2VFwF_EAAYAiAGEgKUmPD_BwE" "Mozilla/5.0 (Windows NT 10.0; Win64; x64) AppleWebKit/537.36 (KHTML, like Gecko) Chrome/126.0.0.0 Safari/537.36"
31.46.173.133 - - [26/Jun/2024:17:51:11 +0200] "GET /storage/media/U9NkjU7v6Z3urgm3cZoyB4B52Rf1RDn0nbyFiAJw.jpg HTTP/1.1" 200 80343 "https://royaltuning.hu/public/hu/termekkategoria/kulcshazak?gad_source=5&gclid=EAIaIQobChMItbK4hc75hgMVTkGRBR2VFwF_EAAYAiAGEgKUmPD_BwE" "Mozilla/5.0 (Windows NT 10.0; Win64; x64) AppleWebKit/537.36 (KHTML, like Gecko) Chrome/126.0.0.0 Safari/537.36"
