66.249.70.160 - - [26/Jun/2024:18:08:47 +0200] "GET /public/captcha/image?_=445558053?_= HTTP/1.1" 200 6499 "-" "Mozilla/5.0 (Linux; Android 6.0.1; Nexus 5X Build/MMB29P) AppleWebKit/537.36 (KHTML, like Gecko) Chrome/125.0.6422.175 Mobile Safari/537.36 (compatible; Googlebot/2.1; +http://www.google.com/bot.html)"
185.221.143.50 - - [26/Jun/2024:18:08:49 +0200] "GET /storage/media/rpiKsmcVc59LwHHydMWZkR91adM4KGiqcvvmbod4.png HTTP/1.1" 200 17070 "https://royaltuning.hu/public/hu/termekkategoria/menetfenyekvilagitas-technika/emeltfenyu-halogen-izzok?fbclid=IwZXh0bgNhZW0BMAABHWrp-ouVhlVJzP9hGdYJgilykN8AWU7hy-eoXETVwHqRrIm9x6QwPnsR3w_aem_lsNYJ1OCjCFJmUf-PgVpdw&utm_campaign=emelt_h1&utm_content=1&utm_id=23852086930760017&utm_medium=cpc&utm_source=facebook&utm_term=23862233967630017" "Mozilla/5.0 (Linux; Android 12; SM-A415F Build/SP1A.210812.016; wv) AppleWebKit/537.36 (KHTML, like Gecko) Version/4.0 Chrome/126.0.6478.103 Mobile Safari/537.36 [FB_IAB/FB4A;FBAV/469.2.0.51.80;]"
81.182.12.110 - - [26/Jun/2024:18:08:49 +0200] "POST /hu/cart/items?product_id=4609&qty=1 HTTP/1.1" 200 820 "https://royaltuning.hu/hu/termek/dacia-kulcshaz-2-gombos" "Mozilla/5.0 (Windows NT 10.0; Win64; x64) AppleWebKit/537.36 (KHTML, like Gecko) Chrome/126.0.0.0 Safari/537.36"
52.167.144.182 - - [26/Jun/2024:18:08:50 +0200] "GET /wp-content/uploads/2023/11/h7_led_teszt_velemeny-1-1-500x431.jpg HTTP/1.1" 200 16615 "-" "Mozilla/5.0 AppleWebKit/537.36 (KHTML, like Gecko; compatible; bingbot/2.0; +http://www.bing.com/bingbot.htm) Chrome/116.0.1938.76 Safari/537.36"
185.221.143.50 - - [26/Jun/2024:18:08:50 +0200] "GET /public/vendor/cookie-consent/css/cookie-consent.css HTTP/1.1" 200 990 "https://royaltuning.hu/public/hu/termekkategoria/menetfenyekvilagitas-technika/emeltfenyu-halogen-izzok?fbclid=IwZXh0bgNhZW0BMAABHWrp-ouVhlVJzP9hGdYJgilykN8AWU7hy-eoXETVwHqRrIm9x6QwPnsR3w_aem_lsNYJ1OCjCFJmUf-PgVpdw&utm_campaign=emelt_h1&utm_content=1&utm_id=23852086930760017&utm_medium=cpc&utm_source=facebook&utm_term=23862233967630017" "Mozilla/5.0 (Linux; Android 12; SM-A415F Build/SP1A.210812.016; wv) AppleWebKit/537.36 (KHTML, like Gecko) Version/4.0 Chrome/126.0.6478.103 Mobile Safari/537.36 [FB_IAB/FB4A;FBAV/469.2.0.51.80;]"
185.221.143.50 - - [26/Jun/2024:18:08:50 +0200] "GET /public/themes/storefront/public/css/app.css?v=3.1.0 HTTP/1.1" 200 72700 "https://royaltuning.hu/public/hu/termekkategoria/menetfenyekvilagitas-technika/emeltfenyu-halogen-izzok?fbclid=IwZXh0bgNhZW0BMAABHWrp-ouVhlVJzP9hGdYJgilykN8AWU7hy-eoXETVwHqRrIm9x6QwPnsR3w_aem_lsNYJ1OCjCFJmUf-PgVpdw&utm_campaign=emelt_h1&utm_content=1&utm_id=23852086930760017&utm_medium=cpc&utm_source=facebook&utm_term=23862233967630017" "Mozilla/5.0 (Linux; Android 12; SM-A415F Build/SP1A.210812.016; wv) AppleWebKit/537.36 (KHTML, like Gecko) Version/4.0 Chrome/126.0.6478.103 Mobile Safari/537.36 [FB_IAB/FB4A;FBAV/469.2.0.51.80;]"
185.221.143.50 - - [26/Jun/2024:18:08:50 +0200] "GET /storage/media/h11_izzo-1.jpg HTTP/1.1" 200 55047 "https://royaltuning.hu/public/hu/termekkategoria/menetfenyekvilagitas-technika/emeltfenyu-halogen-izzok?fbclid=IwZXh0bgNhZW0BMAABHWrp-ouVhlVJzP9hGdYJgilykN8AWU7hy-eoXETVwHqRrIm9x6QwPnsR3w_aem_lsNYJ1OCjCFJmUf-PgVpdw&utm_campaign=emelt_h1&utm_content=1&utm_id=23852086930760017&utm_medium=cpc&utm_source=facebook&utm_term=23862233967630017" "Mozilla/5.0 (Linux; Android 12; SM-A415F Build/SP1A.210812.016; wv) AppleWebKit/537.36 (KHTML, like Gecko) Version/4.0 Chrome/126.0.6478.103 Mobile Safari/537.36 [FB_IAB/FB4A;FBAV/469.2.0.51.80;]"
185.221.143.50 - - [26/Jun/2024:18:08:50 +0200] "GET /storage/media/h1_izzo-2.jpg HTTP/1.1" 200 17094 "https://royaltuning.hu/public/hu/termekkategoria/menetfenyekvilagitas-technika/emeltfenyu-halogen-izzok?fbclid=IwZXh0bgNhZW0BMAABHWrp-ouVhlVJzP9hGdYJgilykN8AWU7hy-eoXETVwHqRrIm9x6QwPnsR3w_aem_lsNYJ1OCjCFJmUf-PgVpdw&utm_campaign=emelt_h1&utm_content=1&utm_id=23852086930760017&utm_medium=cpc&utm_source=facebook&utm_term=23862233967630017" "Mozilla/5.0 (Linux; Android 12; SM-A415F Build/SP1A.210812.016; wv) AppleWebKit/537.36 (KHTML, like Gecko) Version/4.0 Chrome/126.0.6478.103 Mobile Safari/537.36 [FB_IAB/FB4A;FBAV/469.2.0.51.80;]"
185.221.143.50 - - [26/Jun/2024:18:08:51 +0200] "GET /storage/media/h15_izzo_emeltfenyu-1.jpg HTTP/1.1" 200 104005 "https://royaltuning.hu/public/hu/termekkategoria/menetfenyekvilagitas-technika/emeltfenyu-halogen-izzok?fbclid=IwZXh0bgNhZW0BMAABHWrp-ouVhlVJzP9hGdYJgilykN8AWU7hy-eoXETVwHqRrIm9x6QwPnsR3w_aem_lsNYJ1OCjCFJmUf-PgVpdw&utm_campaign=emelt_h1&utm_content=1&utm_id=23852086930760017&utm_medium=cpc&utm_source=facebook&utm_term=23862233967630017" "Mozilla/5.0 (Linux; Android 12; SM-A415F Build/SP1A.210812.016; wv) AppleWebKit/537.36 (KHTML, like Gecko) Version/4.0 Chrome/126.0.6478.103 Mobile Safari/537.36 [FB_IAB/FB4A;FBAV/469.2.0.51.80;]"
185.221.143.50 - - [26/Jun/2024:18:08:51 +0200] "GET /storage/media/h3_izzo-2.jpg HTTP/1.1" 200 17629 "https://royaltuning.hu/public/hu/termekkategoria/menetfenyekvilagitas-technika/emeltfenyu-halogen-izzok?fbclid=IwZXh0bgNhZW0BMAABHWrp-ouVhlVJzP9hGdYJgilykN8AWU7hy-eoXETVwHqRrIm9x6QwPnsR3w_aem_lsNYJ1OCjCFJmUf-PgVpdw&utm_campaign=emelt_h1&utm_content=1&utm_id=23852086930760017&utm_medium=cpc&utm_source=facebook&utm_term=23862233967630017" "Mozilla/5.0 (Linux; Android 12; SM-A415F Build/SP1A.210812.016; wv) AppleWebKit/537.36 (KHTML, like Gecko) Version/4.0 Chrome/126.0.6478.103 Mobile Safari/537.36 [FB_IAB/FB4A;FBAV/469.2.0.51.80;]"
185.221.143.50 - - [26/Jun/2024:18:08:51 +0200] "GET /storage/media/h4_izzo-2.jpg HTTP/1.1" 200 19594 "https://royaltuning.hu/public/hu/termekkategoria/menetfenyekvilagitas-technika/emeltfenyu-halogen-izzok?fbclid=IwZXh0bgNhZW0BMAABHWrp-ouVhlVJzP9hGdYJgilykN8AWU7hy-eoXETVwHqRrIm9x6QwPnsR3w_aem_lsNYJ1OCjCFJmUf-PgVpdw&utm_campaign=emelt_h1&utm_content=1&utm_id=23852086930760017&utm_medium=cpc&utm_source=facebook&utm_term=23862233967630017" "Mozilla/5.0 (Linux; Android 12; SM-A415F Build/SP1A.210812.016; wv) AppleWebKit/537.36 (KHTML, like Gecko) Version/4.0 Chrome/126.0.6478.103 Mobile Safari/537.36 [FB_IAB/FB4A;FBAV/469.2.0.51.80;]"
185.221.143.50 - - [26/Jun/2024:18:08:51 +0200] "GET /public/vendor/cookie-consent/js/cookie-consent.js HTTP/1.1" 200 11136 "https://royaltuning.hu/public/hu/termekkategoria/menetfenyekvilagitas-technika/emeltfenyu-halogen-izzok?fbclid=IwZXh0bgNhZW0BMAABHWrp-ouVhlVJzP9hGdYJgilykN8AWU7hy-eoXETVwHqRrIm9x6QwPnsR3w_aem_lsNYJ1OCjCFJmUf-PgVpdw&utm_campaign=emelt_h1&utm_content=1&utm_id=23852086930760017&utm_medium=cpc&utm_source=facebook&utm_term=23862233967630017" "Mozilla/5.0 (Linux; Android 12; SM-A415F Build/SP1A.210812.016; wv) AppleWebKit/537.36 (KHTML, like Gecko) Version/4.0 Chrome/126.0.6478.103 Mobile Safari/537.36 [FB_IAB/FB4A;FBAV/469.2.0.51.80;]"
185.221.143.50 - - [26/Jun/2024:18:08:51 +0200] "GET /storage/media/h7_izzo-2.jpg HTTP/1.1" 200 18712 "https://royaltuning.hu/public/hu/termekkategoria/menetfenyekvilagitas-technika/emeltfenyu-halogen-izzok?fbclid=IwZXh0bgNhZW0BMAABHWrp-ouVhlVJzP9hGdYJgilykN8AWU7hy-eoXETVwHqRrIm9x6QwPnsR3w_aem_lsNYJ1OCjCFJmUf-PgVpdw&utm_campaign=emelt_h1&utm_content=1&utm_id=23852086930760017&utm_medium=cpc&utm_source=facebook&utm_term=23862233967630017" "Mozilla/5.0 (Linux; Android 12; SM-A415F Build/SP1A.210812.016; wv) AppleWebKit/537.36 (KHTML, like Gecko) Version/4.0 Chrome/126.0.6478.103 Mobile Safari/537.36 [FB_IAB/FB4A;FBAV/469.2.0.51.80;]"
185.221.143.50 - - [26/Jun/2024:18:08:51 +0200] "GET /public/themes/storefront/public/fonts/la-solid-900.woff2 HTTP/1.1" 200 96652 "https://royaltuning.hu/public/themes/storefront/public/css/app.css?v=3.1.0" "Mozilla/5.0 (Linux; Android 12; SM-A415F Build/SP1A.210812.016; wv) AppleWebKit/537.36 (KHTML, like Gecko) Version/4.0 Chrome/126.0.6478.103 Mobile Safari/537.36 [FB_IAB/FB4A;FBAV/469.2.0.51.80;]"
185.221.143.50 - - [26/Jun/2024:18:08:51 +0200] "GET /public/themes/storefront/public/images/arrow-black.png HTTP/1.1" 200 221 "https://royaltuning.hu/public/themes/storefront/public/css/app.css?v=3.1.0" "Mozilla/5.0 (Linux; Android 12; SM-A415F Build/SP1A.210812.016; wv) AppleWebKit/537.36 (KHTML, like Gecko) Version/4.0 Chrome/126.0.6478.103 Mobile Safari/537.36 [FB_IAB/FB4A;FBAV/469.2.0.51.80;]"
185.221.143.50 - - [26/Jun/2024:18:08:51 +0200] "GET /storage/media/hb3_izzo.jpg HTTP/1.1" 200 32294 "https://royaltuning.hu/public/hu/termekkategoria/menetfenyekvilagitas-technika/emeltfenyu-halogen-izzok?fbclid=IwZXh0bgNhZW0BMAABHWrp-ouVhlVJzP9hGdYJgilykN8AWU7hy-eoXETVwHqRrIm9x6QwPnsR3w_aem_lsNYJ1OCjCFJmUf-PgVpdw&utm_campaign=emelt_h1&utm_content=1&utm_id=23852086930760017&utm_medium=cpc&utm_source=facebook&utm_term=23862233967630017" "Mozilla/5.0 (Linux; Android 12; SM-A415F Build/SP1A.210812.016; wv) AppleWebKit/537.36 (KHTML, like Gecko) Version/4.0 Chrome/126.0.6478.103 Mobile Safari/537.36 [FB_IAB/FB4A;FBAV/469.2.0.51.80;]"
185.221.143.50 - - [26/Jun/2024:18:08:51 +0200] "GET /public/themes/storefront/public/fonts/la-brands-400.woff2 HTTP/1.1" 200 84805 "https://royaltuning.hu/public/themes/storefront/public/css/app.css?v=3.1.0" "Mozilla/5.0 (Linux; Android 12; SM-A415F Build/SP1A.210812.016; wv) AppleWebKit/537.36 (KHTML, like Gecko) Version/4.0 Chrome/126.0.6478.103 Mobile Safari/537.36 [FB_IAB/FB4A;FBAV/469.2.0.51.80;]"
185.221.143.50 - - [26/Jun/2024:18:08:55 +0200] "GET /storage/media/hb4_izzo-1.jpg HTTP/1.1" 200 29356 "https://royaltuning.hu/public/hu/termekkategoria/menetfenyekvilagitas-technika/emeltfenyu-halogen-izzok?fbclid=IwZXh0bgNhZW0BMAABHWrp-ouVhlVJzP9hGdYJgilykN8AWU7hy-eoXETVwHqRrIm9x6QwPnsR3w_aem_lsNYJ1OCjCFJmUf-PgVpdw&utm_campaign=emelt_h1&utm_content=1&utm_id=23852086930760017&utm_medium=cpc&utm_source=facebook&utm_term=23862233967630017" "Mozilla/5.0 (Linux; Android 12; SM-A415F Build/SP1A.210812.016; wv) AppleWebKit/537.36 (KHTML, like Gecko) Version/4.0 Chrome/126.0.6478.103 Mobile Safari/537.36 [FB_IAB/FB4A;FBAV/469.2.0.51.80;]"
185.221.143.50 - - [26/Jun/2024:18:08:55 +0200] "GET /storage/media/LR8IfEu8TFdtixq0lkK2SomaSuyRv02mO7hPPjoL.jpg HTTP/1.1" 200 86609 "https://royaltuning.hu/public/hu/termekkategoria/menetfenyekvilagitas-technika/emeltfenyu-halogen-izzok?fbclid=IwZXh0bgNhZW0BMAABHWrp-ouVhlVJzP9hGdYJgilykN8AWU7hy-eoXETVwHqRrIm9x6QwPnsR3w_aem_lsNYJ1OCjCFJmUf-PgVpdw&utm_campaign=emelt_h1&utm_content=1&utm_id=23852086930760017&utm_medium=cpc&utm_source=facebook&utm_term=23862233967630017" "Mozilla/5.0 (Linux; Android 12; SM-A415F Build/SP1A.210812.016; wv) AppleWebKit/537.36 (KHTML, like Gecko) Version/4.0 Chrome/126.0.6478.103 Mobile Safari/537.36 [FB_IAB/FB4A;FBAV/469.2.0.51.80;]"
185.221.143.50 - - [26/Jun/2024:18:08:51 +0200] "GET /public/themes/storefront/public/js/app.js?v=3.1.0 HTTP/1.1" 200 979893 "https://royaltuning.hu/public/hu/termekkategoria/menetfenyekvilagitas-technika/emeltfenyu-halogen-izzok?fbclid=IwZXh0bgNhZW0BMAABHWrp-ouVhlVJzP9hGdYJgilykN8AWU7hy-eoXETVwHqRrIm9x6QwPnsR3w_aem_lsNYJ1OCjCFJmUf-PgVpdw&utm_campaign=emelt_h1&utm_content=1&utm_id=23852086930760017&utm_medium=cpc&utm_source=facebook&utm_term=23862233967630017" "Mozilla/5.0 (Linux; Android 12; SM-A415F Build/SP1A.210812.016; wv) AppleWebKit/537.36 (KHTML, like Gecko) Version/4.0 Chrome/126.0.6478.103 Mobile Safari/537.36 [FB_IAB/FB4A;FBAV/469.2.0.51.80;]"
185.221.143.50 - - [26/Jun/2024:18:09:00 +0200] "GET /storage/media/QnwWLqTYXYZBt0pnYYPSgh13vMZ3Tq8bqmOE5u0D.webp HTTP/1.1" 200 43302 "https://royaltuning.hu/public/hu/termekkategoria/menetfenyekvilagitas-technika/emeltfenyu-halogen-izzok?fbclid=IwZXh0bgNhZW0BMAABHWrp-ouVhlVJzP9hGdYJgilykN8AWU7hy-eoXETVwHqRrIm9x6QwPnsR3w_aem_lsNYJ1OCjCFJmUf-PgVpdw&utm_campaign=emelt_h1&utm_content=1&utm_id=23852086930760017&utm_medium=cpc&utm_source=facebook&utm_term=23862233967630017" "Mozilla/5.0 (Linux; Android 12; SM-A415F Build/SP1A.210812.016; wv) AppleWebKit/537.36 (KHTML, like Gecko) Version/4.0 Chrome/126.0.6478.103 Mobile Safari/537.36 [FB_IAB/FB4A;FBAV/469.2.0.51.80;]"
185.221.143.50 - - [26/Jun/2024:18:09:00 +0200] "GET /storage/media/paGdgnfacATylUWhvUeUZGv1GIKiGXmdYwZR20nd.jpg HTTP/1.1" 200 34330 "https://royaltuning.hu/public/hu/termekkategoria/menetfenyekvilagitas-technika/emeltfenyu-halogen-izzok?fbclid=IwZXh0bgNhZW0BMAABHWrp-ouVhlVJzP9hGdYJgilykN8AWU7hy-eoXETVwHqRrIm9x6QwPnsR3w_aem_lsNYJ1OCjCFJmUf-PgVpdw&utm_campaign=emelt_h1&utm_content=1&utm_id=23852086930760017&utm_medium=cpc&utm_source=facebook&utm_term=23862233967630017" "Mozilla/5.0 (Linux; Android 12; SM-A415F Build/SP1A.210812.016; wv) AppleWebKit/537.36 (KHTML, like Gecko) Version/4.0 Chrome/126.0.6478.103 Mobile Safari/537.36 [FB_IAB/FB4A;FBAV/469.2.0.51.80;]"
185.221.143.50 - - [26/Jun/2024:18:09:00 +0200] "GET /storage/media/U9NkjU7v6Z3urgm3cZoyB4B52Rf1RDn0nbyFiAJw.jpg HTTP/1.1" 200 80343 "https://royaltuning.hu/public/hu/termekkategoria/menetfenyekvilagitas-technika/emeltfenyu-halogen-izzok?fbclid=IwZXh0bgNhZW0BMAABHWrp-ouVhlVJzP9hGdYJgilykN8AWU7hy-eoXETVwHqRrIm9x6QwPnsR3w_aem_lsNYJ1OCjCFJmUf-PgVpdw&utm_campaign=emelt_h1&utm_content=1&utm_id=23852086930760017&utm_medium=cpc&utm_source=facebook&utm_term=23862233967630017" "Mozilla/5.0 (Linux; Android 12; SM-A415F Build/SP1A.210812.016; wv) AppleWebKit/537.36 (KHTML, like Gecko) Version/4.0 Chrome/126.0.6478.103 Mobile Safari/537.36 [FB_IAB/FB4A;FBAV/469.2.0.51.80;]"
185.221.143.50 - - [26/Jun/2024:18:09:00 +0200] "GET /public/hu/shop?query=&brand=&category=emeltfenyu-halogen-izzok&tag=&fromPrice=0&toPrice=114990&sort=alphabetic&perPage=30&page=1 HTTP/1.1" 200 3511 "https://royaltuning.hu/public/hu/termekkategoria/menetfenyekvilagitas-technika/emeltfenyu-halogen-izzok?fbclid=IwZXh0bgNhZW0BMAABHWrp-ouVhlVJzP9hGdYJgilykN8AWU7hy-eoXETVwHqRrIm9x6QwPnsR3w_aem_lsNYJ1OCjCFJmUf-PgVpdw&utm_campaign=emelt_h1&utm_content=1&utm_id=23852086930760017&utm_medium=cpc&utm_source=facebook&utm_term=23862233967630017" "Mozilla/5.0 (Linux; Android 12; SM-A415F Build/SP1A.210812.016; wv) AppleWebKit/537.36 (KHTML, like Gecko) Version/4.0 Chrome/126.0.6478.103 Mobile Safari/537.36 [FB_IAB/FB4A;FBAV/469.2.0.51.80;]"
84.225.147.217 - - [26/Jun/2024:18:09:01 +0200] "GET /hu/termek/szofita-led-36mm-canbus-2db HTTP/1.1" 200 44382 "https://royaltuning.hu/hu/termekkategoria/szofita-c5w-izzok" "Mozilla/5.0 (Linux; Android 10; K) AppleWebKit/537.36 (KHTML, like Gecko) Chrome/126.0.0.0 Mobile Safari/537.36"
84.225.147.217 - - [26/Jun/2024:18:09:02 +0200] "GET /storage/media/legjobb_szofita_led_izzo-3.jpg HTTP/1.1" 200 232134 "https://royaltuning.hu/hu/termek/szofita-led-36mm-canbus-2db" "Mozilla/5.0 (Linux; Android 10; K) AppleWebKit/537.36 (KHTML, like Gecko) Chrome/126.0.0.0 Mobile Safari/537.36"
84.225.147.217 - - [26/Jun/2024:18:09:02 +0200] "GET /storage/media/szofita_led_36mm-1.jpg HTTP/1.1" 200 93917 "https://royaltuning.hu/hu/termek/szofita-led-36mm-canbus-2db" "Mozilla/5.0 (Linux; Android 10; K) AppleWebKit/537.36 (KHTML, like Gecko) Chrome/126.0.0.0 Mobile Safari/537.36"
84.225.147.217 - - [26/Jun/2024:18:09:02 +0200] "GET /themes/storefront/public/js/flatpickr.js?v=3.1.0 HTTP/1.1" 200 65517 "https://royaltuning.hu/hu/termek/szofita-led-36mm-canbus-2db" "Mozilla/5.0 (Linux; Android 10; K) AppleWebKit/537.36 (KHTML, like Gecko) Chrome/126.0.0.0 Mobile Safari/537.36"
84.225.147.217 - - [26/Jun/2024:18:09:02 +0200] "GET /storage/media/legjobb_szofita_led_izzo-2.jpg HTTP/1.1" 200 173158 "https://royaltuning.hu/hu/termek/szofita-led-36mm-canbus-2db" "Mozilla/5.0 (Linux; Android 10; K) AppleWebKit/537.36 (KHTML, like Gecko) Chrome/126.0.0.0 Mobile Safari/537.36"
84.225.147.217 - - [26/Jun/2024:18:09:02 +0200] "GET /storage/media/legjobb_szofita_led_izzo-1.jpg HTTP/1.1" 200 226640 "https://royaltuning.hu/hu/termek/szofita-led-36mm-canbus-2db" "Mozilla/5.0 (Linux; Android 10; K) AppleWebKit/537.36 (KHTML, like Gecko) Chrome/126.0.0.0 Mobile Safari/537.36"
84.225.147.217 - - [26/Jun/2024:18:09:02 +0200] "GET /wp-content/uploads/2022/11/legjobb_szofita_led_izzo-3.jpg HTTP/1.1" 200 232134 "https://royaltuning.hu/hu/termek/szofita-led-36mm-canbus-2db" "Mozilla/5.0 (Linux; Android 10; K) AppleWebKit/537.36 (KHTML, like Gecko) Chrome/126.0.0.0 Mobile Safari/537.36"
84.225.147.217 - - [26/Jun/2024:18:09:02 +0200] "GET /wp-content/uploads/2022/11/legjobb_szofita_led_izzo-1-500x500.jpg HTTP/1.1" 200 40406 "https://royaltuning.hu/hu/termek/szofita-led-36mm-canbus-2db" "Mozilla/5.0 (Linux; Android 10; K) AppleWebKit/537.36 (KHTML, like Gecko) Chrome/126.0.0.0 Mobile Safari/537.36"
84.225.147.217 - - [26/Jun/2024:18:09:02 +0200] "GET /wp-content/uploads/2022/11/legjobb_szofita_led_izzo-2-500x500.jpg HTTP/1.1" 200 24582 "https://royaltuning.hu/hu/termek/szofita-led-36mm-canbus-2db" "Mozilla/5.0 (Linux; Android 10; K) AppleWebKit/537.36 (KHTML, like Gecko) Chrome/126.0.0.0 Mobile Safari/537.36"
84.225.147.217 - - [26/Jun/2024:18:09:02 +0200] "GET /themes/storefront/public/fonts/la-regular-400.woff2 HTTP/1.1" 200 12923 "https://royaltuning.hu/themes/storefront/public/css/app.css?v=3.1.0" "Mozilla/5.0 (Linux; Android 10; K) AppleWebKit/537.36 (KHTML, like Gecko) Chrome/126.0.0.0 Mobile Safari/537.36"
84.225.147.217 - - [26/Jun/2024:18:09:02 +0200] "GET /hu/products/146352/reviews?page=1 HTTP/1.1" 200 234 "https://royaltuning.hu/hu/termek/szofita-led-36mm-canbus-2db" "Mozilla/5.0 (Linux; Android 10; K) AppleWebKit/537.36 (KHTML, like Gecko) Chrome/126.0.0.0 Mobile Safari/537.36"
185.221.143.50 - - [26/Jun/2024:18:09:01 +0200] "GET /public/hu/termekkategoria/menetfenyekvilagitas-technika/emeltfenyu-halogen-izzok?fbclid=IwZXh0bgNhZW0BMAABHWrp-ouVhlVJzP9hGdYJgilykN8AWU7hy-eoXETVwHqRrIm9x6QwPnsR3w_aem_lsNYJ1OCjCFJmUf-PgVpdw&utm_campaign=emelt_h1&utm_content=1&utm_id=23852086930760017&utm_medium=cpc&utm_source=facebook&utm_term=23862233967630017 HTTP/1.1" 200 43482 "http://m.facebook.com/" "Mozilla/5.0 (Linux; Android 12; SM-A415F Build/SP1A.210812.016; wv) AppleWebKit/537.36 (KHTML, like Gecko) Version/4.0 Chrome/126.0.6478.103 Mobile Safari/537.36 [FB_IAB/FB4A;FBAV/469.2.0.51.80;] FBNV/1"
84.225.147.217 - - [26/Jun/2024:18:09:02 +0200] "GET /captcha/image?_=988448540 HTTP/1.1" 200 3798 "https://royaltuning.hu/hu/termek/szofita-led-36mm-canbus-2db" "Mozilla/5.0 (Linux; Android 10; K) AppleWebKit/537.36 (KHTML, like Gecko) Chrome/126.0.0.0 Mobile Safari/537.36"
66.249.70.161 - - [26/Jun/2024:18:09:04 +0200] "GET /wp-content/uploads/2021/11/renault_valtogomb-6-1.jpg HTTP/1.1" 200 94547 "-" "Googlebot-Image/1.0"
185.221.143.50 - - [26/Jun/2024:18:09:00 +0200] "GET /storage/media/zTdJDwdSsCNSvJi9K4gBVppOmVdqtNoAZ8rbqvcd.jpg HTTP/1.1" 200 255268 "https://royaltuning.hu/public/hu/termekkategoria/menetfenyekvilagitas-technika/emeltfenyu-halogen-izzok?fbclid=IwZXh0bgNhZW0BMAABHWrp-ouVhlVJzP9hGdYJgilykN8AWU7hy-eoXETVwHqRrIm9x6QwPnsR3w_aem_lsNYJ1OCjCFJmUf-PgVpdw&utm_campaign=emelt_h1&utm_content=1&utm_id=23852086930760017&utm_medium=cpc&utm_source=facebook&utm_term=23862233967630017" "Mozilla/5.0 (Linux; Android 12; SM-A415F Build/SP1A.210812.016; wv) AppleWebKit/537.36 (KHTML, like Gecko) Version/4.0 Chrome/126.0.6478.103 Mobile Safari/537.36 [FB_IAB/FB4A;FBAV/469.2.0.51.80;]"
185.221.143.50 - - [26/Jun/2024:18:09:00 +0200] "GET /storage/media/WuAbnJ3F19P7m8ckhRvBz1XVn9ovSqVCdlDdRtKv.jpg HTTP/1.1" 200 274140 "https://royaltuning.hu/public/hu/termekkategoria/menetfenyekvilagitas-technika/emeltfenyu-halogen-izzok?fbclid=IwZXh0bgNhZW0BMAABHWrp-ouVhlVJzP9hGdYJgilykN8AWU7hy-eoXETVwHqRrIm9x6QwPnsR3w_aem_lsNYJ1OCjCFJmUf-PgVpdw&utm_campaign=emelt_h1&utm_content=1&utm_id=23852086930760017&utm_medium=cpc&utm_source=facebook&utm_term=23862233967630017" "Mozilla/5.0 (Linux; Android 12; SM-A415F Build/SP1A.210812.016; wv) AppleWebKit/537.36 (KHTML, like Gecko) Version/4.0 Chrome/126.0.6478.103 Mobile Safari/537.36 [FB_IAB/FB4A;FBAV/469.2.0.51.80;]"
213.180.203.215 - - [26/Jun/2024:18:09:07 +0200] "GET /public/hu/termek/kormany-kapcsolo?add-to-cart=7863 HTTP/1.1" 200 43627 "-" "Mozilla/5.0 (compatible; YandexBot/3.0; +http://yandex.com/bots)"
84.225.147.217 - - [26/Jun/2024:18:09:11 +0200] "POST /hu/cart/items?product_id=146352&qty=1 HTTP/1.1" 200 825 "https://royaltuning.hu/hu/termek/szofita-led-36mm-canbus-2db" "Mozilla/5.0 (Linux; Android 10; K) AppleWebKit/537.36 (KHTML, like Gecko) Chrome/126.0.0.0 Mobile Safari/537.36"
66.249.64.226 - - [26/Jun/2024:18:09:11 +0200] "GET /hu/shop?query=Ford HTTP/1.1" 200 40619 "-" "Mozilla/5.0 (Linux; Android 6.0.1; Nexus 5X Build/MMB29P) AppleWebKit/537.36 (KHTML, like Gecko) Chrome/125.0.6422.175 Mobile Safari/537.36 (compatible; Googlebot/2.1; +http://www.google.com/bot.html)"
66.249.70.161 - - [26/Jun/2024:18:09:13 +0200] "GET /wp-content/uploads/2020/06/t10_w5w_canbus_led_izzo-3-300x300.jpg HTTP/1.1" 200 8807 "-" "Googlebot-Image/1.0"
94.44.118.95 - - [26/Jun/2024:18:09:14 +0200] "-" 408 - "-" "-"
37.191.9.189 - - [26/Jun/2024:18:09:22 +0200] "GET /hu/termek/k2-lampa-polirozopaszta HTTP/1.1" 200 55370 "https://royaltuning.hu/hu/termekkategoria/fenyszoro-polirozas" "Mozilla/5.0 (Windows NT 10.0; Win64; x64; rv:127.0) Gecko/20100101 Firefox/127.0"
37.191.9.189 - - [26/Jun/2024:18:09:23 +0200] "GET /storage/media/lampa_polir_paszta-3.jpg HTTP/1.1" 200 82608 "https://royaltuning.hu/hu/termek/k2-lampa-polirozopaszta" "Mozilla/5.0 (Windows NT 10.0; Win64; x64; rv:127.0) Gecko/20100101 Firefox/127.0"
37.191.9.189 - - [26/Jun/2024:18:09:23 +0200] "GET /storage/media/lampa_polir_paszta-1.jpg HTTP/1.1" 200 72769 "https://royaltuning.hu/hu/termek/k2-lampa-polirozopaszta" "Mozilla/5.0 (Windows NT 10.0; Win64; x64; rv:127.0) Gecko/20100101 Firefox/127.0"
37.191.9.189 - - [26/Jun/2024:18:09:23 +0200] "GET /storage/media/lampa_polir_paszta-2.jpg HTTP/1.1" 200 65671 "https://royaltuning.hu/hu/termek/k2-lampa-polirozopaszta" "Mozilla/5.0 (Windows NT 10.0; Win64; x64; rv:127.0) Gecko/20100101 Firefox/127.0"
37.191.9.189 - - [26/Jun/2024:18:09:24 +0200] "GET /hu/products/43163/reviews?page=1 HTTP/1.1" 200 233 "https://royaltuning.hu/hu/termek/k2-lampa-polirozopaszta" "Mozilla/5.0 (Windows NT 10.0; Win64; x64; rv:127.0) Gecko/20100101 Firefox/127.0"
37.191.9.189 - - [26/Jun/2024:18:09:23 +0200] "GET /captcha/image?_=1585353769 HTTP/1.1" 200 7098 "https://royaltuning.hu/hu/termek/k2-lampa-polirozopaszta" "Mozilla/5.0 (Windows NT 10.0; Win64; x64; rv:127.0) Gecko/20100101 Firefox/127.0"
52.167.144.209 - - [26/Jun/2024:18:09:27 +0200] "GET /public/termek/sotet-fekete-lampafolia-10-meter HTTP/1.1" 302 232 "-" "Mozilla/5.0 AppleWebKit/537.36 (KHTML, like Gecko; compatible; bingbot/2.0; +http://www.bing.com/bingbot.htm) Chrome/116.0.1938.76 Safari/537.36"
52.167.144.209 - - [26/Jun/2024:18:09:27 +0200] "GET /public/hu/termek/sotet-fekete-lampafolia-10-meter HTTP/1.1" 200 47763 "-" "Mozilla/5.0 AppleWebKit/537.36 (KHTML, like Gecko; compatible; bingbot/2.0; +http://www.bing.com/bingbot.htm) Chrome/116.0.1938.76 Safari/537.36"
66.249.70.160 - - [26/Jun/2024:18:09:31 +0200] "GET /termek/opel-hibakod-olvaso-magyar-nyelvu HTTP/1.1" 302 230 "-" "Mozilla/5.0 (Linux; Android 6.0.1; Nexus 5X Build/MMB29P) AppleWebKit/537.36 (KHTML, like Gecko) Chrome/125.0.6422.175 Mobile Safari/537.36 (compatible; Googlebot/2.1; +http://www.google.com/bot.html)"
66.249.70.160 - - [26/Jun/2024:18:09:31 +0200] "GET /hu/termek/opel-hibakod-olvaso-magyar-nyelvu HTTP/1.1" 200 50984 "-" "Mozilla/5.0 (Linux; Android 6.0.1; Nexus 5X Build/MMB29P) AppleWebKit/537.36 (KHTML, like Gecko) Chrome/125.0.6422.175 Mobile Safari/537.36 (compatible; Googlebot/2.1; +http://www.google.com/bot.html)"
81.182.12.110 - - [26/Jun/2024:18:09:32 +0200] "POST /hu/cart/items?product_id=4609&qty=1 HTTP/1.1" 200 835 "https://royaltuning.hu/hu/termek/dacia-kulcshaz-2-gombos" "Mozilla/5.0 (Windows NT 10.0; Win64; x64) AppleWebKit/537.36 (KHTML, like Gecko) Chrome/126.0.0.0 Safari/537.36"
66.249.64.227 - - [26/Jun/2024:18:09:35 +0200] "GET /themes/storefront/public/js/app.js?v=3.1.0 HTTP/1.1" 200 979893 "https://main.royaltuning.hu/hu/shop?query=Ford" "Mozilla/5.0 (Linux; Android 6.0.1; Nexus 5X Build/MMB29P) AppleWebKit/537.36 (KHTML, like Gecko) Chrome/125.0.6422.154 Mobile Safari/537.36 (compatible; Googlebot/2.1; +http://www.google.com/bot.html)"
81.182.12.110 - - [26/Jun/2024:18:09:36 +0200] "GET /hu/cart HTTP/1.1" 200 37240 "https://royaltuning.hu/hu/termek/dacia-kulcshaz-2-gombos" "Mozilla/5.0 (Windows NT 10.0; Win64; x64) AppleWebKit/537.36 (KHTML, like Gecko) Chrome/126.0.0.0 Safari/537.36"
81.182.12.110 - - [26/Jun/2024:18:09:37 +0200] "GET /hu/cart/cross-sell-products HTTP/1.1" 200 22 "https://royaltuning.hu/hu/cart" "Mozilla/5.0 (Windows NT 10.0; Win64; x64) AppleWebKit/537.36 (KHTML, like Gecko) Chrome/126.0.0.0 Safari/537.36"
81.182.12.110 - - [26/Jun/2024:18:09:37 +0200] "POST /hu/cart/shipping-method?shipping_method=flat_rate HTTP/1.1" 200 846 "https://royaltuning.hu/hu/cart" "Mozilla/5.0 (Windows NT 10.0; Win64; x64) AppleWebKit/537.36 (KHTML, like Gecko) Chrome/126.0.0.0 Safari/537.36"
84.225.191.250 - - [26/Jun/2024:18:09:42 +0200] "GET /termekkategoria/menetfenyekvilagitas-technika/cree-led-szettek-h1-h4-h7-h8/?utm_source=facebook.com&utm_campaign=forgalom_-_kep_2022_aprilis_01&utm_medium=cpm&utm_content=valtogombok&fbclid=IwZXh0bgNhZW0BMAABHXnRqhEzmfs3WwjfYqKnBS2mpx4TCIWyeXDWfIGhWLQtK4KN9KeccBbpmA_aem_gt6Xg0_I5m8PYMRVWwLxYQ&utm_id=23846529397470017&utm_term=23851827517330017 HTTP/1.1" 301 606 "http://m.facebook.com/" "Mozilla/5.0 (Linux; Android 13; M2103K19PG Build/TP1A.220624.014; wv) AppleWebKit/537.36 (KHTML, like Gecko) Version/4.0 Chrome/126.0.6478.103 Mobile Safari/537.36 [FB_IAB/FB4A;FBAV/469.0.0.39.80;]"
84.225.191.250 - - [26/Jun/2024:18:09:42 +0200] "GET /public/termekkategoria/menetfenyekvilagitas-technika/cree-led-szettek-h1-h4-h7-h8?utm_source=facebook.com&utm_campaign=forgalom_-_kep_2022_aprilis_01&utm_medium=cpm&utm_content=valtogombok&fbclid=IwZXh0bgNhZW0BMAABHXnRqhEzmfs3WwjfYqKnBS2mpx4TCIWyeXDWfIGhWLQtK4KN9KeccBbpmA_aem_gt6Xg0_I5m8PYMRVWwLxYQ&utm_id=23846529397470017&utm_term=23851827517330017 HTTP/1.1" 302 481 "http://m.facebook.com/" "Mozilla/5.0 (Linux; Android 13; M2103K19PG Build/TP1A.220624.014; wv) AppleWebKit/537.36 (KHTML, like Gecko) Version/4.0 Chrome/126.0.6478.103 Mobile Safari/537.36 [FB_IAB/FB4A;FBAV/469.0.0.39.80;]"
66.249.70.160 - - [26/Jun/2024:18:09:43 +0200] "GET /termek/opel-hibakod-olvaso-magyar-nyelvu HTTP/1.1" 302 230 "-" "Mozilla/5.0 (compatible; Googlebot/2.1; +http://www.google.com/bot.html)"
84.225.191.250 - - [26/Jun/2024:18:09:42 +0200] "GET /public/hu/termekkategoria/menetfenyekvilagitas-technika/cree-led-szettek-h1-h4-h7-h8?fbclid=IwZXh0bgNhZW0BMAABHXnRqhEzmfs3WwjfYqKnBS2mpx4TCIWyeXDWfIGhWLQtK4KN9KeccBbpmA_aem_gt6Xg0_I5m8PYMRVWwLxYQ&utm_campaign=forgalom_-_kep_2022_aprilis_01&utm_content=valtogombok&utm_id=23846529397470017&utm_medium=cpm&utm_source=facebook.com&utm_term=23851827517330017 HTTP/1.1" 200 41343 "http://m.facebook.com/" "Mozilla/5.0 (Linux; Android 13; M2103K19PG Build/TP1A.220624.014; wv) AppleWebKit/537.36 (KHTML, like Gecko) Version/4.0 Chrome/126.0.6478.103 Mobile Safari/537.36 [FB_IAB/FB4A;FBAV/469.0.0.39.80;]"
84.225.191.250 - - [26/Jun/2024:18:09:43 +0200] "GET /termekkategoria/menetfenyekvilagitas-technika/cree-led-szettek-h1-h4-h7-h8/?utm_source=facebook.com&utm_campaign=forgalom_-_kep_2022_aprilis_01&utm_medium=cpm&utm_content=valtogombok&fbclid=IwZXh0bgNhZW0BMAABHXnRqhEzmfs3WwjfYqKnBS2mpx4TCIWyeXDWfIGhWLQtK4KN9KeccBbpmA_aem_gt6Xg0_I5m8PYMRVWwLxYQ&utm_id=23846529397470017&utm_term=23851827517330017 HTTP/1.1" 301 606 "http://m.facebook.com/" "Mozilla/5.0 (Linux; Android 13; M2103K19PG Build/TP1A.220624.014; wv) AppleWebKit/537.36 (KHTML, like Gecko) Version/4.0 Chrome/126.0.6478.103 Mobile Safari/537.36 [FB_IAB/FB4A;FBAV/469.0.0.39.80;] FBNV/1"
84.225.191.250 - - [26/Jun/2024:18:09:43 +0200] "GET /public/termekkategoria/menetfenyekvilagitas-technika/cree-led-szettek-h1-h4-h7-h8?utm_source=facebook.com&utm_campaign=forgalom_-_kep_2022_aprilis_01&utm_medium=cpm&utm_content=valtogombok&fbclid=IwZXh0bgNhZW0BMAABHXnRqhEzmfs3WwjfYqKnBS2mpx4TCIWyeXDWfIGhWLQtK4KN9KeccBbpmA_aem_gt6Xg0_I5m8PYMRVWwLxYQ&utm_id=23846529397470017&utm_term=23851827517330017 HTTP/1.1" 302 481 "http://m.facebook.com/" "Mozilla/5.0 (Linux; Android 13; M2103K19PG Build/TP1A.220624.014; wv) AppleWebKit/537.36 (KHTML, like Gecko) Version/4.0 Chrome/126.0.6478.103 Mobile Safari/537.36 [FB_IAB/FB4A;FBAV/469.0.0.39.80;] FBNV/1"
66.249.70.160 - - [26/Jun/2024:18:09:43 +0200] "GET /hu/termek/opel-hibakod-olvaso-magyar-nyelvu HTTP/1.1" 200 50983 "-" "Mozilla/5.0 (compatible; Googlebot/2.1; +http://www.google.com/bot.html)"
84.225.191.250 - - [26/Jun/2024:18:09:44 +0200] "GET /public/hu/termekkategoria/menetfenyekvilagitas-technika/cree-led-szettek-h1-h4-h7-h8?fbclid=IwZXh0bgNhZW0BMAABHXnRqhEzmfs3WwjfYqKnBS2mpx4TCIWyeXDWfIGhWLQtK4KN9KeccBbpmA_aem_gt6Xg0_I5m8PYMRVWwLxYQ&utm_campaign=forgalom_-_kep_2022_aprilis_01&utm_content=valtogombok&utm_id=23846529397470017&utm_medium=cpm&utm_source=facebook.com&utm_term=23851827517330017 HTTP/1.1" 200 41343 "http://m.facebook.com/" "Mozilla/5.0 (Linux; Android 13; M2103K19PG Build/TP1A.220624.014; wv) AppleWebKit/537.36 (KHTML, like Gecko) Version/4.0 Chrome/126.0.6478.103 Mobile Safari/537.36 [FB_IAB/FB4A;FBAV/469.0.0.39.80;] FBNV/1"
84.225.191.250 - - [26/Jun/2024:18:09:45 +0200] "GET /public/themes/storefront/public/css/app.css?v=3.1.0 HTTP/1.1" 200 72700 "https://royaltuning.hu/public/hu/termekkategoria/menetfenyekvilagitas-technika/cree-led-szettek-h1-h4-h7-h8?fbclid=IwZXh0bgNhZW0BMAABHXnRqhEzmfs3WwjfYqKnBS2mpx4TCIWyeXDWfIGhWLQtK4KN9KeccBbpmA_aem_gt6Xg0_I5m8PYMRVWwLxYQ&utm_campaign=forgalom_-_kep_2022_aprilis_01&utm_content=valtogombok&utm_id=23846529397470017&utm_medium=cpm&utm_source=facebook.com&utm_term=23851827517330017" "Mozilla/5.0 (Linux; Android 13; M2103K19PG Build/TP1A.220624.014; wv) AppleWebKit/537.36 (KHTML, like Gecko) Version/4.0 Chrome/126.0.6478.103 Mobile Safari/537.36 [FB_IAB/FB4A;FBAV/469.0.0.39.80;] FBNV/1"
176.77.145.223 - - [26/Jun/2024:18:09:45 +0200] "GET /public/vendor/cookie-consent/css/cookie-consent.css HTTP/1.1" 200 990 "https://royaltuning.hu/public/hu/termekkategoria/menetfenyekvilagitas-technika/cree-led-szettek-h1-h4-h7-h8?fbclid=IwZXh0bgNhZW0BMAABHXnRqhEzmfs3WwjfYqKnBS2mpx4TCIWyeXDWfIGhWLQtK4KN9KeccBbpmA_aem_gt6Xg0_I5m8PYMRVWwLxYQ&utm_campaign=forgalom_-_kep_2022_aprilis_01&utm_content=valtogombok&utm_id=23846529397470017&utm_medium=cpm&utm_source=facebook.com&utm_term=23851827517330017" "Mozilla/5.0 (Linux; Android 13; M2103K19PG Build/TP1A.220624.014; wv) AppleWebKit/537.36 (KHTML, like Gecko) Version/4.0 Chrome/126.0.6478.103 Mobile Safari/537.36 [FB_IAB/FB4A;FBAV/469.0.0.39.80;] FBNV/1"
84.225.191.250 - - [26/Jun/2024:18:09:45 +0200] "GET /storage/media/rpiKsmcVc59LwHHydMWZkR91adM4KGiqcvvmbod4.png HTTP/1.1" 200 17070 "https://royaltuning.hu/public/hu/termekkategoria/menetfenyekvilagitas-technika/cree-led-szettek-h1-h4-h7-h8?fbclid=IwZXh0bgNhZW0BMAABHXnRqhEzmfs3WwjfYqKnBS2mpx4TCIWyeXDWfIGhWLQtK4KN9KeccBbpmA_aem_gt6Xg0_I5m8PYMRVWwLxYQ&utm_campaign=forgalom_-_kep_2022_aprilis_01&utm_content=valtogombok&utm_id=23846529397470017&utm_medium=cpm&utm_source=facebook.com&utm_term=23851827517330017" "Mozilla/5.0 (Linux; Android 13; M2103K19PG Build/TP1A.220624.014; wv) AppleWebKit/537.36 (KHTML, like Gecko) Version/4.0 Chrome/126.0.6478.103 Mobile Safari/537.36 [FB_IAB/FB4A;FBAV/469.0.0.39.80;] FBNV/1"
84.225.191.250 - - [26/Jun/2024:18:09:45 +0200] "GET /storage/media/LR8IfEu8TFdtixq0lkK2SomaSuyRv02mO7hPPjoL.jpg HTTP/1.1" 200 86609 "https://royaltuning.hu/public/hu/termekkategoria/menetfenyekvilagitas-technika/cree-led-szettek-h1-h4-h7-h8?fbclid=IwZXh0bgNhZW0BMAABHXnRqhEzmfs3WwjfYqKnBS2mpx4TCIWyeXDWfIGhWLQtK4KN9KeccBbpmA_aem_gt6Xg0_I5m8PYMRVWwLxYQ&utm_campaign=forgalom_-_kep_2022_aprilis_01&utm_content=valtogombok&utm_id=23846529397470017&utm_medium=cpm&utm_source=facebook.com&utm_term=23851827517330017" "Mozilla/5.0 (Linux; Android 13; M2103K19PG Build/TP1A.220624.014; wv) AppleWebKit/537.36 (KHTML, like Gecko) Version/4.0 Chrome/126.0.6478.103 Mobile Safari/537.36 [FB_IAB/FB4A;FBAV/469.0.0.39.80;] FBNV/1"
176.77.145.223 - - [26/Jun/2024:18:09:45 +0200] "GET /public/vendor/cookie-consent/js/cookie-consent.js HTTP/1.1" 200 11136 "https://royaltuning.hu/public/hu/termekkategoria/menetfenyekvilagitas-technika/cree-led-szettek-h1-h4-h7-h8?fbclid=IwZXh0bgNhZW0BMAABHXnRqhEzmfs3WwjfYqKnBS2mpx4TCIWyeXDWfIGhWLQtK4KN9KeccBbpmA_aem_gt6Xg0_I5m8PYMRVWwLxYQ&utm_campaign=forgalom_-_kep_2022_aprilis_01&utm_content=valtogombok&utm_id=23846529397470017&utm_medium=cpm&utm_source=facebook.com&utm_term=23851827517330017" "Mozilla/5.0 (Linux; Android 13; M2103K19PG Build/TP1A.220624.014; wv) AppleWebKit/537.36 (KHTML, like Gecko) Version/4.0 Chrome/126.0.6478.103 Mobile Safari/537.36 [FB_IAB/FB4A;FBAV/469.0.0.39.80;] FBNV/1"
84.225.191.250 - - [26/Jun/2024:18:09:45 +0200] "GET /public/themes/storefront/public/js/app.js?v=3.1.0 HTTP/1.1" 200 979893 "https://royaltuning.hu/public/hu/termekkategoria/menetfenyekvilagitas-technika/cree-led-szettek-h1-h4-h7-h8?fbclid=IwZXh0bgNhZW0BMAABHXnRqhEzmfs3WwjfYqKnBS2mpx4TCIWyeXDWfIGhWLQtK4KN9KeccBbpmA_aem_gt6Xg0_I5m8PYMRVWwLxYQ&utm_campaign=forgalom_-_kep_2022_aprilis_01&utm_content=valtogombok&utm_id=23846529397470017&utm_medium=cpm&utm_source=facebook.com&utm_term=23851827517330017" "Mozilla/5.0 (Linux; Android 13; M2103K19PG Build/TP1A.220624.014; wv) AppleWebKit/537.36 (KHTML, like Gecko) Version/4.0 Chrome/126.0.6478.103 Mobile Safari/537.36 [FB_IAB/FB4A;FBAV/469.0.0.39.80;] FBNV/1"
84.225.191.250 - - [26/Jun/2024:18:09:46 +0200] "GET /public/themes/storefront/public/images/arrow-black.png HTTP/1.1" 200 221 "https://royaltuning.hu/public/themes/storefront/public/css/app.css?v=3.1.0" "Mozilla/5.0 (Linux; Android 13; M2103K19PG Build/TP1A.220624.014; wv) AppleWebKit/537.36 (KHTML, like Gecko) Version/4.0 Chrome/126.0.6478.103 Mobile Safari/537.36 [FB_IAB/FB4A;FBAV/469.0.0.39.80;] FBNV/1"
176.77.145.223 - - [26/Jun/2024:18:09:46 +0200] "GET /public/themes/storefront/public/fonts/la-solid-900.woff2 HTTP/1.1" 200 96652 "https://royaltuning.hu/public/themes/storefront/public/css/app.css?v=3.1.0" "Mozilla/5.0 (Linux; Android 13; M2103K19PG Build/TP1A.220624.014; wv) AppleWebKit/537.36 (KHTML, like Gecko) Version/4.0 Chrome/126.0.6478.103 Mobile Safari/537.36 [FB_IAB/FB4A;FBAV/469.0.0.39.80;] FBNV/1"
84.225.191.250 - - [26/Jun/2024:18:09:46 +0200] "GET /public/themes/storefront/public/fonts/la-brands-400.woff2 HTTP/1.1" 200 84805 "https://royaltuning.hu/public/themes/storefront/public/css/app.css?v=3.1.0" "Mozilla/5.0 (Linux; Android 13; M2103K19PG Build/TP1A.220624.014; wv) AppleWebKit/537.36 (KHTML, like Gecko) Version/4.0 Chrome/126.0.6478.103 Mobile Safari/537.36 [FB_IAB/FB4A;FBAV/469.0.0.39.80;] FBNV/1"
81.182.12.110 - - [26/Jun/2024:18:09:47 +0200] "PUT /hu/cart/items/d45b6ced33cccfdbab33fa5f415340c5 HTTP/1.1" 200 830 "https://royaltuning.hu/hu/cart" "Mozilla/5.0 (Windows NT 10.0; Win64; x64) AppleWebKit/537.36 (KHTML, like Gecko) Chrome/126.0.0.0 Safari/537.36"
66.249.70.160 - - [26/Jun/2024:18:09:50 +0200] "GET /captcha/image?_=690816885?_= HTTP/1.1" 200 5223 "-" "Mozilla/5.0 (Linux; Android 6.0.1; Nexus 5X Build/MMB29P) AppleWebKit/537.36 (KHTML, like Gecko) Chrome/125.0.6422.175 Mobile Safari/537.36 (compatible; Googlebot/2.1; +http://www.google.com/bot.html)"
5.255.231.88 - - [26/Jun/2024:18:09:52 +0200] "GET /termek/kormany-kapcsolo HTTP/1.1" 302 215 "-" "Mozilla/5.0 (compatible; YandexBot/3.0; +http://yandex.com/bots)"
81.182.12.110 - - [26/Jun/2024:18:09:52 +0200] "GET /hu/checkout HTTP/1.1" 200 41038 "https://royaltuning.hu/hu/cart" "Mozilla/5.0 (Windows NT 10.0; Win64; x64) AppleWebKit/537.36 (KHTML, like Gecko) Chrome/126.0.0.0 Safari/537.36"
87.250.224.223 - - [26/Jun/2024:18:09:53 +0200] "GET /hu/termek/kormany-kapcsolo HTTP/1.1" 200 43492 "-" "Mozilla/5.0 (compatible; YandexBot/3.0; +http://yandex.com/bots)"
81.182.12.110 - - [26/Jun/2024:18:09:54 +0200] "POST /hu/cart/cod HTTP/1.1" 200 830 "https://royaltuning.hu/hu/checkout" "Mozilla/5.0 (Windows NT 10.0; Win64; x64) AppleWebKit/537.36 (KHTML, like Gecko) Chrome/126.0.0.0 Safari/537.36"
81.182.12.110 - - [26/Jun/2024:18:09:54 +0200] "POST /hu/cart/taxes HTTP/1.1" 200 891 "https://royaltuning.hu/hu/checkout" "Mozilla/5.0 (Windows NT 10.0; Win64; x64) AppleWebKit/537.36 (KHTML, like Gecko) Chrome/126.0.0.0 Safari/537.36"
84.225.147.217 - - [26/Jun/2024:18:09:57 +0200] "GET /hu/termekkategoria/t10-w5w-izzok HTTP/1.1" 200 43103 "https://royaltuning.hu/hu?gad_source=1&gclid=CjwKCAjw-O6zBhASEiwAOHeGxVqE-mRE8a7e90DaapyZE1dKVjXVEBKFdYyzLJ_pJUVtW98ZtMxMDRoCCv0QAvD_BwE" "Mozilla/5.0 (Linux; Android 10; K) AppleWebKit/537.36 (KHTML, like Gecko) Chrome/126.0.0.0 Mobile Safari/537.36"
52.167.144.209 - - [26/Jun/2024:18:09:57 +0200] "GET /public/captcha/image?_=1289225860 HTTP/1.1" 200 5235 "-" "Mozilla/5.0 AppleWebKit/537.36 (KHTML, like Gecko; compatible; bingbot/2.0; +http://www.bing.com/bingbot.htm) Chrome/116.0.1938.76 Safari/537.36"
84.225.147.217 - - [26/Jun/2024:18:09:58 +0200] "GET /hu/shop?query=&brand=&category=t10-w5w-izzok&tag=&fromPrice=0&toPrice=114990&sort=alphabetic&perPage=30&page=1 HTTP/1.1" 200 2476 "https://royaltuning.hu/hu/termekkategoria/t10-w5w-izzok" "Mozilla/5.0 (Linux; Android 10; K) AppleWebKit/537.36 (KHTML, like Gecko) Chrome/126.0.0.0 Mobile Safari/537.36"
84.225.147.217 - - [26/Jun/2024:18:09:58 +0200] "GET /storage/media/T10_led_izzo-1-1.jpg HTTP/1.1" 200 30943 "https://royaltuning.hu/hu/termekkategoria/t10-w5w-izzok" "Mozilla/5.0 (Linux; Android 10; K) AppleWebKit/537.36 (KHTML, like Gecko) Chrome/126.0.0.0 Mobile Safari/537.36"
84.225.147.217 - - [26/Jun/2024:18:09:58 +0200] "GET /storage/media/w5w_ed_izzok-4.jpg HTTP/1.1" 200 183582 "https://royaltuning.hu/hu/termekkategoria/t10-w5w-izzok" "Mozilla/5.0 (Linux; Android 10; K) AppleWebKit/537.36 (KHTML, like Gecko) Chrome/126.0.0.0 Mobile Safari/537.36"
84.225.147.217 - - [26/Jun/2024:18:09:59 +0200] "GET /storage/media/T10_led_helyzetjelzo-1.jpg HTTP/1.1" 200 36091 "https://royaltuning.hu/hu/termekkategoria/t10-w5w-izzok" "Mozilla/5.0 (Linux; Android 10; K) AppleWebKit/537.36 (KHTML, like Gecko) Chrome/126.0.0.0 Mobile Safari/537.36"
84.225.147.217 - - [26/Jun/2024:18:09:59 +0200] "GET /storage/media/led_helyzetjelzo_hideg_feher-1.jpg HTTP/1.1" 200 17537 "https://royaltuning.hu/hu/termekkategoria/t10-w5w-izzok" "Mozilla/5.0 (Linux; Android 10; K) AppleWebKit/537.36 (KHTML, like Gecko) Chrome/126.0.0.0 Mobile Safari/537.36"
84.225.147.217 - - [26/Jun/2024:18:09:59 +0200] "GET /storage/media/nWPHQaN7VlmZi8kA3vm5GtOV2y2dMZyT7sd6js0f.jpg HTTP/1.1" 200 158338 "https://royaltuning.hu/hu/termekkategoria/t10-w5w-izzok" "Mozilla/5.0 (Linux; Android 10; K) AppleWebKit/537.36 (KHTML, like Gecko) Chrome/126.0.0.0 Mobile Safari/537.36"
84.225.147.217 - - [26/Jun/2024:18:09:59 +0200] "GET /storage/media/w5w_led_vilagitas-1.jpg HTTP/1.1" 200 190795 "https://royaltuning.hu/hu/termekkategoria/t10-w5w-izzok" "Mozilla/5.0 (Linux; Android 10; K) AppleWebKit/537.36 (KHTML, like Gecko) Chrome/126.0.0.0 Mobile Safari/537.36"
84.225.147.217 - - [26/Jun/2024:18:09:59 +0200] "GET /storage/media/helyzetjelzo_led_izzo-5.jpg HTTP/1.1" 200 152102 "https://royaltuning.hu/hu/termekkategoria/t10-w5w-izzok" "Mozilla/5.0 (Linux; Android 10; K) AppleWebKit/537.36 (KHTML, like Gecko) Chrome/126.0.0.0 Mobile Safari/537.36"
84.225.147.217 - - [26/Jun/2024:18:09:59 +0200] "GET /storage/media/t10_led-1.jpg HTTP/1.1" 200 202462 "https://royaltuning.hu/hu/termekkategoria/t10-w5w-izzok" "Mozilla/5.0 (Linux; Android 10; K) AppleWebKit/537.36 (KHTML, like Gecko) Chrome/126.0.0.0 Mobile Safari/537.36"
84.225.147.217 - - [26/Jun/2024:18:09:59 +0200] "GET /storage/media/t10_led_belter_vilagitas-1.jpg HTTP/1.1" 200 218810 "https://royaltuning.hu/hu/termekkategoria/t10-w5w-izzok" "Mozilla/5.0 (Linux; Android 10; K) AppleWebKit/537.36 (KHTML, like Gecko) Chrome/126.0.0.0 Mobile Safari/537.36"
84.225.147.217 - - [26/Jun/2024:18:09:59 +0200] "GET /storage/media/t10_led_izzo-1-3.jpg HTTP/1.1" 200 275629 "https://royaltuning.hu/hu/termekkategoria/t10-w5w-izzok" "Mozilla/5.0 (Linux; Android 10; K) AppleWebKit/537.36 (KHTML, like Gecko) Chrome/126.0.0.0 Mobile Safari/537.36"
84.225.147.217 - - [26/Jun/2024:18:09:59 +0200] "GET /storage/media/z0B7C9mXrtTkNShEzXVrEKvwgA9SEb0eRhECgoVy.jpg HTTP/1.1" 200 166707 "https://royaltuning.hu/hu/termekkategoria/t10-w5w-izzok" "Mozilla/5.0 (Linux; Android 10; K) AppleWebKit/537.36 (KHTML, like Gecko) Chrome/126.0.0.0 Mobile Safari/537.36"
84.225.147.217 - - [26/Jun/2024:18:09:59 +0200] "GET /storage/media/jpDDQcYKxe6OgNocCiBghwgmylxnsdeNn37din5z.jpg HTTP/1.1" 200 161153 "https://royaltuning.hu/hu/termekkategoria/t10-w5w-izzok" "Mozilla/5.0 (Linux; Android 10; K) AppleWebKit/537.36 (KHTML, like Gecko) Chrome/126.0.0.0 Mobile Safari/537.36"
84.225.147.217 - - [26/Jun/2024:18:09:59 +0200] "GET /storage/media/t10_w5w_canbus_led_izzo.jpg HTTP/1.1" 200 192382 "https://royaltuning.hu/hu/termekkategoria/t10-w5w-izzok" "Mozilla/5.0 (Linux; Android 10; K) AppleWebKit/537.36 (KHTML, like Gecko) Chrome/126.0.0.0 Mobile Safari/537.36"
84.225.147.217 - - [26/Jun/2024:18:09:59 +0200] "GET /storage/media/t10_led_izzo-1.jpg HTTP/1.1" 200 51847 "https://royaltuning.hu/hu/termekkategoria/t10-w5w-izzok" "Mozilla/5.0 (Linux; Android 10; K) AppleWebKit/537.36 (KHTML, like Gecko) Chrome/126.0.0.0 Mobile Safari/537.36"
84.225.147.217 - - [26/Jun/2024:18:09:59 +0200] "GET /storage/media/led_helyzetjelzo_izzo-5.jpg HTTP/1.1" 200 119656 "https://royaltuning.hu/hu/termekkategoria/t10-w5w-izzok" "Mozilla/5.0 (Linux; Android 10; K) AppleWebKit/537.36 (KHTML, like Gecko) Chrome/126.0.0.0 Mobile Safari/537.36"
84.225.147.217 - - [26/Jun/2024:18:09:59 +0200] "GET /storage/media/ledgjobb_t10_led_izzo-1.jpg HTTP/1.1" 200 190219 "https://royaltuning.hu/hu/termekkategoria/t10-w5w-izzok" "Mozilla/5.0 (Linux; Android 10; K) AppleWebKit/537.36 (KHTML, like Gecko) Chrome/126.0.0.0 Mobile Safari/537.36"
84.225.147.217 - - [26/Jun/2024:18:09:59 +0200] "GET /storage/media/t10_led_kek-1-1.jpg HTTP/1.1" 200 164348 "https://royaltuning.hu/hu/termekkategoria/t10-w5w-izzok" "Mozilla/5.0 (Linux; Android 10; K) AppleWebKit/537.36 (KHTML, like Gecko) Chrome/126.0.0.0 Mobile Safari/537.36"
84.225.147.217 - - [26/Jun/2024:18:09:59 +0200] "GET /storage/media/kek_belter_vilagitas-1.jpg HTTP/1.1" 200 63600 "https://royaltuning.hu/hu/termekkategoria/t10-w5w-izzok" "Mozilla/5.0 (Linux; Android 10; K) AppleWebKit/537.36 (KHTML, like Gecko) Chrome/126.0.0.0 Mobile Safari/537.36"
84.225.147.217 - - [26/Jun/2024:18:09:59 +0200] "GET /storage/media/t10_led_pink-1.jpg HTTP/1.1" 200 160849 "https://royaltuning.hu/hu/termekkategoria/t10-w5w-izzok" "Mozilla/5.0 (Linux; Android 10; K) AppleWebKit/537.36 (KHTML, like Gecko) Chrome/126.0.0.0 Mobile Safari/537.36"
84.225.147.217 - - [26/Jun/2024:18:09:59 +0200] "GET /storage/media/t10_led_piros-1.jpg HTTP/1.1" 200 159406 "https://royaltuning.hu/hu/termekkategoria/t10-w5w-izzok" "Mozilla/5.0 (Linux; Android 10; K) AppleWebKit/537.36 (KHTML, like Gecko) Chrome/126.0.0.0 Mobile Safari/537.36"
84.225.147.217 - - [26/Jun/2024:18:09:59 +0200] "GET /storage/media/t10_led_sarga-1.jpg HTTP/1.1" 200 162792 "https://royaltuning.hu/hu/termekkategoria/t10-w5w-izzok" "Mozilla/5.0 (Linux; Android 10; K) AppleWebKit/537.36 (KHTML, like Gecko) Chrome/126.0.0.0 Mobile Safari/537.36"
84.225.147.217 - - [26/Jun/2024:18:09:59 +0200] "GET /storage/media/zJQ9G2MYzsy4WqM3ZSALW2E2TzTGM0Rhl8SclQO3.jpg HTTP/1.1" 200 103556 "https://royaltuning.hu/hu/termekkategoria/t10-w5w-izzok" "Mozilla/5.0 (Linux; Android 10; K) AppleWebKit/537.36 (KHTML, like Gecko) Chrome/126.0.0.0 Mobile Safari/537.36"
84.225.147.217 - - [26/Jun/2024:18:09:59 +0200] "GET /storage/media/t10_led_zold-1-1.jpg HTTP/1.1" 200 162614 "https://royaltuning.hu/hu/termekkategoria/t10-w5w-izzok" "Mozilla/5.0 (Linux; Android 10; K) AppleWebKit/537.36 (KHTML, like Gecko) Chrome/126.0.0.0 Mobile Safari/537.36"
84.225.147.217 - - [26/Jun/2024:18:09:59 +0200] "GET /storage/media/Canbus_adapter_T10_w5w-1.jpg HTTP/1.1" 200 21653 "https://royaltuning.hu/hu/termekkategoria/t10-w5w-izzok" "Mozilla/5.0 (Linux; Android 10; K) AppleWebKit/537.36 (KHTML, like Gecko) Chrome/126.0.0.0 Mobile Safari/537.36"
89.134.14.106 - - [26/Jun/2024:18:10:15 +0200] "GET /wp-content/uploads/2022/12/suzuki_valtogomb_csereje.jpg HTTP/1.1" 200 121190 "https://blog.royaltuning.hu/" "Mozilla/5.0 (Linux; Android 10; K) AppleWebKit/537.36 (KHTML, like Gecko) Chrome/126.0.0.0 Safari/537.36"
81.182.12.110 - - [26/Jun/2024:18:10:18 +0200] "POST /hu/cart/taxes HTTP/1.1" 200 891 "https://royaltuning.hu/hu/checkout" "Mozilla/5.0 (Windows NT 10.0; Win64; x64) AppleWebKit/537.36 (KHTML, like Gecko) Chrome/126.0.0.0 Safari/537.36"
81.182.12.110 - - [26/Jun/2024:18:10:18 +0200] "POST /hu/cart/taxes HTTP/1.1" 200 891 "https://royaltuning.hu/hu/checkout" "Mozilla/5.0 (Windows NT 10.0; Win64; x64) AppleWebKit/537.36 (KHTML, like Gecko) Chrome/126.0.0.0 Safari/537.36"
66.249.70.162 - - [26/Jun/2024:18:10:22 +0200] "GET /wp-content/uploads/2020/06/autos_tarto_magneses-4-500x332.jpg HTTP/1.1" 200 30325 "-" "Googlebot-Image/1.0"
66.249.64.35 - - [26/Jun/2024:18:10:22 +0200] "GET /public/en/termek/univerzalis-tolatokamera-3 HTTP/1.1" 200 39856 "-" "Mozilla/5.0 (Linux; Android 6.0.1; Nexus 5X Build/MMB29P) AppleWebKit/537.36 (KHTML, like Gecko) Chrome/125.0.6422.175 Mobile Safari/537.36 (compatible; Googlebot/2.1; +http://www.google.com/bot.html)"
79.121.21.234 - - [26/Jun/2024:18:10:35 +0200] "GET /hu/storefront/flash-sale-products HTTP/1.1" 200 743 "https://royaltuning.hu/hu?gad_source=1&gclid=CjwKCAjw-O6zBhASEiwAOHeGxfseUSc9fD-wLnE_ShhOCL4cHX3qIagvtgDWT9SmG69EeUb1fWxYvhoCorcQAvD_BwE" "Mozilla/5.0 (Linux; Android 10; K) AppleWebKit/537.36 (KHTML, like Gecko) Chrome/126.0.0.0 Mobile Safari/537.36"
79.121.21.234 - - [26/Jun/2024:18:10:35 +0200] "GET /hu/storefront/vertical-products/1 HTTP/1.1" 200 1807 "https://royaltuning.hu/hu?gad_source=1&gclid=CjwKCAjw-O6zBhASEiwAOHeGxfseUSc9fD-wLnE_ShhOCL4cHX3qIagvtgDWT9SmG69EeUb1fWxYvhoCorcQAvD_BwE" "Mozilla/5.0 (Linux; Android 10; K) AppleWebKit/537.36 (KHTML, like Gecko) Chrome/126.0.0.0 Mobile Safari/537.36"
79.121.21.234 - - [26/Jun/2024:18:10:35 +0200] "GET /hu/storefront/vertical-products/2 HTTP/1.1" 200 1528 "https://royaltuning.hu/hu?gad_source=1&gclid=CjwKCAjw-O6zBhASEiwAOHeGxfseUSc9fD-wLnE_ShhOCL4cHX3qIagvtgDWT9SmG69EeUb1fWxYvhoCorcQAvD_BwE" "Mozilla/5.0 (Linux; Android 10; K) AppleWebKit/537.36 (KHTML, like Gecko) Chrome/126.0.0.0 Mobile Safari/537.36"
79.121.21.234 - - [26/Jun/2024:18:10:35 +0200] "GET /hu/storefront/vertical-products/3 HTTP/1.1" 200 1470 "https://royaltuning.hu/hu?gad_source=1&gclid=CjwKCAjw-O6zBhASEiwAOHeGxfseUSc9fD-wLnE_ShhOCL4cHX3qIagvtgDWT9SmG69EeUb1fWxYvhoCorcQAvD_BwE" "Mozilla/5.0 (Linux; Android 10; K) AppleWebKit/537.36 (KHTML, like Gecko) Chrome/126.0.0.0 Mobile Safari/537.36"
79.121.21.234 - - [26/Jun/2024:18:10:35 +0200] "GET /hu/storefront/tab-products/sections/2/tabs/1 HTTP/1.1" 200 1482 "https://royaltuning.hu/hu?gad_source=1&gclid=CjwKCAjw-O6zBhASEiwAOHeGxfseUSc9fD-wLnE_ShhOCL4cHX3qIagvtgDWT9SmG69EeUb1fWxYvhoCorcQAvD_BwE" "Mozilla/5.0 (Linux; Android 10; K) AppleWebKit/537.36 (KHTML, like Gecko) Chrome/126.0.0.0 Mobile Safari/537.36"
79.121.21.234 - - [26/Jun/2024:18:10:35 +0200] "GET /hu/storefront/featured-categories/1/products HTTP/1.1" 200 1714 "https://royaltuning.hu/hu?gad_source=1&gclid=CjwKCAjw-O6zBhASEiwAOHeGxfseUSc9fD-wLnE_ShhOCL4cHX3qIagvtgDWT9SmG69EeUb1fWxYvhoCorcQAvD_BwE" "Mozilla/5.0 (Linux; Android 10; K) AppleWebKit/537.36 (KHTML, like Gecko) Chrome/126.0.0.0 Mobile Safari/537.36"
79.121.21.234 - - [26/Jun/2024:18:10:36 +0200] "GET /undefined HTTP/1.1" 302 204 "https://royaltuning.hu/hu?gad_source=1&gclid=CjwKCAjw-O6zBhASEiwAOHeGxfseUSc9fD-wLnE_ShhOCL4cHX3qIagvtgDWT9SmG69EeUb1fWxYvhoCorcQAvD_BwE" "Mozilla/5.0 (Linux; Android 10; K) AppleWebKit/537.36 (KHTML, like Gecko) Chrome/126.0.0.0 Mobile Safari/537.36"
79.121.21.234 - - [26/Jun/2024:18:10:36 +0200] "GET /hu/undefined HTTP/1.1" 200 31002 "https://royaltuning.hu/hu?gad_source=1&gclid=CjwKCAjw-O6zBhASEiwAOHeGxfseUSc9fD-wLnE_ShhOCL4cHX3qIagvtgDWT9SmG69EeUb1fWxYvhoCorcQAvD_BwE" "Mozilla/5.0 (Linux; Android 10; K) AppleWebKit/537.36 (KHTML, like Gecko) Chrome/126.0.0.0 Mobile Safari/537.36"
176.3.4.124 - - [26/Jun/2024:18:10:38 +0200] "GET /public/hu HTTP/1.1" 200 33055 "-" "Mozilla/5.0 (Macintosh; Intel Mac OS X 10_15_7) AppleWebKit/537.36 (KHTML, like Gecko) Chrome/126.0.0.0 Safari/537.36"
176.3.4.124 - - [26/Jun/2024:18:10:40 +0200] "GET /public/hu/storefront/flash-sale-products HTTP/1.1" 200 743 "https://royaltuning.hu/public/hu" "Mozilla/5.0 (Macintosh; Intel Mac OS X 10_15_7) AppleWebKit/537.36 (KHTML, like Gecko) Chrome/126.0.0.0 Safari/537.36"
176.3.4.124 - - [26/Jun/2024:18:10:40 +0200] "GET /public/hu/storefront/vertical-products/1 HTTP/1.1" 200 1807 "https://royaltuning.hu/public/hu" "Mozilla/5.0 (Macintosh; Intel Mac OS X 10_15_7) AppleWebKit/537.36 (KHTML, like Gecko) Chrome/126.0.0.0 Safari/537.36"
176.3.4.124 - - [26/Jun/2024:18:10:40 +0200] "GET /undefined HTTP/1.1" 302 204 "https://royaltuning.hu/public/hu" "Mozilla/5.0 (Macintosh; Intel Mac OS X 10_15_7) AppleWebKit/537.36 (KHTML, like Gecko) Chrome/126.0.0.0 Safari/537.36"
176.3.4.124 - - [26/Jun/2024:18:10:40 +0200] "GET /public/hu/storefront/featured-categories/1/products HTTP/1.1" 200 1714 "https://royaltuning.hu/public/hu" "Mozilla/5.0 (Macintosh; Intel Mac OS X 10_15_7) AppleWebKit/537.36 (KHTML, like Gecko) Chrome/126.0.0.0 Safari/537.36"
176.3.4.124 - - [26/Jun/2024:18:10:40 +0200] "GET /public/hu/storefront/vertical-products/3 HTTP/1.1" 200 1470 "https://royaltuning.hu/public/hu" "Mozilla/5.0 (Macintosh; Intel Mac OS X 10_15_7) AppleWebKit/537.36 (KHTML, like Gecko) Chrome/126.0.0.0 Safari/537.36"
176.3.4.124 - - [26/Jun/2024:18:10:40 +0200] "GET /public/hu/storefront/vertical-products/2 HTTP/1.1" 200 1528 "https://royaltuning.hu/public/hu" "Mozilla/5.0 (Macintosh; Intel Mac OS X 10_15_7) AppleWebKit/537.36 (KHTML, like Gecko) Chrome/126.0.0.0 Safari/537.36"
