71.18.250.128 - - [08/May/2026:11:38:17 +0200] "GET /wp-content/themes/hello-elementor-child/js/custom.js?ver=6.9.4 HTTP/1.1" 200 295 "http://royaltuning.hu/termekkategoria/kormanyvedo-huzat-es-uleshuzat/" "Mozilla/5.0 (X11; Linux x86_64) AppleWebKit/537.36 (KHTML, like Gecko) HeadlessChrome/145.0.0.0 Safari/537.36"
71.18.250.185 - - [08/May/2026:11:38:17 +0200] "GET /wp-content/plugins/elementor/assets/lib/font-awesome/js/v4-shims.min.js?ver=3.35.5 HTTP/1.1" 200 4209 "http://royaltuning.hu/termekkategoria/kormanyvedo-huzat-es-uleshuzat/" "Mozilla/5.0 (X11; Linux x86_64) AppleWebKit/537.36 (KHTML, like Gecko) HeadlessChrome/145.0.0.0 Safari/537.36"
71.18.250.179 - - [08/May/2026:11:38:17 +0200] "GET /wp-content/plugins/checkout-upsell-woocommerce/assets/js/template.js?ver=2.1.8 HTTP/1.1" 200 6235 "http://royaltuning.hu/termekkategoria/kormanyvedo-huzat-es-uleshuzat/" "Mozilla/5.0 (X11; Linux x86_64) AppleWebKit/537.36 (KHTML, like Gecko) HeadlessChrome/145.0.0.0 Safari/537.36"
71.18.250.175 - - [08/May/2026:11:38:17 +0200] "GET /wp-content/plugins/checkout-upsell-woocommerce/assets/js/frontend.js?ver=2.1.8 HTTP/1.1" 200 4108 "http://royaltuning.hu/termekkategoria/kormanyvedo-huzat-es-uleshuzat/" "Mozilla/5.0 (X11; Linux x86_64) AppleWebKit/537.36 (KHTML, like Gecko) HeadlessChrome/145.0.0.0 Safari/537.36"
71.18.250.128 - - [08/May/2026:11:38:17 +0200] "GET /wp-content/plugins/woocommerce-paypal-payments/assets/ppcp-local-alternative-payment-methods-css-gateway.css?ver=4.0.3 HTTP/1.1" 200 84 "http://royaltuning.hu/termekkategoria/kormanyvedo-huzat-es-uleshuzat/" "Mozilla/5.0 (X11; Linux x86_64) AppleWebKit/537.36 (KHTML, like Gecko) HeadlessChrome/145.0.0.0 Safari/537.36"
71.18.250.128 - - [08/May/2026:11:38:17 +0200] "GET /wp-content/plugins/woocommerce/assets/client/blocks/wc-blocks.css?ver=wc-10.7.0 HTTP/1.1" 200 2618 "http://royaltuning.hu/termekkategoria/kormanyvedo-huzat-es-uleshuzat/" "Mozilla/5.0 (X11; Linux x86_64) AppleWebKit/537.36 (KHTML, like Gecko) HeadlessChrome/145.0.0.0 Safari/537.36"
71.18.250.175 - - [08/May/2026:11:38:20 +0200] "GET /wp-content/plugins/woocommerce-products-filter/ext/sections/css/sections.css?ver=1.3.8.1 HTTP/1.1" 200 401 "http://royaltuning.hu/termekkategoria/kormanyvedo-huzat-es-uleshuzat/" "Mozilla/5.0 (X11; Linux x86_64) AppleWebKit/537.36 (KHTML, like Gecko) HeadlessChrome/145.0.0.0 Safari/537.36"
71.18.250.179 - - [08/May/2026:11:38:21 +0200] "GET /wp-content/plugins/woocommerce-products-filter/js/tooltip/css/tooltipster.bundle.min.css?ver=1.3.8.1 HTTP/1.1" 200 1115 "http://royaltuning.hu/termekkategoria/kormanyvedo-huzat-es-uleshuzat/" "Mozilla/5.0 (X11; Linux x86_64) AppleWebKit/537.36 (KHTML, like Gecko) HeadlessChrome/145.0.0.0 Safari/537.36"
71.18.250.185 - - [08/May/2026:11:38:21 +0200] "GET /wp-content/plugins/woocommerce-products-filter/js/tooltip/css/plugins/tooltipster/sideTip/themes/tooltipster-sideTip-noir.min.css?ver=1.3.8.1 HTTP/1.1" 200 285 "http://royaltuning.hu/termekkategoria/kormanyvedo-huzat-es-uleshuzat/" "Mozilla/5.0 (X11; Linux x86_64) AppleWebKit/537.36 (KHTML, like Gecko) HeadlessChrome/145.0.0.0 Safari/537.36"
71.18.250.128 - - [08/May/2026:11:38:21 +0200] "GET /wp-content/plugins/woocommerce-products-filter/js/ion.range-slider/css/ion.rangeSlider.css?ver=1.3.8.1 HTTP/1.1" 200 2306 "http://royaltuning.hu/termekkategoria/kormanyvedo-huzat-es-uleshuzat/" "Mozilla/5.0 (X11; Linux x86_64) AppleWebKit/537.36 (KHTML, like Gecko) HeadlessChrome/145.0.0.0 Safari/537.36"
71.18.250.128 - - [08/May/2026:11:38:21 +0200] "GET /wp-content/plugins/skyboot-custom-icons-for-elementor/assets/css/themify.css?ver=1.1.0 HTTP/1.1" 200 3054 "http://royaltuning.hu/termekkategoria/kormanyvedo-huzat-es-uleshuzat/" "Mozilla/5.0 (X11; Linux x86_64) AppleWebKit/537.36 (KHTML, like Gecko) HeadlessChrome/145.0.0.0 Safari/537.36"
71.18.250.152 - - [08/May/2026:11:38:21 +0200] "GET /wp-content/plugins/elementor/assets/css/widget-image.min.css?ver=3.35.5 HTTP/1.1" 200 135 "http://royaltuning.hu/termekkategoria/kormanyvedo-huzat-es-uleshuzat/" "Mozilla/5.0 (X11; Linux x86_64) AppleWebKit/537.36 (KHTML, like Gecko) HeadlessChrome/145.0.0.0 Safari/537.36"
71.18.250.175 - - [08/May/2026:11:38:21 +0200] "GET /wp-content/plugins/elementor-pro/assets/css/widget-woocommerce-menu-cart.min.css?ver=3.35.1 HTTP/1.1" 200 2549 "http://royaltuning.hu/termekkategoria/kormanyvedo-huzat-es-uleshuzat/" "Mozilla/5.0 (X11; Linux x86_64) AppleWebKit/537.36 (KHTML, like Gecko) HeadlessChrome/145.0.0.0 Safari/537.36"
71.18.250.179 - - [08/May/2026:11:38:21 +0200] "GET /wp-content/plugins/elementor-pro/assets/css/widget-nav-menu.min.css?ver=3.35.1 HTTP/1.1" 200 3450 "http://royaltuning.hu/termekkategoria/kormanyvedo-huzat-es-uleshuzat/" "Mozilla/5.0 (X11; Linux x86_64) AppleWebKit/537.36 (KHTML, like Gecko) HeadlessChrome/145.0.0.0 Safari/537.36"
71.18.250.128 - - [08/May/2026:11:38:21 +0200] "GET /wp-content/plugins/elementor-pro/assets/css/modules/sticky.min.css?ver=3.35.1 HTTP/1.1" 200 116 "http://royaltuning.hu/termekkategoria/kormanyvedo-huzat-es-uleshuzat/" "Mozilla/5.0 (X11; Linux x86_64) AppleWebKit/537.36 (KHTML, like Gecko) HeadlessChrome/145.0.0.0 Safari/537.36"
71.18.250.185 - - [08/May/2026:11:38:21 +0200] "GET /wp-content/plugins/elementor-pro/assets/css/modules/motion-fx.min.css?ver=3.35.1 HTTP/1.1" 200 310 "http://royaltuning.hu/termekkategoria/kormanyvedo-huzat-es-uleshuzat/" "Mozilla/5.0 (X11; Linux x86_64) AppleWebKit/537.36 (KHTML, like Gecko) HeadlessChrome/145.0.0.0 Safari/537.36"
71.18.250.152 - - [08/May/2026:11:38:21 +0200] "GET /wp-content/plugins/elementor/assets/lib/animations/styles/fadeInUp.min.css?ver=3.35.5 HTTP/1.1" 200 117 "http://royaltuning.hu/termekkategoria/kormanyvedo-huzat-es-uleshuzat/" "Mozilla/5.0 (X11; Linux x86_64) AppleWebKit/537.36 (KHTML, like Gecko) HeadlessChrome/145.0.0.0 Safari/537.36"
71.18.250.175 - - [08/May/2026:11:38:21 +0200] "GET /wp-content/plugins/elementor/assets/lib/swiper/v8/css/swiper.min.css?ver=8.4.5 HTTP/1.1" 200 4583 "http://royaltuning.hu/termekkategoria/kormanyvedo-huzat-es-uleshuzat/" "Mozilla/5.0 (X11; Linux x86_64) AppleWebKit/537.36 (KHTML, like Gecko) HeadlessChrome/145.0.0.0 Safari/537.36"
71.18.250.128 - - [08/May/2026:11:38:21 +0200] "GET /wp-content/plugins/elementor/assets/css/conditionals/e-swiper.min.css?ver=3.35.5 HTTP/1.1" 200 799 "http://royaltuning.hu/termekkategoria/kormanyvedo-huzat-es-uleshuzat/" "Mozilla/5.0 (X11; Linux x86_64) AppleWebKit/537.36 (KHTML, like Gecko) HeadlessChrome/145.0.0.0 Safari/537.36"
71.18.250.179 - - [08/May/2026:11:38:21 +0200] "GET /wp-content/plugins/elementor-pro/assets/css/widget-slides.min.css?ver=3.35.1 HTTP/1.1" 200 623 "http://royaltuning.hu/termekkategoria/kormanyvedo-huzat-es-uleshuzat/" "Mozilla/5.0 (X11; Linux x86_64) AppleWebKit/537.36 (KHTML, like Gecko) HeadlessChrome/145.0.0.0 Safari/537.36"
71.18.250.128 - - [08/May/2026:11:38:21 +0200] "GET /wp-content/plugins/elementor-pro/assets/css/widget-woocommerce-product-price.min.css?ver=3.35.1 HTTP/1.1" 200 135 "http://royaltuning.hu/termekkategoria/kormanyvedo-huzat-es-uleshuzat/" "Mozilla/5.0 (X11; Linux x86_64) AppleWebKit/537.36 (KHTML, like Gecko) HeadlessChrome/145.0.0.0 Safari/537.36"
71.18.250.185 - - [08/May/2026:11:38:21 +0200] "GET /wp-content/plugins/elementor-pro/assets/css/widget-woocommerce-product-add-to-cart.min.css?ver=3.35.1 HTTP/1.1" 200 2181 "http://royaltuning.hu/termekkategoria/kormanyvedo-huzat-es-uleshuzat/" "Mozilla/5.0 (X11; Linux x86_64) AppleWebKit/537.36 (KHTML, like Gecko) HeadlessChrome/145.0.0.0 Safari/537.36"
71.18.250.152 - - [08/May/2026:11:38:21 +0200] "GET /wp-content/plugins/woocommerce-products-filter/ext/front_builder/css/front-builder.css?ver=1.3.8.1 HTTP/1.1" 200 1306 "http://royaltuning.hu/termekkategoria/kormanyvedo-huzat-es-uleshuzat/" "Mozilla/5.0 (X11; Linux x86_64) AppleWebKit/537.36 (KHTML, like Gecko) HeadlessChrome/145.0.0.0 Safari/537.36"
71.18.250.175 - - [08/May/2026:11:38:21 +0200] "GET /wp-content/plugins/woocommerce-products-filter/ext/slideout/css/jquery.tabSlideOut.css?ver=1.3.8.1 HTTP/1.1" 200 786 "http://royaltuning.hu/termekkategoria/kormanyvedo-huzat-es-uleshuzat/" "Mozilla/5.0 (X11; Linux x86_64) AppleWebKit/537.36 (KHTML, like Gecko) HeadlessChrome/145.0.0.0 Safari/537.36"
71.18.250.179 - - [08/May/2026:11:38:21 +0200] "GET /wp-content/plugins/woocommerce-products-filter/ext/slideout/css/slideout.css?ver=1.3.8.1 HTTP/1.1" 200 142 "http://royaltuning.hu/termekkategoria/kormanyvedo-huzat-es-uleshuzat/" "Mozilla/5.0 (X11; Linux x86_64) AppleWebKit/537.36 (KHTML, like Gecko) HeadlessChrome/145.0.0.0 Safari/537.36"
71.18.250.128 - - [08/May/2026:11:38:21 +0200] "GET /wp-content/plugins/elementskit-lite/modules/elementskit-icon-pack/assets/css/ekiticons.css?ver=3.9.3 HTTP/1.1" 200 11048 "http://royaltuning.hu/termekkategoria/kormanyvedo-huzat-es-uleshuzat/" "Mozilla/5.0 (X11; Linux x86_64) AppleWebKit/537.36 (KHTML, like Gecko) HeadlessChrome/145.0.0.0 Safari/537.36"
71.18.250.128 - - [08/May/2026:11:38:21 +0200] "GET /wp-content/plugins/smooth-back-to-top-button/assets/js/smooth-back-to-top-button.js?ver=1.3.0 HTTP/1.1" 200 583 "http://royaltuning.hu/termekkategoria/kormanyvedo-huzat-es-uleshuzat/" "Mozilla/5.0 (X11; Linux x86_64) AppleWebKit/537.36 (KHTML, like Gecko) HeadlessChrome/145.0.0.0 Safari/537.36"
71.18.250.185 - - [08/May/2026:11:38:21 +0200] "GET /wp-content/plugins/elementskit-lite/widgets/init/assets/js/widget-scripts.js?ver=3.9.3 HTTP/1.1" 200 16947 "http://royaltuning.hu/termekkategoria/kormanyvedo-huzat-es-uleshuzat/" "Mozilla/5.0 (X11; Linux x86_64) AppleWebKit/537.36 (KHTML, like Gecko) HeadlessChrome/145.0.0.0 Safari/537.36"
71.18.250.152 - - [08/May/2026:11:38:21 +0200] "GET /wp-content/plugins/woocommerce/assets/js/frontend/woocommerce.min.js?ver=10.7.0 HTTP/1.1" 200 1532 "http://royaltuning.hu/termekkategoria/kormanyvedo-huzat-es-uleshuzat/" "Mozilla/5.0 (X11; Linux x86_64) AppleWebKit/537.36 (KHTML, like Gecko) HeadlessChrome/145.0.0.0 Safari/537.36"
71.18.250.175 - - [08/May/2026:11:38:21 +0200] "GET /wp-content/plugins/upsellwp-mini-cart/assets/js/uwp-mini-cart.js?ver=1.0.5 HTTP/1.1" 200 2623 "http://royaltuning.hu/termekkategoria/kormanyvedo-huzat-es-uleshuzat/" "Mozilla/5.0 (X11; Linux x86_64) AppleWebKit/537.36 (KHTML, like Gecko) HeadlessChrome/145.0.0.0 Safari/537.36"
71.18.250.128 - - [08/May/2026:11:38:22 +0200] "GET /wp-content/plugins/duracelltomi-google-tag-manager/dist/js/gtm4wp-contact-form-7-tracker.js?ver=1.22.3 HTTP/1.1" 200 355 "http://royaltuning.hu/termekkategoria/kormanyvedo-huzat-es-uleshuzat/" "Mozilla/5.0 (X11; Linux x86_64) AppleWebKit/537.36 (KHTML, like Gecko) HeadlessChrome/145.0.0.0 Safari/537.36"
71.18.250.128 - - [08/May/2026:11:38:22 +0200] "GET /wp-content/plugins/duracelltomi-google-tag-manager/dist/js/gtm4wp-form-move-tracker.js?ver=1.22.3 HTTP/1.1" 200 313 "http://royaltuning.hu/termekkategoria/kormanyvedo-huzat-es-uleshuzat/" "Mozilla/5.0 (X11; Linux x86_64) AppleWebKit/537.36 (KHTML, like Gecko) HeadlessChrome/145.0.0.0 Safari/537.36"
71.18.250.179 - - [08/May/2026:11:38:22 +0200] "GET /wp-content/plugins/duracelltomi-google-tag-manager/dist/js/gtm4wp-ecommerce-generic.js?ver=1.22.3 HTTP/1.1" 200 567 "http://royaltuning.hu/termekkategoria/kormanyvedo-huzat-es-uleshuzat/" "Mozilla/5.0 (X11; Linux x86_64) AppleWebKit/537.36 (KHTML, like Gecko) HeadlessChrome/145.0.0.0 Safari/537.36"
71.18.250.185 - - [08/May/2026:11:38:22 +0200] "GET /wp-content/plugins/smooth-back-to-top-button/assets/fonts/wpxpress.ttf?9zg56 HTTP/1.1" 200 1301 "http://royaltuning.hu/wp-content/plugins/smooth-back-to-top-button/assets/css/sbttb-fonts.css?ver=1.3.0" "Mozilla/5.0 (X11; Linux x86_64) AppleWebKit/537.36 (KHTML, like Gecko) HeadlessChrome/145.0.0.0 Safari/537.36"
71.18.250.175 - - [08/May/2026:11:38:22 +0200] "GET /wp-content/plugins/duracelltomi-google-tag-manager/dist/js/gtm4wp-woocommerce.js?ver=1.22.3 HTTP/1.1" 200 3016 "http://royaltuning.hu/termekkategoria/kormanyvedo-huzat-es-uleshuzat/" "Mozilla/5.0 (X11; Linux x86_64) AppleWebKit/537.36 (KHTML, like Gecko) HeadlessChrome/145.0.0.0 Safari/537.36"
71.18.250.152 - - [08/May/2026:11:38:22 +0200] "GET /wp-content/plugins/wpc-linked-variation/assets/js/frontend.js?ver=4.4.0 HTTP/1.1" 200 436 "http://royaltuning.hu/termekkategoria/kormanyvedo-huzat-es-uleshuzat/" "Mozilla/5.0 (X11; Linux x86_64) AppleWebKit/537.36 (KHTML, like Gecko) HeadlessChrome/145.0.0.0 Safari/537.36"
71.18.250.185 - - [08/May/2026:11:38:22 +0200] "GET /wp-content/plugins/elementor/assets/js/webpack.runtime.min.js?ver=3.35.5 HTTP/1.1" 200 2476 "http://royaltuning.hu/termekkategoria/kormanyvedo-huzat-es-uleshuzat/" "Mozilla/5.0 (X11; Linux x86_64) AppleWebKit/537.36 (KHTML, like Gecko) HeadlessChrome/145.0.0.0 Safari/537.36"
71.18.250.179 - - [08/May/2026:11:38:22 +0200] "GET /wp-content/plugins/elementor/assets/js/frontend-modules.min.js?ver=3.35.5 HTTP/1.1" 200 15944 "http://royaltuning.hu/termekkategoria/kormanyvedo-huzat-es-uleshuzat/" "Mozilla/5.0 (X11; Linux x86_64) AppleWebKit/537.36 (KHTML, like Gecko) HeadlessChrome/145.0.0.0 Safari/537.36"
71.18.250.175 - - [08/May/2026:11:38:22 +0200] "GET /wp-content/themes/hello-elementor/assets/js/hello-frontend.js?ver=3.4.6 HTTP/1.1" 200 549 "http://royaltuning.hu/termekkategoria/kormanyvedo-huzat-es-uleshuzat/" "Mozilla/5.0 (X11; Linux x86_64) AppleWebKit/537.36 (KHTML, like Gecko) HeadlessChrome/145.0.0.0 Safari/537.36"
71.18.250.152 - - [08/May/2026:11:38:22 +0200] "GET /wp-content/plugins/elementor/assets/js/frontend.min.js?ver=3.35.5 HTTP/1.1" 200 10325 "http://royaltuning.hu/termekkategoria/kormanyvedo-huzat-es-uleshuzat/" "Mozilla/5.0 (X11; Linux x86_64) AppleWebKit/537.36 (KHTML, like Gecko) HeadlessChrome/145.0.0.0 Safari/537.36"
71.18.250.128 - - [08/May/2026:11:38:22 +0200] "GET /wp-includes/js/imagesloaded.min.js?ver=5.0.0 HTTP/1.1" 200 1803 "http://royaltuning.hu/termekkategoria/kormanyvedo-huzat-es-uleshuzat/" "Mozilla/5.0 (X11; Linux x86_64) AppleWebKit/537.36 (KHTML, like Gecko) HeadlessChrome/145.0.0.0 Safari/537.36"
71.18.250.128 - - [08/May/2026:11:38:22 +0200] "GET /wp-content/plugins/woocommerce/assets/js/sourcebuster/sourcebuster.min.js?ver=10.7.0 HTTP/1.1" 200 4807 "http://royaltuning.hu/termekkategoria/kormanyvedo-huzat-es-uleshuzat/" "Mozilla/5.0 (X11; Linux x86_64) AppleWebKit/537.36 (KHTML, like Gecko) HeadlessChrome/145.0.0.0 Safari/537.36"
220.181.108.157 - - [08/May/2026:11:39:55 +0200] "GET /public/hu/termek/opel-hibakod-olvaso-magyar-nyelvu-v3-0 HTTP/1.1" 301 - "-" "Mozilla/5.0 (compatible; Baiduspider/2.0; +http://www.baidu.com/search/spider.html)"
66.249.73.167 - - [08/May/2026:11:40:51 +0200] "GET /public/en/rolunk HTTP/1.1" 301 - "-" "Mozilla/5.0 (Linux; Android 6.0.1; Nexus 5X Build/MMB29P) AppleWebKit/537.36 (KHTML, like Gecko) Chrome/147.0.7727.137 Mobile Safari/537.36 (compatible; Googlebot/2.1; +http://www.google.com/bot.html)"
69.63.184.31 - - [08/May/2026:11:44:06 +0200] "GET /robots.txt HTTP/1.1" 200 320 "-" "facebookexternalhit/1.1 (+http://www.facebook.com/externalhit_uatext.php)"
57.141.8.45 - - [08/May/2026:11:45:11 +0200] "GET /robots.txt HTTP/1.1" 200 320 "-" "facebookexternalhit/1.1 (+http://www.facebook.com/externalhit_uatext.php)"
69.63.184.4 - - [08/May/2026:11:46:08 +0200] "GET /robots.txt HTTP/1.1" 200 320 "-" "facebookexternalhit/1.1 (+http://www.facebook.com/externalhit_uatext.php)"
57.141.20.10 - - [08/May/2026:11:48:25 +0200] "GET /kamishop/Citroen-kulcshaz-2-gombos-d205.htm HTTP/1.1" 301 - "-" "meta-externalagent/1.1 (+https://developers.facebook.com/docs/sharing/webmasters/crawler)"
57.141.8.54 - - [08/May/2026:11:49:44 +0200] "GET /robots.txt HTTP/1.1" 200 320 "-" "facebookexternalhit/1.1 (+http://www.facebook.com/externalhit_uatext.php)"
141.98.11.120 - - [08/May/2026:11:52:27 +0200] "GET /wp-admin/css/ HTTP/1.1" 404 56644 "binance.com" "Mozilla/5.0 (Windows NT 10.0; Win64; x64) AppleWebKit/537.36 (KHTML, like Gecko) Chrome/90.0.4430.85 Safari/537.36"
141.98.11.120 - - [08/May/2026:11:52:29 +0200] "GET /.well-known/ HTTP/1.1" 301 - "binance.com" "Mozilla/5.0 (Windows NT 10.0; Win64; x64) AppleWebKit/537.36 (KHTML, like Gecko) Chrome/90.0.4430.85 Safari/537.36"
141.98.11.120 - - [08/May/2026:11:52:36 +0200] "GET /sites/default/files/ HTTP/1.1" 301 - "binance.com" "Mozilla/5.0 (Windows NT 10.0; Win64; x64) AppleWebKit/537.36 (KHTML, like Gecko) Chrome/90.0.4430.85 Safari/537.36"
141.98.11.120 - - [08/May/2026:11:52:41 +0200] "GET /admin/controller/extension/extension/ HTTP/1.1" 301 - "binance.com" "Mozilla/5.0 (Windows NT 10.0; Win64; x64) AppleWebKit/537.36 (KHTML, like Gecko) Chrome/90.0.4430.85 Safari/537.36"
141.98.11.120 - - [08/May/2026:11:52:46 +0200] "GET /uploads/ HTTP/1.1" 301 - "binance.com" "Mozilla/5.0 (Windows NT 10.0; Win64; x64) AppleWebKit/537.36 (KHTML, like Gecko) Chrome/90.0.4430.85 Safari/537.36"
141.98.11.120 - - [08/May/2026:11:52:52 +0200] "GET /images/ HTTP/1.1" 200 57306 "binance.com" "Mozilla/5.0 (Windows NT 10.0; Win64; x64) AppleWebKit/537.36 (KHTML, like Gecko) Chrome/90.0.4430.85 Safari/537.36"
141.98.11.120 - - [08/May/2026:11:52:56 +0200] "GET /files/ HTTP/1.1" 301 - "binance.com" "Mozilla/5.0 (Windows NT 10.0; Win64; x64) AppleWebKit/537.36 (KHTML, like Gecko) Chrome/90.0.4430.85 Safari/537.36"
69.63.184.18 - - [08/May/2026:11:54:06 +0200] "GET /robots.txt HTTP/1.1" 200 320 "-" "facebookexternalhit/1.1 (+http://www.facebook.com/externalhit_uatext.php)"
57.141.8.54 - - [08/May/2026:11:55:13 +0200] "GET /robots.txt HTTP/1.1" 200 320 "-" "facebookexternalhit/1.1 (+http://www.facebook.com/externalhit_uatext.php)"
69.63.184.116 - - [08/May/2026:11:56:15 +0200] "GET /robots.txt HTTP/1.1" 200 320 "-" "facebookexternalhit/1.1 (+http://www.facebook.com/externalhit_uatext.php)"
66.249.73.167 - - [08/May/2026:11:57:38 +0200] "GET /public/en/termekkategoria/elektromos-roller-kiegeszitok HTTP/1.1" 301 - "-" "Mozilla/5.0 (Linux; Android 6.0.1; Nexus 5X Build/MMB29P) AppleWebKit/537.36 (KHTML, like Gecko) Chrome/147.0.7727.137 Mobile Safari/537.36 (compatible; Googlebot/2.1; +http://www.google.com/bot.html)"
69.63.184.18 - - [08/May/2026:11:59:06 +0200] "GET /robots.txt HTTP/1.1" 200 320 "-" "facebookexternalhit/1.1 (+http://www.facebook.com/externalhit_uatext.php)"
173.252.69.3 - - [08/May/2026:11:59:35 +0200] "GET /robots.txt HTTP/1.1" 200 320 "-" "facebookexternalhit/1.1 (+http://www.facebook.com/externalhit_uatext.php)"
34.116.28.70 - - [08/May/2026:11:59:50 +0200] "GET / HTTP/1.1" 301 - "-" "Mozilla/5.0 (compatible; Google-Apps-Script; beanserver; +https://script.google.com; id: UAEmdDd-Z5cGheGzvtkiAeND8voBJufOnsAs)"
176.9.74.79 - - [08/May/2026:12:02:28 +0200] "GET / HTTP/1.1" 301 - "-" "Mozilla/5.0 (Windows NT 10.0; Win64; x64) AppleWebKit/537.36 (KHTML, like Gecko) Chrome/84.0.4147.105 Safari/537.36"
69.63.184.5 - - [08/May/2026:12:04:02 +0200] "GET /robots.txt HTTP/1.1" 200 320 "-" "facebookexternalhit/1.1 (+http://www.facebook.com/externalhit_uatext.php)"
185.96.188.10 - - [08/May/2026:12:04:20 +0200] "GET / HTTP/1.1" 301 - "-" "Screaming Frog SEO Spider/19.8"
69.63.184.31 - - [08/May/2026:12:04:41 +0200] "GET /robots.txt HTTP/1.1" 200 320 "-" "facebookexternalhit/1.1 (+http://www.facebook.com/externalhit_uatext.php)"
66.249.73.167 - - [08/May/2026:12:10:34 +0200] "GET /public/en/termekkategoria/nissan-kulcshaz HTTP/1.1" 301 - "-" "Mozilla/5.0 (Linux; Android 6.0.1; Nexus 5X Build/MMB29P) AppleWebKit/537.36 (KHTML, like Gecko) Chrome/147.0.7727.137 Mobile Safari/537.36 (compatible; Googlebot/2.1; +http://www.google.com/bot.html)"
194.163.142.100 - - [08/May/2026:12:11:33 +0200] "GET /.well-known/acme-challenge/CF-QEE4940__6F3ZJJ7I5R8GN0PEEAY3 HTTP/1.1" 404 - "-" "Cpanel-HTTP-Client/1.0"
194.163.142.100 - - [08/May/2026:12:11:34 +0200] "GET /.well-known/acme-challenge/O812XWFBYMVZZQ5J3-95T0UJA6JKZB98 HTTP/1.1" 404 - "-" "Cpanel-HTTP-Client/1.0"
194.163.142.100 - - [08/May/2026:12:11:34 +0200] "GET /.well-known/acme-challenge/27ZVWLBJD1C1OTBN024B8J5PAYJCHJXG HTTP/1.1" 404 - "-" "Cpanel-HTTP-Client/1.0"
66.249.73.167 - - [08/May/2026:12:13:55 +0200] "GET /public/en/termekkategoria/mukodo-antennak HTTP/1.1" 301 - "-" "Mozilla/5.0 (Linux; Android 6.0.1; Nexus 5X Build/MMB29P) AppleWebKit/537.36 (KHTML, like Gecko) Chrome/147.0.7727.137 Mobile Safari/537.36 (compatible; Googlebot/2.1; +http://www.google.com/bot.html)"
69.63.184.20 - - [08/May/2026:12:15:59 +0200] "GET /robots.txt HTTP/1.1" 200 320 "-" "facebookexternalhit/1.1 (+http://www.facebook.com/externalhit_uatext.php)"
2a06:98c0:3600::103 - - [08/May/2026:12:23:18 +0200] "GET /favicon.ico HTTP/1.1" 302 - "-" "-"
69.63.184.31 - - [08/May/2026:12:30:19 +0200] "GET /robots.txt HTTP/1.1" 200 320 "-" "facebookexternalhit/1.1 (+http://www.facebook.com/externalhit_uatext.php)"
69.63.184.3 - - [08/May/2026:12:34:12 +0200] "GET /robots.txt HTTP/1.1" 200 320 "-" "facebookexternalhit/1.1 (+http://www.facebook.com/externalhit_uatext.php)"
62.60.130.210 - - [08/May/2026:12:35:03 +0200] "GET /images/images/cache.php HTTP/1.1" 301 - "www.google.com" "Mozlila/5.0 (Linux; Android 7.0; SM-G892A Bulid/NRD90M; wv) AppleWebKit/537.36 (KHTML, like Gecko) Version/4.0 Chrome/60.0.3112.107 Moblie Safari/537.36"
66.249.73.168 - - [08/May/2026:12:35:29 +0200] "GET /public/en/termekkategoria/peugeot-valtogombok-valtoszoknyak HTTP/1.1" 301 - "-" "Mozilla/5.0 (Linux; Android 6.0.1; Nexus 5X Build/MMB29P) AppleWebKit/537.36 (KHTML, like Gecko) Chrome/147.0.7727.137 Mobile Safari/537.36 (compatible; Googlebot/2.1; +http://www.google.com/bot.html)"
57.141.8.69 - - [08/May/2026:12:40:07 +0200] "GET /robots.txt HTTP/1.1" 200 320 "-" "facebookexternalhit/1.1 (+http://www.facebook.com/externalhit_uatext.php)"
69.63.184.116 - - [08/May/2026:12:40:12 +0200] "GET /robots.txt HTTP/1.1" 200 320 "-" "facebookexternalhit/1.1 (+http://www.facebook.com/externalhit_uatext.php)"
57.141.8.43 - - [08/May/2026:12:48:22 +0200] "GET / HTTP/1.1" 301 - "-" "facebookexternalhit/1.1 (+http://www.facebook.com/externalhit_uatext.php)"
173.252.82.5 - - [08/May/2026:12:48:25 +0200] "GET /robots.txt HTTP/1.1" 200 320 "-" "facebookexternalhit/1.1 (+http://www.facebook.com/externalhit_uatext.php)"
66.249.73.168 - - [08/May/2026:12:52:42 +0200] "GET /public/en/termekkategoria/uleshuzatok HTTP/1.1" 301 - "-" "Mozilla/5.0 (Linux; Android 6.0.1; Nexus 5X Build/MMB29P) AppleWebKit/537.36 (KHTML, like Gecko) Chrome/147.0.7727.137 Mobile Safari/537.36 (compatible; Googlebot/2.1; +http://www.google.com/bot.html)"
207.46.13.141 - - [08/May/2026:12:58:06 +0200] "GET /public/hu/termek/bmw-e90-valtogomb-es-valtoszoknya-6-sebesseges HTTP/1.1" 301 - "-" "Mozilla/5.0 AppleWebKit/537.36 (KHTML, like Gecko; compatible; bingbot/2.0; +http://www.bing.com/bingbot.htm) Chrome/116.0.1938.76 Safari/537.36"
57.141.8.25 - - [08/May/2026:13:00:33 +0200] "GET /robots.txt HTTP/1.1" 200 320 "-" "facebookexternalhit/1.1 (+http://www.facebook.com/externalhit_uatext.php)"
173.252.69.17 - - [08/May/2026:13:01:58 +0200] "GET /robots.txt HTTP/1.1" 200 320 "-" "facebookexternalhit/1.1 (+http://www.facebook.com/externalhit_uatext.php)"
69.63.184.31 - - [08/May/2026:13:07:55 +0200] "GET /robots.txt HTTP/1.1" 200 320 "-" "facebookexternalhit/1.1 (+http://www.facebook.com/externalhit_uatext.php)"
69.63.184.9 - - [08/May/2026:13:09:23 +0200] "GET /robots.txt HTTP/1.1" 200 320 "-" "facebookexternalhit/1.1 (+http://www.facebook.com/externalhit_uatext.php)"
57.141.20.30 - - [08/May/2026:13:11:02 +0200] "GET /hu HTTP/1.1" 301 - "-" "meta-externalagent/1.1 (+https://developers.facebook.com/docs/sharing/webmasters/crawler)"
69.63.184.20 - - [08/May/2026:13:16:45 +0200] "GET /robots.txt HTTP/1.1" 200 320 "-" "facebookexternalhit/1.1 (+http://www.facebook.com/externalhit_uatext.php)"
129.222.109.179 - - [08/May/2026:13:18:21 +0200] "GET /termekkategoria/valtogombok-valtoszoknyak/ HTTP/1.1" 200 90285 "-" "Mozilla/5.0 (X11; Linux x86_64) AppleWebKit/537.36 (KHTML, like Gecko) HeadlessChrome/145.0.0.0 Safari/537.36"
80.94.250.10 - - [08/May/2026:13:18:31 +0200] "GET http://royaltuning.hu:80/wp-content/plugins/hungarian-pickup-points-for-woocommerce/build/style-pont-picker-block.css?ver=4.2.1 HTTP/1.1" 200 1507 "http://royaltuning.hu/termekkategoria/valtogombok-valtoszoknyak/" "Mozilla/5.0 (X11; Linux x86_64) AppleWebKit/537.36 (KHTML, like Gecko) HeadlessChrome/145.0.0.0 Safari/537.36"
14.187.64.108 - - [08/May/2026:13:18:32 +0200] "GET http://royaltuning.hu/wp-content/plugins/woocommerce-products-filter/js/chosen/chosen.min.css?ver=1.3.8.1 HTTP/1.1" 200 2079 "http://royaltuning.hu/termekkategoria/valtogombok-valtoszoknyak/" "Mozilla/5.0 (X11; Linux x86_64) AppleWebKit/537.36 (KHTML, like Gecko) HeadlessChrome/145.0.0.0 Safari/537.36"
114.130.156.244 - - [08/May/2026:13:18:32 +0200] "GET http://royaltuning.hu/wp-content/plugins/smooth-back-to-top-button/assets/css/sbttb-fonts.css?ver=1.3.0 HTTP/1.1" 200 470 "http://royaltuning.hu/termekkategoria/valtogombok-valtoszoknyak/" "Mozilla/5.0 (X11; Linux x86_64) AppleWebKit/537.36 (KHTML, like Gecko) HeadlessChrome/145.0.0.0 Safari/537.36"
123.24.140.197 - - [08/May/2026:13:18:32 +0200] "GET http://royaltuning.hu/wp-content/plugins/smooth-back-to-top-button/assets/css/smooth-back-to-top-button.css?ver=1.3.0 HTTP/1.1" 200 376 "http://royaltuning.hu/termekkategoria/valtogombok-valtoszoknyak/" "Mozilla/5.0 (X11; Linux x86_64) AppleWebKit/537.36 (KHTML, like Gecko) HeadlessChrome/145.0.0.0 Safari/537.36"
86.108.45.102 - - [08/May/2026:13:18:32 +0200] "GET http://royaltuning.hu/wp-content/plugins/woocommerce-products-filter/css/front.css?ver=1.3.8.1 HTTP/1.1" 200 5302 "http://royaltuning.hu/termekkategoria/valtogombok-valtoszoknyak/" "Mozilla/5.0 (X11; Linux x86_64) AppleWebKit/537.36 (KHTML, like Gecko) HeadlessChrome/145.0.0.0 Safari/537.36"
80.94.250.10 - - [08/May/2026:13:18:33 +0200] "GET http://royaltuning.hu:80/wp-content/plugins/woocommerce-products-filter/js/icheck/skins/flat/_all.css?ver=1.3.8.1 HTTP/1.1" 200 1051 "http://royaltuning.hu/termekkategoria/valtogombok-valtoszoknyak/" "Mozilla/5.0 (X11; Linux x86_64) AppleWebKit/537.36 (KHTML, like Gecko) HeadlessChrome/145.0.0.0 Safari/537.36"
170.78.249.247 - - [08/May/2026:13:18:33 +0200] "GET http://royaltuning.hu/wp-content/plugins/w2s-migrate-woo-to-shopify/public/css/vi-w2s-public.css?ver=1.4.2 HTTP/1.1" 200 108 "http://royaltuning.hu/termekkategoria/valtogombok-valtoszoknyak/" "Mozilla/5.0 (X11; Linux x86_64) AppleWebKit/537.36 (KHTML, like Gecko) HeadlessChrome/145.0.0.0 Safari/537.36"
14.187.64.108 - - [08/May/2026:13:18:34 +0200] "GET http://royaltuning.hu/wp-content/plugins/woocommerce-products-filter/js/icheck/skins/square/_all.css?ver=1.3.8.1 HTTP/1.1" 200 1149 "http://royaltuning.hu/termekkategoria/valtogombok-valtoszoknyak/" "Mozilla/5.0 (X11; Linux x86_64) AppleWebKit/537.36 (KHTML, like Gecko) HeadlessChrome/145.0.0.0 Safari/537.36"
114.130.156.244 - - [08/May/2026:13:18:34 +0200] "GET http://royaltuning.hu/wp-content/plugins/woocommerce-products-filter/js/icheck/skins/minimal/_all.css?ver=1.3.8.1 HTTP/1.1" 200 1144 "http://royaltuning.hu/termekkategoria/valtogombok-valtoszoknyak/" "Mozilla/5.0 (X11; Linux x86_64) AppleWebKit/537.36 (KHTML, like Gecko) HeadlessChrome/145.0.0.0 Safari/537.36"
123.24.140.197 - - [08/May/2026:13:18:34 +0200] "GET http://royaltuning.hu/wp-content/plugins/woocommerce-products-filter/ext/by_author/css/by_author.css?ver=1.3.8.1 HTTP/1.1" 200 117 "http://royaltuning.hu/termekkategoria/valtogombok-valtoszoknyak/" "Mozilla/5.0 (X11; Linux x86_64) AppleWebKit/537.36 (KHTML, like Gecko) HeadlessChrome/145.0.0.0 Safari/537.36"
80.94.250.10 - - [08/May/2026:13:18:34 +0200] "GET http://royaltuning.hu:80/wp-content/plugins/woocommerce-products-filter/ext/by_onsales/css/by_onsales.css?ver=1.3.8.1 HTTP/1.1" 200 57 "http://royaltuning.hu/termekkategoria/valtogombok-valtoszoknyak/" "Mozilla/5.0 (X11; Linux x86_64) AppleWebKit/537.36 (KHTML, like Gecko) HeadlessChrome/145.0.0.0 Safari/537.36"
86.108.45.102 - - [08/May/2026:13:18:34 +0200] "GET http://royaltuning.hu/wp-content/plugins/woocommerce-products-filter/ext/by_instock/css/by_instock.css?ver=1.3.8.1 HTTP/1.1" 200 61 "http://royaltuning.hu/termekkategoria/valtogombok-valtoszoknyak/" "Mozilla/5.0 (X11; Linux x86_64) AppleWebKit/537.36 (KHTML, like Gecko) HeadlessChrome/145.0.0.0 Safari/537.36"
170.78.249.247 - - [08/May/2026:13:18:35 +0200] "GET http://royaltuning.hu/wp-content/plugins/woocommerce-products-filter/ext/by_text/assets/css/front.css?ver=1.3.8.1 HTTP/1.1" 200 1331 "http://royaltuning.hu/termekkategoria/valtogombok-valtoszoknyak/" "Mozilla/5.0 (X11; Linux x86_64) AppleWebKit/537.36 (KHTML, like Gecko) HeadlessChrome/145.0.0.0 Safari/537.36"
14.187.64.108 - - [08/May/2026:13:18:35 +0200] "GET http://royaltuning.hu/wp-content/plugins/woocommerce-products-filter/ext/label/css/html_types/label.css?ver=1.3.8.1 HTTP/1.1" 200 434 "http://royaltuning.hu/termekkategoria/valtogombok-valtoszoknyak/" "Mozilla/5.0 (X11; Linux x86_64) AppleWebKit/537.36 (KHTML, like Gecko) HeadlessChrome/145.0.0.0 Safari/537.36"
114.130.156.244 - - [08/May/2026:13:18:35 +0200] "GET http://royaltuning.hu/wp-content/plugins/woocommerce-products-filter/ext/select_radio_check/css/html_types/select_radio_check.css?ver=1.3.8.1 HTTP/1.1" 200 828 "http://royaltuning.hu/termekkategoria/valtogombok-valtoszoknyak/" "Mozilla/5.0 (X11; Linux x86_64) AppleWebKit/537.36 (KHTML, like Gecko) HeadlessChrome/145.0.0.0 Safari/537.36"
123.24.140.197 - - [08/May/2026:13:18:35 +0200] "GET http://royaltuning.hu/wp-content/plugins/woocommerce-products-filter/ext/smart_designer/css/elements/checkbox.css?ver=1.3.8.1 HTTP/1.1" 200 1510 "http://royaltuning.hu/termekkategoria/valtogombok-valtoszoknyak/" "Mozilla/5.0 (X11; Linux x86_64) AppleWebKit/537.36 (KHTML, like Gecko) HeadlessChrome/145.0.0.0 Safari/537.36"
80.94.250.10 - - [08/May/2026:13:18:36 +0200] "GET http://royaltuning.hu:80/wp-content/plugins/woocommerce-products-filter/ext/smart_designer/css/elements/radio.css?ver=1.3.8.1 HTTP/1.1" 200 1497 "http://royaltuning.hu/termekkategoria/valtogombok-valtoszoknyak/" "Mozilla/5.0 (X11; Linux x86_64) AppleWebKit/537.36 (KHTML, like Gecko) HeadlessChrome/145.0.0.0 Safari/537.36"
86.108.45.102 - - [08/May/2026:13:18:36 +0200] "GET http://royaltuning.hu/wp-content/plugins/woocommerce-products-filter/ext/smart_designer/css/elements/switcher.css?ver=1.3.8.1 HTTP/1.1" 200 1567 "http://royaltuning.hu/termekkategoria/valtogombok-valtoszoknyak/" "Mozilla/5.0 (X11; Linux x86_64) AppleWebKit/537.36 (KHTML, like Gecko) HeadlessChrome/145.0.0.0 Safari/537.36"
14.187.64.108 - - [08/May/2026:13:18:36 +0200] "GET http://royaltuning.hu/wp-content/plugins/woocommerce-products-filter/ext/smart_designer/css/elements/color.css?ver=1.3.8.1 HTTP/1.1" 200 1087 "http://royaltuning.hu/termekkategoria/valtogombok-valtoszoknyak/" "Mozilla/5.0 (X11; Linux x86_64) AppleWebKit/537.36 (KHTML, like Gecko) HeadlessChrome/145.0.0.0 Safari/537.36"
114.130.156.244 - - [08/May/2026:13:18:37 +0200] "GET http://royaltuning.hu/wp-content/plugins/woocommerce-products-filter/ext/smart_designer/css/front.css?ver=1.3.8.1 HTTP/1.1" 200 233 "http://royaltuning.hu/termekkategoria/valtogombok-valtoszoknyak/" "Mozilla/5.0 (X11; Linux x86_64) AppleWebKit/537.36 (KHTML, like Gecko) HeadlessChrome/145.0.0.0 Safari/537.36"
170.78.249.247 - - [08/May/2026:13:18:37 +0200] "GET http://royaltuning.hu/wp-content/plugins/woocommerce-products-filter/ext/smart_designer/css/tooltip.css?ver=1.3.8.1 HTTP/1.1" 200 327 "http://royaltuning.hu/termekkategoria/valtogombok-valtoszoknyak/" "Mozilla/5.0 (X11; Linux x86_64) AppleWebKit/537.36 (KHTML, like Gecko) HeadlessChrome/145.0.0.0 Safari/537.36"
123.24.140.197 - - [08/May/2026:13:18:37 +0200] "GET http://royaltuning.hu/wp-content/plugins/woocommerce-products-filter/css/switcher.css?ver=1.3.8.1 HTTP/1.1" 200 1027 "http://royaltuning.hu/termekkategoria/valtogombok-valtoszoknyak/" "Mozilla/5.0 (X11; Linux x86_64) AppleWebKit/537.36 (KHTML, like Gecko) HeadlessChrome/145.0.0.0 Safari/537.36"
80.94.250.10 - - [08/May/2026:13:18:37 +0200] "GET http://royaltuning.hu:80/wp-content/plugins/woocommerce/assets/css/woocommerce-layout.css?ver=10.7.0 HTTP/1.1" 200 3415 "http://royaltuning.hu/termekkategoria/valtogombok-valtoszoknyak/" "Mozilla/5.0 (X11; Linux x86_64) AppleWebKit/537.36 (KHTML, like Gecko) HeadlessChrome/145.0.0.0 Safari/537.36"
86.108.45.102 - - [08/May/2026:13:18:38 +0200] "GET http://royaltuning.hu/wp-content/plugins/woocommerce/assets/css/woocommerce.css?ver=10.7.0 HTTP/1.1" 200 11124 "http://royaltuning.hu/termekkategoria/valtogombok-valtoszoknyak/" "Mozilla/5.0 (X11; Linux x86_64) AppleWebKit/537.36 (KHTML, like Gecko) HeadlessChrome/145.0.0.0 Safari/537.36"
14.187.64.108 - - [08/May/2026:13:18:38 +0200] "GET http://royaltuning.hu/wp-content/plugins/upsellwp-mini-cart/assets/css/uwp-mini-cart.css?ver=1.0.5 HTTP/1.1" 200 2646 "http://royaltuning.hu/termekkategoria/valtogombok-valtoszoknyak/" "Mozilla/5.0 (X11; Linux x86_64) AppleWebKit/537.36 (KHTML, like Gecko) HeadlessChrome/145.0.0.0 Safari/537.36"
114.130.156.244 - - [08/May/2026:13:18:38 +0200] "GET http://royaltuning.hu/wp-content/plugins/woocommerce-back-in-stock-notifications/assets/css/frontend/woocommerce.css?ver=3.3.3 HTTP/1.1" 200 600 "http://royaltuning.hu/termekkategoria/valtogombok-valtoszoknyak/" "Mozilla/5.0 (X11; Linux x86_64) AppleWebKit/537.36 (KHTML, like Gecko) HeadlessChrome/145.0.0.0 Safari/537.36"
123.24.140.197 - - [08/May/2026:13:18:39 +0200] "GET http://royaltuning.hu/wp-content/plugins/wpc-linked-variation/assets/libs/hint/hint.css?ver=6.9.4 HTTP/1.1" 200 2277 "http://royaltuning.hu/termekkategoria/valtogombok-valtoszoknyak/" "Mozilla/5.0 (X11; Linux x86_64) AppleWebKit/537.36 (KHTML, like Gecko) HeadlessChrome/145.0.0.0 Safari/537.36"
170.78.249.247 - - [08/May/2026:13:18:39 +0200] "GET http://royaltuning.hu/wp-content/plugins/woocommerce-product-filters/assets/css/plugin.css?ver=1.4.40 HTTP/1.1" 200 3658 "http://royaltuning.hu/termekkategoria/valtogombok-valtoszoknyak/" "Mozilla/5.0 (X11; Linux x86_64) AppleWebKit/537.36 (KHTML, like Gecko) HeadlessChrome/145.0.0.0 Safari/537.36"
80.94.250.10 - - [08/May/2026:13:18:39 +0200] "GET http://royaltuning.hu:80/wp-content/plugins/wpc-linked-variation/assets/css/frontend.css?ver=4.4.0 HTTP/1.1" 200 677 "http://royaltuning.hu/termekkategoria/valtogombok-valtoszoknyak/" "Mozilla/5.0 (X11; Linux x86_64) AppleWebKit/537.36 (KHTML, like Gecko) HeadlessChrome/145.0.0.0 Safari/537.36"
86.108.45.102 - - [08/May/2026:13:18:39 +0200] "GET http://royaltuning.hu/wp-content/plugins/ajax-search-for-woocommerce/assets/css/style.min.css?ver=1.33.0 HTTP/1.1" 200 6444 "http://royaltuning.hu/termekkategoria/valtogombok-valtoszoknyak/" "Mozilla/5.0 (X11; Linux x86_64) AppleWebKit/537.36 (KHTML, like Gecko) HeadlessChrome/145.0.0.0 Safari/537.36"
14.187.64.108 - - [08/May/2026:13:18:40 +0200] "GET http://royaltuning.hu/wp-content/themes/hello-elementor/style.css?ver=6.9.4 HTTP/1.1" 200 659 "http://royaltuning.hu/termekkategoria/valtogombok-valtoszoknyak/" "Mozilla/5.0 (X11; Linux x86_64) AppleWebKit/537.36 (KHTML, like Gecko) HeadlessChrome/145.0.0.0 Safari/537.36"
114.130.156.244 - - [08/May/2026:13:18:40 +0200] "GET http://royaltuning.hu/wp-content/themes/hello-elementor-child/style.css?ver=6.9.4 HTTP/1.1" 200 229 "http://royaltuning.hu/termekkategoria/valtogombok-valtoszoknyak/" "Mozilla/5.0 (X11; Linux x86_64) AppleWebKit/537.36 (KHTML, like Gecko) HeadlessChrome/145.0.0.0 Safari/537.36"
123.24.140.197 - - [08/May/2026:13:18:40 +0200] "GET http://royaltuning.hu/wp-content/themes/hello-elementor/assets/css/reset.css?ver=3.4.6 HTTP/1.1" 200 1792 "http://royaltuning.hu/termekkategoria/valtogombok-valtoszoknyak/" "Mozilla/5.0 (X11; Linux x86_64) AppleWebKit/537.36 (KHTML, like Gecko) HeadlessChrome/145.0.0.0 Safari/537.36"
80.94.250.10 - - [08/May/2026:13:18:40 +0200] "GET http://royaltuning.hu:80/wp-content/themes/hello-elementor/assets/css/theme.css?ver=3.4.6 HTTP/1.1" 200 1271 "http://royaltuning.hu/termekkategoria/valtogombok-valtoszoknyak/" "Mozilla/5.0 (X11; Linux x86_64) AppleWebKit/537.36 (KHTML, like Gecko) HeadlessChrome/145.0.0.0 Safari/537.36"
170.78.249.247 - - [08/May/2026:13:18:40 +0200] "GET http://royaltuning.hu/wp-content/themes/hello-elementor/assets/css/header-footer.css?ver=3.4.6 HTTP/1.1" 200 1423 "http://royaltuning.hu/termekkategoria/valtogombok-valtoszoknyak/" "Mozilla/5.0 (X11; Linux x86_64) AppleWebKit/537.36 (KHTML, like Gecko) HeadlessChrome/145.0.0.0 Safari/537.36"
86.108.45.102 - - [08/May/2026:13:18:41 +0200] "GET http://royaltuning.hu/wp-content/plugins/elementor/assets/css/frontend.min.css?ver=3.35.5 HTTP/1.1" 200 7271 "http://royaltuning.hu/termekkategoria/valtogombok-valtoszoknyak/" "Mozilla/5.0 (X11; Linux x86_64) AppleWebKit/537.36 (KHTML, like Gecko) HeadlessChrome/145.0.0.0 Safari/537.36"
114.130.156.244 - - [08/May/2026:13:18:41 +0200] "GET http://royaltuning.hu/wp-content/plugins/elementor-pro/assets/css/widget-loop-common.min.css?ver=3.35.1 HTTP/1.1" 200 158 "http://royaltuning.hu/termekkategoria/valtogombok-valtoszoknyak/" "Mozilla/5.0 (X11; Linux x86_64) AppleWebKit/537.36 (KHTML, like Gecko) HeadlessChrome/145.0.0.0 Safari/537.36"
14.187.64.108 - - [08/May/2026:13:18:41 +0200] "GET http://royaltuning.hu/wp-content/plugins/elementor/assets/css/widget-heading.min.css?ver=3.35.5 HTTP/1.1" 200 160 "http://royaltuning.hu/termekkategoria/valtogombok-valtoszoknyak/" "Mozilla/5.0 (X11; Linux x86_64) AppleWebKit/537.36 (KHTML, like Gecko) HeadlessChrome/145.0.0.0 Safari/537.36"
123.24.140.197 - - [08/May/2026:13:18:42 +0200] "GET http://royaltuning.hu/wp-content/plugins/elementor-pro/assets/css/widget-loop-grid.min.css?ver=3.35.1 HTTP/1.1" 200 1289 "http://royaltuning.hu/termekkategoria/valtogombok-valtoszoknyak/" "Mozilla/5.0 (X11; Linux x86_64) AppleWebKit/537.36 (KHTML, like Gecko) HeadlessChrome/145.0.0.0 Safari/537.36"
80.94.250.10 - - [08/May/2026:13:18:42 +0200] "GET http://royaltuning.hu:80/wp-content/plugins/elementor/assets/lib/font-awesome/css/all.min.css?ver=3.35.5 HTTP/1.1" 200 12869 "http://royaltuning.hu/termekkategoria/valtogombok-valtoszoknyak/" "Mozilla/5.0 (X11; Linux x86_64) AppleWebKit/537.36 (KHTML, like Gecko) HeadlessChrome/145.0.0.0 Safari/537.36"
170.78.249.247 - - [08/May/2026:13:18:42 +0200] "GET http://royaltuning.hu/wp-content/plugins/elementor/assets/lib/font-awesome/css/v4-shims.min.css?ver=3.35.5 HTTP/1.1" 200 4229 "http://royaltuning.hu/termekkategoria/valtogombok-valtoszoknyak/" "Mozilla/5.0 (X11; Linux x86_64) AppleWebKit/537.36 (KHTML, like Gecko) HeadlessChrome/145.0.0.0 Safari/537.36"
86.108.45.102 - - [08/May/2026:13:18:42 +0200] "GET http://royaltuning.hu/wp-content/plugins/checkout-upsell-woocommerce/assets/css/template.css?ver=2.1.8 HTTP/1.1" 200 2701 "http://royaltuning.hu/termekkategoria/valtogombok-valtoszoknyak/" "Mozilla/5.0 (X11; Linux x86_64) AppleWebKit/537.36 (KHTML, like Gecko) HeadlessChrome/145.0.0.0 Safari/537.36"
14.187.64.108 - - [08/May/2026:13:18:42 +0200] "GET http://royaltuning.hu/wp-content/plugins/checkout-upsell-woocommerce/assets/css/frontend.css?ver=2.1.8 HTTP/1.1" 200 421 "http://royaltuning.hu/termekkategoria/valtogombok-valtoszoknyak/" "Mozilla/5.0 (X11; Linux x86_64) AppleWebKit/537.36 (KHTML, like Gecko) HeadlessChrome/145.0.0.0 Safari/537.36"
114.130.156.244 - - [08/May/2026:13:18:42 +0200] "GET http://royaltuning.hu/wp-content/plugins/elementskit-lite/widgets/init/assets/css/widget-styles.css?ver=3.9.3 HTTP/1.1" 200 51965 "http://royaltuning.hu/termekkategoria/valtogombok-valtoszoknyak/" "Mozilla/5.0 (X11; Linux x86_64) AppleWebKit/537.36 (KHTML, like Gecko) HeadlessChrome/145.0.0.0 Safari/537.36"
123.24.140.197 - - [08/May/2026:13:18:43 +0200] "GET http://royaltuning.hu/wp-content/plugins/elementskit-lite/widgets/init/assets/css/responsive.css?ver=3.9.3 HTTP/1.1" 200 3160 "http://royaltuning.hu/termekkategoria/valtogombok-valtoszoknyak/" "Mozilla/5.0 (X11; Linux x86_64) AppleWebKit/537.36 (KHTML, like Gecko) HeadlessChrome/145.0.0.0 Safari/537.36"
80.94.250.10 - - [08/May/2026:13:18:43 +0200] "GET http://royaltuning.hu:80/wp-includes/js/jquery/jquery.min.js?ver=3.7.1 HTTP/1.1" 200 30368 "http://royaltuning.hu/termekkategoria/valtogombok-valtoszoknyak/" "Mozilla/5.0 (X11; Linux x86_64) AppleWebKit/537.36 (KHTML, like Gecko) HeadlessChrome/145.0.0.0 Safari/537.36"
86.108.45.102 - - [08/May/2026:13:18:44 +0200] "GET http://royaltuning.hu/wp-includes/js/jquery/jquery-migrate.min.js?ver=3.4.1 HTTP/1.1" 200 4872 "http://royaltuning.hu/termekkategoria/valtogombok-valtoszoknyak/" "Mozilla/5.0 (X11; Linux x86_64) AppleWebKit/537.36 (KHTML, like Gecko) HeadlessChrome/145.0.0.0 Safari/537.36"
14.187.64.108 - - [08/May/2026:13:18:44 +0200] "GET http://royaltuning.hu/wp-content/plugins/w2s-migrate-woo-to-shopify/public/js/vi-w2s-public.js?ver=1.4.2 HTTP/1.1" 200 486 "http://royaltuning.hu/termekkategoria/valtogombok-valtoszoknyak/" "Mozilla/5.0 (X11; Linux x86_64) AppleWebKit/537.36 (KHTML, like Gecko) HeadlessChrome/145.0.0.0 Safari/537.36"
114.130.156.244 - - [08/May/2026:13:18:44 +0200] "GET http://royaltuning.hu/wp-content/plugins/woocommerce/assets/js/jquery-blockui/jquery.blockUI.min.js?ver=2.7.0-wc.10.7.0 HTTP/1.1" 200 3537 "http://royaltuning.hu/termekkategoria/valtogombok-valtoszoknyak/" "Mozilla/5.0 (X11; Linux x86_64) AppleWebKit/537.36 (KHTML, like Gecko) HeadlessChrome/145.0.0.0 Safari/537.36"
123.24.140.197 - - [08/May/2026:13:18:44 +0200] "GET http://royaltuning.hu/wp-content/plugins/woocommerce/assets/js/js-cookie/js.cookie.min.js?ver=2.1.4-wc.10.7.0 HTTP/1.1" 200 833 "http://royaltuning.hu/termekkategoria/valtogombok-valtoszoknyak/" "Mozilla/5.0 (X11; Linux x86_64) AppleWebKit/537.36 (KHTML, like Gecko) HeadlessChrome/145.0.0.0 Safari/537.36"
170.78.249.247 - - [08/May/2026:13:18:44 +0200] "GET http://royaltuning.hu/wp-content/plugins/woocommerce-products-filter/ext/by_text/assets/js/husky.js?ver=1.3.8.1 HTTP/1.1" 200 3191 "http://royaltuning.hu/termekkategoria/valtogombok-valtoszoknyak/" "Mozilla/5.0 (X11; Linux x86_64) AppleWebKit/537.36 (KHTML, like Gecko) HeadlessChrome/145.0.0.0 Safari/537.36"
103.52.34.213 - - [08/May/2026:13:18:54 +0200] "GET http://royaltuning.hu/termekkategoria/valtogombok-valtoszoknyak/ HTTP/1.1" 301 - "-" "Mozilla/5.0 (X11; Linux x86_64) AppleWebKit/537.36 (KHTML, like Gecko) HeadlessChrome/145.0.0.0 Safari/537.36"
34.34.225.110 - - [08/May/2026:13:20:10 +0200] "GET /termekkategoria/valtogombok-valtoszoknyak/ HTTP/1.1" 200 90970 "-" "Mozilla/5.0 (Macintosh; Intel Mac OS X 10_15_7) AppleWebKit/537.36 (KHTML, like Gecko) Chrome/147.0.0.0 Safari/537.36"
116.179.32.72 - - [08/May/2026:13:20:23 +0200] "GET /termek/peugeot-306-valtoszoknya/ HTTP/1.1" 200 76638 "-" "Mozilla/5.0 (Linux;u;Android 4.2.2;zh-cn;) AppleWebKit/534.46 (KHTML,like Gecko) Version/5.1 Mobile Safari/10600.6.3 (compatible; Baiduspider/2.0; +http://www.baidu.com/search/spider.html)"
116.179.37.238 - - [08/May/2026:13:20:30 +0200] "GET /wp-content/plugins/wpc-linked-variation/assets/js/frontend.js?ver=4.4.0 HTTP/1.1" 200 436 "http://royaltuning.hu/termek/peugeot-306-valtoszoknya/" "Mozilla/5.0 (iPhone; CPU iPhone OS 9_1 like Mac OS X) AppleWebKit/601.1.46 (KHTML, like Gecko) Version/9.0 Mobile/13B143 Safari/601.1 (compatible; Baiduspider-render/2.0; +http://www.baidu.com/search/spider.html)"
116.179.37.217 - - [08/May/2026:13:20:32 +0200] "POST /?wc-ajax=get_refreshed_fragments HTTP/1.1" 200 351 "http://royaltuning.hu/termek/peugeot-306-valtoszoknya/" "Mozilla/5.0 (iPhone; CPU iPhone OS 9_1 like Mac OS X) AppleWebKit/601.1.46 (KHTML, like Gecko) Version/9.0 Mobile/13B143 Safari/601.1 (compatible; Baiduspider-render/2.0; +http://www.baidu.com/search/spider.html)"
34.96.49.120 - - [08/May/2026:13:21:05 +0200] "GET /termekkategoria/valtogombok-valtoszoknyak HTTP/1.1" 301 - "-" "Mozilla/5.0 (Macintosh; Intel Mac OS X 10_15_7) AppleWebKit/537.36 (KHTML, like Gecko) Chrome/147.0.0.0 Safari/537.36"
34.96.49.120 - - [08/May/2026:13:21:06 +0200] "GET /termekkategoria/valtogombok-valtoszoknyak/ HTTP/1.1" 200 90971 "-" "Mozilla/5.0 (Macintosh; Intel Mac OS X 10_15_7) AppleWebKit/537.36 (KHTML, like Gecko) Chrome/147.0.0.0 Safari/537.36"
34.96.49.120 - - [08/May/2026:13:21:13 +0200] "GET /wp-content/plugins/hungarian-pickup-points-for-woocommerce/build/style-pont-picker-block.css?ver=4.2.1 HTTP/1.1" 200 1507 "http://royaltuning.hu/termekkategoria/valtogombok-valtoszoknyak/" "Mozilla/5.0 (Macintosh; Intel Mac OS X 10_15_7) AppleWebKit/537.36 (KHTML, like Gecko) Chrome/147.0.0.0 Safari/537.36"
34.96.49.120 - - [08/May/2026:13:21:13 +0200] "GET /wp-content/plugins/cookie-notice/css/front.min.css?ver=3.0.2 HTTP/1.1" 200 1247 "http://royaltuning.hu/termekkategoria/valtogombok-valtoszoknyak/" "Mozilla/5.0 (Macintosh; Intel Mac OS X 10_15_7) AppleWebKit/537.36 (KHTML, like Gecko) Chrome/147.0.0.0 Safari/537.36"
34.96.49.120 - - [08/May/2026:13:21:13 +0200] "GET /wp-content/plugins/woocommerce-products-filter/js/chosen/chosen.min.css?ver=1.3.8.1 HTTP/1.1" 200 2079 "http://royaltuning.hu/termekkategoria/valtogombok-valtoszoknyak/" "Mozilla/5.0 (Macintosh; Intel Mac OS X 10_15_7) AppleWebKit/537.36 (KHTML, like Gecko) Chrome/147.0.0.0 Safari/537.36"
34.96.49.120 - - [08/May/2026:13:21:13 +0200] "GET /wp-content/plugins/woocommerce-products-filter/js/icheck/skins/flat/_all.css?ver=1.3.8.1 HTTP/1.1" 200 1051 "http://royaltuning.hu/termekkategoria/valtogombok-valtoszoknyak/" "Mozilla/5.0 (Macintosh; Intel Mac OS X 10_15_7) AppleWebKit/537.36 (KHTML, like Gecko) Chrome/147.0.0.0 Safari/537.36"
34.96.49.120 - - [08/May/2026:13:21:13 +0200] "GET /wp-content/plugins/woocommerce-products-filter/js/icheck/skins/square/_all.css?ver=1.3.8.1 HTTP/1.1" 200 1149 "http://royaltuning.hu/termekkategoria/valtogombok-valtoszoknyak/" "Mozilla/5.0 (Macintosh; Intel Mac OS X 10_15_7) AppleWebKit/537.36 (KHTML, like Gecko) Chrome/147.0.0.0 Safari/537.36"
34.96.49.120 - - [08/May/2026:13:21:13 +0200] "GET /wp-content/plugins/woocommerce-products-filter/js/icheck/skins/minimal/_all.css?ver=1.3.8.1 HTTP/1.1" 200 1144 "http://royaltuning.hu/termekkategoria/valtogombok-valtoszoknyak/" "Mozilla/5.0 (Macintosh; Intel Mac OS X 10_15_7) AppleWebKit/537.36 (KHTML, like Gecko) Chrome/147.0.0.0 Safari/537.36"
34.96.49.120 - - [08/May/2026:13:21:13 +0200] "GET /wp-content/plugins/woocommerce-products-filter/ext/by_author/css/by_author.css?ver=1.3.8.1 HTTP/1.1" 200 117 "http://royaltuning.hu/termekkategoria/valtogombok-valtoszoknyak/" "Mozilla/5.0 (Macintosh; Intel Mac OS X 10_15_7) AppleWebKit/537.36 (KHTML, like Gecko) Chrome/147.0.0.0 Safari/537.36"
34.96.49.120 - - [08/May/2026:13:21:13 +0200] "GET /wp-content/plugins/woocommerce-products-filter/ext/by_instock/css/by_instock.css?ver=1.3.8.1 HTTP/1.1" 200 61 "http://royaltuning.hu/termekkategoria/valtogombok-valtoszoknyak/" "Mozilla/5.0 (Macintosh; Intel Mac OS X 10_15_7) AppleWebKit/537.36 (KHTML, like Gecko) Chrome/147.0.0.0 Safari/537.36"
34.96.49.120 - - [08/May/2026:13:21:13 +0200] "GET /wp-content/plugins/woocommerce-products-filter/ext/by_onsales/css/by_onsales.css?ver=1.3.8.1 HTTP/1.1" 200 57 "http://royaltuning.hu/termekkategoria/valtogombok-valtoszoknyak/" "Mozilla/5.0 (Macintosh; Intel Mac OS X 10_15_7) AppleWebKit/537.36 (KHTML, like Gecko) Chrome/147.0.0.0 Safari/537.36"
34.96.49.120 - - [08/May/2026:13:21:13 +0200] "GET /wp-content/plugins/woocommerce-products-filter/ext/by_text/assets/css/front.css?ver=1.3.8.1 HTTP/1.1" 200 1331 "http://royaltuning.hu/termekkategoria/valtogombok-valtoszoknyak/" "Mozilla/5.0 (Macintosh; Intel Mac OS X 10_15_7) AppleWebKit/537.36 (KHTML, like Gecko) Chrome/147.0.0.0 Safari/537.36"
34.96.49.120 - - [08/May/2026:13:21:13 +0200] "GET /wp-content/plugins/woocommerce-products-filter/ext/select_radio_check/css/html_types/select_radio_check.css?ver=1.3.8.1 HTTP/1.1" 200 828 "http://royaltuning.hu/termekkategoria/valtogombok-valtoszoknyak/" "Mozilla/5.0 (Macintosh; Intel Mac OS X 10_15_7) AppleWebKit/537.36 (KHTML, like Gecko) Chrome/147.0.0.0 Safari/537.36"
34.96.49.120 - - [08/May/2026:13:21:13 +0200] "GET /wp-content/plugins/woocommerce-products-filter/ext/label/css/html_types/label.css?ver=1.3.8.1 HTTP/1.1" 200 434 "http://royaltuning.hu/termekkategoria/valtogombok-valtoszoknyak/" "Mozilla/5.0 (Macintosh; Intel Mac OS X 10_15_7) AppleWebKit/537.36 (KHTML, like Gecko) Chrome/147.0.0.0 Safari/537.36"
34.96.49.120 - - [08/May/2026:13:21:14 +0200] "GET /wp-content/plugins/woocommerce-products-filter/ext/smart_designer/css/elements/checkbox.css?ver=1.3.8.1 HTTP/1.1" 200 1510 "http://royaltuning.hu/termekkategoria/valtogombok-valtoszoknyak/" "Mozilla/5.0 (Macintosh; Intel Mac OS X 10_15_7) AppleWebKit/537.36 (KHTML, like Gecko) Chrome/147.0.0.0 Safari/537.36"
34.96.49.120 - - [08/May/2026:13:21:14 +0200] "GET /wp-content/plugins/woocommerce-products-filter/ext/smart_designer/css/elements/radio.css?ver=1.3.8.1 HTTP/1.1" 200 1497 "http://royaltuning.hu/termekkategoria/valtogombok-valtoszoknyak/" "Mozilla/5.0 (Macintosh; Intel Mac OS X 10_15_7) AppleWebKit/537.36 (KHTML, like Gecko) Chrome/147.0.0.0 Safari/537.36"
34.96.49.120 - - [08/May/2026:13:21:14 +0200] "GET /wp-content/plugins/woocommerce-products-filter/ext/smart_designer/css/elements/switcher.css?ver=1.3.8.1 HTTP/1.1" 200 1567 "http://royaltuning.hu/termekkategoria/valtogombok-valtoszoknyak/" "Mozilla/5.0 (Macintosh; Intel Mac OS X 10_15_7) AppleWebKit/537.36 (KHTML, like Gecko) Chrome/147.0.0.0 Safari/537.36"
34.96.49.120 - - [08/May/2026:13:21:14 +0200] "GET /wp-content/plugins/smooth-back-to-top-button/assets/css/sbttb-fonts.css?ver=1.3.0 HTTP/1.1" 200 470 "http://royaltuning.hu/termekkategoria/valtogombok-valtoszoknyak/" "Mozilla/5.0 (Macintosh; Intel Mac OS X 10_15_7) AppleWebKit/537.36 (KHTML, like Gecko) Chrome/147.0.0.0 Safari/537.36"
