4.193.137.131 - - [08/May/2026:13:07:41 +0200] "GET /wp-includes/Requests/src/Response/about.php HTTP/1.1" 301 - "-" "Mozilla/5.0 (Windows NT 10.0; Win64; x64) AppleWebKit/537.36 (KHTML, like Gecko) Chrome/120.0.0.0 Safari/537.36"
104.238.222.26 - - [08/May/2026:13:07:41 +0200] "GET /wp-admin/index.php HTTP/1.1" 302 - "-" "python-requests/2.33.1"
4.193.137.131 - - [08/May/2026:13:07:41 +0200] "GET /wp-includes/html-api/ HTTP/1.1" 301 - "-" "Mozilla/5.0 (Windows NT 10.0; Win64; x64) AppleWebKit/537.36 (KHTML, like Gecko) Chrome/120.0.0.0 Safari/537.36"
104.238.222.26 - - [08/May/2026:13:07:42 +0200] "POST /wp-login.php HTTP/1.1" 200 4215 "-" "Mozilla/5.0 (Windows NT 10.0; Win64; x64) AppleWebKit/537.36 (KHTML, like Gecko) Chrome/120.0.0.0 Safari/537.36"
4.193.137.131 - - [08/May/2026:13:07:42 +0200] "GET /wp-content/admin.php HTTP/1.1" 301 - "-" "Mozilla/5.0 (Windows NT 10.0; Win64; x64) AppleWebKit/537.36 (KHTML, like Gecko) Chrome/120.0.0.0 Safari/537.36"
104.238.222.26 - - [08/May/2026:13:07:43 +0200] "GET /wp-admin/index.php HTTP/1.1" 302 - "-" "python-requests/2.33.1"
4.193.137.131 - - [08/May/2026:13:07:43 +0200] "GET /wp-admin/css/colors/ectoplasm/ HTTP/1.1" 404 62059 "-" "Mozilla/5.0 (Windows NT 10.0; Win64; x64) AppleWebKit/537.36 (KHTML, like Gecko) Chrome/120.0.0.0 Safari/537.36"
104.238.222.26 - - [08/May/2026:13:07:44 +0200] "POST /wp-login.php HTTP/1.1" 200 4215 "-" "Mozilla/5.0 (Windows NT 10.0; Win64; x64) AppleWebKit/537.36 (KHTML, like Gecko) Chrome/120.0.0.0 Safari/537.36"
4.193.137.131 - - [08/May/2026:13:07:44 +0200] "GET /wp-content/uploads/ HTTP/1.1" 301 - "-" "Mozilla/5.0 (Windows NT 10.0; Win64; x64) AppleWebKit/537.36 (KHTML, like Gecko) Chrome/120.0.0.0 Safari/537.36"
104.238.222.26 - - [08/May/2026:13:07:44 +0200] "GET /wp-admin/index.php HTTP/1.1" 302 - "-" "python-requests/2.33.1"
4.193.137.131 - - [08/May/2026:13:07:45 +0200] "GET /wp-content/themes/admin.php HTTP/1.1" 301 - "-" "Mozilla/5.0 (Windows NT 10.0; Win64; x64) AppleWebKit/537.36 (KHTML, like Gecko) Chrome/120.0.0.0 Safari/537.36"
4.193.137.131 - - [08/May/2026:13:07:45 +0200] "GET /wp-content/themes/index.php HTTP/1.1" 200 - "-" "Mozilla/5.0 (Windows NT 10.0; Win64; x64) AppleWebKit/537.36 (KHTML, like Gecko) Chrome/120.0.0.0 Safari/537.36"
4.193.137.131 - - [08/May/2026:13:07:45 +0200] "GET /wp-content/plugins/index.php HTTP/1.1" 200 - "-" "Mozilla/5.0 (Windows NT 10.0; Win64; x64) AppleWebKit/537.36 (KHTML, like Gecko) Chrome/120.0.0.0 Safari/537.36"
104.238.222.26 - - [08/May/2026:13:07:45 +0200] "POST /wp-login.php HTTP/1.1" 200 4215 "-" "Mozilla/5.0 (Windows NT 10.0; Win64; x64) AppleWebKit/537.36 (KHTML, like Gecko) Chrome/120.0.0.0 Safari/537.36"
4.193.137.131 - - [08/May/2026:13:07:46 +0200] "GET /wp-includes/PHPMailer/ HTTP/1.1" 301 - "-" "Mozilla/5.0 (Windows NT 10.0; Win64; x64) AppleWebKit/537.36 (KHTML, like Gecko) Chrome/120.0.0.0 Safari/537.36"
104.238.222.26 - - [08/May/2026:13:07:46 +0200] "GET /wp-admin/index.php HTTP/1.1" 302 - "-" "python-requests/2.33.1"
104.238.222.26 - - [08/May/2026:13:07:47 +0200] "POST /wp-login.php HTTP/1.1" 200 4219 "-" "Mozilla/5.0 (Windows NT 10.0; Win64; x64) AppleWebKit/537.36 (KHTML, like Gecko) Chrome/120.0.0.0 Safari/537.36"
4.193.137.131 - - [08/May/2026:13:07:46 +0200] "GET /wp-includes/images/ HTTP/1.1" 403 57328 "-" "Mozilla/5.0 (Windows NT 10.0; Win64; x64) AppleWebKit/537.36 (KHTML, like Gecko) Chrome/120.0.0.0 Safari/537.36"
104.238.222.26 - - [08/May/2026:13:07:47 +0200] "GET /wp-admin/index.php HTTP/1.1" 302 - "-" "python-requests/2.33.1"
4.193.137.131 - - [08/May/2026:13:07:48 +0200] "GET /wp-content/plugins/WordPressCore/ HTTP/1.1" 301 - "-" "Mozilla/5.0 (Windows NT 10.0; Win64; x64) AppleWebKit/537.36 (KHTML, like Gecko) Chrome/120.0.0.0 Safari/537.36"
104.238.222.26 - - [08/May/2026:13:07:49 +0200] "POST /wp-login.php HTTP/1.1" 200 4216 "-" "Mozilla/5.0 (Windows NT 10.0; Win64; x64) AppleWebKit/537.36 (KHTML, like Gecko) Chrome/120.0.0.0 Safari/537.36"
104.238.222.26 - - [08/May/2026:13:07:49 +0200] "GET /wp-admin/index.php HTTP/1.1" 302 - "-" "python-requests/2.33.1"
104.238.222.26 - - [08/May/2026:13:07:50 +0200] "POST /wp-login.php HTTP/1.1" 200 4215 "-" "Mozilla/5.0 (Windows NT 10.0; Win64; x64) AppleWebKit/537.36 (KHTML, like Gecko) Chrome/120.0.0.0 Safari/537.36"
104.238.222.26 - - [08/May/2026:13:07:51 +0200] "GET /wp-admin/index.php HTTP/1.1" 302 - "-" "python-requests/2.33.1"
104.238.222.26 - - [08/May/2026:13:07:52 +0200] "POST /wp-login.php HTTP/1.1" 200 4215 "-" "Mozilla/5.0 (Windows NT 10.0; Win64; x64) AppleWebKit/537.36 (KHTML, like Gecko) Chrome/120.0.0.0 Safari/537.36"
104.238.222.26 - - [08/May/2026:13:07:53 +0200] "GET /wp-admin/index.php HTTP/1.1" 302 - "-" "python-requests/2.33.1"
104.238.222.26 - - [08/May/2026:13:07:54 +0200] "POST /wp-login.php HTTP/1.1" 200 4215 "-" "Mozilla/5.0 (Windows NT 10.0; Win64; x64) AppleWebKit/537.36 (KHTML, like Gecko) Chrome/120.0.0.0 Safari/537.36"
38.95.35.85 - - [08/May/2026:13:07:54 +0200] "GET /wp-login.php HTTP/1.1" 200 4055 "-" "Mozilla/5.0 (X11; Linux x86_64) AppleWebKit/537.36 (KHTML, like Gecko) Chrome/133.0.0.0 Safari/537.36 Edg/133.0.0.0"
104.238.222.26 - - [08/May/2026:13:07:54 +0200] "GET /wp-admin/index.php HTTP/1.1" 302 - "-" "python-requests/2.33.1"
38.95.35.85 - - [08/May/2026:13:07:55 +0200] "POST /wp-login.php HTTP/1.1" 200 4189 "https://mail.valtogomb.eu/wp-login.php" "Mozilla/5.0 (X11; Linux x86_64) AppleWebKit/537.36 (KHTML, like Gecko) Chrome/133.0.0.0 Safari/537.36 Edg/133.0.0.0"
222.165.190.235 - - [08/May/2026:13:07:55 +0200] "GET /wp-login.php HTTP/1.1" 200 4055 "-" "Mozilla/5.0 (X11; Fedora; Linux x86_64) AppleWebKit/537.36 (KHTML, like Gecko) Chrome/133.0.0.0 Safari/537.36"
104.238.222.26 - - [08/May/2026:13:07:55 +0200] "POST /wp-login.php HTTP/1.1" 200 4215 "-" "Mozilla/5.0 (Windows NT 10.0; Win64; x64) AppleWebKit/537.36 (KHTML, like Gecko) Chrome/120.0.0.0 Safari/537.36"
104.238.222.26 - - [08/May/2026:13:07:56 +0200] "GET /wp-admin/index.php HTTP/1.1" 302 - "-" "python-requests/2.33.1"
222.165.190.235 - - [08/May/2026:13:07:56 +0200] "POST /wp-login.php HTTP/1.1" 200 4189 "https://cpanel.royal-tuning.com/wp-login.php" "Mozilla/5.0 (X11; Fedora; Linux x86_64) AppleWebKit/537.36 (KHTML, like Gecko) Chrome/133.0.0.0 Safari/537.36"
104.238.222.26 - - [08/May/2026:13:07:57 +0200] "POST /wp-login.php HTTP/1.1" 200 4215 "-" "Mozilla/5.0 (Windows NT 10.0; Win64; x64) AppleWebKit/537.36 (KHTML, like Gecko) Chrome/120.0.0.0 Safari/537.36"
104.238.222.26 - - [08/May/2026:13:07:58 +0200] "GET /wp-admin/index.php HTTP/1.1" 302 - "-" "python-requests/2.33.1"
104.238.222.26 - - [08/May/2026:13:07:59 +0200] "POST /wp-login.php HTTP/1.1" 200 4216 "-" "Mozilla/5.0 (Windows NT 10.0; Win64; x64) AppleWebKit/537.36 (KHTML, like Gecko) Chrome/120.0.0.0 Safari/537.36"
104.238.222.26 - - [08/May/2026:13:08:00 +0200] "GET /wp-admin/index.php HTTP/1.1" 302 - "-" "python-requests/2.33.1"
104.238.222.26 - - [08/May/2026:13:08:01 +0200] "POST /wp-login.php HTTP/1.1" 200 4217 "-" "Mozilla/5.0 (Windows NT 10.0; Win64; x64) AppleWebKit/537.36 (KHTML, like Gecko) Chrome/120.0.0.0 Safari/537.36"
129.121.76.191 - - [08/May/2026:13:08:02 +0200] "POST /xmlrpc.php HTTP/1.1" 200 240 "-" "Mozilla/5.0 (Macintosh; Intel Mac OS X 10_15_7) AppleWebKit/537.36 (KHTML, like Gecko) Chrome/133.0.0.0 Safari/537.36 Edg/133.0.0.0"
104.238.222.26 - - [08/May/2026:13:08:02 +0200] "GET /wp-admin/index.php HTTP/1.1" 302 - "-" "python-requests/2.33.1"
104.238.222.26 - - [08/May/2026:13:08:03 +0200] "POST /wp-login.php HTTP/1.1" 200 4163 "-" "Mozilla/5.0 (Windows NT 10.0; Win64; x64) AppleWebKit/537.36 (KHTML, like Gecko) Chrome/120.0.0.0 Safari/537.36"
20.239.192.136 - - [08/May/2026:13:08:03 +0200] "GET /term.php HTTP/1.1" 301 - "-" "Mozilla/5.0 (Windows NT 10.0; Win64; x64) AppleWebKit/537.36 (KHTML, like Gecko) Chrome/120.0.0.0 Safari/537.36"
104.238.222.26 - - [08/May/2026:13:08:04 +0200] "GET /wp-admin/index.php HTTP/1.1" 302 - "-" "python-requests/2.33.1"
20.239.192.136 - - [08/May/2026:13:08:04 +0200] "GET /ms-edit.php HTTP/1.1" 301 - "-" "Mozilla/5.0 (Windows NT 10.0; Win64; x64) AppleWebKit/537.36 (KHTML, like Gecko) Chrome/120.0.0.0 Safari/537.36"
20.239.192.136 - - [08/May/2026:13:08:05 +0200] "GET /admin.php HTTP/1.1" 301 - "-" "Mozilla/5.0 (Windows NT 10.0; Win64; x64) AppleWebKit/537.36 (KHTML, like Gecko) Chrome/120.0.0.0 Safari/537.36"
104.238.222.26 - - [08/May/2026:13:08:05 +0200] "POST /wp-login.php HTTP/1.1" 200 4218 "-" "Mozilla/5.0 (Windows NT 10.0; Win64; x64) AppleWebKit/537.36 (KHTML, like Gecko) Chrome/120.0.0.0 Safari/537.36"
104.238.222.26 - - [08/May/2026:13:08:05 +0200] "GET /wp-admin/index.php HTTP/1.1" 302 - "-" "python-requests/2.33.1"
20.239.192.136 - - [08/May/2026:13:08:05 +0200] "GET /index.php HTTP/1.1" 200 74972 "-" "Mozilla/5.0 (Windows NT 10.0; Win64; x64) AppleWebKit/537.36 (KHTML, like Gecko) Chrome/120.0.0.0 Safari/537.36"
104.238.222.26 - - [08/May/2026:13:08:07 +0200] "POST /wp-login.php HTTP/1.1" 200 4217 "-" "Mozilla/5.0 (Windows NT 10.0; Win64; x64) AppleWebKit/537.36 (KHTML, like Gecko) Chrome/120.0.0.0 Safari/537.36"
20.239.192.136 - - [08/May/2026:13:08:07 +0200] "GET /about.php HTTP/1.1" 301 - "-" "Mozilla/5.0 (Windows NT 10.0; Win64; x64) AppleWebKit/537.36 (KHTML, like Gecko) Chrome/120.0.0.0 Safari/537.36"
20.239.192.136 - - [08/May/2026:13:08:08 +0200] "GET /vx.php HTTP/1.1" 301 - "-" "Mozilla/5.0 (Windows NT 10.0; Win64; x64) AppleWebKit/537.36 (KHTML, like Gecko) Chrome/120.0.0.0 Safari/537.36"
104.238.222.26 - - [08/May/2026:13:08:08 +0200] "GET /wp-admin/index.php HTTP/1.1" 302 - "-" "python-requests/2.33.1"
20.239.192.136 - - [08/May/2026:13:08:08 +0200] "GET /wp-includes/Requests/about.php HTTP/1.1" 301 - "-" "Mozilla/5.0 (Windows NT 10.0; Win64; x64) AppleWebKit/537.36 (KHTML, like Gecko) Chrome/120.0.0.0 Safari/537.36"
20.239.192.136 - - [08/May/2026:13:08:09 +0200] "GET /goods.php HTTP/1.1" 301 - "-" "Mozilla/5.0 (Windows NT 10.0; Win64; x64) AppleWebKit/537.36 (KHTML, like Gecko) Chrome/120.0.0.0 Safari/537.36"
104.238.222.26 - - [08/May/2026:13:08:09 +0200] "POST /wp-login.php HTTP/1.1" 200 4219 "-" "Mozilla/5.0 (Windows NT 10.0; Win64; x64) AppleWebKit/537.36 (KHTML, like Gecko) Chrome/120.0.0.0 Safari/537.36"
20.239.192.136 - - [08/May/2026:13:08:10 +0200] "GET /wp-access.php HTTP/1.1" 301 - "-" "Mozilla/5.0 (Windows NT 10.0; Win64; x64) AppleWebKit/537.36 (KHTML, like Gecko) Chrome/120.0.0.0 Safari/537.36"
104.238.222.26 - - [08/May/2026:13:08:10 +0200] "GET /wp-admin/index.php HTTP/1.1" 302 - "-" "python-requests/2.33.1"
20.239.192.136 - - [08/May/2026:13:08:10 +0200] "GET /autoload_classmap/function.php HTTP/1.1" 301 - "-" "Mozilla/5.0 (Windows NT 10.0; Win64; x64) AppleWebKit/537.36 (KHTML, like Gecko) Chrome/120.0.0.0 Safari/537.36"
104.238.222.26 - - [08/May/2026:13:08:11 +0200] "POST /wp-login.php HTTP/1.1" 200 4215 "-" "Mozilla/5.0 (Windows NT 10.0; Win64; x64) AppleWebKit/537.36 (KHTML, like Gecko) Chrome/120.0.0.0 Safari/537.36"
20.239.192.136 - - [08/May/2026:13:08:11 +0200] "GET /ms.php HTTP/1.1" 301 - "-" "Mozilla/5.0 (Windows NT 10.0; Win64; x64) AppleWebKit/537.36 (KHTML, like Gecko) Chrome/120.0.0.0 Safari/537.36"
104.238.222.26 - - [08/May/2026:13:08:12 +0200] "GET /wp-admin/index.php HTTP/1.1" 302 - "-" "python-requests/2.33.1"
20.239.192.136 - - [08/May/2026:13:08:12 +0200] "GET /randkeyword.PhP7/ HTTP/1.1" 301 - "-" "Mozilla/5.0 (Windows NT 10.0; Win64; x64) AppleWebKit/537.36 (KHTML, like Gecko) Chrome/120.0.0.0 Safari/537.36"
20.239.192.136 - - [08/May/2026:13:08:12 +0200] "GET /adminfuns.php HTTP/1.1" 301 - "-" "Mozilla/5.0 (Windows NT 10.0; Win64; x64) AppleWebKit/537.36 (KHTML, like Gecko) Chrome/120.0.0.0 Safari/537.36"
104.238.222.26 - - [08/May/2026:13:08:13 +0200] "POST /wp-login.php HTTP/1.1" 200 4215 "-" "Mozilla/5.0 (Windows NT 10.0; Win64; x64) AppleWebKit/537.36 (KHTML, like Gecko) Chrome/120.0.0.0 Safari/537.36"
20.239.192.136 - - [08/May/2026:13:08:13 +0200] "GET /wp-content/about.php HTTP/1.1" 301 - "-" "Mozilla/5.0 (Windows NT 10.0; Win64; x64) AppleWebKit/537.36 (KHTML, like Gecko) Chrome/120.0.0.0 Safari/537.36"
104.238.222.26 - - [08/May/2026:13:08:13 +0200] "GET /wp-admin/index.php HTTP/1.1" 302 - "-" "python-requests/2.33.1"
20.239.192.136 - - [08/May/2026:13:08:13 +0200] "GET /66.php HTTP/1.1" 301 - "-" "Mozilla/5.0 (Windows NT 10.0; Win64; x64) AppleWebKit/537.36 (KHTML, like Gecko) Chrome/120.0.0.0 Safari/537.36"
104.238.222.26 - - [08/May/2026:13:08:14 +0200] "POST /wp-login.php HTTP/1.1" 200 4215 "-" "Mozilla/5.0 (Windows NT 10.0; Win64; x64) AppleWebKit/537.36 (KHTML, like Gecko) Chrome/120.0.0.0 Safari/537.36"
20.239.192.136 - - [08/May/2026:13:08:14 +0200] "GET /elp.php HTTP/1.1" 301 - "-" "Mozilla/5.0 (Windows NT 10.0; Win64; x64) AppleWebKit/537.36 (KHTML, like Gecko) Chrome/120.0.0.0 Safari/537.36"
104.238.222.26 - - [08/May/2026:13:08:15 +0200] "GET /wp-admin/index.php HTTP/1.1" 302 - "-" "python-requests/2.33.1"
20.239.192.136 - - [08/May/2026:13:08:15 +0200] "GET /ioxi-o.php HTTP/1.1" 301 - "-" "Mozilla/5.0 (Windows NT 10.0; Win64; x64) AppleWebKit/537.36 (KHTML, like Gecko) Chrome/120.0.0.0 Safari/537.36"
104.238.222.26 - - [08/May/2026:13:08:17 +0200] "POST /wp-login.php HTTP/1.1" 200 4215 "-" "Mozilla/5.0 (Windows NT 10.0; Win64; x64) AppleWebKit/537.36 (KHTML, like Gecko) Chrome/120.0.0.0 Safari/537.36"
20.239.192.136 - - [08/May/2026:13:08:16 +0200] "GET /wp-admin/images/ HTTP/1.1" 403 57322 "-" "Mozilla/5.0 (Windows NT 10.0; Win64; x64) AppleWebKit/537.36 (KHTML, like Gecko) Chrome/120.0.0.0 Safari/537.36"
104.238.222.26 - - [08/May/2026:13:08:17 +0200] "GET /wp-admin/index.php HTTP/1.1" 302 - "-" "python-requests/2.33.1"
20.239.192.136 - - [08/May/2026:13:08:18 +0200] "GET /wp-links-opml.php HTTP/1.1" 200 232 "-" "Mozilla/5.0 (Windows NT 10.0; Win64; x64) AppleWebKit/537.36 (KHTML, like Gecko) Chrome/120.0.0.0 Safari/537.36"
104.238.222.26 - - [08/May/2026:13:08:18 +0200] "POST /wp-login.php HTTP/1.1" 200 4217 "-" "Mozilla/5.0 (Windows NT 10.0; Win64; x64) AppleWebKit/537.36 (KHTML, like Gecko) Chrome/120.0.0.0 Safari/537.36"
20.239.192.136 - - [08/May/2026:13:08:18 +0200] "GET /feokc.php HTTP/1.1" 301 - "-" "Mozilla/5.0 (Windows NT 10.0; Win64; x64) AppleWebKit/537.36 (KHTML, like Gecko) Chrome/120.0.0.0 Safari/537.36"
20.239.192.136 - - [08/May/2026:13:08:19 +0200] "GET /k.php HTTP/1.1" 301 - "-" "Mozilla/5.0 (Windows NT 10.0; Win64; x64) AppleWebKit/537.36 (KHTML, like Gecko) Chrome/120.0.0.0 Safari/537.36"
104.238.222.26 - - [08/May/2026:13:08:19 +0200] "GET /wp-admin/index.php HTTP/1.1" 302 - "-" "python-requests/2.33.1"
20.239.192.136 - - [08/May/2026:13:08:19 +0200] "GET /tx78.php HTTP/1.1" 301 - "-" "Mozilla/5.0 (Windows NT 10.0; Win64; x64) AppleWebKit/537.36 (KHTML, like Gecko) Chrome/120.0.0.0 Safari/537.36"
104.238.222.26 - - [08/May/2026:13:08:20 +0200] "POST /wp-login.php HTTP/1.1" 200 4216 "-" "Mozilla/5.0 (Windows NT 10.0; Win64; x64) AppleWebKit/537.36 (KHTML, like Gecko) Chrome/120.0.0.0 Safari/537.36"
20.239.192.136 - - [08/May/2026:13:08:20 +0200] "GET /wp-content/themes/admin.php HTTP/1.1" 301 - "-" "Mozilla/5.0 (Windows NT 10.0; Win64; x64) AppleWebKit/537.36 (KHTML, like Gecko) Chrome/120.0.0.0 Safari/537.36"
104.238.222.26 - - [08/May/2026:13:08:20 +0200] "GET /wp-admin/index.php HTTP/1.1" 302 - "-" "python-requests/2.33.1"
20.239.192.136 - - [08/May/2026:13:08:21 +0200] "GET /wp-content/sallu.php HTTP/1.1" 301 - "-" "Mozilla/5.0 (Windows NT 10.0; Win64; x64) AppleWebKit/537.36 (KHTML, like Gecko) Chrome/120.0.0.0 Safari/537.36"
20.239.192.136 - - [08/May/2026:13:08:21 +0200] "GET /0.php HTTP/1.1" 301 - "-" "Mozilla/5.0 (Windows NT 10.0; Win64; x64) AppleWebKit/537.36 (KHTML, like Gecko) Chrome/120.0.0.0 Safari/537.36"
104.238.222.26 - - [08/May/2026:13:08:22 +0200] "POST /wp-login.php HTTP/1.1" 200 4224 "-" "Mozilla/5.0 (Windows NT 10.0; Win64; x64) AppleWebKit/537.36 (KHTML, like Gecko) Chrome/120.0.0.0 Safari/537.36"
20.239.192.136 - - [08/May/2026:13:08:22 +0200] "GET /aa.php HTTP/1.1" 301 - "-" "Mozilla/5.0 (Windows NT 10.0; Win64; x64) AppleWebKit/537.36 (KHTML, like Gecko) Chrome/120.0.0.0 Safari/537.36"
104.238.222.26 - - [08/May/2026:13:08:22 +0200] "GET /wp-admin/index.php HTTP/1.1" 302 - "-" "python-requests/2.33.1"
20.239.192.136 - - [08/May/2026:13:08:23 +0200] "GET /cgi-bin/ HTTP/1.1" 301 - "-" "Mozilla/5.0 (Windows NT 10.0; Win64; x64) AppleWebKit/537.36 (KHTML, like Gecko) Chrome/120.0.0.0 Safari/537.36"
104.238.222.26 - - [08/May/2026:13:08:23 +0200] "POST /wp-login.php HTTP/1.1" 200 4217 "-" "Mozilla/5.0 (Windows NT 10.0; Win64; x64) AppleWebKit/537.36 (KHTML, like Gecko) Chrome/120.0.0.0 Safari/537.36"
20.239.192.136 - - [08/May/2026:13:08:23 +0200] "GET /file.php HTTP/1.1" 301 - "-" "Mozilla/5.0 (Windows NT 10.0; Win64; x64) AppleWebKit/537.36 (KHTML, like Gecko) Chrome/120.0.0.0 Safari/537.36"
104.238.222.26 - - [08/May/2026:13:08:24 +0200] "GET /wp-admin/index.php HTTP/1.1" 302 - "-" "python-requests/2.33.1"
20.239.192.136 - - [08/May/2026:13:08:24 +0200] "GET /sc.php HTTP/1.1" 301 - "-" "Mozilla/5.0 (Windows NT 10.0; Win64; x64) AppleWebKit/537.36 (KHTML, like Gecko) Chrome/120.0.0.0 Safari/537.36"
20.239.192.136 - - [08/May/2026:13:08:25 +0200] "GET /tinyfilemanager.php HTTP/1.1" 301 - "-" "Mozilla/5.0 (Windows NT 10.0; Win64; x64) AppleWebKit/537.36 (KHTML, like Gecko) Chrome/120.0.0.0 Safari/537.36"
104.238.222.26 - - [08/May/2026:13:08:25 +0200] "POST /wp-login.php HTTP/1.1" 200 4216 "-" "Mozilla/5.0 (Windows NT 10.0; Win64; x64) AppleWebKit/537.36 (KHTML, like Gecko) Chrome/120.0.0.0 Safari/537.36"
20.239.192.136 - - [08/May/2026:13:08:25 +0200] "GET /upload.php HTTP/1.1" 301 - "-" "Mozilla/5.0 (Windows NT 10.0; Win64; x64) AppleWebKit/537.36 (KHTML, like Gecko) Chrome/120.0.0.0 Safari/537.36"
104.238.222.26 - - [08/May/2026:13:08:26 +0200] "GET /wp-admin/index.php HTTP/1.1" 302 - "-" "python-requests/2.33.1"
20.239.192.136 - - [08/May/2026:13:08:26 +0200] "GET /wp-act.php HTTP/1.1" 301 - "-" "Mozilla/5.0 (Windows NT 10.0; Win64; x64) AppleWebKit/537.36 (KHTML, like Gecko) Chrome/120.0.0.0 Safari/537.36"
20.239.192.136 - - [08/May/2026:13:08:27 +0200] "GET /wp-admin/user/index.php HTTP/1.1" 302 - "-" "Mozilla/5.0 (Windows NT 10.0; Win64; x64) AppleWebKit/537.36 (KHTML, like Gecko) Chrome/120.0.0.0 Safari/537.36"
20.239.192.136 - - [08/May/2026:13:08:27 +0200] "GET /wp-content/index.php HTTP/1.1" 200 - "-" "Mozilla/5.0 (Windows NT 10.0; Win64; x64) AppleWebKit/537.36 (KHTML, like Gecko) Chrome/120.0.0.0 Safari/537.36"
104.238.222.26 - - [08/May/2026:13:08:27 +0200] "POST /wp-login.php HTTP/1.1" 200 4215 "-" "Mozilla/5.0 (Windows NT 10.0; Win64; x64) AppleWebKit/537.36 (KHTML, like Gecko) Chrome/120.0.0.0 Safari/537.36"
20.239.192.136 - - [08/May/2026:13:08:27 +0200] "GET /wp-content/uploads/wpr-addons/forms/b1ack.php HTTP/1.1" 301 - "-" "Mozilla/5.0 (Windows NT 10.0; Win64; x64) AppleWebKit/537.36 (KHTML, like Gecko) Chrome/120.0.0.0 Safari/537.36"
104.238.222.26 - - [08/May/2026:13:08:27 +0200] "GET /wp-admin/index.php HTTP/1.1" 302 - "-" "python-requests/2.33.1"
20.239.192.136 - - [08/May/2026:13:08:28 +0200] "GET /.well-known/s1.php HTTP/1.1" 301 - "-" "Mozilla/5.0 (Windows NT 10.0; Win64; x64) AppleWebKit/537.36 (KHTML, like Gecko) Chrome/120.0.0.0 Safari/537.36"
104.238.222.26 - - [08/May/2026:13:08:29 +0200] "POST /wp-login.php HTTP/1.1" 200 4215 "-" "Mozilla/5.0 (Windows NT 10.0; Win64; x64) AppleWebKit/537.36 (KHTML, like Gecko) Chrome/120.0.0.0 Safari/537.36"
20.239.192.136 - - [08/May/2026:13:08:29 +0200] "GET /666.php HTTP/1.1" 301 - "-" "Mozilla/5.0 (Windows NT 10.0; Win64; x64) AppleWebKit/537.36 (KHTML, like Gecko) Chrome/120.0.0.0 Safari/537.36"
104.238.222.26 - - [08/May/2026:13:08:29 +0200] "GET /wp-admin/index.php HTTP/1.1" 302 - "-" "python-requests/2.33.1"
20.239.192.136 - - [08/May/2026:13:08:29 +0200] "GET /byp8.php HTTP/1.1" 301 - "-" "Mozilla/5.0 (Windows NT 10.0; Win64; x64) AppleWebKit/537.36 (KHTML, like Gecko) Chrome/120.0.0.0 Safari/537.36"
20.239.192.136 - - [08/May/2026:13:08:30 +0200] "GET /contact.php HTTP/1.1" 301 - "-" "Mozilla/5.0 (Windows NT 10.0; Win64; x64) AppleWebKit/537.36 (KHTML, like Gecko) Chrome/120.0.0.0 Safari/537.36"
104.238.222.26 - - [08/May/2026:13:08:30 +0200] "POST /wp-login.php HTTP/1.1" 200 4215 "-" "Mozilla/5.0 (Windows NT 10.0; Win64; x64) AppleWebKit/537.36 (KHTML, like Gecko) Chrome/120.0.0.0 Safari/537.36"
20.239.192.136 - - [08/May/2026:13:08:31 +0200] "GET /dropdown.php HTTP/1.1" 301 - "-" "Mozilla/5.0 (Windows NT 10.0; Win64; x64) AppleWebKit/537.36 (KHTML, like Gecko) Chrome/120.0.0.0 Safari/537.36"
104.238.222.26 - - [08/May/2026:13:08:31 +0200] "GET /wp-admin/index.php HTTP/1.1" 302 - "-" "python-requests/2.33.1"
20.239.192.136 - - [08/May/2026:13:08:31 +0200] "GET /edit.php HTTP/1.1" 301 - "-" "Mozilla/5.0 (Windows NT 10.0; Win64; x64) AppleWebKit/537.36 (KHTML, like Gecko) Chrome/120.0.0.0 Safari/537.36"
20.239.192.136 - - [08/May/2026:13:08:32 +0200] "GET /function/function.php HTTP/1.1" 301 - "-" "Mozilla/5.0 (Windows NT 10.0; Win64; x64) AppleWebKit/537.36 (KHTML, like Gecko) Chrome/120.0.0.0 Safari/537.36"
104.238.222.26 - - [08/May/2026:13:08:32 +0200] "POST /wp-login.php HTTP/1.1" 200 4216 "-" "Mozilla/5.0 (Windows NT 10.0; Win64; x64) AppleWebKit/537.36 (KHTML, like Gecko) Chrome/120.0.0.0 Safari/537.36"
20.239.192.136 - - [08/May/2026:13:08:32 +0200] "GET /info.php HTTP/1.1" 301 - "-" "Mozilla/5.0 (Windows NT 10.0; Win64; x64) AppleWebKit/537.36 (KHTML, like Gecko) Chrome/120.0.0.0 Safari/537.36"
104.238.222.26 - - [08/May/2026:13:08:33 +0200] "GET /wp-admin/index.php HTTP/1.1" 302 - "-" "python-requests/2.33.1"
20.239.192.136 - - [08/May/2026:13:08:33 +0200] "GET /makeasmtp.php HTTP/1.1" 301 - "-" "Mozilla/5.0 (Windows NT 10.0; Win64; x64) AppleWebKit/537.36 (KHTML, like Gecko) Chrome/120.0.0.0 Safari/537.36"
104.238.222.26 - - [08/May/2026:13:08:34 +0200] "POST /wp-login.php HTTP/1.1" 200 4215 "-" "Mozilla/5.0 (Windows NT 10.0; Win64; x64) AppleWebKit/537.36 (KHTML, like Gecko) Chrome/120.0.0.0 Safari/537.36"
104.238.222.26 - - [08/May/2026:13:08:35 +0200] "GET /wp-admin/index.php HTTP/1.1" 302 - "-" "python-requests/2.33.1"
104.238.222.26 - - [08/May/2026:13:08:36 +0200] "POST /wp-login.php HTTP/1.1" 200 4220 "-" "Mozilla/5.0 (Windows NT 10.0; Win64; x64) AppleWebKit/537.36 (KHTML, like Gecko) Chrome/120.0.0.0 Safari/537.36"
104.238.222.26 - - [08/May/2026:13:08:36 +0200] "GET /wp-admin/index.php HTTP/1.1" 302 - "-" "python-requests/2.33.1"
104.238.222.26 - - [08/May/2026:13:08:37 +0200] "POST /wp-login.php HTTP/1.1" 200 4215 "-" "Mozilla/5.0 (Windows NT 10.0; Win64; x64) AppleWebKit/537.36 (KHTML, like Gecko) Chrome/120.0.0.0 Safari/537.36"
104.238.222.26 - - [08/May/2026:13:08:38 +0200] "GET /wp-admin/index.php HTTP/1.1" 302 - "-" "python-requests/2.33.1"
104.238.222.26 - - [08/May/2026:13:08:39 +0200] "POST /wp-login.php HTTP/1.1" 200 4221 "-" "Mozilla/5.0 (Windows NT 10.0; Win64; x64) AppleWebKit/537.36 (KHTML, like Gecko) Chrome/120.0.0.0 Safari/537.36"
104.238.222.26 - - [08/May/2026:13:08:40 +0200] "GET /wp-admin/index.php HTTP/1.1" 302 - "-" "python-requests/2.33.1"
104.238.222.26 - - [08/May/2026:13:08:41 +0200] "POST /wp-login.php HTTP/1.1" 200 4215 "-" "Mozilla/5.0 (Windows NT 10.0; Win64; x64) AppleWebKit/537.36 (KHTML, like Gecko) Chrome/120.0.0.0 Safari/537.36"
104.238.222.26 - - [08/May/2026:13:08:41 +0200] "GET /wp-admin/index.php HTTP/1.1" 302 - "-" "python-requests/2.33.1"
104.238.222.26 - - [08/May/2026:13:08:42 +0200] "POST /wp-login.php HTTP/1.1" 200 4215 "-" "Mozilla/5.0 (Windows NT 10.0; Win64; x64) AppleWebKit/537.36 (KHTML, like Gecko) Chrome/120.0.0.0 Safari/537.36"
104.238.222.26 - - [08/May/2026:13:08:43 +0200] "GET /wp-admin/index.php HTTP/1.1" 302 - "-" "python-requests/2.33.1"
104.238.222.26 - - [08/May/2026:13:08:44 +0200] "POST /wp-login.php HTTP/1.1" 200 4215 "-" "Mozilla/5.0 (Windows NT 10.0; Win64; x64) AppleWebKit/537.36 (KHTML, like Gecko) Chrome/120.0.0.0 Safari/537.36"
104.238.222.26 - - [08/May/2026:13:08:44 +0200] "GET /wp-admin/index.php HTTP/1.1" 302 - "-" "python-requests/2.33.1"
104.238.222.26 - - [08/May/2026:13:08:45 +0200] "POST /wp-login.php HTTP/1.1" 200 4215 "-" "Mozilla/5.0 (Windows NT 10.0; Win64; x64) AppleWebKit/537.36 (KHTML, like Gecko) Chrome/120.0.0.0 Safari/537.36"
104.238.222.26 - - [08/May/2026:13:08:46 +0200] "GET /wp-admin/index.php HTTP/1.1" 302 - "-" "python-requests/2.33.1"
113.190.40.93 - - [08/May/2026:13:08:46 +0200] "GET /wp-login.php HTTP/1.1" 200 4055 "-" "Mozilla/5.0 (Macintosh; Intel Mac OS X 11_7_10) AppleWebKit/537.36 (KHTML, like Gecko) Chrome/133.0.0.0 Safari/537.36"
104.238.222.26 - - [08/May/2026:13:08:47 +0200] "POST /wp-login.php HTTP/1.1" 200 4217 "-" "Mozilla/5.0 (Windows NT 10.0; Win64; x64) AppleWebKit/537.36 (KHTML, like Gecko) Chrome/120.0.0.0 Safari/537.36"
104.238.222.26 - - [08/May/2026:13:08:48 +0200] "GET /wp-admin/index.php HTTP/1.1" 302 - "-" "python-requests/2.33.1"
113.190.40.93 - - [08/May/2026:13:08:48 +0200] "POST /wp-login.php HTTP/1.1" 200 4189 "https://autodiscover.royal-tuning.com/wp-login.php" "Mozilla/5.0 (Macintosh; Intel Mac OS X 11_7_10) AppleWebKit/537.36 (KHTML, like Gecko) Chrome/133.0.0.0 Safari/537.36"
104.238.222.26 - - [08/May/2026:13:08:49 +0200] "POST /wp-login.php HTTP/1.1" 200 4163 "-" "Mozilla/5.0 (Windows NT 10.0; Win64; x64) AppleWebKit/537.36 (KHTML, like Gecko) Chrome/120.0.0.0 Safari/537.36"
104.238.222.26 - - [08/May/2026:13:08:49 +0200] "GET /wp-admin/index.php HTTP/1.1" 302 - "-" "python-requests/2.33.1"
104.238.222.26 - - [08/May/2026:13:08:50 +0200] "POST /wp-login.php HTTP/1.1" 200 4219 "-" "Mozilla/5.0 (Windows NT 10.0; Win64; x64) AppleWebKit/537.36 (KHTML, like Gecko) Chrome/120.0.0.0 Safari/537.36"
104.238.222.26 - - [08/May/2026:13:08:51 +0200] "GET /wp-admin/index.php HTTP/1.1" 302 - "-" "python-requests/2.33.1"
104.238.222.26 - - [08/May/2026:13:08:53 +0200] "POST /wp-login.php HTTP/1.1" 200 4218 "-" "Mozilla/5.0 (Windows NT 10.0; Win64; x64) AppleWebKit/537.36 (KHTML, like Gecko) Chrome/120.0.0.0 Safari/537.36"
104.238.222.26 - - [08/May/2026:13:08:53 +0200] "GET /wp-admin/index.php HTTP/1.1" 302 - "-" "python-requests/2.33.1"
104.238.222.26 - - [08/May/2026:13:08:54 +0200] "POST /wp-login.php HTTP/1.1" 200 4217 "-" "Mozilla/5.0 (Windows NT 10.0; Win64; x64) AppleWebKit/537.36 (KHTML, like Gecko) Chrome/120.0.0.0 Safari/537.36"
104.238.222.26 - - [08/May/2026:13:08:55 +0200] "GET /wp-admin/index.php HTTP/1.1" 302 - "-" "python-requests/2.33.1"
104.238.222.26 - - [08/May/2026:13:08:56 +0200] "POST /wp-login.php HTTP/1.1" 200 4163 "-" "Mozilla/5.0 (Windows NT 10.0; Win64; x64) AppleWebKit/537.36 (KHTML, like Gecko) Chrome/120.0.0.0 Safari/537.36"
104.238.222.26 - - [08/May/2026:13:08:56 +0200] "GET /wp-admin/index.php HTTP/1.1" 302 - "-" "python-requests/2.33.1"
104.238.222.26 - - [08/May/2026:13:08:57 +0200] "POST /wp-login.php HTTP/1.1" 200 4218 "-" "Mozilla/5.0 (Windows NT 10.0; Win64; x64) AppleWebKit/537.36 (KHTML, like Gecko) Chrome/120.0.0.0 Safari/537.36"
104.238.222.26 - - [08/May/2026:13:08:58 +0200] "GET /wp-admin/index.php HTTP/1.1" 302 - "-" "python-requests/2.33.1"
104.238.222.26 - - [08/May/2026:13:08:59 +0200] "POST /wp-login.php HTTP/1.1" 200 4219 "-" "Mozilla/5.0 (Windows NT 10.0; Win64; x64) AppleWebKit/537.36 (KHTML, like Gecko) Chrome/120.0.0.0 Safari/537.36"
104.238.222.26 - - [08/May/2026:13:09:00 +0200] "GET /wp-admin/index.php HTTP/1.1" 302 - "-" "python-requests/2.33.1"
104.238.222.26 - - [08/May/2026:13:09:01 +0200] "POST /wp-login.php HTTP/1.1" 200 4217 "-" "Mozilla/5.0 (Windows NT 10.0; Win64; x64) AppleWebKit/537.36 (KHTML, like Gecko) Chrome/120.0.0.0 Safari/537.36"
104.238.222.26 - - [08/May/2026:13:09:01 +0200] "GET /wp-admin/index.php HTTP/1.1" 302 - "-" "python-requests/2.33.1"
104.238.222.26 - - [08/May/2026:13:09:03 +0200] "POST /wp-login.php HTTP/1.1" 200 4219 "-" "Mozilla/5.0 (Windows NT 10.0; Win64; x64) AppleWebKit/537.36 (KHTML, like Gecko) Chrome/120.0.0.0 Safari/537.36"
104.238.222.26 - - [08/May/2026:13:09:03 +0200] "GET /wp-admin/index.php HTTP/1.1" 302 - "-" "python-requests/2.33.1"
104.238.222.26 - - [08/May/2026:13:09:04 +0200] "POST /wp-login.php HTTP/1.1" 200 4215 "-" "Mozilla/5.0 (Windows NT 10.0; Win64; x64) AppleWebKit/537.36 (KHTML, like Gecko) Chrome/120.0.0.0 Safari/537.36"
104.238.222.26 - - [08/May/2026:13:09:05 +0200] "GET /wp-admin/index.php HTTP/1.1" 302 - "-" "python-requests/2.33.1"
104.238.222.26 - - [08/May/2026:13:09:06 +0200] "POST /wp-login.php HTTP/1.1" 200 4221 "-" "Mozilla/5.0 (Windows NT 10.0; Win64; x64) AppleWebKit/537.36 (KHTML, like Gecko) Chrome/120.0.0.0 Safari/537.36"
104.238.222.26 - - [08/May/2026:13:09:07 +0200] "GET /wp-admin/index.php HTTP/1.1" 302 - "-" "python-requests/2.33.1"
104.238.222.26 - - [08/May/2026:13:09:08 +0200] "POST /wp-login.php HTTP/1.1" 200 4215 "-" "Mozilla/5.0 (Windows NT 10.0; Win64; x64) AppleWebKit/537.36 (KHTML, like Gecko) Chrome/120.0.0.0 Safari/537.36"
104.238.222.26 - - [08/May/2026:13:09:09 +0200] "GET /wp-admin/index.php HTTP/1.1" 302 - "-" "python-requests/2.33.1"
104.238.222.26 - - [08/May/2026:13:09:10 +0200] "POST /wp-login.php HTTP/1.1" 200 4220 "-" "Mozilla/5.0 (Windows NT 10.0; Win64; x64) AppleWebKit/537.36 (KHTML, like Gecko) Chrome/120.0.0.0 Safari/537.36"
104.238.222.26 - - [08/May/2026:13:09:10 +0200] "GET /wp-admin/index.php HTTP/1.1" 302 - "-" "python-requests/2.33.1"
104.238.222.26 - - [08/May/2026:13:09:11 +0200] "POST /wp-login.php HTTP/1.1" 200 4219 "-" "Mozilla/5.0 (Windows NT 10.0; Win64; x64) AppleWebKit/537.36 (KHTML, like Gecko) Chrome/120.0.0.0 Safari/537.36"
104.238.222.26 - - [08/May/2026:13:09:12 +0200] "GET /wp-admin/index.php HTTP/1.1" 302 - "-" "python-requests/2.33.1"
104.238.222.26 - - [08/May/2026:13:09:13 +0200] "POST /wp-login.php HTTP/1.1" 200 4226 "-" "Mozilla/5.0 (Windows NT 10.0; Win64; x64) AppleWebKit/537.36 (KHTML, like Gecko) Chrome/120.0.0.0 Safari/537.36"
104.238.222.26 - - [08/May/2026:13:09:14 +0200] "GET /wp-admin/index.php HTTP/1.1" 302 - "-" "python-requests/2.33.1"
104.238.222.26 - - [08/May/2026:13:09:15 +0200] "POST /wp-login.php HTTP/1.1" 200 4217 "-" "Mozilla/5.0 (Windows NT 10.0; Win64; x64) AppleWebKit/537.36 (KHTML, like Gecko) Chrome/120.0.0.0 Safari/537.36"
104.238.222.26 - - [08/May/2026:13:09:15 +0200] "GET /wp-admin/index.php HTTP/1.1" 302 - "-" "python-requests/2.33.1"
104.238.222.26 - - [08/May/2026:13:09:16 +0200] "POST /wp-login.php HTTP/1.1" 200 4217 "-" "Mozilla/5.0 (Windows NT 10.0; Win64; x64) AppleWebKit/537.36 (KHTML, like Gecko) Chrome/120.0.0.0 Safari/537.36"
104.238.222.26 - - [08/May/2026:13:09:17 +0200] "GET /wp-admin/index.php HTTP/1.1" 302 - "-" "python-requests/2.33.1"
104.238.222.26 - - [08/May/2026:13:09:18 +0200] "POST /wp-login.php HTTP/1.1" 200 4215 "-" "Mozilla/5.0 (Windows NT 10.0; Win64; x64) AppleWebKit/537.36 (KHTML, like Gecko) Chrome/120.0.0.0 Safari/537.36"
104.238.222.26 - - [08/May/2026:13:09:19 +0200] "GET /wp-admin/index.php HTTP/1.1" 302 - "-" "python-requests/2.33.1"
104.238.222.26 - - [08/May/2026:13:09:20 +0200] "POST /wp-login.php HTTP/1.1" 200 4220 "-" "Mozilla/5.0 (Windows NT 10.0; Win64; x64) AppleWebKit/537.36 (KHTML, like Gecko) Chrome/120.0.0.0 Safari/537.36"
104.238.222.26 - - [08/May/2026:13:09:20 +0200] "GET /wp-admin/index.php HTTP/1.1" 302 - "-" "python-requests/2.33.1"
104.238.222.26 - - [08/May/2026:13:09:21 +0200] "POST /wp-login.php HTTP/1.1" 200 4217 "-" "Mozilla/5.0 (Windows NT 10.0; Win64; x64) AppleWebKit/537.36 (KHTML, like Gecko) Chrome/120.0.0.0 Safari/537.36"
104.238.222.26 - - [08/May/2026:13:09:22 +0200] "GET /wp-admin/index.php HTTP/1.1" 302 - "-" "python-requests/2.33.1"
104.238.222.26 - - [08/May/2026:13:09:23 +0200] "POST /wp-login.php HTTP/1.1" 200 4222 "-" "Mozilla/5.0 (Windows NT 10.0; Win64; x64) AppleWebKit/537.36 (KHTML, like Gecko) Chrome/120.0.0.0 Safari/537.36"
104.238.222.26 - - [08/May/2026:13:09:24 +0200] "GET /wp-admin/index.php HTTP/1.1" 302 - "-" "python-requests/2.33.1"
104.238.222.26 - - [08/May/2026:13:09:25 +0200] "POST /wp-login.php HTTP/1.1" 200 4220 "-" "Mozilla/5.0 (Windows NT 10.0; Win64; x64) AppleWebKit/537.36 (KHTML, like Gecko) Chrome/120.0.0.0 Safari/537.36"
104.238.222.26 - - [08/May/2026:13:09:26 +0200] "GET /wp-admin/index.php HTTP/1.1" 302 - "-" "python-requests/2.33.1"
159.89.192.15 - - [08/May/2026:13:09:27 +0200] "POST /xmlrpc.php HTTP/1.1" 200 240 "-" "Mozilla/5.0 (X11; Ubuntu; Linux x86_64; rv:133.0) Gecko/20100101 Firefox/133.0"
104.238.222.26 - - [08/May/2026:13:09:27 +0200] "POST /wp-login.php HTTP/1.1" 200 4218 "-" "Mozilla/5.0 (Windows NT 10.0; Win64; x64) AppleWebKit/537.36 (KHTML, like Gecko) Chrome/120.0.0.0 Safari/537.36"
104.238.222.26 - - [08/May/2026:13:09:27 +0200] "GET /wp-admin/index.php HTTP/1.1" 302 - "-" "python-requests/2.33.1"
104.238.222.26 - - [08/May/2026:13:09:29 +0200] "POST /wp-login.php HTTP/1.1" 200 4215 "-" "Mozilla/5.0 (Windows NT 10.0; Win64; x64) AppleWebKit/537.36 (KHTML, like Gecko) Chrome/120.0.0.0 Safari/537.36"
104.238.222.26 - - [08/May/2026:13:09:29 +0200] "GET /wp-admin/index.php HTTP/1.1" 302 - "-" "python-requests/2.33.1"
104.238.222.26 - - [08/May/2026:13:09:30 +0200] "POST /wp-login.php HTTP/1.1" 200 4216 "-" "Mozilla/5.0 (Windows NT 10.0; Win64; x64) AppleWebKit/537.36 (KHTML, like Gecko) Chrome/120.0.0.0 Safari/537.36"
104.238.222.26 - - [08/May/2026:13:09:31 +0200] "GET /wp-admin/index.php HTTP/1.1" 302 - "-" "python-requests/2.33.1"
104.238.222.26 - - [08/May/2026:13:09:32 +0200] "POST /wp-login.php HTTP/1.1" 200 4221 "-" "Mozilla/5.0 (Windows NT 10.0; Win64; x64) AppleWebKit/537.36 (KHTML, like Gecko) Chrome/120.0.0.0 Safari/537.36"
104.238.222.26 - - [08/May/2026:13:09:32 +0200] "GET /wp-admin/index.php HTTP/1.1" 302 - "-" "python-requests/2.33.1"
104.238.222.26 - - [08/May/2026:13:09:34 +0200] "POST /wp-login.php HTTP/1.1" 200 4215 "-" "Mozilla/5.0 (Windows NT 10.0; Win64; x64) AppleWebKit/537.36 (KHTML, like Gecko) Chrome/120.0.0.0 Safari/537.36"
104.238.222.26 - - [08/May/2026:13:09:34 +0200] "GET /wp-admin/index.php HTTP/1.1" 302 - "-" "python-requests/2.33.1"
104.238.222.26 - - [08/May/2026:13:09:36 +0200] "POST /wp-login.php HTTP/1.1" 200 4220 "-" "Mozilla/5.0 (Windows NT 10.0; Win64; x64) AppleWebKit/537.36 (KHTML, like Gecko) Chrome/120.0.0.0 Safari/537.36"
104.238.222.26 - - [08/May/2026:13:09:37 +0200] "GET /wp-admin/index.php HTTP/1.1" 302 - "-" "python-requests/2.33.1"
104.238.222.26 - - [08/May/2026:13:09:38 +0200] "POST /wp-login.php HTTP/1.1" 200 4218 "-" "Mozilla/5.0 (Windows NT 10.0; Win64; x64) AppleWebKit/537.36 (KHTML, like Gecko) Chrome/120.0.0.0 Safari/537.36"
104.238.222.26 - - [08/May/2026:13:09:39 +0200] "GET /wp-admin/index.php HTTP/1.1" 302 - "-" "python-requests/2.33.1"
104.238.222.26 - - [08/May/2026:13:09:40 +0200] "POST /wp-login.php HTTP/1.1" 200 4218 "-" "Mozilla/5.0 (Windows NT 10.0; Win64; x64) AppleWebKit/537.36 (KHTML, like Gecko) Chrome/120.0.0.0 Safari/537.36"
104.238.222.26 - - [08/May/2026:13:09:41 +0200] "GET /wp-admin/index.php HTTP/1.1" 302 - "-" "python-requests/2.33.1"
104.238.222.26 - - [08/May/2026:13:09:43 +0200] "POST /wp-login.php HTTP/1.1" 200 4216 "-" "Mozilla/5.0 (Windows NT 10.0; Win64; x64) AppleWebKit/537.36 (KHTML, like Gecko) Chrome/120.0.0.0 Safari/537.36"
104.238.222.26 - - [08/May/2026:13:09:43 +0200] "GET /wp-admin/index.php HTTP/1.1" 302 - "-" "python-requests/2.33.1"
104.238.222.26 - - [08/May/2026:13:09:44 +0200] "POST /wp-login.php HTTP/1.1" 200 4221 "-" "Mozilla/5.0 (Windows NT 10.0; Win64; x64) AppleWebKit/537.36 (KHTML, like Gecko) Chrome/120.0.0.0 Safari/537.36"
20.48.164.116 - - [08/May/2026:13:09:45 +0200] "GET /wp-content/plugins/hellopress/wp_filemanager.php HTTP/1.1" 301 - "-" "-"
104.238.222.26 - - [08/May/2026:13:09:45 +0200] "GET /wp-admin/index.php HTTP/1.1" 302 - "-" "python-requests/2.33.1"
104.238.222.26 - - [08/May/2026:13:09:46 +0200] "POST /wp-login.php HTTP/1.1" 200 4217 "-" "Mozilla/5.0 (Windows NT 10.0; Win64; x64) AppleWebKit/537.36 (KHTML, like Gecko) Chrome/120.0.0.0 Safari/537.36"
37.76.37.0 - - [08/May/2026:13:09:46 +0200] "-" 408 - "-" "-"
37.76.37.0 - - [08/May/2026:13:09:46 +0200] "-" 408 - "-" "-"
104.238.222.26 - - [08/May/2026:13:09:47 +0200] "GET /wp-admin/index.php HTTP/1.1" 302 - "-" "python-requests/2.33.1"
106.219.122.140 - - [08/May/2026:13:09:47 +0200] "GET /wp-json/wp/v2/users HTTP/1.1" 200 5016 "-" "Mozilla/4.0 (compatible; Win32; WinHttp.WinHttpRequest.5)"
104.238.222.26 - - [08/May/2026:13:09:47 +0200] "POST /wp-login.php HTTP/1.1" 200 4215 "-" "Mozilla/5.0 (Windows NT 10.0; Win64; x64) AppleWebKit/537.36 (KHTML, like Gecko) Chrome/120.0.0.0 Safari/537.36"
104.238.222.26 - - [08/May/2026:13:09:48 +0200] "GET /wp-admin/index.php HTTP/1.1" 302 - "-" "python-requests/2.33.1"
104.238.222.26 - - [08/May/2026:13:09:49 +0200] "POST /wp-login.php HTTP/1.1" 200 4215 "-" "Mozilla/5.0 (Windows NT 10.0; Win64; x64) AppleWebKit/537.36 (KHTML, like Gecko) Chrome/120.0.0.0 Safari/537.36"
104.238.222.26 - - [08/May/2026:13:09:50 +0200] "GET /wp-admin/index.php HTTP/1.1" 302 - "-" "python-requests/2.33.1"
104.238.222.26 - - [08/May/2026:13:09:51 +0200] "POST /wp-login.php HTTP/1.1" 200 4215 "-" "Mozilla/5.0 (Windows NT 10.0; Win64; x64) AppleWebKit/537.36 (KHTML, like Gecko) Chrome/120.0.0.0 Safari/537.36"
104.238.222.26 - - [08/May/2026:13:09:51 +0200] "GET /wp-admin/index.php HTTP/1.1" 302 - "-" "python-requests/2.33.1"
104.238.222.26 - - [08/May/2026:13:09:52 +0200] "POST /wp-login.php HTTP/1.1" 200 4217 "-" "Mozilla/5.0 (Windows NT 10.0; Win64; x64) AppleWebKit/537.36 (KHTML, like Gecko) Chrome/120.0.0.0 Safari/537.36"
104.238.222.26 - - [08/May/2026:13:09:53 +0200] "GET /wp-admin/index.php HTTP/1.1" 302 - "-" "python-requests/2.33.1"
104.238.222.26 - - [08/May/2026:13:09:54 +0200] "POST /wp-login.php HTTP/1.1" 200 4218 "-" "Mozilla/5.0 (Windows NT 10.0; Win64; x64) AppleWebKit/537.36 (KHTML, like Gecko) Chrome/120.0.0.0 Safari/537.36"
104.238.222.26 - - [08/May/2026:13:09:55 +0200] "GET /wp-admin/index.php HTTP/1.1" 302 - "-" "python-requests/2.33.1"
104.238.222.26 - - [08/May/2026:13:09:56 +0200] "POST /wp-login.php HTTP/1.1" 200 4215 "-" "Mozilla/5.0 (Windows NT 10.0; Win64; x64) AppleWebKit/537.36 (KHTML, like Gecko) Chrome/120.0.0.0 Safari/537.36"
104.238.222.26 - - [08/May/2026:13:09:56 +0200] "GET /wp-admin/index.php HTTP/1.1" 302 - "-" "python-requests/2.33.1"
104.238.222.26 - - [08/May/2026:13:09:57 +0200] "POST /wp-login.php HTTP/1.1" 200 4215 "-" "Mozilla/5.0 (Windows NT 10.0; Win64; x64) AppleWebKit/537.36 (KHTML, like Gecko) Chrome/120.0.0.0 Safari/537.36"
104.238.222.26 - - [08/May/2026:13:09:58 +0200] "GET /wp-admin/index.php HTTP/1.1" 302 - "-" "python-requests/2.33.1"
104.238.222.26 - - [08/May/2026:13:09:59 +0200] "POST /wp-login.php HTTP/1.1" 200 4215 "-" "Mozilla/5.0 (Windows NT 10.0; Win64; x64) AppleWebKit/537.36 (KHTML, like Gecko) Chrome/120.0.0.0 Safari/537.36"
104.238.222.26 - - [08/May/2026:13:10:00 +0200] "GET /wp-admin/index.php HTTP/1.1" 302 - "-" "python-requests/2.33.1"
104.238.222.26 - - [08/May/2026:13:10:01 +0200] "POST /wp-login.php HTTP/1.1" 200 4215 "-" "Mozilla/5.0 (Windows NT 10.0; Win64; x64) AppleWebKit/537.36 (KHTML, like Gecko) Chrome/120.0.0.0 Safari/537.36"
17.241.227.54 - - [08/May/2026:13:10:01 +0200] "GET /robots.txt HTTP/1.1" 200 175 "-" "Mozilla/5.0 (Macintosh; Intel Mac OS X 10_15_7) AppleWebKit/605.1.15 (KHTML, like Gecko) Version/17.4 Safari/605.1.15 (Applebot/0.1; +http://www.apple.com/go/applebot)"
104.238.222.26 - - [08/May/2026:13:10:01 +0200] "GET /wp-admin/index.php HTTP/1.1" 302 - "-" "python-requests/2.33.1"
17.241.227.54 - - [08/May/2026:13:10:01 +0200] "GET /tag/auto-izzok/feed/ HTTP/1.1" 200 586 "-" "Mozilla/5.0 (Macintosh; Intel Mac OS X 10_15_7) AppleWebKit/605.1.15 (KHTML, like Gecko) Version/17.4 Safari/605.1.15 (Applebot/0.1; +http://www.apple.com/go/applebot)"
104.238.222.26 - - [08/May/2026:13:10:02 +0200] "POST /wp-login.php HTTP/1.1" 200 4215 "-" "Mozilla/5.0 (Windows NT 10.0; Win64; x64) AppleWebKit/537.36 (KHTML, like Gecko) Chrome/120.0.0.0 Safari/537.36"
104.238.222.26 - - [08/May/2026:13:10:03 +0200] "GET /wp-admin/index.php HTTP/1.1" 302 - "-" "python-requests/2.33.1"
104.238.222.26 - - [08/May/2026:13:10:04 +0200] "POST /wp-login.php HTTP/1.1" 200 4224 "-" "Mozilla/5.0 (Windows NT 10.0; Win64; x64) AppleWebKit/537.36 (KHTML, like Gecko) Chrome/120.0.0.0 Safari/537.36"
104.238.222.26 - - [08/May/2026:13:10:05 +0200] "GET /wp-admin/index.php HTTP/1.1" 302 - "-" "python-requests/2.33.1"
104.238.222.26 - - [08/May/2026:13:10:07 +0200] "POST /wp-login.php HTTP/1.1" 200 4225 "-" "Mozilla/5.0 (Windows NT 10.0; Win64; x64) AppleWebKit/537.36 (KHTML, like Gecko) Chrome/120.0.0.0 Safari/537.36"
104.238.222.26 - - [08/May/2026:13:10:08 +0200] "GET /wp-admin/index.php HTTP/1.1" 302 - "-" "python-requests/2.33.1"
104.238.222.26 - - [08/May/2026:13:10:09 +0200] "POST /wp-login.php HTTP/1.1" 200 4215 "-" "Mozilla/5.0 (Windows NT 10.0; Win64; x64) AppleWebKit/537.36 (KHTML, like Gecko) Chrome/120.0.0.0 Safari/537.36"
104.238.222.26 - - [08/May/2026:13:10:10 +0200] "GET /wp-admin/index.php HTTP/1.1" 302 - "-" "python-requests/2.33.1"
104.238.222.26 - - [08/May/2026:13:10:11 +0200] "POST /wp-login.php HTTP/1.1" 200 4215 "-" "Mozilla/5.0 (Windows NT 10.0; Win64; x64) AppleWebKit/537.36 (KHTML, like Gecko) Chrome/120.0.0.0 Safari/537.36"
104.238.222.26 - - [08/May/2026:13:10:12 +0200] "GET /wp-admin/index.php HTTP/1.1" 302 - "-" "python-requests/2.33.1"
72.167.150.128 - - [08/May/2026:13:10:13 +0200] "GET /wp-login.php HTTP/1.1" 200 4055 "-" "Mozilla/5.0 (X11; Linux x86_64) AppleWebKit/537.36 (KHTML, like Gecko) Chrome/133.0.0.0 Safari/537.36 Edg/133.0.0.0"
104.238.222.26 - - [08/May/2026:13:10:13 +0200] "POST /wp-login.php HTTP/1.1" 200 4215 "-" "Mozilla/5.0 (Windows NT 10.0; Win64; x64) AppleWebKit/537.36 (KHTML, like Gecko) Chrome/120.0.0.0 Safari/537.36"
104.238.222.26 - - [08/May/2026:13:10:13 +0200] "GET /wp-admin/index.php HTTP/1.1" 302 - "-" "python-requests/2.33.1"
72.167.150.128 - - [08/May/2026:13:10:13 +0200] "POST /wp-login.php HTTP/1.1" 200 4189 "https://mail.valtogomb.eu/wp-login.php" "Mozilla/5.0 (X11; Linux x86_64) AppleWebKit/537.36 (KHTML, like Gecko) Chrome/133.0.0.0 Safari/537.36 Edg/133.0.0.0"
104.238.222.26 - - [08/May/2026:13:10:15 +0200] "POST /wp-login.php HTTP/1.1" 200 4216 "-" "Mozilla/5.0 (Windows NT 10.0; Win64; x64) AppleWebKit/537.36 (KHTML, like Gecko) Chrome/120.0.0.0 Safari/537.36"
104.238.222.26 - - [08/May/2026:13:10:15 +0200] "GET /wp-admin/index.php HTTP/1.1" 302 - "-" "python-requests/2.33.1"
104.238.222.26 - - [08/May/2026:13:10:16 +0200] "POST /wp-login.php HTTP/1.1" 200 4215 "-" "Mozilla/5.0 (Windows NT 10.0; Win64; x64) AppleWebKit/537.36 (KHTML, like Gecko) Chrome/120.0.0.0 Safari/537.36"
104.238.222.26 - - [08/May/2026:13:10:17 +0200] "GET /wp-admin/index.php HTTP/1.1" 302 - "-" "python-requests/2.33.1"
104.238.222.26 - - [08/May/2026:13:10:18 +0200] "POST /wp-login.php HTTP/1.1" 200 4215 "-" "Mozilla/5.0 (Windows NT 10.0; Win64; x64) AppleWebKit/537.36 (KHTML, like Gecko) Chrome/120.0.0.0 Safari/537.36"
104.238.222.26 - - [08/May/2026:13:10:18 +0200] "GET /wp-admin/index.php HTTP/1.1" 302 - "-" "python-requests/2.33.1"
104.238.222.26 - - [08/May/2026:13:10:20 +0200] "POST /wp-login.php HTTP/1.1" 200 4217 "-" "Mozilla/5.0 (Windows NT 10.0; Win64; x64) AppleWebKit/537.36 (KHTML, like Gecko) Chrome/120.0.0.0 Safari/537.36"
104.238.222.26 - - [08/May/2026:13:10:20 +0200] "GET /wp-admin/index.php HTTP/1.1" 302 - "-" "python-requests/2.33.1"
52.201.37.243 - - [08/May/2026:13:10:21 +0200] "GET /wp-login.php HTTP/1.1" 200 4055 "-" "Mozilla/5.0 (X11; Fedora; Linux x86_64) AppleWebKit/537.36 (KHTML, like Gecko) Chrome/133.0.0.0 Safari/537.36"
104.238.222.26 - - [08/May/2026:13:10:21 +0200] "POST /wp-login.php HTTP/1.1" 200 4218 "-" "Mozilla/5.0 (Windows NT 10.0; Win64; x64) AppleWebKit/537.36 (KHTML, like Gecko) Chrome/120.0.0.0 Safari/537.36"
104.238.222.26 - - [08/May/2026:13:10:22 +0200] "GET /wp-admin/index.php HTTP/1.1" 302 - "-" "python-requests/2.33.1"
52.201.37.243 - - [08/May/2026:13:10:22 +0200] "POST /wp-login.php HTTP/1.1" 200 4189 "https://cpanel.royal-tuning.com/wp-login.php" "Mozilla/5.0 (X11; Fedora; Linux x86_64) AppleWebKit/537.36 (KHTML, like Gecko) Chrome/133.0.0.0 Safari/537.36"
104.238.222.26 - - [08/May/2026:13:10:23 +0200] "POST /wp-login.php HTTP/1.1" 200 4216 "-" "Mozilla/5.0 (Windows NT 10.0; Win64; x64) AppleWebKit/537.36 (KHTML, like Gecko) Chrome/120.0.0.0 Safari/537.36"
104.238.222.26 - - [08/May/2026:13:10:23 +0200] "GET /wp-admin/index.php HTTP/1.1" 302 - "-" "python-requests/2.33.1"
104.238.222.26 - - [08/May/2026:13:10:25 +0200] "POST /wp-login.php HTTP/1.1" 200 4220 "-" "Mozilla/5.0 (Windows NT 10.0; Win64; x64) AppleWebKit/537.36 (KHTML, like Gecko) Chrome/120.0.0.0 Safari/537.36"
104.238.222.26 - - [08/May/2026:13:10:25 +0200] "GET /wp-admin/index.php HTTP/1.1" 302 - "-" "python-requests/2.33.1"
104.238.222.26 - - [08/May/2026:13:10:27 +0200] "POST /wp-login.php HTTP/1.1" 200 4221 "-" "Mozilla/5.0 (Windows NT 10.0; Win64; x64) AppleWebKit/537.36 (KHTML, like Gecko) Chrome/120.0.0.0 Safari/537.36"
104.238.222.26 - - [08/May/2026:13:10:27 +0200] "GET /wp-admin/index.php HTTP/1.1" 302 - "-" "python-requests/2.33.1"
104.238.222.26 - - [08/May/2026:13:10:28 +0200] "POST /wp-login.php HTTP/1.1" 200 4216 "-" "Mozilla/5.0 (Windows NT 10.0; Win64; x64) AppleWebKit/537.36 (KHTML, like Gecko) Chrome/120.0.0.0 Safari/537.36"
104.238.222.26 - - [08/May/2026:13:10:29 +0200] "GET /wp-admin/index.php HTTP/1.1" 302 - "-" "python-requests/2.33.1"
104.238.222.26 - - [08/May/2026:13:10:30 +0200] "POST /wp-login.php HTTP/1.1" 200 4219 "-" "Mozilla/5.0 (Windows NT 10.0; Win64; x64) AppleWebKit/537.36 (KHTML, like Gecko) Chrome/120.0.0.0 Safari/537.36"
104.238.222.26 - - [08/May/2026:13:10:30 +0200] "GET /wp-admin/index.php HTTP/1.1" 302 - "-" "python-requests/2.33.1"
50.6.229.148 - - [08/May/2026:13:10:30 +0200] "POST /xmlrpc.php HTTP/1.1" 200 240 "-" "Mozilla/5.0 (Macintosh; Intel Mac OS X 10_15_7) AppleWebKit/537.36 (KHTML, like Gecko) Chrome/133.0.0.0 Safari/537.36 Edg/133.0.0.0"
104.238.222.26 - - [08/May/2026:13:10:31 +0200] "POST /wp-login.php HTTP/1.1" 200 4215 "-" "Mozilla/5.0 (Windows NT 10.0; Win64; x64) AppleWebKit/537.36 (KHTML, like Gecko) Chrome/120.0.0.0 Safari/537.36"
104.238.222.26 - - [08/May/2026:13:10:32 +0200] "GET /wp-admin/index.php HTTP/1.1" 302 - "-" "python-requests/2.33.1"
104.238.222.26 - - [08/May/2026:13:10:33 +0200] "POST /wp-login.php HTTP/1.1" 200 4215 "-" "Mozilla/5.0 (Windows NT 10.0; Win64; x64) AppleWebKit/537.36 (KHTML, like Gecko) Chrome/120.0.0.0 Safari/537.36"
104.238.222.26 - - [08/May/2026:13:10:34 +0200] "GET /wp-admin/index.php HTTP/1.1" 302 - "-" "python-requests/2.33.1"
104.238.222.26 - - [08/May/2026:13:10:35 +0200] "POST /wp-login.php HTTP/1.1" 200 4215 "-" "Mozilla/5.0 (Windows NT 10.0; Win64; x64) AppleWebKit/537.36 (KHTML, like Gecko) Chrome/120.0.0.0 Safari/537.36"
104.238.222.26 - - [08/May/2026:13:10:35 +0200] "GET /wp-admin/index.php HTTP/1.1" 302 - "-" "python-requests/2.33.1"
104.238.222.26 - - [08/May/2026:13:10:36 +0200] "POST /wp-login.php HTTP/1.1" 200 4218 "-" "Mozilla/5.0 (Windows NT 10.0; Win64; x64) AppleWebKit/537.36 (KHTML, like Gecko) Chrome/120.0.0.0 Safari/537.36"
104.238.222.26 - - [08/May/2026:13:10:37 +0200] "GET /wp-admin/index.php HTTP/1.1" 302 - "-" "python-requests/2.33.1"
104.238.222.26 - - [08/May/2026:13:10:38 +0200] "POST /wp-login.php HTTP/1.1" 200 4221 "-" "Mozilla/5.0 (Windows NT 10.0; Win64; x64) AppleWebKit/537.36 (KHTML, like Gecko) Chrome/120.0.0.0 Safari/537.36"
104.238.222.26 - - [08/May/2026:13:10:38 +0200] "GET /wp-admin/index.php HTTP/1.1" 302 - "-" "python-requests/2.33.1"
104.238.222.26 - - [08/May/2026:13:10:40 +0200] "POST /wp-login.php HTTP/1.1" 200 4220 "-" "Mozilla/5.0 (Windows NT 10.0; Win64; x64) AppleWebKit/537.36 (KHTML, like Gecko) Chrome/120.0.0.0 Safari/537.36"
104.238.222.26 - - [08/May/2026:13:10:40 +0200] "GET /wp-admin/index.php HTTP/1.1" 302 - "-" "python-requests/2.33.1"
104.238.222.26 - - [08/May/2026:13:10:41 +0200] "POST /wp-login.php HTTP/1.1" 200 4215 "-" "Mozilla/5.0 (Windows NT 10.0; Win64; x64) AppleWebKit/537.36 (KHTML, like Gecko) Chrome/120.0.0.0 Safari/537.36"
104.238.222.26 - - [08/May/2026:13:10:42 +0200] "GET /wp-admin/index.php HTTP/1.1" 302 - "-" "python-requests/2.33.1"
104.238.222.26 - - [08/May/2026:13:10:43 +0200] "POST /wp-login.php HTTP/1.1" 200 4215 "-" "Mozilla/5.0 (Windows NT 10.0; Win64; x64) AppleWebKit/537.36 (KHTML, like Gecko) Chrome/120.0.0.0 Safari/537.36"
106.219.122.140 - - [08/May/2026:13:10:43 +0200] "POST /xmlrpc.php HTTP/1.1" 200 411 "-" "Mozilla/5.0 (X11; Ubuntu; Linux x86_64; x64) AppleWebKit/537.36 (KHTML, like Gecko) Edge/90.0.0.0 Safari/537.36"
104.238.222.26 - - [08/May/2026:13:10:43 +0200] "GET /wp-admin/index.php HTTP/1.1" 302 - "-" "python-requests/2.33.1"
104.238.222.26 - - [08/May/2026:13:10:44 +0200] "POST /wp-login.php HTTP/1.1" 200 4163 "-" "Mozilla/5.0 (Windows NT 10.0; Win64; x64) AppleWebKit/537.36 (KHTML, like Gecko) Chrome/120.0.0.0 Safari/537.36"
104.238.222.26 - - [08/May/2026:13:10:45 +0200] "GET /wp-admin/index.php HTTP/1.1" 302 - "-" "python-requests/2.33.1"
104.238.222.26 - - [08/May/2026:13:10:46 +0200] "POST /wp-login.php HTTP/1.1" 200 4216 "-" "Mozilla/5.0 (Windows NT 10.0; Win64; x64) AppleWebKit/537.36 (KHTML, like Gecko) Chrome/120.0.0.0 Safari/537.36"
104.238.222.26 - - [08/May/2026:13:10:47 +0200] "GET /wp-admin/index.php HTTP/1.1" 302 - "-" "python-requests/2.33.1"
104.238.222.26 - - [08/May/2026:13:10:48 +0200] "POST /wp-login.php HTTP/1.1" 200 4220 "-" "Mozilla/5.0 (Windows NT 10.0; Win64; x64) AppleWebKit/537.36 (KHTML, like Gecko) Chrome/120.0.0.0 Safari/537.36"
104.238.222.26 - - [08/May/2026:13:10:49 +0200] "GET /wp-admin/index.php HTTP/1.1" 302 - "-" "python-requests/2.33.1"
