106.219.122.140 - - [08/May/2026:11:51:10 +0200] "POST /xmlrpc.php HTTP/1.1" 200 411 "-" "Mozilla/5.0 (Windows NT 6.2; arm64) AppleWebKit/537.36 (KHTML, like Gecko) Opera/61.0.0.0 Safari/537.36"
103.50.205.131 - - [08/May/2026:11:51:16 +0200] "GET /wp-login.php HTTP/1.1" 200 4055 "-" "Mozilla/5.0 (Macintosh; Intel Mac OS X 11_7_10) AppleWebKit/537.36 (KHTML, like Gecko) Chrome/133.0.0.0 Safari/537.36"
103.50.205.131 - - [08/May/2026:11:51:16 +0200] "POST /wp-login.php HTTP/1.1" 200 4189 "https://autodiscover.royal-tuning.com/wp-login.php" "Mozilla/5.0 (Macintosh; Intel Mac OS X 11_7_10) AppleWebKit/537.36 (KHTML, like Gecko) Chrome/133.0.0.0 Safari/537.36"
84.225.182.136 - - [08/May/2026:11:51:22 +0200] "-" 408 - "-" "-"
84.225.182.136 - - [08/May/2026:11:51:22 +0200] "-" 408 - "-" "-"
84.225.182.136 - - [08/May/2026:11:51:23 +0200] "-" 408 - "-" "-"
84.225.182.136 - - [08/May/2026:11:51:23 +0200] "-" 408 - "-" "-"
84.225.182.136 - - [08/May/2026:11:51:24 +0200] "-" 408 - "-" "-"
106.219.122.140 - - [08/May/2026:11:51:37 +0200] "POST /xmlrpc.php HTTP/1.1" 200 411 "-" "Mozilla/5.0 (X11; Ubuntu; Linux x86_64; x64) AppleWebKit/537.36 (KHTML, like Gecko) Opera/61.0.0.0 Safari/537.36"
93.119.1.128 - - [08/May/2026:11:51:41 +0200] "POST /xmlrpc.php HTTP/1.1" 200 240 "-" "Mozilla/5.0 (X11; Ubuntu; Linux x86_64; rv:133.0) Gecko/20100101 Firefox/133.0"
106.219.122.140 - - [08/May/2026:11:51:58 +0200] "POST /xmlrpc.php HTTP/1.1" 200 411 "-" "Mozilla/5.0 (Macintosh; Intel Mac OS X 10_15_7; arm64) AppleWebKit/537.36 (KHTML, like Gecko) Safari/15.0.0.0 Safari/537.36"
208.109.188.137 - - [08/May/2026:11:52:12 +0200] "POST /xmlrpc.php HTTP/1.1" 200 240 "-" "Mozilla/5.0 (Windows NT 10.0; Win64; x64) AppleWebKit/537.36 (KHTML, like Gecko) Chrome/133.0.0.0 Safari/537.36 Edg/133.0.0.0"
162.240.175.101 - - [08/May/2026:11:52:16 +0200] "GET /wp-login.php HTTP/1.1" 200 4055 "-" "Mozilla/5.0 (X11; Linux x86_64) AppleWebKit/537.36 (KHTML, like Gecko) Chrome/133.0.0.0 Safari/537.36 Edg/133.0.0.0"
162.240.175.101 - - [08/May/2026:11:52:17 +0200] "POST /wp-login.php HTTP/1.1" 200 4189 "https://mail.valtogomb.eu/wp-login.php" "Mozilla/5.0 (X11; Linux x86_64) AppleWebKit/537.36 (KHTML, like Gecko) Chrome/133.0.0.0 Safari/537.36 Edg/133.0.0.0"
106.219.122.140 - - [08/May/2026:11:52:24 +0200] "POST /xmlrpc.php HTTP/1.1" 200 411 "-" "Mozilla/5.0 (Linux; Android 10; arm64) AppleWebKit/537.36 (KHTML, like Gecko) Safari/12.0.0.0 Safari/537.36"
160.250.204.105 - - [08/May/2026:11:52:39 +0200] "GET /wp-login.php HTTP/1.1" 200 4055 "-" "Mozilla/5.0 (X11; Fedora; Linux x86_64) AppleWebKit/537.36 (KHTML, like Gecko) Chrome/133.0.0.0 Safari/537.36"
4.193.137.131 - - [08/May/2026:11:52:40 +0200] "GET /inputs.php HTTP/1.1" 301 - "-" "Mozilla/5.0 (Windows NT 10.0; Win64; x64) AppleWebKit/537.36 (KHTML, like Gecko) Chrome/120.0.0.0 Safari/537.36"
160.250.204.105 - - [08/May/2026:11:52:40 +0200] "POST /wp-login.php HTTP/1.1" 200 4189 "https://cpanel.royal-tuning.com/wp-login.php" "Mozilla/5.0 (X11; Fedora; Linux x86_64) AppleWebKit/537.36 (KHTML, like Gecko) Chrome/133.0.0.0 Safari/537.36"
4.193.137.131 - - [08/May/2026:11:52:40 +0200] "GET /ioxi-o.php HTTP/1.1" 301 - "-" "Mozilla/5.0 (Windows NT 10.0; Win64; x64) AppleWebKit/537.36 (KHTML, like Gecko) Chrome/120.0.0.0 Safari/537.36"
4.193.137.131 - - [08/May/2026:11:52:41 +0200] "GET /function/function.php HTTP/1.1" 301 - "-" "Mozilla/5.0 (Windows NT 10.0; Win64; x64) AppleWebKit/537.36 (KHTML, like Gecko) Chrome/120.0.0.0 Safari/537.36"
4.193.137.131 - - [08/May/2026:11:52:42 +0200] "GET /rip.php HTTP/1.1" 301 - "-" "Mozilla/5.0 (Windows NT 10.0; Win64; x64) AppleWebKit/537.36 (KHTML, like Gecko) Chrome/120.0.0.0 Safari/537.36"
4.193.137.131 - - [08/May/2026:11:52:42 +0200] "GET /admin.php HTTP/1.1" 301 - "-" "Mozilla/5.0 (Windows NT 10.0; Win64; x64) AppleWebKit/537.36 (KHTML, like Gecko) Chrome/120.0.0.0 Safari/537.36"
4.193.137.131 - - [08/May/2026:11:52:43 +0200] "GET /wp-content/uploads/index.php HTTP/1.1" 301 - "-" "Mozilla/5.0 (Windows NT 10.0; Win64; x64) AppleWebKit/537.36 (KHTML, like Gecko) Chrome/120.0.0.0 Safari/537.36"
4.193.137.131 - - [08/May/2026:11:52:43 +0200] "GET /cache.php HTTP/1.1" 301 - "-" "Mozilla/5.0 (Windows NT 10.0; Win64; x64) AppleWebKit/537.36 (KHTML, like Gecko) Chrome/120.0.0.0 Safari/537.36"
4.193.137.131 - - [08/May/2026:11:52:44 +0200] "GET /themes.php HTTP/1.1" 301 - "-" "Mozilla/5.0 (Windows NT 10.0; Win64; x64) AppleWebKit/537.36 (KHTML, like Gecko) Chrome/120.0.0.0 Safari/537.36"
4.193.137.131 - - [08/May/2026:11:52:45 +0200] "GET /an.php HTTP/1.1" 301 - "-" "Mozilla/5.0 (Windows NT 10.0; Win64; x64) AppleWebKit/537.36 (KHTML, like Gecko) Chrome/120.0.0.0 Safari/537.36"
4.193.137.131 - - [08/May/2026:11:52:45 +0200] "GET /index/function.php HTTP/1.1" 301 - "-" "Mozilla/5.0 (Windows NT 10.0; Win64; x64) AppleWebKit/537.36 (KHTML, like Gecko) Chrome/120.0.0.0 Safari/537.36"
4.193.137.131 - - [08/May/2026:11:52:46 +0200] "GET /randkeyword.PhP7 HTTP/1.1" 301 - "-" "Mozilla/5.0 (Windows NT 10.0; Win64; x64) AppleWebKit/537.36 (KHTML, like Gecko) Chrome/120.0.0.0 Safari/537.36"
4.193.137.131 - - [08/May/2026:11:52:46 +0200] "GET /ws.php HTTP/1.1" 301 - "-" "Mozilla/5.0 (Windows NT 10.0; Win64; x64) AppleWebKit/537.36 (KHTML, like Gecko) Chrome/120.0.0.0 Safari/537.36"
4.193.137.131 - - [08/May/2026:11:52:47 +0200] "GET /404.php HTTP/1.1" 301 - "-" "Mozilla/5.0 (Windows NT 10.0; Win64; x64) AppleWebKit/537.36 (KHTML, like Gecko) Chrome/120.0.0.0 Safari/537.36"
106.219.122.140 - - [08/May/2026:11:52:47 +0200] "POST /xmlrpc.php HTTP/1.1" 200 411 "-" "Mozilla/5.0 (Macintosh; Intel Mac OS X 10_15_7; arm64) AppleWebKit/537.36 (KHTML, like Gecko) Chrome/84.0.0.0 Safari/537.36"
4.193.137.131 - - [08/May/2026:11:52:48 +0200] "GET /wp-admin/user.php HTTP/1.1" 404 56659 "-" "Mozilla/5.0 (Windows NT 10.0; Win64; x64) AppleWebKit/537.36 (KHTML, like Gecko) Chrome/120.0.0.0 Safari/537.36"
4.193.137.131 - - [08/May/2026:11:52:49 +0200] "GET /wp-conf.php HTTP/1.1" 301 - "-" "Mozilla/5.0 (Windows NT 10.0; Win64; x64) AppleWebKit/537.36 (KHTML, like Gecko) Chrome/120.0.0.0 Safari/537.36"
4.193.137.131 - - [08/May/2026:11:52:50 +0200] "GET /wp-content/themes/hideo/network.php HTTP/1.1" 301 - "-" "Mozilla/5.0 (Windows NT 10.0; Win64; x64) AppleWebKit/537.36 (KHTML, like Gecko) Chrome/120.0.0.0 Safari/537.36"
4.193.137.131 - - [08/May/2026:11:52:50 +0200] "GET /wp-login.php HTTP/1.1" 200 4055 "-" "Mozilla/5.0 (Windows NT 10.0; Win64; x64) AppleWebKit/537.36 (KHTML, like Gecko) Chrome/120.0.0.0 Safari/537.36"
4.193.137.131 - - [08/May/2026:11:52:51 +0200] "GET /abc.php HTTP/1.1" 301 - "-" "Mozilla/5.0 (Windows NT 10.0; Win64; x64) AppleWebKit/537.36 (KHTML, like Gecko) Chrome/120.0.0.0 Safari/537.36"
4.193.137.131 - - [08/May/2026:11:52:52 +0200] "GET /abcd.php HTTP/1.1" 301 - "-" "Mozilla/5.0 (Windows NT 10.0; Win64; x64) AppleWebKit/537.36 (KHTML, like Gecko) Chrome/120.0.0.0 Safari/537.36"
4.193.137.131 - - [08/May/2026:11:52:52 +0200] "GET /as.php HTTP/1.1" 301 - "-" "Mozilla/5.0 (Windows NT 10.0; Win64; x64) AppleWebKit/537.36 (KHTML, like Gecko) Chrome/120.0.0.0 Safari/537.36"
4.193.137.131 - - [08/May/2026:11:52:53 +0200] "GET /wp-trackback.php HTTP/1.1" 301 - "-" "Mozilla/5.0 (Windows NT 10.0; Win64; x64) AppleWebKit/537.36 (KHTML, like Gecko) Chrome/120.0.0.0 Safari/537.36"
4.193.137.131 - - [08/May/2026:11:52:53 +0200] "GET /about.php HTTP/1.1" 301 - "-" "Mozilla/5.0 (Windows NT 10.0; Win64; x64) AppleWebKit/537.36 (KHTML, like Gecko) Chrome/120.0.0.0 Safari/537.36"
4.193.137.131 - - [08/May/2026:11:52:54 +0200] "GET /file.php HTTP/1.1" 301 - "-" "Mozilla/5.0 (Windows NT 10.0; Win64; x64) AppleWebKit/537.36 (KHTML, like Gecko) Chrome/120.0.0.0 Safari/537.36"
4.193.137.131 - - [08/May/2026:11:52:54 +0200] "GET /adminfuns.php HTTP/1.1" 301 - "-" "Mozilla/5.0 (Windows NT 10.0; Win64; x64) AppleWebKit/537.36 (KHTML, like Gecko) Chrome/120.0.0.0 Safari/537.36"
4.193.137.131 - - [08/May/2026:11:52:55 +0200] "GET /wp-good.php HTTP/1.1" 301 - "-" "Mozilla/5.0 (Windows NT 10.0; Win64; x64) AppleWebKit/537.36 (KHTML, like Gecko) Chrome/120.0.0.0 Safari/537.36"
4.193.137.131 - - [08/May/2026:11:52:56 +0200] "GET /xmlrpc.php HTTP/1.1" 405 60 "-" "Mozilla/5.0 (Windows NT 10.0; Win64; x64) AppleWebKit/537.36 (KHTML, like Gecko) Chrome/120.0.0.0 Safari/537.36"
4.193.137.131 - - [08/May/2026:11:52:57 +0200] "GET /goods.php HTTP/1.1" 301 - "-" "Mozilla/5.0 (Windows NT 10.0; Win64; x64) AppleWebKit/537.36 (KHTML, like Gecko) Chrome/120.0.0.0 Safari/537.36"
4.193.137.131 - - [08/May/2026:11:52:57 +0200] "GET /class-t.api.php HTTP/1.1" 301 - "-" "Mozilla/5.0 (Windows NT 10.0; Win64; x64) AppleWebKit/537.36 (KHTML, like Gecko) Chrome/120.0.0.0 Safari/537.36"
4.193.137.131 - - [08/May/2026:11:52:58 +0200] "GET /sf.php HTTP/1.1" 301 - "-" "Mozilla/5.0 (Windows NT 10.0; Win64; x64) AppleWebKit/537.36 (KHTML, like Gecko) Chrome/120.0.0.0 Safari/537.36"
4.193.137.131 - - [08/May/2026:11:52:58 +0200] "GET /kbfr.php HTTP/1.1" 301 - "-" "Mozilla/5.0 (Windows NT 10.0; Win64; x64) AppleWebKit/537.36 (KHTML, like Gecko) Chrome/120.0.0.0 Safari/537.36"
4.193.137.131 - - [08/May/2026:11:52:59 +0200] "GET /autoload_classmap.php HTTP/1.1" 301 - "-" "Mozilla/5.0 (Windows NT 10.0; Win64; x64) AppleWebKit/537.36 (KHTML, like Gecko) Chrome/120.0.0.0 Safari/537.36"
4.193.137.131 - - [08/May/2026:11:52:59 +0200] "GET /chosen.php?p= HTTP/1.1" 301 - "-" "Mozilla/5.0 (Windows NT 10.0; Win64; x64) AppleWebKit/537.36 (KHTML, like Gecko) Chrome/120.0.0.0 Safari/537.36"
4.193.137.131 - - [08/May/2026:11:53:00 +0200] "GET /classwithtostring.php HTTP/1.1" 301 - "-" "Mozilla/5.0 (Windows NT 10.0; Win64; x64) AppleWebKit/537.36 (KHTML, like Gecko) Chrome/120.0.0.0 Safari/537.36"
4.193.137.131 - - [08/May/2026:11:53:01 +0200] "GET /defaults.php HTTP/1.1" 301 - "-" "Mozilla/5.0 (Windows NT 10.0; Win64; x64) AppleWebKit/537.36 (KHTML, like Gecko) Chrome/120.0.0.0 Safari/537.36"
4.193.137.131 - - [08/May/2026:11:53:01 +0200] "GET /.well-known/ HTTP/1.1" 301 - "-" "Mozilla/5.0 (Windows NT 10.0; Win64; x64) AppleWebKit/537.36 (KHTML, like Gecko) Chrome/120.0.0.0 Safari/537.36"
82.196.25.136 - - [08/May/2026:11:53:02 +0200] "POST /xmlrpc.php HTTP/1.1" 200 240 "-" "Mozilla/5.0 (Windows NT 10.0; Win64; x64; rv:133.0) Gecko/20100101 Firefox/133.0"
4.193.137.131 - - [08/May/2026:11:53:02 +0200] "GET /info.php HTTP/1.1" 301 - "-" "Mozilla/5.0 (Windows NT 10.0; Win64; x64) AppleWebKit/537.36 (KHTML, like Gecko) Chrome/120.0.0.0 Safari/537.36"
4.193.137.131 - - [08/May/2026:11:53:02 +0200] "GET /cgi-bin/ HTTP/1.1" 301 - "-" "Mozilla/5.0 (Windows NT 10.0; Win64; x64) AppleWebKit/537.36 (KHTML, like Gecko) Chrome/120.0.0.0 Safari/537.36"
4.193.137.131 - - [08/May/2026:11:53:03 +0200] "GET /wp-includes/Requests/src/Response/about.php HTTP/1.1" 301 - "-" "Mozilla/5.0 (Windows NT 10.0; Win64; x64) AppleWebKit/537.36 (KHTML, like Gecko) Chrome/120.0.0.0 Safari/537.36"
4.193.137.131 - - [08/May/2026:11:53:04 +0200] "GET /wp-includes/html-api/ HTTP/1.1" 301 - "-" "Mozilla/5.0 (Windows NT 10.0; Win64; x64) AppleWebKit/537.36 (KHTML, like Gecko) Chrome/120.0.0.0 Safari/537.36"
4.193.137.131 - - [08/May/2026:11:53:04 +0200] "GET /wp-content/admin.php HTTP/1.1" 301 - "-" "Mozilla/5.0 (Windows NT 10.0; Win64; x64) AppleWebKit/537.36 (KHTML, like Gecko) Chrome/120.0.0.0 Safari/537.36"
68.183.22.192 - - [08/May/2026:11:53:05 +0200] "POST /xmlrpc.php HTTP/1.1" 200 240 "-" "Mozilla/5.0 (Macintosh; Intel Mac OS X 10_15_7) AppleWebKit/537.36 (KHTML, like Gecko) Chrome/133.0.0.0 Safari/537.36 Edg/133.0.0.0"
4.193.137.131 - - [08/May/2026:11:53:05 +0200] "GET /wp-admin/css/colors/ectoplasm/ HTTP/1.1" 404 62059 "-" "Mozilla/5.0 (Windows NT 10.0; Win64; x64) AppleWebKit/537.36 (KHTML, like Gecko) Chrome/120.0.0.0 Safari/537.36"
4.193.137.131 - - [08/May/2026:11:53:06 +0200] "GET /wp-content/uploads/ HTTP/1.1" 301 - "-" "Mozilla/5.0 (Windows NT 10.0; Win64; x64) AppleWebKit/537.36 (KHTML, like Gecko) Chrome/120.0.0.0 Safari/537.36"
4.193.137.131 - - [08/May/2026:11:53:07 +0200] "GET /wp-content/themes/admin.php HTTP/1.1" 301 - "-" "Mozilla/5.0 (Windows NT 10.0; Win64; x64) AppleWebKit/537.36 (KHTML, like Gecko) Chrome/120.0.0.0 Safari/537.36"
4.193.137.131 - - [08/May/2026:11:53:07 +0200] "GET /wp-content/themes/index.php HTTP/1.1" 200 - "-" "Mozilla/5.0 (Windows NT 10.0; Win64; x64) AppleWebKit/537.36 (KHTML, like Gecko) Chrome/120.0.0.0 Safari/537.36"
4.193.137.131 - - [08/May/2026:11:53:08 +0200] "GET /wp-content/plugins/index.php HTTP/1.1" 200 - "-" "Mozilla/5.0 (Windows NT 10.0; Win64; x64) AppleWebKit/537.36 (KHTML, like Gecko) Chrome/120.0.0.0 Safari/537.36"
4.193.137.131 - - [08/May/2026:11:53:08 +0200] "GET /wp-includes/PHPMailer/ HTTP/1.1" 301 - "-" "Mozilla/5.0 (Windows NT 10.0; Win64; x64) AppleWebKit/537.36 (KHTML, like Gecko) Chrome/120.0.0.0 Safari/537.36"
4.193.137.131 - - [08/May/2026:11:53:09 +0200] "GET /wp-includes/images/ HTTP/1.1" 403 57328 "-" "Mozilla/5.0 (Windows NT 10.0; Win64; x64) AppleWebKit/537.36 (KHTML, like Gecko) Chrome/120.0.0.0 Safari/537.36"
4.193.137.131 - - [08/May/2026:11:53:10 +0200] "GET /wp-content/plugins/WordPressCore/ HTTP/1.1" 301 - "-" "Mozilla/5.0 (Windows NT 10.0; Win64; x64) AppleWebKit/537.36 (KHTML, like Gecko) Chrome/120.0.0.0 Safari/537.36"
106.219.122.140 - - [08/May/2026:11:53:14 +0200] "POST /xmlrpc.php HTTP/1.1" 200 411 "-" "Mozilla/5.0 (Windows NT 10.0; x64) AppleWebKit/537.36 (KHTML, like Gecko) Firefox/80.0.0.0 Safari/537.36"
89.148.117.48 - - [08/May/2026:11:53:28 +0200] "-" 408 - "-" "-"
78.142.18.172 - - [08/May/2026:11:53:28 +0200] "GET /wp-login.php HTTP/1.1" 200 4055 "-" "Mozilla/5.0 (Macintosh; Intel Mac OS X 11_7_10) AppleWebKit/537.36 (KHTML, like Gecko) Chrome/133.0.0.0 Safari/537.36"
78.142.18.172 - - [08/May/2026:11:53:28 +0200] "POST /wp-login.php HTTP/1.1" 200 4189 "https://autodiscover.royal-tuning.com/wp-login.php" "Mozilla/5.0 (Macintosh; Intel Mac OS X 11_7_10) AppleWebKit/537.36 (KHTML, like Gecko) Chrome/133.0.0.0 Safari/537.36"
106.219.122.140 - - [08/May/2026:11:53:37 +0200] "POST /xmlrpc.php HTTP/1.1" 200 411 "-" "Mozilla/5.0 (Windows NT 6.3; x86) AppleWebKit/537.36 (KHTML, like Gecko) Chrome/104.0.0.0 Safari/537.36"
66.33.212.7 - - [08/May/2026:11:53:55 +0200] "POST /xmlrpc.php HTTP/1.1" 200 240 "-" "Mozilla/5.0 (X11; Ubuntu; Linux x86_64; rv:133.0) Gecko/20100101 Firefox/133.0"
82.29.128.215 - - [08/May/2026:11:53:56 +0200] "HEAD / HTTP/1.1" 301 - "-" "Mozilla/5.0 (Windows NT 10.0; Win64; x64; rv:124.0) Gecko/20100101 Firefox/124.0"
106.219.122.140 - - [08/May/2026:11:53:59 +0200] "POST /xmlrpc.php HTTP/1.1" 200 411 "-" "Mozilla/5.0 (Windows NT 6.2; x86) AppleWebKit/537.36 (KHTML, like Gecko) Opera/72.0.0.0 Safari/537.36"
86.101.150.27 - - [08/May/2026:11:54:01 +0200] "-" 408 - "-" "-"
38.95.35.85 - - [08/May/2026:11:54:19 +0200] "POST /xmlrpc.php HTTP/1.1" 200 240 "-" "Mozilla/5.0 (Windows NT 10.0; Win64; x64) AppleWebKit/537.36 (KHTML, like Gecko) Chrome/133.0.0.0 Safari/537.36 Edg/133.0.0.0"
106.219.122.140 - - [08/May/2026:11:54:23 +0200] "POST /xmlrpc.php HTTP/1.1" 200 411 "-" "Mozilla/5.0 (Windows NT 10.0; x64) AppleWebKit/537.36 (KHTML, like Gecko) Edge/81.0.0.0 Safari/537.36"
176.65.139.168 - - [08/May/2026:11:54:41 +0200] "GET / HTTP/1.1" 301 - "-" "Mozilla/5.0 (Windows NT 10.0; Win64; x64) AppleWebKit/537.36 (KHTML, like Gecko) Chrome/147.0.0.0 Safari/537.36"
176.65.139.168 - - [08/May/2026:11:54:41 +0200] "GET / HTTP/1.1" 301 - "-" "Mozilla/5.0 (Windows NT 10.0; Win64; x64) AppleWebKit/537.36 (KHTML, like Gecko) Chrome/147.0.0.0 Safari/537.36"
106.219.122.140 - - [08/May/2026:11:54:45 +0200] "POST /xmlrpc.php HTTP/1.1" 200 411 "-" "Mozilla/5.0 (Linux; Android 10; x86) AppleWebKit/537.36 (KHTML, like Gecko) Safari/14.0.0.0 Safari/537.36"
106.219.122.140 - - [08/May/2026:11:55:04 +0200] "POST /xmlrpc.php HTTP/1.1" 200 411 "-" "Mozilla/5.0 (Windows NT 6.3; arm64) AppleWebKit/537.36 (KHTML, like Gecko) Safari/14.0.0.0 Safari/537.36"
106.219.122.140 - - [08/May/2026:11:55:25 +0200] "POST /xmlrpc.php HTTP/1.1" 200 411 "-" "Mozilla/5.0 (Macintosh; Intel Mac OS X 10_15_7; x86) AppleWebKit/537.36 (KHTML, like Gecko) Firefox/92.0.0.0 Safari/537.36"
106.219.122.140 - - [08/May/2026:11:55:48 +0200] "POST /xmlrpc.php HTTP/1.1" 200 411 "-" "Mozilla/5.0 (X11; Ubuntu; Linux x86_64; x64) AppleWebKit/537.36 (KHTML, like Gecko) Opera/76.0.0.0 Safari/537.36"
106.219.122.140 - - [08/May/2026:11:56:07 +0200] "POST /xmlrpc.php HTTP/1.1" 200 411 "-" "Mozilla/5.0 (Linux; Android 10; arm64) AppleWebKit/537.36 (KHTML, like Gecko) Opera/77.0.0.0 Safari/537.36"
106.219.122.140 - - [08/May/2026:11:56:29 +0200] "POST /xmlrpc.php HTTP/1.1" 200 411 "-" "Mozilla/5.0 (Windows NT 6.2; x64) AppleWebKit/537.36 (KHTML, like Gecko) Chrome/86.0.0.0 Safari/537.36"
198.98.59.125 - - [08/May/2026:11:56:51 +0200] "GET /wp-login.php HTTP/1.1" 200 12293 "-" "Mozilla/5.0 (X11; Linux x86_64) AppleWebKit/537.36 (KHTML, like Gecko) Ubuntu Chromium/34.0.1847.116 Chrome/34.0.1847.116 Safari/537.36"
106.219.122.140 - - [08/May/2026:11:56:55 +0200] "POST /xmlrpc.php HTTP/1.1" 200 411 "-" "Mozilla/5.0 (Linux; Android 10; x64) AppleWebKit/537.36 (KHTML, like Gecko) Opera/76.0.0.0 Safari/537.36"
93.119.1.128 - - [08/May/2026:11:56:57 +0200] "POST /xmlrpc.php HTTP/1.1" 200 240 "-" "Mozilla/5.0 (Windows NT 10.0; Win64; x64) AppleWebKit/537.36 (KHTML, like Gecko) Chrome/133.0.0.0 Safari/537.36 Edg/133.0.0.0"
78.142.18.172 - - [08/May/2026:11:57:03 +0200] "GET /wp-login.php HTTP/1.1" 200 4055 "-" "Mozilla/5.0 (X11; Linux x86_64) AppleWebKit/537.36 (KHTML, like Gecko) Chrome/133.0.0.0 Safari/537.36 Edg/133.0.0.0"
78.142.18.172 - - [08/May/2026:11:57:03 +0200] "POST /wp-login.php HTTP/1.1" 200 4189 "https://mail.valtogomb.eu/wp-login.php" "Mozilla/5.0 (X11; Linux x86_64) AppleWebKit/537.36 (KHTML, like Gecko) Chrome/133.0.0.0 Safari/537.36 Edg/133.0.0.0"
106.219.122.140 - - [08/May/2026:11:57:18 +0200] "POST /xmlrpc.php HTTP/1.1" 200 411 "-" "Mozilla/5.0 (X11; Ubuntu; Linux x86_64; arm64) AppleWebKit/537.36 (KHTML, like Gecko) Firefox/89.0.0.0 Safari/537.36"
103.53.170.39 - - [08/May/2026:11:57:35 +0200] "GET /wp-login.php HTTP/1.1" 200 4055 "-" "Mozilla/5.0 (X11; Fedora; Linux x86_64) AppleWebKit/537.36 (KHTML, like Gecko) Chrome/133.0.0.0 Safari/537.36"
103.53.170.39 - - [08/May/2026:11:57:35 +0200] "POST /wp-login.php HTTP/1.1" 200 4189 "https://cpanel.royal-tuning.com/wp-login.php" "Mozilla/5.0 (X11; Fedora; Linux x86_64) AppleWebKit/537.36 (KHTML, like Gecko) Chrome/133.0.0.0 Safari/537.36"
106.219.122.140 - - [08/May/2026:11:57:40 +0200] "POST /xmlrpc.php HTTP/1.1" 200 411 "-" "Mozilla/5.0 (Windows NT 6.3; x64) AppleWebKit/537.36 (KHTML, like Gecko) Safari/12.0.0.0 Safari/537.36"
159.223.179.74 - - [08/May/2026:11:57:48 +0200] "GET / HTTP/1.1" 200 74961 "-" "Mozilla/5.0 (Android 4.4; Mobile; rv:41.0) Gecko/41.0 Firefox/41.0"
92.205.25.61 - - [08/May/2026:11:57:55 +0200] "POST /xmlrpc.php HTTP/1.1" 200 240 "-" "Mozilla/5.0 (Windows NT 10.0; Win64; x64; rv:133.0) Gecko/20100101 Firefox/133.0"
46.32.229.28 - - [08/May/2026:11:57:58 +0200] "POST /xmlrpc.php HTTP/1.1" 200 240 "-" "Mozilla/5.0 (Macintosh; Intel Mac OS X 10_15_7) AppleWebKit/537.36 (KHTML, like Gecko) Chrome/133.0.0.0 Safari/537.36 Edg/133.0.0.0"
106.219.122.140 - - [08/May/2026:11:58:00 +0200] "POST /xmlrpc.php HTTP/1.1" 200 411 "-" "Mozilla/5.0 (Windows NT 6.2; arm64) AppleWebKit/537.36 (KHTML, like Gecko) Firefox/84.0.0.0 Safari/537.36"
198.98.59.125 - - [08/May/2026:11:58:15 +0200] "GET /wp-login.php HTTP/1.1" 200 12293 "-" "Mozilla/5.0 (X11; Linux x86_64) AppleWebKit/537.36 (KHTML, like Gecko) Ubuntu Chromium/34.0.1847.116 Chrome/34.0.1847.116 Safari/537.36"
106.219.122.140 - - [08/May/2026:11:58:24 +0200] "POST /xmlrpc.php HTTP/1.1" 200 411 "-" "Mozilla/5.0 (Linux; Android 10; arm64) AppleWebKit/537.36 (KHTML, like Gecko) Edge/88.0.0.0 Safari/537.36"
106.219.122.140 - - [08/May/2026:11:58:52 +0200] "POST /xmlrpc.php HTTP/1.1" 200 411 "-" "Mozilla/5.0 (Linux; Android 10; x86) AppleWebKit/537.36 (KHTML, like Gecko) Safari/15.0.0.0 Safari/537.36"
50.6.231.19 - - [08/May/2026:11:59:04 +0200] "POST /xmlrpc.php HTTP/1.1" 200 240 "-" "Mozilla/5.0 (X11; Ubuntu; Linux x86_64; rv:133.0) Gecko/20100101 Firefox/133.0"
198.98.59.125 - - [08/May/2026:11:59:05 +0200] "GET /wp-admin/themes.php HTTP/1.1" 302 - "-" "python-requests/2.33.1"
106.219.122.140 - - [08/May/2026:11:59:18 +0200] "POST /xmlrpc.php HTTP/1.1" 200 411 "-" "Mozilla/5.0 (X11; Ubuntu; Linux x86_64; arm64) AppleWebKit/537.36 (KHTML, like Gecko) Edge/80.0.0.0 Safari/537.36"
52.232.35.131 - - [08/May/2026:11:59:24 +0200] "POST /xmlrpc.php HTTP/1.1" 200 240 "-" "Mozilla/5.0 (Windows NT 10.0; Win64; x64) AppleWebKit/537.36 (KHTML, like Gecko) Chrome/133.0.0.0 Safari/537.36 Edg/133.0.0.0"
43.153.96.79 - - [08/May/2026:11:59:34 +0200] "GET / HTTP/1.1" 301 - "http://owamail.valtogomb.eu" "Mozilla/5.0 (iPhone; CPU iPhone OS 13_2_3 like Mac OS X) AppleWebKit/605.1.15 (KHTML, like Gecko) Version/13.0.3 Mobile/15E148 Safari/604.1"
176.65.139.168 - - [08/May/2026:11:59:39 +0200] "GET / HTTP/1.1" 301 - "-" "Mozilla/5.0 (Windows NT 10.0; Win64; x64) AppleWebKit/537.36 (KHTML, like Gecko) Chrome/147.0.0.0 Safari/537.36"
176.65.139.168 - - [08/May/2026:11:59:39 +0200] "GET / HTTP/1.1" 301 - "-" "Mozilla/5.0 (Windows NT 10.0; Win64; x64) AppleWebKit/537.36 (KHTML, like Gecko) Chrome/147.0.0.0 Safari/537.36"
176.65.139.168 - - [08/May/2026:11:59:39 +0200] "GET / HTTP/1.1" 301 - "-" "Mozilla/5.0 (Windows NT 10.0; Win64; x64) AppleWebKit/537.36 (KHTML, like Gecko) Chrome/147.0.0.0 Safari/537.36"
176.65.139.168 - - [08/May/2026:11:59:39 +0200] "GET / HTTP/1.1" 301 - "-" "Mozilla/5.0 (Windows NT 10.0; Win64; x64) AppleWebKit/537.36 (KHTML, like Gecko) Chrome/147.0.0.0 Safari/537.36"
176.65.139.168 - - [08/May/2026:11:59:39 +0200] "GET / HTTP/1.1" 301 - "-" "Mozilla/5.0 (Windows NT 10.0; Win64; x64) AppleWebKit/537.36 (KHTML, like Gecko) Chrome/147.0.0.0 Safari/537.36"
176.65.139.168 - - [08/May/2026:11:59:39 +0200] "GET / HTTP/1.1" 301 - "-" "Mozilla/5.0 (Windows NT 10.0; Win64; x64) AppleWebKit/537.36 (KHTML, like Gecko) Chrome/147.0.0.0 Safari/537.36"
176.65.139.168 - - [08/May/2026:11:59:40 +0200] "GET / HTTP/1.1" 301 - "-" "Mozilla/5.0 (Windows NT 10.0; Win64; x64) AppleWebKit/537.36 (KHTML, like Gecko) Chrome/147.0.0.0 Safari/537.36"
176.65.139.168 - - [08/May/2026:11:59:40 +0200] "GET / HTTP/1.1" 301 - "-" "Mozilla/5.0 (Windows NT 10.0; Win64; x64) AppleWebKit/537.36 (KHTML, like Gecko) Chrome/147.0.0.0 Safari/537.36"
176.65.139.168 - - [08/May/2026:11:59:40 +0200] "GET / HTTP/1.1" 301 - "-" "Mozilla/5.0 (Windows NT 10.0; Win64; x64) AppleWebKit/537.36 (KHTML, like Gecko) Chrome/147.0.0.0 Safari/537.36"
176.65.139.168 - - [08/May/2026:11:59:40 +0200] "GET / HTTP/1.1" 301 - "-" "Mozilla/5.0 (Windows NT 10.0; Win64; x64) AppleWebKit/537.36 (KHTML, like Gecko) Chrome/147.0.0.0 Safari/537.36"
176.65.139.168 - - [08/May/2026:11:59:40 +0200] "GET / HTTP/1.1" 301 - "-" "Mozilla/5.0 (Windows NT 10.0; Win64; x64) AppleWebKit/537.36 (KHTML, like Gecko) Chrome/147.0.0.0 Safari/537.36"
176.65.139.168 - - [08/May/2026:11:59:40 +0200] "GET / HTTP/1.1" 301 - "-" "Mozilla/5.0 (Windows NT 10.0; Win64; x64) AppleWebKit/537.36 (KHTML, like Gecko) Chrome/147.0.0.0 Safari/537.36"
176.65.139.168 - - [08/May/2026:11:59:40 +0200] "GET / HTTP/1.1" 301 - "-" "Mozilla/5.0 (Windows NT 10.0; Win64; x64) AppleWebKit/537.36 (KHTML, like Gecko) Chrome/147.0.0.0 Safari/537.36"
176.65.139.168 - - [08/May/2026:11:59:40 +0200] "GET / HTTP/1.1" 301 - "-" "Mozilla/5.0 (Windows NT 10.0; Win64; x64) AppleWebKit/537.36 (KHTML, like Gecko) Chrome/147.0.0.0 Safari/537.36"
106.219.122.140 - - [08/May/2026:11:59:43 +0200] "POST /xmlrpc.php HTTP/1.1" 200 411 "-" "Mozilla/5.0 (X11; Ubuntu; Linux x86_64; arm64) AppleWebKit/537.36 (KHTML, like Gecko) Safari/15.0.0.0 Safari/537.36"
165.101.248.54 - - [08/May/2026:12:00:02 +0200] "GET /wp-login.php HTTP/1.1" 200 4055 "-" "Mozilla/5.0 (X11; Fedora; Linux x86_64) AppleWebKit/537.36 (KHTML, like Gecko) Chrome/133.0.0.0 Safari/537.36"
165.101.248.54 - - [08/May/2026:12:00:03 +0200] "POST /wp-login.php HTTP/1.1" 200 4189 "https://cpanel.royal-tuning.com/wp-login.php" "Mozilla/5.0 (X11; Fedora; Linux x86_64) AppleWebKit/537.36 (KHTML, like Gecko) Chrome/133.0.0.0 Safari/537.36"
106.219.122.140 - - [08/May/2026:12:00:05 +0200] "POST /xmlrpc.php HTTP/1.1" 200 411 "-" "Mozilla/5.0 (Windows NT 6.3; arm64) AppleWebKit/537.36 (KHTML, like Gecko) Chrome/108.0.0.0 Safari/537.36"
198.98.59.125 - - [08/May/2026:12:00:11 +0200] "GET /wp-admin/plugin-install.php?tab=upload HTTP/1.1" 302 - "-" "python-requests/2.33.1"
113.190.40.93 - - [08/May/2026:12:00:26 +0200] "POST /xmlrpc.php HTTP/1.1" 200 240 "-" "Mozilla/5.0 (Windows NT 10.0; Win64; x64; rv:133.0) Gecko/20100101 Firefox/133.0"
54.189.60.216 - - [08/May/2026:12:00:28 +0200] "POST /xmlrpc.php HTTP/1.1" 200 240 "-" "Mozilla/5.0 (Macintosh; Intel Mac OS X 10_15_7) AppleWebKit/537.36 (KHTML, like Gecko) Chrome/133.0.0.0 Safari/537.36 Edg/133.0.0.0"
106.219.122.140 - - [08/May/2026:12:00:31 +0200] "POST /xmlrpc.php HTTP/1.1" 200 411 "-" "Mozilla/5.0 (Windows NT 6.2; x64) AppleWebKit/537.36 (KHTML, like Gecko) Opera/76.0.0.0 Safari/537.36"
106.219.122.140 - - [08/May/2026:12:00:56 +0200] "POST /xmlrpc.php HTTP/1.1" 200 411 "-" "Mozilla/5.0 (Windows NT 6.2; x86) AppleWebKit/537.36 (KHTML, like Gecko) Safari/10.0.0.0 Safari/537.36"
84.0.195.110 - - [08/May/2026:12:01:05 +0200] "-" 408 - "-" "-"
106.219.122.140 - - [08/May/2026:12:01:20 +0200] "POST /xmlrpc.php HTTP/1.1" 200 411 "-" "Mozilla/5.0 (X11; Ubuntu; Linux x86_64; x86) AppleWebKit/537.36 (KHTML, like Gecko) Firefox/87.0.0.0 Safari/537.36"
208.109.188.137 - - [08/May/2026:12:01:22 +0200] "POST /xmlrpc.php HTTP/1.1" 200 240 "-" "Mozilla/5.0 (X11; Ubuntu; Linux x86_64; rv:133.0) Gecko/20100101 Firefox/133.0"
209.145.49.0 - - [08/May/2026:12:01:40 +0200] "POST /xmlrpc.php HTTP/1.1" 200 240 "-" "Mozilla/5.0 (Windows NT 10.0; Win64; x64) AppleWebKit/537.36 (KHTML, like Gecko) Chrome/133.0.0.0 Safari/537.36 Edg/133.0.0.0"
106.219.122.140 - - [08/May/2026:12:01:44 +0200] "POST /xmlrpc.php HTTP/1.1" 200 411 "-" "Mozilla/5.0 (Linux; Android 10; x86) AppleWebKit/537.36 (KHTML, like Gecko) Firefox/88.0.0.0 Safari/537.36"
68.183.22.192 - - [08/May/2026:12:02:00 +0200] "GET /wp-login.php HTTP/1.1" 200 4055 "-" "Mozilla/5.0 (X11; Linux x86_64) AppleWebKit/537.36 (KHTML, like Gecko) Chrome/133.0.0.0 Safari/537.36 Edg/133.0.0.0"
68.183.22.192 - - [08/May/2026:12:02:02 +0200] "POST /wp-login.php HTTP/1.1" 200 4189 "https://mail.valtogomb.eu/wp-login.php" "Mozilla/5.0 (X11; Linux x86_64) AppleWebKit/537.36 (KHTML, like Gecko) Chrome/133.0.0.0 Safari/537.36 Edg/133.0.0.0"
106.219.122.140 - - [08/May/2026:12:02:05 +0200] "POST /xmlrpc.php HTTP/1.1" 200 411 "-" "Mozilla/5.0 (Macintosh; Intel Mac OS X 10_15_7; x86) AppleWebKit/537.36 (KHTML, like Gecko) Opera/73.0.0.0 Safari/537.36"
185.208.225.194 - - [08/May/2026:12:02:19 +0200] "POST /wp-admin/admin-ajax.php?action=as_async_request_queue_runner&nonce=2ccf7143a6 HTTP/1.1" 403 - "-" "WordPress/6.9.4; https://royaltuning.hu"
106.219.122.140 - - [08/May/2026:12:02:26 +0200] "POST /xmlrpc.php HTTP/1.1" 200 411 "-" "Mozilla/5.0 (Macintosh; Intel Mac OS X 10_15_7; x64) AppleWebKit/537.36 (KHTML, like Gecko) Opera/60.0.0.0 Safari/537.36"
50.6.229.148 - - [08/May/2026:12:02:51 +0200] "POST /xmlrpc.php HTTP/1.1" 200 240 "-" "Mozilla/5.0 (Macintosh; Intel Mac OS X 10_15_7) AppleWebKit/537.36 (KHTML, like Gecko) Chrome/133.0.0.0 Safari/537.36 Edg/133.0.0.0"
106.219.122.140 - - [08/May/2026:12:02:51 +0200] "POST /xmlrpc.php HTTP/1.1" 200 411 "-" "Mozilla/5.0 (Windows NT 6.2; x86) AppleWebKit/537.36 (KHTML, like Gecko) Edge/88.0.0.0 Safari/537.36"
38.95.35.85 - - [08/May/2026:12:02:55 +0200] "POST /xmlrpc.php HTTP/1.1" 200 240 "-" "Mozilla/5.0 (Windows NT 10.0; Win64; x64; rv:133.0) Gecko/20100101 Firefox/133.0"
106.219.122.140 - - [08/May/2026:12:03:13 +0200] "POST /xmlrpc.php HTTP/1.1" 200 411 "-" "Mozilla/5.0 (Windows NT 10.0; arm64) AppleWebKit/537.36 (KHTML, like Gecko) Opera/72.0.0.0 Safari/537.36"
106.219.122.140 - - [08/May/2026:12:03:34 +0200] "POST /xmlrpc.php HTTP/1.1" 200 411 "-" "Mozilla/5.0 (Macintosh; Intel Mac OS X 10_15_7; arm64) AppleWebKit/537.36 (KHTML, like Gecko) Safari/15.0.0.0 Safari/537.36"
66.249.73.204 - - [08/May/2026:12:03:52 +0200] "GET /termek/h7-xenon-szett HTTP/1.1" 301 - "-" "Mozilla/5.0 (Linux; Android 6.0.1; Nexus 5X Build/MMB29P) AppleWebKit/537.36 (KHTML, like Gecko) Chrome/147.0.7727.137 Mobile Safari/537.36 (compatible; Googlebot/2.1; +http://www.google.com/bot.html)"
66.249.73.203 - - [08/May/2026:12:03:53 +0200] "GET /termek/h7-xenon-szett/ HTTP/1.1" 200 83439 "-" "Mozilla/5.0 (Linux; Android 6.0.1; Nexus 5X Build/MMB29P) AppleWebKit/537.36 (KHTML, like Gecko) Chrome/147.0.7727.137 Mobile Safari/537.36 (compatible; Googlebot/2.1; +http://www.google.com/bot.html)"
106.219.122.140 - - [08/May/2026:12:03:54 +0200] "POST /xmlrpc.php HTTP/1.1" 200 411 "-" "Mozilla/5.0 (Windows NT 10.0; x64) AppleWebKit/537.36 (KHTML, like Gecko) Chrome/90.0.0.0 Safari/537.36"
130.43.215.102 - - [08/May/2026:12:04:15 +0200] "-" 408 - "-" "-"
130.43.215.102 - - [08/May/2026:12:04:15 +0200] "-" 408 - "-" "-"
106.219.122.140 - - [08/May/2026:12:04:15 +0200] "POST /xmlrpc.php HTTP/1.1" 200 411 "-" "Mozilla/5.0 (Windows NT 6.3; x64) AppleWebKit/537.36 (KHTML, like Gecko) Chrome/93.0.0.0 Safari/537.36"
121.200.217.27 - - [08/May/2026:12:04:20 +0200] "GET /wp-login.php HTTP/1.1" 200 4055 "-" "Mozilla/5.0 (X11; Fedora; Linux x86_64) AppleWebKit/537.36 (KHTML, like Gecko) Chrome/133.0.0.0 Safari/537.36"
66.249.73.204 - - [08/May/2026:12:04:23 +0200] "POST /?wc-ajax=get_refreshed_fragments HTTP/1.1" 200 351 "https://oldshop.royaltuning.hu/termek/h7-xenon-szett/" "Mozilla/5.0 (Linux; Android 6.0.1; Nexus 5X Build/MMB29P) AppleWebKit/537.36 (KHTML, like Gecko) Chrome/147.0.7727.137 Mobile Safari/537.36 (compatible; Googlebot/2.1; +http://www.google.com/bot.html)"
106.219.122.140 - - [08/May/2026:12:04:37 +0200] "POST /xmlrpc.php HTTP/1.1" 200 411 "-" "Mozilla/5.0 (X11; Ubuntu; Linux x86_64; arm64) AppleWebKit/537.36 (KHTML, like Gecko) Chrome/111.0.0.0 Safari/537.36"
121.200.217.27 - - [08/May/2026:12:04:44 +0200] "POST /wp-login.php HTTP/1.1" 200 4189 "https://cpanel.royal-tuning.com/wp-login.php" "Mozilla/5.0 (X11; Fedora; Linux x86_64) AppleWebKit/537.36 (KHTML, like Gecko) Chrome/133.0.0.0 Safari/537.36"
222.165.190.235 - - [08/May/2026:12:04:58 +0200] "POST /xmlrpc.php HTTP/1.1" 200 240 "-" "Mozilla/5.0 (Windows NT 10.0; Win64; x64; rv:133.0) Gecko/20100101 Firefox/133.0"
106.219.122.140 - - [08/May/2026:12:05:03 +0200] "POST /xmlrpc.php HTTP/1.1" 200 411 "-" "Mozilla/5.0 (Windows NT 10.0; x86) AppleWebKit/537.36 (KHTML, like Gecko) Safari/10.0.0.0 Safari/537.36"
65.49.1.166 - - [08/May/2026:12:05:24 +0200] "GET / HTTP/1.1" 301 - "http://185.208.225.194/" "Mozilla/5.0 (Windows NT 10.0; Win64; x64; rv:142.0) Gecko/20100101 Firefox/142.0"
222.165.190.235 - - [08/May/2026:12:05:32 +0200] "GET /wp-login.php HTTP/1.1" 200 4055 "-" "Mozilla/5.0 (Macintosh; Intel Mac OS X 11_7_10) AppleWebKit/537.36 (KHTML, like Gecko) Chrome/133.0.0.0 Safari/537.36"
106.219.122.140 - - [08/May/2026:12:05:33 +0200] "POST /xmlrpc.php HTTP/1.1" 200 411 "-" "Mozilla/5.0 (Macintosh; Intel Mac OS X 10_15_7; arm64) AppleWebKit/537.36 (KHTML, like Gecko) Firefox/76.0.0.0 Safari/537.36"
222.165.190.235 - - [08/May/2026:12:05:34 +0200] "POST /wp-login.php HTTP/1.1" 200 4189 "https://autodiscover.royal-tuning.com/wp-login.php" "Mozilla/5.0 (Macintosh; Intel Mac OS X 11_7_10) AppleWebKit/537.36 (KHTML, like Gecko) Chrome/133.0.0.0 Safari/537.36"
185.208.225.194 - - [08/May/2026:12:05:51 +0200] "POST /wp-admin/admin-ajax.php?action=as_async_request_queue_runner&nonce=2ccf7143a6 HTTP/1.1" 403 - "-" "WordPress/6.9.4; https://royaltuning.hu"
106.219.122.140 - - [08/May/2026:12:05:55 +0200] "POST /xmlrpc.php HTTP/1.1" 200 411 "-" "Mozilla/5.0 (Windows NT 6.2; arm64) AppleWebKit/537.36 (KHTML, like Gecko) Safari/14.0.0.0 Safari/537.36"
147.135.37.185 - - [08/May/2026:12:06:03 +0200] "POST /xmlrpc.php HTTP/1.1" 200 240 "-" "Mozilla/5.0 (Windows NT 10.0; Win64; x64) AppleWebKit/537.36 (KHTML, like Gecko) Chrome/133.0.0.0 Safari/537.36 Edg/133.0.0.0"
106.219.122.140 - - [08/May/2026:12:06:20 +0200] "POST /xmlrpc.php HTTP/1.1" 200 411 "-" "Mozilla/5.0 (Windows NT 6.2; x86) AppleWebKit/537.36 (KHTML, like Gecko) Safari/13.0.0.0 Safari/537.36"
167.71.226.156 - - [08/May/2026:12:06:30 +0200] "GET /wp-login.php HTTP/1.1" 200 4055 "-" "Mozilla/5.0 (X11; Fedora; Linux x86_64) AppleWebKit/537.36 (KHTML, like Gecko) Chrome/133.0.0.0 Safari/537.36"
167.71.226.156 - - [08/May/2026:12:06:31 +0200] "POST /wp-login.php HTTP/1.1" 200 4189 "https://cpanel.royal-tuning.com/wp-login.php" "Mozilla/5.0 (X11; Fedora; Linux x86_64) AppleWebKit/537.36 (KHTML, like Gecko) Chrome/133.0.0.0 Safari/537.36"
106.219.122.140 - - [08/May/2026:12:06:52 +0200] "POST /xmlrpc.php HTTP/1.1" 200 411 "-" "Mozilla/5.0 (Macintosh; Intel Mac OS X 10_15_7; arm64) AppleWebKit/537.36 (KHTML, like Gecko) Opera/68.0.0.0 Safari/537.36"
121.200.217.27 - - [08/May/2026:12:07:04 +0200] "GET /wp-login.php HTTP/1.1" 200 4055 "-" "Mozilla/5.0 (X11; Linux x86_64) AppleWebKit/537.36 (KHTML, like Gecko) Chrome/133.0.0.0 Safari/537.36 Edg/133.0.0.0"
46.32.229.28 - - [08/May/2026:12:07:12 +0200] "POST /xmlrpc.php HTTP/1.1" 200 240 "-" "Mozilla/5.0 (Macintosh; Intel Mac OS X 10_15_7) AppleWebKit/537.36 (KHTML, like Gecko) Chrome/133.0.0.0 Safari/537.36 Edg/133.0.0.0"
106.219.122.140 - - [08/May/2026:12:07:19 +0200] "POST /xmlrpc.php HTTP/1.1" 200 411 "-" "Mozilla/5.0 (Windows NT 6.2; x64) AppleWebKit/537.36 (KHTML, like Gecko) Edge/96.0.0.0 Safari/537.36"
52.232.35.131 - - [08/May/2026:12:07:35 +0200] "GET /wp-login.php HTTP/1.1" 200 4055 "-" "Mozilla/5.0 (Macintosh; Intel Mac OS X 11_7_10) AppleWebKit/537.36 (KHTML, like Gecko) Chrome/133.0.0.0 Safari/537.36"
52.232.35.131 - - [08/May/2026:12:07:36 +0200] "POST /wp-login.php HTTP/1.1" 200 4189 "https://autodiscover.royal-tuning.com/wp-login.php" "Mozilla/5.0 (Macintosh; Intel Mac OS X 11_7_10) AppleWebKit/537.36 (KHTML, like Gecko) Chrome/133.0.0.0 Safari/537.36"
106.219.122.140 - - [08/May/2026:12:07:45 +0200] "POST /xmlrpc.php HTTP/1.1" 200 411 "-" "Mozilla/5.0 (Windows NT 6.2; arm64) AppleWebKit/537.36 (KHTML, like Gecko) Opera/79.0.0.0 Safari/537.36"
106.219.122.140 - - [08/May/2026:12:08:11 +0200] "POST /xmlrpc.php HTTP/1.1" 200 411 "-" "Mozilla/5.0 (Macintosh; Intel Mac OS X 10_15_7; x86) AppleWebKit/537.36 (KHTML, like Gecko) Chrome/108.0.0.0 Safari/537.36"
50.6.229.148 - - [08/May/2026:12:08:11 +0200] "POST /xmlrpc.php HTTP/1.1" 200 240 "-" "Mozilla/5.0 (X11; Ubuntu; Linux x86_64; rv:133.0) Gecko/20100101 Firefox/133.0"
161.132.40.97 - - [08/May/2026:12:08:16 +0200] "POST /xmlrpc.php HTTP/1.1" 200 240 "-" "Mozilla/5.0 (Windows NT 10.0; Win64; x64) AppleWebKit/537.36 (KHTML, like Gecko) Chrome/133.0.0.0 Safari/537.36 Edg/133.0.0.0"
106.219.122.140 - - [08/May/2026:12:08:34 +0200] "POST /xmlrpc.php HTTP/1.1" 200 411 "-" "Mozilla/5.0 (Linux; Android 10; arm64) AppleWebKit/537.36 (KHTML, like Gecko) Chrome/106.0.0.0 Safari/537.36"
106.219.122.140 - - [08/May/2026:12:09:00 +0200] "POST /xmlrpc.php HTTP/1.1" 200 411 "-" "Mozilla/5.0 (Windows NT 10.0; x86) AppleWebKit/537.36 (KHTML, like Gecko) Opera/65.0.0.0 Safari/537.36"
106.219.122.140 - - [08/May/2026:12:09:26 +0200] "POST /xmlrpc.php HTTP/1.1" 200 411 "-" "Mozilla/5.0 (Windows NT 6.2; x64) AppleWebKit/537.36 (KHTML, like Gecko) Chrome/80.0.0.0 Safari/537.36"
66.249.73.101 - - [08/May/2026:12:09:30 +0200] "GET /en/termekkategoria/ledes-izzok HTTP/1.1" 301 - "-" "Mozilla/5.0 (Linux; Android 6.0.1; Nexus 5X Build/MMB29P) AppleWebKit/537.36 (KHTML, like Gecko) Chrome/147.0.7727.137 Mobile Safari/537.36 (compatible; Googlebot/2.1; +http://www.google.com/bot.html)"
78.142.18.172 - - [08/May/2026:12:09:40 +0200] "POST /xmlrpc.php HTTP/1.1" 200 240 "-" "Mozilla/5.0 (Windows NT 10.0; Win64; x64; rv:133.0) Gecko/20100101 Firefox/133.0"
106.219.122.140 - - [08/May/2026:12:09:52 +0200] "POST /xmlrpc.php HTTP/1.1" 200 411 "-" "Mozilla/5.0 (X11; Ubuntu; Linux x86_64; x64) AppleWebKit/537.36 (KHTML, like Gecko) Chrome/110.0.0.0 Safari/537.36"
106.219.122.140 - - [08/May/2026:12:10:20 +0200] "POST /xmlrpc.php HTTP/1.1" 200 411 "-" "Mozilla/5.0 (Linux; Android 10; x86) AppleWebKit/537.36 (KHTML, like Gecko) Safari/10.0.0.0 Safari/537.36"
106.219.122.140 - - [08/May/2026:12:10:42 +0200] "POST /xmlrpc.php HTTP/1.1" 200 411 "-" "Mozilla/5.0 (Macintosh; Intel Mac OS X 10_15_7; x86) AppleWebKit/537.36 (KHTML, like Gecko) Firefox/86.0.0.0 Safari/537.36"
222.165.190.235 - - [08/May/2026:12:10:54 +0200] "POST /xmlrpc.php HTTP/1.1" 200 240 "-" "Mozilla/5.0 (Windows NT 10.0; Win64; x64) AppleWebKit/537.36 (KHTML, like Gecko) Chrome/133.0.0.0 Safari/537.36 Edg/133.0.0.0"
106.219.122.140 - - [08/May/2026:12:11:06 +0200] "POST /xmlrpc.php HTTP/1.1" 200 411 "-" "Mozilla/5.0 (Windows NT 6.2; x86) AppleWebKit/537.36 (KHTML, like Gecko) Edge/83.0.0.0 Safari/537.36"
185.208.225.194 - - [08/May/2026:12:11:14 +0200] "POST /wp-admin/admin-ajax.php?action=as_async_request_queue_runner&nonce=159be63187 HTTP/1.1" 403 - "-" "WordPress/6.9.4; https://royaltuning.hu"
78.92.88.221 - - [08/May/2026:12:11:22 +0200] "-" 408 - "-" "-"
78.92.88.221 - - [08/May/2026:12:11:22 +0200] "-" 408 - "-" "-"
50.6.231.19 - - [08/May/2026:12:11:28 +0200] "GET /wp-login.php HTTP/1.1" 200 4055 "-" "Mozilla/5.0 (X11; Linux x86_64) AppleWebKit/537.36 (KHTML, like Gecko) Chrome/133.0.0.0 Safari/537.36 Edg/133.0.0.0"
50.6.231.19 - - [08/May/2026:12:11:29 +0200] "POST /wp-login.php HTTP/1.1" 200 4189 "https://mail.valtogomb.eu/wp-login.php" "Mozilla/5.0 (X11; Linux x86_64) AppleWebKit/537.36 (KHTML, like Gecko) Chrome/133.0.0.0 Safari/537.36 Edg/133.0.0.0"
106.219.122.140 - - [08/May/2026:12:11:33 +0200] "POST /xmlrpc.php HTTP/1.1" 200 411 "-" "Mozilla/5.0 (Windows NT 6.2; x64) AppleWebKit/537.36 (KHTML, like Gecko) Opera/66.0.0.0 Safari/537.36"
194.163.142.100 - - [08/May/2026:12:11:36 +0200] "GET /.well-known/acme-challenge/9L_N06JN-G08G-LEE4TY4V0X4SA7LP55 HTTP/1.1" 301 - "-" "Cpanel-HTTP-Client/1.0"
194.163.142.100 - - [08/May/2026:12:11:41 +0200] "GET /.well-known/acme-challenge/ZP1T5RED8ES9K4WLG8W10IHM5-_GVTBS HTTP/1.1" 301 - "-" "Cpanel-HTTP-Client/1.0"
194.163.142.100 - - [08/May/2026:12:11:44 +0200] "GET /.well-known/acme-challenge/YERYKLC-Y3_P6D-YNP6OBCN4CFVE_FHE HTTP/1.1" 301 - "-" "Cpanel-HTTP-Client/1.0"
194.163.142.100 - - [08/May/2026:12:11:46 +0200] "GET /.well-known/acme-challenge/CTJOHQP-6P2RW8N-ENAB4V4JRGX7L1OP HTTP/1.1" 301 - "-" "Cpanel-HTTP-Client/1.0"
194.163.142.100 - - [08/May/2026:12:11:48 +0200] "GET /.well-known/acme-challenge/G2KXXLBABHDMYK1FFW1TH90R82QT6JXS HTTP/1.1" 301 - "-" "Cpanel-HTTP-Client/1.0"
194.163.142.100 - - [08/May/2026:12:11:50 +0200] "GET /.well-known/acme-challenge/LDIQ662XIJDN0PBC-KDLD3P8YJFJIDOA HTTP/1.1" 301 - "-" "Cpanel-HTTP-Client/1.0"
106.219.122.140 - - [08/May/2026:12:11:59 +0200] "POST /xmlrpc.php HTTP/1.1" 200 411 "-" "Mozilla/5.0 (Windows NT 6.2; x64) AppleWebKit/537.36 (KHTML, like Gecko) Firefox/99.0.0.0 Safari/537.36"
108.167.188.28 - - [08/May/2026:12:12:13 +0200] "POST /xmlrpc.php HTTP/1.1" 200 240 "-" "Mozilla/5.0 (Macintosh; Intel Mac OS X 10_15_7) AppleWebKit/537.36 (KHTML, like Gecko) Chrome/133.0.0.0 Safari/537.36 Edg/133.0.0.0"
72.167.150.128 - - [08/May/2026:12:12:15 +0200] "POST /xmlrpc.php HTTP/1.1" 200 240 "-" "Mozilla/5.0 (Windows NT 10.0; Win64; x64; rv:133.0) Gecko/20100101 Firefox/133.0"
185.208.225.194 - - [08/May/2026:12:12:15 +0200] "POST /wp-admin/admin-ajax.php?action=as_async_request_queue_runner&nonce=159be63187 HTTP/1.1" 403 - "-" "WordPress/6.9.4; https://royaltuning.hu"
106.219.122.140 - - [08/May/2026:12:12:26 +0200] "POST /xmlrpc.php HTTP/1.1" 200 411 "-" "Mozilla/5.0 (Windows NT 6.2; arm64) AppleWebKit/537.36 (KHTML, like Gecko) Firefox/98.0.0.0 Safari/537.36"
106.219.122.140 - - [08/May/2026:12:12:54 +0200] "POST /xmlrpc.php HTTP/1.1" 200 411 "-" "Mozilla/5.0 (Macintosh; Intel Mac OS X 10_15_7; x86) AppleWebKit/537.36 (KHTML, like Gecko) Chrome/88.0.0.0 Safari/537.36"
106.219.122.140 - - [08/May/2026:12:13:18 +0200] "POST /xmlrpc.php HTTP/1.1" 200 411 "-" "Mozilla/5.0 (Windows NT 10.0; x64) AppleWebKit/537.36 (KHTML, like Gecko) Safari/10.0.0.0 Safari/537.36"
159.89.229.13 - - [08/May/2026:12:13:20 +0200] "POST /xmlrpc.php HTTP/1.1" 200 240 "-" "Mozilla/5.0 (X11; Ubuntu; Linux x86_64; rv:133.0) Gecko/20100101 Firefox/133.0"
80.77.146.194 - - [08/May/2026:12:13:23 +0200] "POST /xmlrpc.php HTTP/1.1" 200 240 "-" "Mozilla/5.0 (Windows NT 10.0; Win64; x64) AppleWebKit/537.36 (KHTML, like Gecko) Chrome/133.0.0.0 Safari/537.36 Edg/133.0.0.0"
106.219.122.140 - - [08/May/2026:12:13:45 +0200] "POST /xmlrpc.php HTTP/1.1" 200 411 "-" "Mozilla/5.0 (Linux; Android 10; arm64) AppleWebKit/537.36 (KHTML, like Gecko) Opera/70.0.0.0 Safari/537.36"
208.109.231.205 - - [08/May/2026:12:13:47 +0200] "GET /wp-login.php HTTP/1.1" 200 4055 "-" "Mozilla/5.0 (X11; Fedora; Linux x86_64) AppleWebKit/537.36 (KHTML, like Gecko) Chrome/133.0.0.0 Safari/537.36"
208.109.231.205 - - [08/May/2026:12:13:48 +0200] "POST /wp-login.php HTTP/1.1" 200 4189 "https://cpanel.royal-tuning.com/wp-login.php" "Mozilla/5.0 (X11; Fedora; Linux x86_64) AppleWebKit/537.36 (KHTML, like Gecko) Chrome/133.0.0.0 Safari/537.36"
170.187.202.234 - - [08/May/2026:12:13:53 +0200] "GET /wp-login.php HTTP/1.1" 200 4055 "-" "Mozilla/5.0 (X11; Linux x86_64) AppleWebKit/537.36 (KHTML, like Gecko) Chrome/133.0.0.0 Safari/537.36 Edg/133.0.0.0"
170.187.202.234 - - [08/May/2026:12:13:55 +0200] "POST /wp-login.php HTTP/1.1" 200 4189 "https://mail.valtogomb.eu/wp-login.php" "Mozilla/5.0 (X11; Linux x86_64) AppleWebKit/537.36 (KHTML, like Gecko) Chrome/133.0.0.0 Safari/537.36 Edg/133.0.0.0"
106.219.122.140 - - [08/May/2026:12:14:11 +0200] "POST /xmlrpc.php HTTP/1.1" 200 411 "-" "Mozilla/5.0 (Windows NT 6.2; x86) AppleWebKit/537.36 (KHTML, like Gecko) Opera/64.0.0.0 Safari/537.36"
106.219.122.140 - - [08/May/2026:12:14:33 +0200] "POST /xmlrpc.php HTTP/1.1" 200 411 "-" "Mozilla/5.0 (Windows NT 10.0; x86) AppleWebKit/537.36 (KHTML, like Gecko) Chrome/91.0.0.0 Safari/537.36"
147.135.37.185 - - [08/May/2026:12:14:43 +0200] "POST /xmlrpc.php HTTP/1.1" 200 240 "-" "Mozilla/5.0 (Macintosh; Intel Mac OS X 10_15_7) AppleWebKit/537.36 (KHTML, like Gecko) Chrome/133.0.0.0 Safari/537.36 Edg/133.0.0.0"
129.121.41.228 - - [08/May/2026:12:14:45 +0200] "POST /xmlrpc.php HTTP/1.1" 200 240 "-" "Mozilla/5.0 (Windows NT 10.0; Win64; x64; rv:133.0) Gecko/20100101 Firefox/133.0"
106.219.122.140 - - [08/May/2026:12:14:55 +0200] "POST /xmlrpc.php HTTP/1.1" 200 411 "-" "Mozilla/5.0 (Windows NT 6.2; x64) AppleWebKit/537.36 (KHTML, like Gecko) Safari/10.0.0.0 Safari/537.36"
81.183.118.203 - - [08/May/2026:12:15:02 +0200] "-" 408 - "-" "-"
106.219.122.140 - - [08/May/2026:12:15:23 +0200] "POST /xmlrpc.php HTTP/1.1" 200 411 "-" "Mozilla/5.0 (Macintosh; Intel Mac OS X 10_15_7; x64) AppleWebKit/537.36 (KHTML, like Gecko) Firefox/90.0.0.0 Safari/537.36"
106.219.122.140 - - [08/May/2026:12:15:51 +0200] "POST /xmlrpc.php HTTP/1.1" 200 411 "-" "Mozilla/5.0 (Windows NT 10.0; x86) AppleWebKit/537.36 (KHTML, like Gecko) Safari/12.0.0.0 Safari/537.36"
92.205.109.21 - - [08/May/2026:12:16:10 +0200] "GET /wp-login.php HTTP/1.1" 200 4055 "-" "Mozilla/5.0 (X11; Fedora; Linux x86_64) AppleWebKit/537.36 (KHTML, like Gecko) Chrome/133.0.0.0 Safari/537.36"
92.205.109.21 - - [08/May/2026:12:16:11 +0200] "POST /wp-login.php HTTP/1.1" 200 4189 "https://cpanel.royal-tuning.com/wp-login.php" "Mozilla/5.0 (X11; Fedora; Linux x86_64) AppleWebKit/537.36 (KHTML, like Gecko) Chrome/133.0.0.0 Safari/537.36"
106.219.122.140 - - [08/May/2026:12:16:14 +0200] "POST /xmlrpc.php HTTP/1.1" 200 411 "-" "Mozilla/5.0 (Macintosh; Intel Mac OS X 10_15_7; x86) AppleWebKit/537.36 (KHTML, like Gecko) Safari/13.0.0.0 Safari/537.36"
164.52.218.210 - - [08/May/2026:12:16:16 +0200] "GET /wp-login.php HTTP/1.1" 200 4055 "-" "Mozilla/5.0 (X11; Linux x86_64) AppleWebKit/537.36 (KHTML, like Gecko) Chrome/133.0.0.0 Safari/537.36 Edg/133.0.0.0"
164.52.218.210 - - [08/May/2026:12:16:17 +0200] "POST /wp-login.php HTTP/1.1" 200 4189 "https://mail.valtogomb.eu/wp-login.php" "Mozilla/5.0 (X11; Linux x86_64) AppleWebKit/537.36 (KHTML, like Gecko) Chrome/133.0.0.0 Safari/537.36 Edg/133.0.0.0"
106.219.122.140 - - [08/May/2026:12:16:40 +0200] "POST /xmlrpc.php HTTP/1.1" 200 411 "-" "Mozilla/5.0 (X11; Ubuntu; Linux x86_64; x64) AppleWebKit/537.36 (KHTML, like Gecko) Chrome/115.0.0.0 Safari/537.36"
50.6.229.148 - - [08/May/2026:12:17:03 +0200] "POST /xmlrpc.php HTTP/1.1" 200 240 "-" "Mozilla/5.0 (Macintosh; Intel Mac OS X 10_15_7) AppleWebKit/537.36 (KHTML, like Gecko) Chrome/133.0.0.0 Safari/537.36 Edg/133.0.0.0"
106.219.122.140 - - [08/May/2026:12:17:06 +0200] "POST /xmlrpc.php HTTP/1.1" 200 411 "-" "Mozilla/5.0 (Windows NT 6.2; x86) AppleWebKit/537.36 (KHTML, like Gecko) Edge/88.0.0.0 Safari/537.36"
222.165.190.235 - - [08/May/2026:12:17:08 +0200] "POST /xmlrpc.php HTTP/1.1" 200 240 "-" "Mozilla/5.0 (Windows NT 10.0; Win64; x64; rv:133.0) Gecko/20100101 Firefox/133.0"
188.241.62.65 - - [08/May/2026:12:17:27 +0200] "GET /wp-login.php HTTP/1.1" 200 4055 "-" "Mozilla/5.0 (Macintosh; Intel Mac OS X 11_7_10) AppleWebKit/537.36 (KHTML, like Gecko) Chrome/133.0.0.0 Safari/537.36"
188.241.62.65 - - [08/May/2026:12:17:27 +0200] "POST /wp-login.php HTTP/1.1" 200 4189 "https://autodiscover.royal-tuning.com/wp-login.php" "Mozilla/5.0 (Macintosh; Intel Mac OS X 11_7_10) AppleWebKit/537.36 (KHTML, like Gecko) Chrome/133.0.0.0 Safari/537.36"
106.219.122.140 - - [08/May/2026:12:17:29 +0200] "POST /xmlrpc.php HTTP/1.1" 200 411 "-" "Mozilla/5.0 (Windows NT 10.0; x64) AppleWebKit/537.36 (KHTML, like Gecko) Opera/70.0.0.0 Safari/537.36"
106.219.122.140 - - [08/May/2026:12:17:53 +0200] "POST /xmlrpc.php HTTP/1.1" 200 411 "-" "Mozilla/5.0 (Windows NT 6.3; arm64) AppleWebKit/537.36 (KHTML, like Gecko) Chrome/98.0.0.0 Safari/537.36"
106.219.122.140 - - [08/May/2026:12:18:16 +0200] "POST /xmlrpc.php HTTP/1.1" 200 411 "-" "Mozilla/5.0 (Macintosh; Intel Mac OS X 10_15_7; x64) AppleWebKit/537.36 (KHTML, like Gecko) Opera/69.0.0.0 Safari/537.36"
129.121.76.191 - - [08/May/2026:12:18:21 +0200] "GET /wp-login.php HTTP/1.1" 200 4055 "-" "Mozilla/5.0 (X11; Fedora; Linux x86_64) AppleWebKit/537.36 (KHTML, like Gecko) Chrome/133.0.0.0 Safari/537.36"
129.121.76.191 - - [08/May/2026:12:18:21 +0200] "POST /wp-login.php HTTP/1.1" 200 4189 "https://cpanel.royal-tuning.com/wp-login.php" "Mozilla/5.0 (X11; Fedora; Linux x86_64) AppleWebKit/537.36 (KHTML, like Gecko) Chrome/133.0.0.0 Safari/537.36"
92.205.109.21 - - [08/May/2026:12:18:25 +0200] "GET /wp-login.php HTTP/1.1" 200 4055 "-" "Mozilla/5.0 (X11; Linux x86_64) AppleWebKit/537.36 (KHTML, like Gecko) Chrome/133.0.0.0 Safari/537.36 Edg/133.0.0.0"
92.205.109.21 - - [08/May/2026:12:18:26 +0200] "POST /wp-login.php HTTP/1.1" 200 4189 "https://mail.valtogomb.eu/wp-login.php" "Mozilla/5.0 (X11; Linux x86_64) AppleWebKit/537.36 (KHTML, like Gecko) Chrome/133.0.0.0 Safari/537.36 Edg/133.0.0.0"
106.219.122.140 - - [08/May/2026:12:18:39 +0200] "POST /xmlrpc.php HTTP/1.1" 200 411 "-" "Mozilla/5.0 (Windows NT 6.3; arm64) AppleWebKit/537.36 (KHTML, like Gecko) Safari/14.0.0.0 Safari/537.36"
106.219.122.140 - - [08/May/2026:12:19:00 +0200] "POST /xmlrpc.php HTTP/1.1" 200 411 "-" "Mozilla/5.0 (Linux; Android 10; arm64) AppleWebKit/537.36 (KHTML, like Gecko) Firefox/86.0.0.0 Safari/537.36"
195.250.21.26 - - [08/May/2026:12:19:13 +0200] "POST /xmlrpc.php HTTP/1.1" 200 240 "-" "Mozilla/5.0 (Macintosh; Intel Mac OS X 10_15_7) AppleWebKit/537.36 (KHTML, like Gecko) Chrome/133.0.0.0 Safari/537.36 Edg/133.0.0.0"
52.232.35.131 - - [08/May/2026:12:19:14 +0200] "POST /xmlrpc.php HTTP/1.1" 200 240 "-" "Mozilla/5.0 (Windows NT 10.0; Win64; x64; rv:133.0) Gecko/20100101 Firefox/133.0"
156.230.182.28 - - [08/May/2026:12:19:18 +0200] "POST /xmlrpc.php HTTP/1.1" 200 411 "-" "WordPress.com; https://wordpress.com"
106.219.122.140 - - [08/May/2026:12:19:25 +0200] "POST /xmlrpc.php HTTP/1.1" 200 411 "-" "Mozilla/5.0 (Windows NT 6.3; arm64) AppleWebKit/537.36 (KHTML, like Gecko) Chrome/89.0.0.0 Safari/537.36"
156.230.182.28 - - [08/May/2026:12:19:29 +0200] "POST /xmlrpc.php HTTP/1.1" 200 411 "-" "Jetpack by WordPress.com (Jetpack 12.1; WordPress 6.2)"
67.205.20.116 - - [08/May/2026:12:19:36 +0200] "GET /wp-login.php HTTP/1.1" 200 4055 "-" "Mozilla/5.0 (Macintosh; Intel Mac OS X 11_7_10) AppleWebKit/537.36 (KHTML, like Gecko) Chrome/133.0.0.0 Safari/537.36"
67.205.20.116 - - [08/May/2026:12:19:37 +0200] "POST /wp-login.php HTTP/1.1" 200 4189 "https://autodiscover.royal-tuning.com/wp-login.php" "Mozilla/5.0 (Macintosh; Intel Mac OS X 11_7_10) AppleWebKit/537.36 (KHTML, like Gecko) Chrome/133.0.0.0 Safari/537.36"
156.230.182.28 - - [08/May/2026:12:19:39 +0200] "POST /xmlrpc.php HTTP/1.1" 200 411 "-" "WordPress.com; https://wordpress.com"
156.230.182.28 - - [08/May/2026:12:19:50 +0200] "POST /xmlrpc.php HTTP/1.1" 200 411 "-" "WordPress.com; https://wordpress.com"
106.219.122.140 - - [08/May/2026:12:19:50 +0200] "POST /xmlrpc.php HTTP/1.1" 200 411 "-" "Mozilla/5.0 (X11; Ubuntu; Linux x86_64; arm64) AppleWebKit/537.36 (KHTML, like Gecko) Firefox/77.0.0.0 Safari/537.36"
156.230.182.28 - - [08/May/2026:12:20:01 +0200] "POST /xmlrpc.php HTTP/1.1" 200 411 "-" "Jetpack by WordPress.com (Jetpack 13.0; WordPress 6.2)"
159.89.229.13 - - [08/May/2026:12:20:07 +0200] "POST /xmlrpc.php HTTP/1.1" 200 240 "-" "Mozilla/5.0 (X11; Ubuntu; Linux x86_64; rv:133.0) Gecko/20100101 Firefox/133.0"
156.230.182.28 - - [08/May/2026:12:20:11 +0200] "POST /xmlrpc.php HTTP/1.1" 200 411 "-" "Jetpack/13.0; WordPress/6.1; http://site84508441.com"
